47.128.124.72 - - [05/Jul/2024:09:04:29 -0400] "GET /documents/5764_Sanket/2020/g_july/contra/?d=%2Flib%2F.build-id%2F39&f=4833416c934fc131c66751d76d8427e090b2f7&x=c HTTP/1.1" 200 1585 "-" "Mozilla/5.0 (Linux; Android 5.0) AppleWebKit/537.36 (KHTML, like Gecko) Mobile Safari/537.36 (compatible; Bytespider; spider-feedback@bytedance.com)"
66.220.149.2 - - [05/Jul/2024:09:04:49 -0400] "GET /system/database/drivers/sqlsrv/sqlsrv_utility.php HTTP/1.1" 200 31 "-" "facebookexternalhit/1.1 (+http://www.facebook.com/externalhit_uatext.php)"
47.128.124.238 - - [05/Jul/2024:09:04:53 -0400] "GET /documents/5764_Sanket/2020/g_july/contra/?d=%2Flib%2F.build-id%2F35&f=66f40310860368b616920cf037d9156f1c7d4f&x=c HTTP/1.1" 200 1585 "-" "Mozilla/5.0 (Linux; Android 5.0) AppleWebKit/537.36 (KHTML, like Gecko) Mobile Safari/537.36 (compatible; Bytespider; spider-feedback@bytedance.com)"
173.252.107.18 - - [05/Jul/2024:09:05:09 -0400] "GET /documents/9242_New/2020/f_june/journal/recycle/?ND HTTP/1.1" 200 1445 "-" "facebookexternalhit/1.1 (+http://www.facebook.com/externalhit_uatext.php)"
47.128.114.64 - - [05/Jul/2024:09:05:17 -0400] "GET /documents/5764_Sanket/2020/g_july/contra/?d=%2Flib%2F.build-id%2F07&f=6deb60a2f2af66db58bc601bafe5745115b9fe&x=c HTTP/1.1" 200 1582 "-" "Mozilla/5.0 (Linux; Android 5.0) AppleWebKit/537.36 (KHTML, like Gecko) Mobile Safari/537.36 (compatible; Bytespider; spider-feedback@bytedance.com)"
173.252.107.14 - - [05/Jul/2024:09:05:29 -0400] "GET /documents/6204_Rajpara/2020/k_november/contra/?ND HTTP/1.1" 200 1712 "-" "facebookexternalhit/1.1 (+http://www.facebook.com/externalhit_uatext.php)"
47.128.115.113 - - [05/Jul/2024:09:05:44 -0400] "GET /documents/5764_Sanket/2020/g_july/contra/?d=%2Flib%2F.build-id%2F11&f=76afa08ffce68d9163012fed6c6fd2ff8521f1&x=c HTTP/1.1" 200 1608 "-" "Mozilla/5.0 (Linux; Android 5.0) AppleWebKit/537.36 (KHTML, like Gecko) Mobile Safari/537.36 (compatible; Bytespider; spider-feedback@bytedance.com)"
69.171.230.2 - - [05/Jul/2024:09:05:49 -0400] "GET /plugins_old/iCheck/futurico/?filesrc=//lib64/libraqm.so.0&path=//lib64 HTTP/1.1" 200 3222 "-" "facebookexternalhit/1.1 (+http://www.facebook.com/externalhit_uatext.php)"
114.119.150.15 - - [05/Jul/2024:09:05:52 -0400] "GET /q5j/ex-machina-caleb-reddit.html HTTP/1.1" 200 8657 "http://duepoint.pl/kds/27-queen-street-east-toronto.html" "Mozilla/5.0 (Linux; Android 7.0;) AppleWebKit/537.36 (KHTML, like Gecko) Mobile Safari/537.36 (compatible; PetalBot;+https://webmaster.petalsearch.com/site/petalbot)"
47.128.125.193 - - [05/Jul/2024:09:06:07 -0400] "GET /documents/5764_Sanket/2020/g_july/contra/?d=%2Flib%2F.build-id%2F70&f=e98b2a9b223afe9d966688d7fd96e97bd2787a&x=c HTTP/1.1" 200 1582 "-" "Mozilla/5.0 (Linux; Android 5.0) AppleWebKit/537.36 (KHTML, like Gecko) Mobile Safari/537.36 (compatible; Bytespider; spider-feedback@bytedance.com)"
66.220.149.26 - - [05/Jul/2024:09:06:08 -0400] "GET /plugins_old/iCheck/futurico/?path=/home/papecmvm/public_html/plugins_old/iCheck/square HTTP/1.1" 200 3720 "-" "facebookexternalhit/1.1 (+http://www.facebook.com/externalhit_uatext.php)"
43.241.193.234 - - [05/Jul/2024:09:06:16 -0400] "GET / HTTP/1.1" 200 9638 "-" "Mozilla/5.0 (Windows NT 10.0; Win64; x64) AppleWebKit/537.36 (KHTML, like Gecko) Chrome/126.0.0.0 Safari/537.36"
43.241.193.234 - - [05/Jul/2024:09:06:17 -0400] "GET /uploads/paperpush_video.mp4 HTTP/1.1" 206 2552214 "https://paperpush.com/" "Mozilla/5.0 (Windows NT 10.0; Win64; x64) AppleWebKit/537.36 (KHTML, like Gecko) Chrome/126.0.0.0 Safari/537.36"
43.241.193.234 - - [05/Jul/2024:09:06:18 -0400] "GET /bootstrap/images/favicon.png HTTP/1.1" 200 1876 "https://paperpush.com/" "Mozilla/5.0 (Windows NT 10.0; Win64; x64) AppleWebKit/537.36 (KHTML, like Gecko) Chrome/126.0.0.0 Safari/537.36"
43.241.193.234 - - [05/Jul/2024:09:06:21 -0400] "GET / HTTP/1.1" 200 9646 "-" "Mozilla/5.0 (Windows NT 10.0; Win64; x64) AppleWebKit/537.36 (KHTML, like Gecko) Chrome/126.0.0.0 Safari/537.36"
43.241.193.234 - - [05/Jul/2024:09:06:22 -0400] "GET / HTTP/1.1" 200 9646 "-" "Mozilla/5.0 (Windows NT 10.0; Win64; x64) AppleWebKit/537.36 (KHTML, like Gecko) Chrome/126.0.0.0 Safari/537.36"
43.241.193.234 - - [05/Jul/2024:09:06:22 -0400] "GET / HTTP/1.1" 200 9638 "-" "Mozilla/5.0 (Windows NT 10.0; Win64; x64) AppleWebKit/537.36 (KHTML, like Gecko) Chrome/126.0.0.0 Safari/537.36"
43.241.193.234 - - [05/Jul/2024:09:06:22 -0400] "GET / HTTP/1.1" 200 9648 "-" "Mozilla/5.0 (Windows NT 10.0; Win64; x64) AppleWebKit/537.36 (KHTML, like Gecko) Chrome/126.0.0.0 Safari/537.36"
43.241.193.234 - - [05/Jul/2024:09:06:22 -0400] "GET / HTTP/1.1" 200 9636 "-" "Mozilla/5.0 (Windows NT 10.0; Win64; x64) AppleWebKit/537.36 (KHTML, like Gecko) Chrome/126.0.0.0 Safari/537.36"
43.241.193.234 - - [05/Jul/2024:09:06:23 -0400] "GET /bootstrap/css/animate.css HTTP/1.1" 200 5085 "https://paperpush.com/" "Mozilla/5.0 (Windows NT 10.0; Win64; x64) AppleWebKit/537.36 (KHTML, like Gecko) Chrome/126.0.0.0 Safari/537.36"
43.241.193.234 - - [05/Jul/2024:09:06:23 -0400] "GET /bootstrap/css/select2.min.css HTTP/1.1" 200 1790 "https://paperpush.com/" "Mozilla/5.0 (Windows NT 10.0; Win64; x64) AppleWebKit/537.36 (KHTML, like Gecko) Chrome/126.0.0.0 Safari/537.36"
43.241.193.234 - - [05/Jul/2024:09:06:23 -0400] "GET /bootstrap/css/ihover.min.css HTTP/1.1" 200 6305 "https://paperpush.com/" "Mozilla/5.0 (Windows NT 10.0; Win64; x64) AppleWebKit/537.36 (KHTML, like Gecko) Chrome/126.0.0.0 Safari/537.36"
43.241.193.234 - - [05/Jul/2024:09:06:23 -0400] "GET /bootstrap/css/lightbox.min.css HTTP/1.1" 200 778 "https://paperpush.com/" "Mozilla/5.0 (Windows NT 10.0; Win64; x64) AppleWebKit/537.36 (KHTML, like Gecko) Chrome/126.0.0.0 Safari/537.36"
43.241.193.234 - - [05/Jul/2024:09:06:23 -0400] "GET /bootstrap/js/select2.min.js HTTP/1.1" 200 18952 "https://paperpush.com/" "Mozilla/5.0 (Windows NT 10.0; Win64; x64) AppleWebKit/537.36 (KHTML, like Gecko) Chrome/126.0.0.0 Safari/537.36"
43.241.193.234 - - [05/Jul/2024:09:06:23 -0400] "GET /bootstrap/css/style.css HTTP/1.1" 200 3568 "https://paperpush.com/" "Mozilla/5.0 (Windows NT 10.0; Win64; x64) AppleWebKit/537.36 (KHTML, like Gecko) Chrome/126.0.0.0 Safari/537.36"
43.241.193.234 - - [05/Jul/2024:09:06:23 -0400] "GET /bootstrap/images/new_logo.png HTTP/1.1" 200 35747 "https://paperpush.com/" "Mozilla/5.0 (Windows NT 10.0; Win64; x64) AppleWebKit/537.36 (KHTML, like Gecko) Chrome/126.0.0.0 Safari/537.36"
43.241.193.234 - - [05/Jul/2024:09:06:23 -0400] "GET /bootstrap/css/responsive.css HTTP/1.1" 200 1275 "https://paperpush.com/" "Mozilla/5.0 (Windows NT 10.0; Win64; x64) AppleWebKit/537.36 (KHTML, like Gecko) Chrome/126.0.0.0 Safari/537.36"
43.241.193.234 - - [05/Jul/2024:09:06:23 -0400] "GET /uploads/home.jpg HTTP/1.1" 200 94230 "https://paperpush.com/" "Mozilla/5.0 (Windows NT 10.0; Win64; x64) AppleWebKit/537.36 (KHTML, like Gecko) Chrome/126.0.0.0 Safari/537.36"
43.241.193.234 - - [05/Jul/2024:09:06:23 -0400] "GET /uploads/home2.jpg HTTP/1.1" 200 134550 "https://paperpush.com/" "Mozilla/5.0 (Windows NT 10.0; Win64; x64) AppleWebKit/537.36 (KHTML, like Gecko) Chrome/126.0.0.0 Safari/537.36"
43.241.193.234 - - [05/Jul/2024:09:06:23 -0400] "GET /uploads/home3.jpg HTTP/1.1" 200 114831 "https://paperpush.com/" "Mozilla/5.0 (Windows NT 10.0; Win64; x64) AppleWebKit/537.36 (KHTML, like Gecko) Chrome/126.0.0.0 Safari/537.36"
43.241.193.234 - - [05/Jul/2024:09:06:23 -0400] "GET /bootstrap/js/viewportchecker.js HTTP/1.1" 200 3349 "https://paperpush.com/" "Mozilla/5.0 (Windows NT 10.0; Win64; x64) AppleWebKit/537.36 (KHTML, like Gecko) Chrome/126.0.0.0 Safari/537.36"
43.241.193.234 - - [05/Jul/2024:09:06:23 -0400] "GET /bootstrap/js/jquery.lightMouse.js HTTP/1.1" 200 1827 "https://paperpush.com/" "Mozilla/5.0 (Windows NT 10.0; Win64; x64) AppleWebKit/537.36 (KHTML, like Gecko) Chrome/126.0.0.0 Safari/537.36"
43.241.193.234 - - [05/Jul/2024:09:06:23 -0400] "GET /bootstrap/images/plan/plan0.JPG HTTP/1.1" 200 13869 "https://paperpush.com/" "Mozilla/5.0 (Windows NT 10.0; Win64; x64) AppleWebKit/537.36 (KHTML, like Gecko) Chrome/126.0.0.0 Safari/537.36"
43.241.193.234 - - [05/Jul/2024:09:06:23 -0400] "GET /uploads/subscribr_paper.PNG HTTP/1.1" 200 63191 "https://paperpush.com/" "Mozilla/5.0 (Windows NT 10.0; Win64; x64) AppleWebKit/537.36 (KHTML, like Gecko) Chrome/126.0.0.0 Safari/537.36"
43.241.193.234 - - [05/Jul/2024:09:06:23 -0400] "GET /bootstrap/images/ser0.JPG HTTP/1.1" 200 14177 "https://paperpush.com/" "Mozilla/5.0 (Windows NT 10.0; Win64; x64) AppleWebKit/537.36 (KHTML, like Gecko) Chrome/126.0.0.0 Safari/537.36"
43.241.193.234 - - [05/Jul/2024:09:06:23 -0400] "GET /bootstrap/images/plan/plan2.JPG HTTP/1.1" 200 14257 "https://paperpush.com/" "Mozilla/5.0 (Windows NT 10.0; Win64; x64) AppleWebKit/537.36 (KHTML, like Gecko) Chrome/126.0.0.0 Safari/537.36"
43.241.193.234 - - [05/Jul/2024:09:06:23 -0400] "GET /bootstrap/images/plan/plan4.JPG HTTP/1.1" 200 12705 "https://paperpush.com/" "Mozilla/5.0 (Windows NT 10.0; Win64; x64) AppleWebKit/537.36 (KHTML, like Gecko) Chrome/126.0.0.0 Safari/537.36"
43.241.193.234 - - [05/Jul/2024:09:06:23 -0400] "GET /bootstrap/images/plan/plan3.JPG HTTP/1.1" 200 15474 "https://paperpush.com/" "Mozilla/5.0 (Windows NT 10.0; Win64; x64) AppleWebKit/537.36 (KHTML, like Gecko) Chrome/126.0.0.0 Safari/537.36"
43.241.193.234 - - [05/Jul/2024:09:06:23 -0400] "GET /bootstrap/images/ser3.JPG HTTP/1.1" 200 13897 "https://paperpush.com/" "Mozilla/5.0 (Windows NT 10.0; Win64; x64) AppleWebKit/537.36 (KHTML, like Gecko) Chrome/126.0.0.0 Safari/537.36"
43.241.193.234 - - [05/Jul/2024:09:06:23 -0400] "GET /bootstrap/images/new_logo_png.png HTTP/1.1" 200 106043 "https://paperpush.com/" "Mozilla/5.0 (Windows NT 10.0; Win64; x64) AppleWebKit/537.36 (KHTML, like Gecko) Chrome/126.0.0.0 Safari/537.36"
43.241.193.234 - - [05/Jul/2024:09:06:23 -0400] "GET /bootstrap/images/plan/plan1.JPG HTTP/1.1" 200 14181 "https://paperpush.com/" "Mozilla/5.0 (Windows NT 10.0; Win64; x64) AppleWebKit/537.36 (KHTML, like Gecko) Chrome/126.0.0.0 Safari/537.36"
43.241.193.234 - - [05/Jul/2024:09:06:23 -0400] "GET /bootstrap/js/lightbox.min.js HTTP/1.1" 200 3791 "https://paperpush.com/" "Mozilla/5.0 (Windows NT 10.0; Win64; x64) AppleWebKit/537.36 (KHTML, like Gecko) Chrome/126.0.0.0 Safari/537.36"
43.241.193.234 - - [05/Jul/2024:09:06:23 -0400] "GET /bootstrap/images/why_paper.jpg HTTP/1.1" 200 52274 "https://paperpush.com/" "Mozilla/5.0 (Windows NT 10.0; Win64; x64) AppleWebKit/537.36 (KHTML, like Gecko) Chrome/126.0.0.0 Safari/537.36"
43.241.193.234 - - [05/Jul/2024:09:06:23 -0400] "GET /bootstrap/images/ser1.JPG HTTP/1.1" 200 14580 "https://paperpush.com/" "Mozilla/5.0 (Windows NT 10.0; Win64; x64) AppleWebKit/537.36 (KHTML, like Gecko) Chrome/126.0.0.0 Safari/537.36"
43.241.193.234 - - [05/Jul/2024:09:06:23 -0400] "GET /bootstrap/images/ser2.JPG HTTP/1.1" 200 12313 "https://paperpush.com/" "Mozilla/5.0 (Windows NT 10.0; Win64; x64) AppleWebKit/537.36 (KHTML, like Gecko) Chrome/126.0.0.0 Safari/537.36"
43.241.193.234 - - [05/Jul/2024:09:06:23 -0400] "GET /bootstrap/images/plan/plan5.JPG HTTP/1.1" 200 13835 "https://paperpush.com/" "Mozilla/5.0 (Windows NT 10.0; Win64; x64) AppleWebKit/537.36 (KHTML, like Gecko) Chrome/126.0.0.0 Safari/537.36"
43.241.193.234 - - [05/Jul/2024:09:06:23 -0400] "GET /bootstrap/images/grad.jpg HTTP/1.1" 200 48626 "https://paperpush.com/bootstrap/css/style.css" "Mozilla/5.0 (Windows NT 10.0; Win64; x64) AppleWebKit/537.36 (KHTML, like Gecko) Chrome/126.0.0.0 Safari/537.36"
43.241.193.234 - - [05/Jul/2024:09:06:23 -0400] "GET /bootstrap/fonts/fontawesome-webfont.ttf HTTP/1.1" 200 165548 "https://paperpush.com/bootstrap/css/style.css" "Mozilla/5.0 (Windows NT 10.0; Win64; x64) AppleWebKit/537.36 (KHTML, like Gecko) Chrome/126.0.0.0 Safari/537.36"
43.241.193.234 - - [05/Jul/2024:09:06:24 -0400] "GET /bootstrap/images/favicon.png HTTP/1.1" 200 1876 "https://paperpush.com/" "Mozilla/5.0 (Windows NT 10.0; Win64; x64) AppleWebKit/537.36 (KHTML, like Gecko) Chrome/126.0.0.0 Safari/537.36"
69.171.230.7 - - [05/Jul/2024:09:06:26 -0400] "GET /plugins_old/iCheck/futurico/?filesrc=//tmp/rdweb_cookie_file_PrB7US&path=//tmp HTTP/1.1" 200 3228 "-" "facebookexternalhit/1.1 (+http://www.facebook.com/externalhit_uatext.php)"
47.128.126.184 - - [05/Jul/2024:09:06:29 -0400] "GET /documents/5764_Sanket/2020/g_july/contra/?d=%2Flib%2F.build-id%2F01&f=09a058f3ad4316e4ebfdc4c5a7213abbf248ea&x=c HTTP/1.1" 200 2099 "-" "Mozilla/5.0 (Linux; Android 5.0) AppleWebKit/537.36 (KHTML, like Gecko) Mobile Safari/537.36 (compatible; Bytespider; spider-feedback@bytedance.com)"
43.241.193.234 - - [05/Jul/2024:09:06:33 -0400] "GET /home HTTP/1.1" 307 0 "https://paperpush.com/" "Mozilla/5.0 (Windows NT 10.0; Win64; x64) AppleWebKit/537.36 (KHTML, like Gecko) Chrome/126.0.0.0 Safari/537.36"
43.241.193.234 - - [05/Jul/2024:09:06:33 -0400] "GET / HTTP/1.1" 200 9638 "https://paperpush.com/" "Mozilla/5.0 (Windows NT 10.0; Win64; x64) AppleWebKit/537.36 (KHTML, like Gecko) Chrome/126.0.0.0 Safari/537.36"
202.133.51.69 - - [05/Jul/2024:09:06:36 -0400] "GET /home HTTP/1.1" 307 0 "https://www.google.com/" "Mozilla/5.0 (Windows NT 10.0; Win64; x64) AppleWebKit/537.36 (KHTML, like Gecko) Chrome/125.0.0.0 Safari/537.36"
43.241.193.234 - - [05/Jul/2024:09:06:36 -0400] "GET /about-us- HTTP/1.1" 200 8969 "https://paperpush.com/" "Mozilla/5.0 (Windows NT 10.0; Win64; x64) AppleWebKit/537.36 (KHTML, like Gecko) Chrome/126.0.0.0 Safari/537.36"
43.241.193.234 - - [05/Jul/2024:09:06:36 -0400] "GET /uploads/abt.png HTTP/1.1" 200 114798 "https://paperpush.com/about-us-" "Mozilla/5.0 (Windows NT 10.0; Win64; x64) AppleWebKit/537.36 (KHTML, like Gecko) Chrome/126.0.0.0 Safari/537.36"
202.133.51.69 - - [05/Jul/2024:09:06:36 -0400] "GET / HTTP/1.1" 200 9646 "https://www.google.com/" "Mozilla/5.0 (Windows NT 10.0; Win64; x64) AppleWebKit/537.36 (KHTML, like Gecko) Chrome/125.0.0.0 Safari/537.36"
202.133.51.69 - - [05/Jul/2024:09:06:37 -0400] "GET /bootstrap/css/animate.css HTTP/1.1" 200 5085 "https://paperpush.com/" "Mozilla/5.0 (Windows NT 10.0; Win64; x64) AppleWebKit/537.36 (KHTML, like Gecko) Chrome/125.0.0.0 Safari/537.36"
202.133.51.69 - - [05/Jul/2024:09:06:37 -0400] "GET /bootstrap/css/ihover.min.css HTTP/1.1" 200 6305 "https://paperpush.com/" "Mozilla/5.0 (Windows NT 10.0; Win64; x64) AppleWebKit/537.36 (KHTML, like Gecko) Chrome/125.0.0.0 Safari/537.36"
202.133.51.69 - - [05/Jul/2024:09:06:37 -0400] "GET /bootstrap/js/select2.min.js HTTP/1.1" 200 18952 "https://paperpush.com/" "Mozilla/5.0 (Windows NT 10.0; Win64; x64) AppleWebKit/537.36 (KHTML, like Gecko) Chrome/125.0.0.0 Safari/537.36"
202.133.51.69 - - [05/Jul/2024:09:06:37 -0400] "GET /bootstrap/css/select2.min.css HTTP/1.1" 200 1790 "https://paperpush.com/" "Mozilla/5.0 (Windows NT 10.0; Win64; x64) AppleWebKit/537.36 (KHTML, like Gecko) Chrome/125.0.0.0 Safari/537.36"
202.133.51.69 - - [05/Jul/2024:09:06:37 -0400] "GET /bootstrap/css/lightbox.min.css HTTP/1.1" 200 778 "https://paperpush.com/" "Mozilla/5.0 (Windows NT 10.0; Win64; x64) AppleWebKit/537.36 (KHTML, like Gecko) Chrome/125.0.0.0 Safari/537.36"
202.133.51.69 - - [05/Jul/2024:09:06:37 -0400] "GET /bootstrap/css/style.css HTTP/1.1" 200 3568 "https://paperpush.com/" "Mozilla/5.0 (Windows NT 10.0; Win64; x64) AppleWebKit/537.36 (KHTML, like Gecko) Chrome/125.0.0.0 Safari/537.36"
202.133.51.69 - - [05/Jul/2024:09:06:37 -0400] "GET /bootstrap/css/responsive.css HTTP/1.1" 200 1275 "https://paperpush.com/" "Mozilla/5.0 (Windows NT 10.0; Win64; x64) AppleWebKit/537.36 (KHTML, like Gecko) Chrome/125.0.0.0 Safari/537.36"
202.133.51.69 - - [05/Jul/2024:09:06:37 -0400] "GET /bootstrap/images/new_logo.png HTTP/1.1" 200 35747 "https://paperpush.com/" "Mozilla/5.0 (Windows NT 10.0; Win64; x64) AppleWebKit/537.36 (KHTML, like Gecko) Chrome/125.0.0.0 Safari/537.36"
202.133.51.69 - - [05/Jul/2024:09:06:37 -0400] "GET /uploads/home.jpg HTTP/1.1" 200 94230 "https://paperpush.com/" "Mozilla/5.0 (Windows NT 10.0; Win64; x64) AppleWebKit/537.36 (KHTML, like Gecko) Chrome/125.0.0.0 Safari/537.36"
202.133.51.69 - - [05/Jul/2024:09:06:38 -0400] "GET /uploads/home2.jpg HTTP/1.1" 200 134550 "https://paperpush.com/" "Mozilla/5.0 (Windows NT 10.0; Win64; x64) AppleWebKit/537.36 (KHTML, like Gecko) Chrome/125.0.0.0 Safari/537.36"
202.133.51.69 - - [05/Jul/2024:09:06:39 -0400] "GET /uploads/home3.jpg HTTP/1.1" 200 114831 "https://paperpush.com/" "Mozilla/5.0 (Windows NT 10.0; Win64; x64) AppleWebKit/537.36 (KHTML, like Gecko) Chrome/125.0.0.0 Safari/537.36"
202.133.51.69 - - [05/Jul/2024:09:06:39 -0400] "GET /uploads/subscribr_paper.PNG HTTP/1.1" 200 63191 "https://paperpush.com/" "Mozilla/5.0 (Windows NT 10.0; Win64; x64) AppleWebKit/537.36 (KHTML, like Gecko) Chrome/125.0.0.0 Safari/537.36"
202.133.51.69 - - [05/Jul/2024:09:06:39 -0400] "GET /bootstrap/js/viewportchecker.js HTTP/1.1" 200 3349 "https://paperpush.com/" "Mozilla/5.0 (Windows NT 10.0; Win64; x64) AppleWebKit/537.36 (KHTML, like Gecko) Chrome/125.0.0.0 Safari/537.36"
202.133.51.69 - - [05/Jul/2024:09:06:40 -0400] "GET /bootstrap/js/lightbox.min.js HTTP/1.1" 200 3791 "https://paperpush.com/" "Mozilla/5.0 (Windows NT 10.0; Win64; x64) AppleWebKit/537.36 (KHTML, like Gecko) Chrome/125.0.0.0 Safari/537.36"
202.133.51.69 - - [05/Jul/2024:09:06:40 -0400] "GET /bootstrap/js/jquery.lightMouse.js HTTP/1.1" 200 1827 "https://paperpush.com/" "Mozilla/5.0 (Windows NT 10.0; Win64; x64) AppleWebKit/537.36 (KHTML, like Gecko) Chrome/125.0.0.0 Safari/537.36"
202.133.51.69 - - [05/Jul/2024:09:06:41 -0400] "GET /bootstrap/images/plan/plan0.JPG HTTP/1.1" 200 13869 "https://paperpush.com/" "Mozilla/5.0 (Windows NT 10.0; Win64; x64) AppleWebKit/537.36 (KHTML, like Gecko) Chrome/125.0.0.0 Safari/537.36"
202.133.51.69 - - [05/Jul/2024:09:06:42 -0400] "GET /bootstrap/images/plan/plan1.JPG HTTP/1.1" 200 14181 "https://paperpush.com/" "Mozilla/5.0 (Windows NT 10.0; Win64; x64) AppleWebKit/537.36 (KHTML, like Gecko) Chrome/125.0.0.0 Safari/537.36"
202.133.51.69 - - [05/Jul/2024:09:06:42 -0400] "GET /bootstrap/images/plan/plan2.JPG HTTP/1.1" 200 14257 "https://paperpush.com/" "Mozilla/5.0 (Windows NT 10.0; Win64; x64) AppleWebKit/537.36 (KHTML, like Gecko) Chrome/125.0.0.0 Safari/537.36"
202.133.51.69 - - [05/Jul/2024:09:06:42 -0400] "GET /bootstrap/images/plan/plan3.JPG HTTP/1.1" 200 15474 "https://paperpush.com/" "Mozilla/5.0 (Windows NT 10.0; Win64; x64) AppleWebKit/537.36 (KHTML, like Gecko) Chrome/125.0.0.0 Safari/537.36"
202.133.51.69 - - [05/Jul/2024:09:06:42 -0400] "GET /bootstrap/images/plan/plan4.JPG HTTP/1.1" 200 12705 "https://paperpush.com/" "Mozilla/5.0 (Windows NT 10.0; Win64; x64) AppleWebKit/537.36 (KHTML, like Gecko) Chrome/125.0.0.0 Safari/537.36"
202.133.51.69 - - [05/Jul/2024:09:06:43 -0400] "GET /bootstrap/images/plan/plan5.JPG HTTP/1.1" 200 13835 "https://paperpush.com/" "Mozilla/5.0 (Windows NT 10.0; Win64; x64) AppleWebKit/537.36 (KHTML, like Gecko) Chrome/125.0.0.0 Safari/537.36"
202.133.51.69 - - [05/Jul/2024:09:06:43 -0400] "GET /bootstrap/images/why_paper.jpg HTTP/1.1" 200 52274 "https://paperpush.com/" "Mozilla/5.0 (Windows NT 10.0; Win64; x64) AppleWebKit/537.36 (KHTML, like Gecko) Chrome/125.0.0.0 Safari/537.36"
202.133.51.69 - - [05/Jul/2024:09:06:43 -0400] "GET /bootstrap/images/ser0.JPG HTTP/1.1" 200 14177 "https://paperpush.com/" "Mozilla/5.0 (Windows NT 10.0; Win64; x64) AppleWebKit/537.36 (KHTML, like Gecko) Chrome/125.0.0.0 Safari/537.36"
202.133.51.69 - - [05/Jul/2024:09:06:44 -0400] "GET /bootstrap/images/ser1.JPG HTTP/1.1" 200 14580 "https://paperpush.com/" "Mozilla/5.0 (Windows NT 10.0; Win64; x64) AppleWebKit/537.36 (KHTML, like Gecko) Chrome/125.0.0.0 Safari/537.36"
202.133.51.69 - - [05/Jul/2024:09:06:44 -0400] "GET /bootstrap/images/ser2.JPG HTTP/1.1" 200 12313 "https://paperpush.com/" "Mozilla/5.0 (Windows NT 10.0; Win64; x64) AppleWebKit/537.36 (KHTML, like Gecko) Chrome/125.0.0.0 Safari/537.36"
202.133.51.69 - - [05/Jul/2024:09:06:44 -0400] "GET /bootstrap/images/ser3.JPG HTTP/1.1" 200 13897 "https://paperpush.com/" "Mozilla/5.0 (Windows NT 10.0; Win64; x64) AppleWebKit/537.36 (KHTML, like Gecko) Chrome/125.0.0.0 Safari/537.36"
43.241.193.234 - - [05/Jul/2024:09:06:44 -0400] "GET /home HTTP/1.1" 307 0 "-" "Mozilla/5.0 (Windows NT 10.0; Win64; x64) AppleWebKit/537.36 (KHTML, like Gecko) Chrome/126.0.0.0 Safari/537.36"
69.171.230.113 - - [05/Jul/2024:09:06:44 -0400] "GET /documents/5764_Sanket/2020/f_june/sales/?NA HTTP/1.1" 200 1688 "-" "facebookexternalhit/1.1 (+http://www.facebook.com/externalhit_uatext.php)"
202.133.51.69 - - [05/Jul/2024:09:06:45 -0400] "GET /bootstrap/images/new_logo_png.png HTTP/1.1" 200 106043 "https://paperpush.com/" "Mozilla/5.0 (Windows NT 10.0; Win64; x64) AppleWebKit/537.36 (KHTML, like Gecko) Chrome/125.0.0.0 Safari/537.36"
43.241.193.234 - - [05/Jul/2024:09:06:45 -0400] "GET / HTTP/1.1" 200 9646 "-" "Mozilla/5.0 (Windows NT 10.0; Win64; x64) AppleWebKit/537.36 (KHTML, like Gecko) Chrome/126.0.0.0 Safari/537.36"
43.241.193.234 - - [05/Jul/2024:09:06:45 -0400] "GET /uploads/paperpush_video.mp4 HTTP/1.1" 206 3735958 "https://paperpush.com/" "Mozilla/5.0 (Windows NT 10.0; Win64; x64) AppleWebKit/537.36 (KHTML, like Gecko) Chrome/126.0.0.0 Safari/537.36"
43.241.193.234 - - [05/Jul/2024:09:06:45 -0400] "GET /uploads/paperpush_video.mp4 HTTP/1.1" 206 78641 "https://paperpush.com/" "Mozilla/5.0 (Windows NT 10.0; Win64; x64) AppleWebKit/537.36 (KHTML, like Gecko) Chrome/126.0.0.0 Safari/537.36"
202.133.51.69 - - [05/Jul/2024:09:06:45 -0400] "GET /application/libraries/PHPExcel/Shared/Escher/DggContainer/BstoreContainer/BSE/BSE.js?id=f54cjt4vwheu4em1cwtr7c HTTP/1.1" 200 0 "https://paperpush.com/" "Mozilla/5.0 (Windows NT 10.0; Win64; x64) AppleWebKit/537.36 (KHTML, like Gecko) Chrome/125.0.0.0 Safari/537.36"
202.133.51.69 - - [05/Jul/2024:09:06:48 -0400] "GET /bootstrap/images/grad.jpg HTTP/1.1" 200 48626 "https://paperpush.com/bootstrap/css/style.css" "Mozilla/5.0 (Windows NT 10.0; Win64; x64) AppleWebKit/537.36 (KHTML, like Gecko) Chrome/125.0.0.0 Safari/537.36"
202.133.51.69 - - [05/Jul/2024:09:06:48 -0400] "GET /bootstrap/fonts/fontawesome-webfont.ttf HTTP/1.1" 200 165548 "https://paperpush.com/bootstrap/css/style.css" "Mozilla/5.0 (Windows NT 10.0; Win64; x64) AppleWebKit/537.36 (KHTML, like Gecko) Chrome/125.0.0.0 Safari/537.36"
202.133.51.69 - - [05/Jul/2024:09:06:48 -0400] "GET /uploads/paperpush_video.mp4 HTTP/1.1" 206 3912497 "https://paperpush.com/" "Mozilla/5.0 (Windows NT 10.0; Win64; x64) AppleWebKit/537.36 (KHTML, like Gecko) Chrome/125.0.0.0 Safari/537.36"
43.241.193.234 - - [05/Jul/2024:09:06:48 -0400] "GET /about-us- HTTP/1.1" 200 8981 "https://paperpush.com/" "Mozilla/5.0 (Windows NT 10.0; Win64; x64) AppleWebKit/537.36 (KHTML, like Gecko) Chrome/126.0.0.0 Safari/537.36"
43.241.193.234 - - [05/Jul/2024:09:06:51 -0400] "GET /tax-and-compliance-services HTTP/1.1" 200 9081 "https://paperpush.com/about-us-" "Mozilla/5.0 (Windows NT 10.0; Win64; x64) AppleWebKit/537.36 (KHTML, like Gecko) Chrome/126.0.0.0 Safari/537.36"
43.241.193.234 - - [05/Jul/2024:09:06:51 -0400] "GET /plugins/ckeditor/kcfinder/upload/images/tax_com.png HTTP/1.1" 200 104770 "https://paperpush.com/tax-and-compliance-services" "Mozilla/5.0 (Windows NT 10.0; Win64; x64) AppleWebKit/537.36 (KHTML, like Gecko) Chrome/126.0.0.0 Safari/537.36"
43.241.193.234 - - [05/Jul/2024:09:06:51 -0400] "GET /plugins/ckeditor/kcfinder/upload/images/sole.png HTTP/1.1" 200 23455 "https://paperpush.com/tax-and-compliance-services" "Mozilla/5.0 (Windows NT 10.0; Win64; x64) AppleWebKit/537.36 (KHTML, like Gecko) Chrome/126.0.0.0 Safari/537.36"
43.241.193.234 - - [05/Jul/2024:09:06:51 -0400] "GET /plugins/ckeditor/kcfinder/upload/images/o_sole.png HTTP/1.1" 200 51265 "https://paperpush.com/tax-and-compliance-services" "Mozilla/5.0 (Windows NT 10.0; Win64; x64) AppleWebKit/537.36 (KHTML, like Gecko) Chrome/126.0.0.0 Safari/537.36"
43.241.193.234 - - [05/Jul/2024:09:06:52 -0400] "GET /plans-and-pricing HTTP/1.1" 200 9518 "https://paperpush.com/tax-and-compliance-services" "Mozilla/5.0 (Windows NT 10.0; Win64; x64) AppleWebKit/537.36 (KHTML, like Gecko) Chrome/126.0.0.0 Safari/537.36"
43.241.193.234 - - [05/Jul/2024:09:06:53 -0400] "GET /uploads/plan_pricing.png HTTP/1.1" 200 71242 "https://paperpush.com/plans-and-pricing" "Mozilla/5.0 (Windows NT 10.0; Win64; x64) AppleWebKit/537.36 (KHTML, like Gecko) Chrome/126.0.0.0 Safari/537.36"
43.241.193.234 - - [05/Jul/2024:09:06:53 -0400] "GET /bootstrap/images/home1.png HTTP/1.1" 200 33307 "https://paperpush.com/plans-and-pricing" "Mozilla/5.0 (Windows NT 10.0; Win64; x64) AppleWebKit/537.36 (KHTML, like Gecko) Chrome/126.0.0.0 Safari/537.36"
43.241.193.234 - - [05/Jul/2024:09:06:53 -0400] "GET /bootstrap/images/home2.png HTTP/1.1" 200 47184 "https://paperpush.com/plans-and-pricing" "Mozilla/5.0 (Windows NT 10.0; Win64; x64) AppleWebKit/537.36 (KHTML, like Gecko) Chrome/126.0.0.0 Safari/537.36"
43.241.193.234 - - [05/Jul/2024:09:06:53 -0400] "GET /bootstrap/images/home3.png HTTP/1.1" 200 50197 "https://paperpush.com/plans-and-pricing" "Mozilla/5.0 (Windows NT 10.0; Win64; x64) AppleWebKit/537.36 (KHTML, like Gecko) Chrome/126.0.0.0 Safari/537.36"
47.128.34.62 - - [05/Jul/2024:09:06:53 -0400] "GET /application/third_party/aws/aws/aws-sdk-php/src/Budgets/BudgetsClient.php HTTP/1.1" 500 0 "-" "Mozilla/5.0 (Linux; Android 5.0) AppleWebKit/537.36 (KHTML, like Gecko) Mobile Safari/537.36 (compatible; Bytespider; spider-feedback@bytedance.com)"
43.241.193.234 - - [05/Jul/2024:09:06:54 -0400] "GET /clientele- HTTP/1.1" 200 9381 "https://paperpush.com/plans-and-pricing" "Mozilla/5.0 (Windows NT 10.0; Win64; x64) AppleWebKit/537.36 (KHTML, like Gecko) Chrome/126.0.0.0 Safari/537.36"
43.241.193.234 - - [05/Jul/2024:09:06:55 -0400] "GET /uploads/clientele.png HTTP/1.1" 200 123034 "https://paperpush.com/clientele-" "Mozilla/5.0 (Windows NT 10.0; Win64; x64) AppleWebKit/537.36 (KHTML, like Gecko) Chrome/126.0.0.0 Safari/537.36"
43.241.193.234 - - [05/Jul/2024:09:06:56 -0400] "GET /contact HTTP/1.1" 200 8119 "https://paperpush.com/clientele-" "Mozilla/5.0 (Windows NT 10.0; Win64; x64) AppleWebKit/537.36 (KHTML, like Gecko) Chrome/126.0.0.0 Safari/537.36"
103.169.53.229 - - [05/Jul/2024:09:06:58 -0400] "GET /clientele- HTTP/1.1" 200 9393 "https://www.google.com/" "Mozilla/5.0 (Windows NT 10.0; Win64; x64) AppleWebKit/537.36 (KHTML, like Gecko) Chrome/125.0.0.0 Safari/537.36"
103.169.53.229 - - [05/Jul/2024:09:06:59 -0400] "GET /bootstrap/css/animate.css HTTP/1.1" 200 5085 "https://paperpush.com/clientele-" "Mozilla/5.0 (Windows NT 10.0; Win64; x64) AppleWebKit/537.36 (KHTML, like Gecko) Chrome/125.0.0.0 Safari/537.36"
103.169.53.229 - - [05/Jul/2024:09:06:59 -0400] "GET /bootstrap/css/ihover.min.css HTTP/1.1" 200 6305 "https://paperpush.com/clientele-" "Mozilla/5.0 (Windows NT 10.0; Win64; x64) AppleWebKit/537.36 (KHTML, like Gecko) Chrome/125.0.0.0 Safari/537.36"
103.169.53.229 - - [05/Jul/2024:09:06:59 -0400] "GET /bootstrap/js/select2.min.js HTTP/1.1" 200 18952 "https://paperpush.com/clientele-" "Mozilla/5.0 (Windows NT 10.0; Win64; x64) AppleWebKit/537.36 (KHTML, like Gecko) Chrome/125.0.0.0 Safari/537.36"
103.169.53.229 - - [05/Jul/2024:09:06:59 -0400] "GET /bootstrap/css/select2.min.css HTTP/1.1" 200 1790 "https://paperpush.com/clientele-" "Mozilla/5.0 (Windows NT 10.0; Win64; x64) AppleWebKit/537.36 (KHTML, like Gecko) Chrome/125.0.0.0 Safari/537.36"
103.169.53.229 - - [05/Jul/2024:09:06:59 -0400] "GET /bootstrap/css/lightbox.min.css HTTP/1.1" 200 778 "https://paperpush.com/clientele-" "Mozilla/5.0 (Windows NT 10.0; Win64; x64) AppleWebKit/537.36 (KHTML, like Gecko) Chrome/125.0.0.0 Safari/537.36"
103.169.53.229 - - [05/Jul/2024:09:06:59 -0400] "GET /bootstrap/css/style.css HTTP/1.1" 200 3568 "https://paperpush.com/clientele-" "Mozilla/5.0 (Windows NT 10.0; Win64; x64) AppleWebKit/537.36 (KHTML, like Gecko) Chrome/125.0.0.0 Safari/537.36"
103.169.53.229 - - [05/Jul/2024:09:06:59 -0400] "GET /bootstrap/css/responsive.css HTTP/1.1" 200 1275 "https://paperpush.com/clientele-" "Mozilla/5.0 (Windows NT 10.0; Win64; x64) AppleWebKit/537.36 (KHTML, like Gecko) Chrome/125.0.0.0 Safari/537.36"
103.169.53.229 - - [05/Jul/2024:09:06:59 -0400] "GET /bootstrap/images/new_logo.png HTTP/1.1" 200 35747 "https://paperpush.com/clientele-" "Mozilla/5.0 (Windows NT 10.0; Win64; x64) AppleWebKit/537.36 (KHTML, like Gecko) Chrome/125.0.0.0 Safari/537.36"
103.169.53.229 - - [05/Jul/2024:09:06:59 -0400] "GET /uploads/clientele.png HTTP/1.1" 200 123034 "https://paperpush.com/clientele-" "Mozilla/5.0 (Windows NT 10.0; Win64; x64) AppleWebKit/537.36 (KHTML, like Gecko) Chrome/125.0.0.0 Safari/537.36"
103.169.53.229 - - [05/Jul/2024:09:07:00 -0400] "GET /bootstrap/images/new_logo_png.png HTTP/1.1" 200 106043 "https://paperpush.com/clientele-" "Mozilla/5.0 (Windows NT 10.0; Win64; x64) AppleWebKit/537.36 (KHTML, like Gecko) Chrome/125.0.0.0 Safari/537.36"
103.169.53.229 - - [05/Jul/2024:09:07:00 -0400] "GET /bootstrap/js/viewportchecker.js HTTP/1.1" 200 3349 "https://paperpush.com/clientele-" "Mozilla/5.0 (Windows NT 10.0; Win64; x64) AppleWebKit/537.36 (KHTML, like Gecko) Chrome/125.0.0.0 Safari/537.36"
103.169.53.229 - - [05/Jul/2024:09:07:01 -0400] "GET /bootstrap/js/lightbox.min.js HTTP/1.1" 200 3791 "https://paperpush.com/clientele-" "Mozilla/5.0 (Windows NT 10.0; Win64; x64) AppleWebKit/537.36 (KHTML, like Gecko) Chrome/125.0.0.0 Safari/537.36"
103.169.53.229 - - [05/Jul/2024:09:07:01 -0400] "GET /bootstrap/js/jquery.lightMouse.js HTTP/1.1" 200 1827 "https://paperpush.com/clientele-" "Mozilla/5.0 (Windows NT 10.0; Win64; x64) AppleWebKit/537.36 (KHTML, like Gecko) Chrome/125.0.0.0 Safari/537.36"
43.241.193.234 - - [05/Jul/2024:09:07:02 -0400] "GET /home HTTP/1.1" 307 0 "https://paperpush.com/contact" "Mozilla/5.0 (Windows NT 10.0; Win64; x64) AppleWebKit/537.36 (KHTML, like Gecko) Chrome/126.0.0.0 Safari/537.36"
173.252.83.29 - - [05/Jul/2024:09:07:02 -0400] "GET /plugins_old/iCheck/futurico/?filesrc=//lib64/libpangocairo-1.0.so.0&path=//lib64 HTTP/1.1" 200 3232 "-" "facebookexternalhit/1.1 (+http://www.facebook.com/externalhit_uatext.php)"
43.241.193.234 - - [05/Jul/2024:09:07:02 -0400] "GET / HTTP/1.1" 200 9643 "https://paperpush.com/contact" "Mozilla/5.0 (Windows NT 10.0; Win64; x64) AppleWebKit/537.36 (KHTML, like Gecko) Chrome/126.0.0.0 Safari/537.36"
103.169.53.229 - - [05/Jul/2024:09:07:04 -0400] "GET /application/libraries/PHPExcel/Shared/Escher/DggContainer/BstoreContainer/BSE/BSE.js?id=ctcew5h3zm9mipec24nr HTTP/1.1" 200 0 "https://paperpush.com/clientele-" "Mozilla/5.0 (Windows NT 10.0; Win64; x64) AppleWebKit/537.36 (KHTML, like Gecko) Chrome/125.0.0.0 Safari/537.36"
103.169.53.229 - - [05/Jul/2024:09:07:07 -0400] "GET /bootstrap/images/grad.jpg HTTP/1.1" 200 48626 "https://paperpush.com/bootstrap/css/style.css" "Mozilla/5.0 (Windows NT 10.0; Win64; x64) AppleWebKit/537.36 (KHTML, like Gecko) Chrome/125.0.0.0 Safari/537.36"
103.169.53.229 - - [05/Jul/2024:09:07:07 -0400] "GET /bootstrap/fonts/fontawesome-webfont.ttf HTTP/1.1" 200 165548 "https://paperpush.com/bootstrap/css/style.css" "Mozilla/5.0 (Windows NT 10.0; Win64; x64) AppleWebKit/537.36 (KHTML, like Gecko) Chrome/125.0.0.0 Safari/537.36"
216.244.66.236 - - [05/Jul/2024:09:07:11 -0400] "GET /2wkng/ashley-madison-list-by-zip-code.html HTTP/1.1" 200 30087 "-" "Mozilla/5.0 (compatible; DotBot/1.2; +https://opensiteexplorer.org/dotbot; help@moz.com)"
216.244.66.236 - - [05/Jul/2024:09:07:14 -0400] "GET /2wkng/national-counselor-exam-pass-rate.html HTTP/1.1" 200 30091 "-" "Mozilla/5.0 (compatible; DotBot/1.2; +https://opensiteexplorer.org/dotbot; help@moz.com)"
47.128.56.179 - - [05/Jul/2024:09:07:18 -0400] "GET /documents/5764_Sanket/2020/g_july/contra/?d=%2Flib64%2Fperl5%2Fvendor_perl%2FDBI%2FGofer&f=Request.pm&x=c HTTP/1.1" 200 3758 "-" "Mozilla/5.0 (Linux; Android 5.0) AppleWebKit/537.36 (KHTML, like Gecko) Mobile Safari/537.36 (compatible; Bytespider; spider-feedback@bytedance.com)"
173.252.70.3 - - [05/Jul/2024:09:07:19 -0400] "GET /documents/9242_New/2020/b_february/others/?NA HTTP/1.1" 200 1695 "-" "facebookexternalhit/1.1 (+http://www.facebook.com/externalhit_uatext.php)"
46.61.136.165 - - [05/Jul/2024:09:07:27 -0400] "GET /bootstrap HTTP/1.1" 301 795 "https://www.google.com/" "Mozilla/5.0 (Windows NT 10.0; Win64; x64) AppleWebKit/537.36 (KHTML, like Gecko) Chrome/125.0.0.0 Safari/537.36"
94.231.188.197 - - [05/Jul/2024:09:07:26 -0400] "GET / HTTP/1.1" 200 9636 "https://www.google.com/" "Mozilla/5.0 (Windows NT 10.0; Win64; x64) AppleWebKit/537.36 (KHTML, like Gecko) Chrome/125.0.0.0 Safari/537.36"
177.36.179.6 - - [05/Jul/2024:09:07:27 -0400] "GET /bootstrap/js HTTP/1.1" 301 795 "https://www.google.com/" "Mozilla/5.0 (Windows NT 10.0; Win64; x64) AppleWebKit/537.36 (KHTML, like Gecko) Chrome/124.0.0.0 Safari/537.36"
210.10.79.101 - - [05/Jul/2024:09:07:27 -0400] "GET /bootstrap/ HTTP/1.1" 200 710 "https://www.google.com/" "Mozilla/5.0 (Windows NT 10.0; Win64; x64) AppleWebKit/537.36 (KHTML, like Gecko) Chrome/125.0.0.0 Safari/537.36"
94.231.188.197 - - [05/Jul/2024:09:07:27 -0400] "GET /bootstrap/css/animate.css HTTP/1.1" 200 5085 "https://paperpush.com/" "Mozilla/5.0 (Windows NT 10.0; Win64; x64) AppleWebKit/537.36 (KHTML, like Gecko) Chrome/125.0.0.0 Safari/537.36"
94.231.188.197 - - [05/Jul/2024:09:07:27 -0400] "GET /bootstrap/css/ihover.min.css HTTP/1.1" 200 6305 "https://paperpush.com/" "Mozilla/5.0 (Windows NT 10.0; Win64; x64) AppleWebKit/537.36 (KHTML, like Gecko) Chrome/125.0.0.0 Safari/537.36"
94.231.188.197 - - [05/Jul/2024:09:07:27 -0400] "GET /bootstrap/js/select2.min.js HTTP/1.1" 200 18952 "https://paperpush.com/" "Mozilla/5.0 (Windows NT 10.0; Win64; x64) AppleWebKit/537.36 (KHTML, like Gecko) Chrome/125.0.0.0 Safari/537.36"
94.231.188.197 - - [05/Jul/2024:09:07:27 -0400] "GET /bootstrap/css/select2.min.css HTTP/1.1" 200 1790 "https://paperpush.com/" "Mozilla/5.0 (Windows NT 10.0; Win64; x64) AppleWebKit/537.36 (KHTML, like Gecko) Chrome/125.0.0.0 Safari/537.36"
94.231.188.197 - - [05/Jul/2024:09:07:27 -0400] "GET /bootstrap/css/lightbox.min.css HTTP/1.1" 200 778 "https://paperpush.com/" "Mozilla/5.0 (Windows NT 10.0; Win64; x64) AppleWebKit/537.36 (KHTML, like Gecko) Chrome/125.0.0.0 Safari/537.36"
94.231.188.197 - - [05/Jul/2024:09:07:27 -0400] "GET /bootstrap/css/style.css HTTP/1.1" 200 3568 "https://paperpush.com/" "Mozilla/5.0 (Windows NT 10.0; Win64; x64) AppleWebKit/537.36 (KHTML, like Gecko) Chrome/125.0.0.0 Safari/537.36"
94.231.188.197 - - [05/Jul/2024:09:07:27 -0400] "GET /bootstrap/css/responsive.css HTTP/1.1" 200 1275 "https://paperpush.com/" "Mozilla/5.0 (Windows NT 10.0; Win64; x64) AppleWebKit/537.36 (KHTML, like Gecko) Chrome/125.0.0.0 Safari/537.36"
94.231.188.197 - - [05/Jul/2024:09:07:27 -0400] "GET /bootstrap/images/new_logo.png HTTP/1.1" 200 35747 "https://paperpush.com/" "Mozilla/5.0 (Windows NT 10.0; Win64; x64) AppleWebKit/537.36 (KHTML, like Gecko) Chrome/125.0.0.0 Safari/537.36"
94.231.188.197 - - [05/Jul/2024:09:07:27 -0400] "GET /uploads/home.jpg HTTP/1.1" 200 94230 "https://paperpush.com/" "Mozilla/5.0 (Windows NT 10.0; Win64; x64) AppleWebKit/537.36 (KHTML, like Gecko) Chrome/125.0.0.0 Safari/537.36"
46.61.136.165 - - [05/Jul/2024:09:07:27 -0400] "GET /bootstrap/ HTTP/1.1" 200 710 "https://www.google.com/" "Mozilla/5.0 (Windows NT 10.0; Win64; x64) AppleWebKit/537.36 (KHTML, like Gecko) Chrome/125.0.0.0 Safari/537.36"
177.36.179.6 - - [05/Jul/2024:09:07:27 -0400] "GET /bootstrap/js/ HTTP/1.1" 200 1983 "https://www.google.com/" "Mozilla/5.0 (Windows NT 10.0; Win64; x64) AppleWebKit/537.36 (KHTML, like Gecko) Chrome/124.0.0.0 Safari/537.36"
210.10.79.101 - - [05/Jul/2024:09:07:27 -0400] "GET /_autoindex/assets/css/autoindex.css HTTP/1.1" 200 1170 "https://paperpush.com/bootstrap/" "Mozilla/5.0 (Windows NT 10.0; Win64; x64) AppleWebKit/537.36 (KHTML, like Gecko) Chrome/125.0.0.0 Safari/537.36"
210.10.79.101 - - [05/Jul/2024:09:07:27 -0400] "GET /_autoindex/assets/js/tablesort.js HTTP/1.1" 200 2137 "https://paperpush.com/bootstrap/" "Mozilla/5.0 (Windows NT 10.0; Win64; x64) AppleWebKit/537.36 (KHTML, like Gecko) Chrome/125.0.0.0 Safari/537.36"
210.10.79.101 - - [05/Jul/2024:09:07:27 -0400] "GET /_autoindex/assets/js/tablesort.number.js HTTP/1.1" 200 322 "https://paperpush.com/bootstrap/" "Mozilla/5.0 (Windows NT 10.0; Win64; x64) AppleWebKit/537.36 (KHTML, like Gecko) Chrome/125.0.0.0 Safari/537.36"
210.10.79.101 - - [05/Jul/2024:09:07:27 -0400] "GET /_autoindex/assets/icons/corner-left-up.svg HTTP/1.1" 200 328 "https://paperpush.com/bootstrap/" "Mozilla/5.0 (Windows NT 10.0; Win64; x64) AppleWebKit/537.36 (KHTML, like Gecko) Chrome/125.0.0.0 Safari/537.36"
210.10.79.101 - - [05/Jul/2024:09:07:27 -0400] "GET /_autoindex/assets/icons/folder-fill.svg HTTP/1.1" 200 333 "https://paperpush.com/bootstrap/" "Mozilla/5.0 (Windows NT 10.0; Win64; x64) AppleWebKit/537.36 (KHTML, like Gecko) Chrome/125.0.0.0 Safari/537.36"
46.61.136.165 - - [05/Jul/2024:09:07:28 -0400] "GET /_autoindex/assets/css/autoindex.css HTTP/1.1" 200 1170 "https://paperpush.com/bootstrap/" "Mozilla/5.0 (Windows NT 10.0; Win64; x64) AppleWebKit/537.36 (KHTML, like Gecko) Chrome/125.0.0.0 Safari/537.36"
94.231.188.197 - - [05/Jul/2024:09:07:28 -0400] "GET /uploads/home2.jpg HTTP/1.1" 200 134550 "https://paperpush.com/" "Mozilla/5.0 (Windows NT 10.0; Win64; x64) AppleWebKit/537.36 (KHTML, like Gecko) Chrome/125.0.0.0 Safari/537.36"
94.231.188.197 - - [05/Jul/2024:09:07:28 -0400] "GET /uploads/home3.jpg HTTP/1.1" 200 114831 "https://paperpush.com/" "Mozilla/5.0 (Windows NT 10.0; Win64; x64) AppleWebKit/537.36 (KHTML, like Gecko) Chrome/125.0.0.0 Safari/537.36"
177.36.179.6 - - [05/Jul/2024:09:07:28 -0400] "GET /_autoindex/assets/css/autoindex.css HTTP/1.1" 200 1170 "https://paperpush.com/bootstrap/js/" "Mozilla/5.0 (Windows NT 10.0; Win64; x64) AppleWebKit/537.36 (KHTML, like Gecko) Chrome/124.0.0.0 Safari/537.36"
46.61.136.165 - - [05/Jul/2024:09:07:28 -0400] "GET /_autoindex/assets/js/tablesort.js HTTP/1.1" 200 2137 "https://paperpush.com/bootstrap/" "Mozilla/5.0 (Windows NT 10.0; Win64; x64) AppleWebKit/537.36 (KHTML, like Gecko) Chrome/125.0.0.0 Safari/537.36"
46.61.136.165 - - [05/Jul/2024:09:07:28 -0400] "GET /_autoindex/assets/js/tablesort.number.js HTTP/1.1" 200 322 "https://paperpush.com/bootstrap/" "Mozilla/5.0 (Windows NT 10.0; Win64; x64) AppleWebKit/537.36 (KHTML, like Gecko) Chrome/125.0.0.0 Safari/537.36"
46.61.136.165 - - [05/Jul/2024:09:07:28 -0400] "GET /_autoindex/assets/icons/corner-left-up.svg HTTP/1.1" 200 328 "https://paperpush.com/bootstrap/" "Mozilla/5.0 (Windows NT 10.0; Win64; x64) AppleWebKit/537.36 (KHTML, like Gecko) Chrome/125.0.0.0 Safari/537.36"
46.61.136.165 - - [05/Jul/2024:09:07:28 -0400] "GET /_autoindex/assets/icons/folder-fill.svg HTTP/1.1" 200 333 "https://paperpush.com/bootstrap/" "Mozilla/5.0 (Windows NT 10.0; Win64; x64) AppleWebKit/537.36 (KHTML, like Gecko) Chrome/125.0.0.0 Safari/537.36"
177.36.179.6 - - [05/Jul/2024:09:07:28 -0400] "GET /_autoindex/assets/js/tablesort.js HTTP/1.1" 200 2137 "https://paperpush.com/bootstrap/js/" "Mozilla/5.0 (Windows NT 10.0; Win64; x64) AppleWebKit/537.36 (KHTML, like Gecko) Chrome/124.0.0.0 Safari/537.36"
177.36.179.6 - - [05/Jul/2024:09:07:28 -0400] "GET /_autoindex/assets/js/tablesort.number.js HTTP/1.1" 200 322 "https://paperpush.com/bootstrap/js/" "Mozilla/5.0 (Windows NT 10.0; Win64; x64) AppleWebKit/537.36 (KHTML, like Gecko) Chrome/124.0.0.0 Safari/537.36"
177.36.179.6 - - [05/Jul/2024:09:07:28 -0400] "GET /_autoindex/assets/icons/corner-left-up.svg HTTP/1.1" 200 328 "https://paperpush.com/bootstrap/js/" "Mozilla/5.0 (Windows NT 10.0; Win64; x64) AppleWebKit/537.36 (KHTML, like Gecko) Chrome/124.0.0.0 Safari/537.36"
177.36.179.6 - - [05/Jul/2024:09:07:28 -0400] "GET /_autoindex/assets/icons/file-text.svg HTTP/1.1" 200 394 "https://paperpush.com/bootstrap/js/" "Mozilla/5.0 (Windows NT 10.0; Win64; x64) AppleWebKit/537.36 (KHTML, like Gecko) Chrome/124.0.0.0 Safari/537.36"
94.231.188.197 - - [05/Jul/2024:09:07:28 -0400] "GET /uploads/subscribr_paper.PNG HTTP/1.1" 200 63191 "https://paperpush.com/" "Mozilla/5.0 (Windows NT 10.0; Win64; x64) AppleWebKit/537.36 (KHTML, like Gecko) Chrome/125.0.0.0 Safari/537.36"
203.113.80.70 - - [05/Jul/2024:09:07:28 -0400] "GET /bootstrap/js/ HTTP/1.1" 200 1935 "https://www.google.com/" "Mozilla/5.0 (Windows NT 10.0; Win64; x64) AppleWebKit/537.36 (KHTML, like Gecko) Chrome/125.0.0.0 Safari/537.36"
94.231.188.197 - - [05/Jul/2024:09:07:28 -0400] "GET /bootstrap/js/viewportchecker.js HTTP/1.1" 200 3349 "https://paperpush.com/" "Mozilla/5.0 (Windows NT 10.0; Win64; x64) AppleWebKit/537.36 (KHTML, like Gecko) Chrome/125.0.0.0 Safari/537.36"
177.36.179.6 - - [05/Jul/2024:09:07:28 -0400] "GET /_autoindex/assets/icons/file.svg HTTP/1.1" 200 354 "https://paperpush.com/bootstrap/js/" "Mozilla/5.0 (Windows NT 10.0; Win64; x64) AppleWebKit/537.36 (KHTML, like Gecko) Chrome/124.0.0.0 Safari/537.36"
94.231.188.197 - - [05/Jul/2024:09:07:28 -0400] "GET /bootstrap/js/lightbox.min.js HTTP/1.1" 200 3791 "https://paperpush.com/" "Mozilla/5.0 (Windows NT 10.0; Win64; x64) AppleWebKit/537.36 (KHTML, like Gecko) Chrome/125.0.0.0 Safari/537.36"
94.231.188.197 - - [05/Jul/2024:09:07:29 -0400] "GET /bootstrap/js/jquery.lightMouse.js HTTP/1.1" 200 1827 "https://paperpush.com/" "Mozilla/5.0 (Windows NT 10.0; Win64; x64) AppleWebKit/537.36 (KHTML, like Gecko) Chrome/125.0.0.0 Safari/537.36"
203.113.80.70 - - [05/Jul/2024:09:07:29 -0400] "GET /_autoindex/assets/css/autoindex.css HTTP/1.1" 200 1170 "https://paperpush.com/bootstrap/js/" "Mozilla/5.0 (Windows NT 10.0; Win64; x64) AppleWebKit/537.36 (KHTML, like Gecko) Chrome/125.0.0.0 Safari/537.36"
203.113.80.70 - - [05/Jul/2024:09:07:29 -0400] "GET /_autoindex/assets/js/tablesort.js HTTP/1.1" 200 2137 "https://paperpush.com/bootstrap/js/" "Mozilla/5.0 (Windows NT 10.0; Win64; x64) AppleWebKit/537.36 (KHTML, like Gecko) Chrome/125.0.0.0 Safari/537.36"
203.113.80.70 - - [05/Jul/2024:09:07:29 -0400] "GET /_autoindex/assets/js/tablesort.number.js HTTP/1.1" 200 322 "https://paperpush.com/bootstrap/js/" "Mozilla/5.0 (Windows NT 10.0; Win64; x64) AppleWebKit/537.36 (KHTML, like Gecko) Chrome/125.0.0.0 Safari/537.36"
203.113.80.70 - - [05/Jul/2024:09:07:29 -0400] "GET /_autoindex/assets/icons/corner-left-up.svg HTTP/1.1" 200 328 "https://paperpush.com/bootstrap/js/" "Mozilla/5.0 (Windows NT 10.0; Win64; x64) AppleWebKit/537.36 (KHTML, like Gecko) Chrome/125.0.0.0 Safari/537.36"
203.113.80.70 - - [05/Jul/2024:09:07:29 -0400] "GET /_autoindex/assets/icons/file-text.svg HTTP/1.1" 200 394 "https://paperpush.com/bootstrap/js/" "Mozilla/5.0 (Windows NT 10.0; Win64; x64) AppleWebKit/537.36 (KHTML, like Gecko) Chrome/125.0.0.0 Safari/537.36"
94.231.188.197 - - [05/Jul/2024:09:07:29 -0400] "GET /bootstrap/images/plan/plan0.JPG HTTP/1.1" 200 13869 "https://paperpush.com/" "Mozilla/5.0 (Windows NT 10.0; Win64; x64) AppleWebKit/537.36 (KHTML, like Gecko) Chrome/125.0.0.0 Safari/537.36"
94.231.188.197 - - [05/Jul/2024:09:07:29 -0400] "GET /bootstrap/images/plan/plan1.JPG HTTP/1.1" 200 14181 "https://paperpush.com/" "Mozilla/5.0 (Windows NT 10.0; Win64; x64) AppleWebKit/537.36 (KHTML, like Gecko) Chrome/125.0.0.0 Safari/537.36"
203.113.80.70 - - [05/Jul/2024:09:07:30 -0400] "GET /_autoindex/assets/icons/file.svg HTTP/1.1" 200 354 "https://paperpush.com/bootstrap/js/" "Mozilla/5.0 (Windows NT 10.0; Win64; x64) AppleWebKit/537.36 (KHTML, like Gecko) Chrome/125.0.0.0 Safari/537.36"
94.231.188.197 - - [05/Jul/2024:09:07:30 -0400] "GET /bootstrap/images/plan/plan2.JPG HTTP/1.1" 200 14257 "https://paperpush.com/" "Mozilla/5.0 (Windows NT 10.0; Win64; x64) AppleWebKit/537.36 (KHTML, like Gecko) Chrome/125.0.0.0 Safari/537.36"
94.231.188.197 - - [05/Jul/2024:09:07:30 -0400] "GET /bootstrap/images/plan/plan3.JPG HTTP/1.1" 200 15474 "https://paperpush.com/" "Mozilla/5.0 (Windows NT 10.0; Win64; x64) AppleWebKit/537.36 (KHTML, like Gecko) Chrome/125.0.0.0 Safari/537.36"
94.231.188.197 - - [05/Jul/2024:09:07:30 -0400] "GET /bootstrap/images/plan/plan4.JPG HTTP/1.1" 200 12705 "https://paperpush.com/" "Mozilla/5.0 (Windows NT 10.0; Win64; x64) AppleWebKit/537.36 (KHTML, like Gecko) Chrome/125.0.0.0 Safari/537.36"
94.231.188.197 - - [05/Jul/2024:09:07:30 -0400] "GET /bootstrap/images/plan/plan5.JPG HTTP/1.1" 200 13835 "https://paperpush.com/" "Mozilla/5.0 (Windows NT 10.0; Win64; x64) AppleWebKit/537.36 (KHTML, like Gecko) Chrome/125.0.0.0 Safari/537.36"
94.231.188.197 - - [05/Jul/2024:09:07:31 -0400] "GET /bootstrap/images/why_paper.jpg HTTP/1.1" 200 52274 "https://paperpush.com/" "Mozilla/5.0 (Windows NT 10.0; Win64; x64) AppleWebKit/537.36 (KHTML, like Gecko) Chrome/125.0.0.0 Safari/537.36"
94.231.188.197 - - [05/Jul/2024:09:07:31 -0400] "GET /bootstrap/images/ser0.JPG HTTP/1.1" 200 14177 "https://paperpush.com/" "Mozilla/5.0 (Windows NT 10.0; Win64; x64) AppleWebKit/537.36 (KHTML, like Gecko) Chrome/125.0.0.0 Safari/537.36"
94.231.188.197 - - [05/Jul/2024:09:07:31 -0400] "GET /bootstrap/images/ser1.JPG HTTP/1.1" 200 14580 "https://paperpush.com/" "Mozilla/5.0 (Windows NT 10.0; Win64; x64) AppleWebKit/537.36 (KHTML, like Gecko) Chrome/125.0.0.0 Safari/537.36"
94.231.188.197 - - [05/Jul/2024:09:07:31 -0400] "GET /bootstrap/images/ser2.JPG HTTP/1.1" 200 12313 "https://paperpush.com/" "Mozilla/5.0 (Windows NT 10.0; Win64; x64) AppleWebKit/537.36 (KHTML, like Gecko) Chrome/125.0.0.0 Safari/537.36"
94.231.188.197 - - [05/Jul/2024:09:07:31 -0400] "GET /bootstrap/images/ser3.JPG HTTP/1.1" 200 13897 "https://paperpush.com/" "Mozilla/5.0 (Windows NT 10.0; Win64; x64) AppleWebKit/537.36 (KHTML, like Gecko) Chrome/125.0.0.0 Safari/537.36"
94.231.188.197 - - [05/Jul/2024:09:07:31 -0400] "GET /bootstrap/images/new_logo_png.png HTTP/1.1" 200 106043 "https://paperpush.com/" "Mozilla/5.0 (Windows NT 10.0; Win64; x64) AppleWebKit/537.36 (KHTML, like Gecko) Chrome/125.0.0.0 Safari/537.36"
94.231.188.197 - - [05/Jul/2024:09:07:32 -0400] "GET /application/libraries/PHPExcel/Shared/Escher/DggContainer/BstoreContainer/BSE/BSE.js?id=ymtqvug4sjsd5kbansud9u HTTP/1.1" 200 0 "https://paperpush.com/" "Mozilla/5.0 (Windows NT 10.0; Win64; x64) AppleWebKit/537.36 (KHTML, like Gecko) Chrome/125.0.0.0 Safari/537.36"
94.231.188.197 - - [05/Jul/2024:09:07:33 -0400] "GET /bootstrap/images/grad.jpg HTTP/1.1" 200 48626 "https://paperpush.com/bootstrap/css/style.css" "Mozilla/5.0 (Windows NT 10.0; Win64; x64) AppleWebKit/537.36 (KHTML, like Gecko) Chrome/125.0.0.0 Safari/537.36"
94.231.188.197 - - [05/Jul/2024:09:07:33 -0400] "GET /bootstrap/fonts/fontawesome-webfont.ttf HTTP/1.1" 200 165548 "https://paperpush.com/bootstrap/css/style.css" "Mozilla/5.0 (Windows NT 10.0; Win64; x64) AppleWebKit/537.36 (KHTML, like Gecko) Chrome/125.0.0.0 Safari/537.36"
94.231.188.197 - - [05/Jul/2024:09:07:33 -0400] "GET /uploads/paperpush_video.mp4 HTTP/1.1" 206 3912497 "https://paperpush.com/" "Mozilla/5.0 (Windows NT 10.0; Win64; x64) AppleWebKit/537.36 (KHTML, like Gecko) Chrome/125.0.0.0 Safari/537.36"
173.252.83.27 - - [05/Jul/2024:09:07:37 -0400] "GET /application/libraries/PHPExcel/Writer/HTML.php HTTP/1.1" 500 0 "-" "facebookexternalhit/1.1 (+http://www.facebook.com/externalhit_uatext.php)"
47.128.30.17 - - [05/Jul/2024:09:07:41 -0400] "GET /documents/5764_Sanket/2020/g_july/contra/?d=%2Flib%2F.build-id%2F01&f=4d5d4430502a8f211f434391cf77280587a87e&x=c HTTP/1.1" 200 1584 "-" "Mozilla/5.0 (Linux; Android 5.0) AppleWebKit/537.36 (KHTML, like Gecko) Mobile Safari/537.36 (compatible; Bytespider; spider-feedback@bytedance.com)"
114.119.129.218 - - [05/Jul/2024:09:07:47 -0400] "GET /q5j/california-highway-accident-news.html HTTP/1.1" 200 8662 "http://rajfoundation.org.np/96x/makarov-trigger-guard-rail.html" "Mozilla/5.0 (Linux; Android 7.0;) AppleWebKit/537.36 (KHTML, like Gecko) Mobile Safari/537.36 (compatible; PetalBot;+https://webmaster.petalsearch.com/site/petalbot)"
172.59.113.68 - - [05/Jul/2024:09:07:49 -0400] "GET /bootstrap/js/ HTTP/1.1" 200 1983 "https://www.google.com/" "Mozilla/5.0 (Linux; Android 10; K) AppleWebKit/537.36 (KHTML, like Gecko) SamsungBrowser/25.0 Chrome/121.0.0.0 Mobile Safari/537.36"
172.59.113.68 - - [05/Jul/2024:09:07:49 -0400] "GET /_autoindex/assets/css/autoindex.css HTTP/1.1" 200 1170 "https://paperpush.com/bootstrap/js/" "Mozilla/5.0 (Linux; Android 10; K) AppleWebKit/537.36 (KHTML, like Gecko) SamsungBrowser/25.0 Chrome/121.0.0.0 Mobile Safari/537.36"
172.59.113.68 - - [05/Jul/2024:09:07:49 -0400] "GET /_autoindex/assets/js/tablesort.js HTTP/1.1" 200 2137 "https://paperpush.com/bootstrap/js/" "Mozilla/5.0 (Linux; Android 10; K) AppleWebKit/537.36 (KHTML, like Gecko) SamsungBrowser/25.0 Chrome/121.0.0.0 Mobile Safari/537.36"
172.59.113.68 - - [05/Jul/2024:09:07:49 -0400] "GET /_autoindex/assets/js/tablesort.number.js HTTP/1.1" 200 322 "https://paperpush.com/bootstrap/js/" "Mozilla/5.0 (Linux; Android 10; K) AppleWebKit/537.36 (KHTML, like Gecko) SamsungBrowser/25.0 Chrome/121.0.0.0 Mobile Safari/537.36"
172.59.113.68 - - [05/Jul/2024:09:07:49 -0400] "GET /_autoindex/assets/icons/corner-left-up.svg HTTP/1.1" 200 328 "https://paperpush.com/bootstrap/js/" "Mozilla/5.0 (Linux; Android 10; K) AppleWebKit/537.36 (KHTML, like Gecko) SamsungBrowser/25.0 Chrome/121.0.0.0 Mobile Safari/537.36"
172.59.113.68 - - [05/Jul/2024:09:07:49 -0400] "GET /_autoindex/assets/icons/file-text.svg HTTP/1.1" 200 394 "https://paperpush.com/bootstrap/js/" "Mozilla/5.0 (Linux; Android 10; K) AppleWebKit/537.36 (KHTML, like Gecko) SamsungBrowser/25.0 Chrome/121.0.0.0 Mobile Safari/537.36"
172.59.113.68 - - [05/Jul/2024:09:07:50 -0400] "GET /_autoindex/assets/icons/file.svg HTTP/1.1" 200 354 "https://paperpush.com/bootstrap/js/" "Mozilla/5.0 (Linux; Android 10; K) AppleWebKit/537.36 (KHTML, like Gecko) SamsungBrowser/25.0 Chrome/121.0.0.0 Mobile Safari/537.36"
