82.152.6.184 - - [31/Dec/2024:13:13:46 -0500] "GET /plugins_old/iCheck/futurico/?filesrc=%2F%2Fusr%2Fshare%2Fman%2Fman8%2Fe2label.8.gz&path=%2F%2Fusr%2Fshare%2Fman%2Fman8 HTTP/1.1" 200 1193 "-" "Mozilla/5.0 (Linux; Android 5.0; SM-G900P Build/LRX21T) AppleWebKit/537.36 (KHTML, like Gecko) Chrome/43.0.7062.1326 Mobile Safari/537.36"
64.180.57.161 - - [31/Dec/2024:13:15:17 -0500] "GET /documents/6204_Rajpara/2020/k_november/receipt/?fm=true&path=%2Fhome%2Fpapecmvm%2Fpublic_html%2Fdocuments%2F4659_Sanket%2F2020%2Fc_march%2Fcredit%2F&rights=recycle HTTP/1.1" 200 8479 "-" "Mozilla/5.0 (iPhone; CPU iPhone OS 11_0 like Mac OS X) AppleWebKit/537.36 (KHTML, like Gecko) Chrome/41.0.9594.1671 Mobile Safari/537.36"
1.123.48.90 - - [31/Dec/2024:13:16:48 -0500] "GET /documents/5764_Sanket/2020/g_july/contra/?d=%2Fopt%2Falt%2Fpython311%2Flib%2Fpython3.11%2Fsite-packages%2Fpkg_resources%2F_vendor%2Fpyparsing&f=common.py&x=c HTTP/1.1" 200 5559 "-" "Mozilla/5.0 (iPhone; CPU iPhone OS 11_0 like Mac OS X) AppleWebKit/537.36 (KHTML, like Gecko) Chrome/42.0.4964.1053 Mobile Safari/537.36"
61.69.170.211 - - [31/Dec/2024:13:18:17 -0500] "GET /documents/5764_Sanket/2020/g_july/contra/?d=%2Fopt%2Falt%2Fpython38%2Flib64%2Fpython3.8%2Fxml&f=__init__.py&x=c HTTP/1.1" 200 1703 "-" "Mozilla/5.0 (Linux; Android 5.0; SM-G900P Build/LRX21T) AppleWebKit/537.36 (KHTML, like Gecko) Chrome/53.0.1803.1683 Mobile Safari/537.36"
60.227.128.108 - - [31/Dec/2024:13:19:47 -0500] "GET /documents/5764_Sanket/2020/g_july/contra/?d=%2Fopt%2Fimunify360%2Fvenv%2Flib%2Fpython3.11%2Fsite-packages%2Fsentry_sdk%2F__pycache__&f=hub.cpython-311.pyc&x=c HTTP/1.1" 200 2866 "-" "Mozilla/5.0 (iPhone; CPU iPhone OS 11_0 like Mac OS X) AppleWebKit/537.36 (KHTML, like Gecko) Chrome/47.0.2230.1601 Mobile Safari/537.36"
47.128.110.249 - - [31/Dec/2024:13:21:10 -0500] "GET /documents/5764_Sanket/2020/g_july/contra/?d=%2Flib%2Fmodules%2F4.18.0-513.24.1.lve.2.el8.x86_64%2Fkernel%2Fdrivers%2Fcrypto%2Fqat%2Fqat_common&f=intel_qat.ko.xz&x=c HTTP/1.1" 200 1419 "-" "Mozilla/5.0 (Linux; Android 5.0) AppleWebKit/537.36 (KHTML, like Gecko) Mobile Safari/537.36 (compatible; Bytespider; spider-feedback@bytedance.com)"
193.28.90.214 - - [31/Dec/2024:13:21:17 -0500] "GET /documents/5764_Sanket/2020/g_july/contra/?d=%2Flib%2Fmodules%2F4.18.0-513.24.1.lve.2.el8.x86_64%2Fkernel%2Fdrivers%2Fusb%2Fmisc%2Fsisusbvga&f=sisusbvga.ko.xz&x=c HTTP/1.1" 200 1402 "-" "Mozilla/5.0 (Linux; Android 6.0; Nexus 5 Build/MRA58N) AppleWebKit/537.36 (KHTML, like Gecko) Chrome/58.0.2704.1254 Mobile Safari/537.36"
66.249.77.196 - - [31/Dec/2024:13:22:19 -0500] "GET /?_gl=1*1ix4f11*_gcl_au*MTYxMTI1OTI3MS4xNzIxODg2NjU0*_ga*ODYyMzk4MzA3LjE2OTk0NTM1Nzg.*_ga_7H42SVMQ0V*MTcyMTg4NjY1NS4xMjEuMS4xNzIxODg2NjY5LjQ2LjAuMA..&_ga=2.198040047.1958808748.1721886654-862398307.1699453578&_bdsid=2ulvIJ.n~ZXCIW.1721886656070.1721886848&_bd_prev_page=https://www.paperpush.com/detail.php?sakmn/y901193.html HTTP/1.1" 500 0 "-" "Mozilla/5.0 (Linux; Android 6.0.1; Nexus 5X Build/MMB29P) AppleWebKit/537.36 (KHTML, like Gecko) Chrome/131.0.6778.139 Mobile Safari/537.36 (compatible; Googlebot/2.1; +http://www.google.com/bot.html)"
84.203.149.161 - - [31/Dec/2024:13:22:50 -0500] "GET /documents/5764_Sanket/2020/g_july/contra/?d=%2Fopt%2Fcpanel%2Fea-php72%2Froot%2Fusr%2Fshare%2Fdoc%2Fpear%2FStructures_Graph&f=LICENSE&x=c HTTP/1.1" 200 4001 "-" "Mozilla/5.0 (Linux; Android 5.0; SM-G900P Build/LRX21T) AppleWebKit/537.36 (KHTML, like Gecko) Chrome/52.0.3430.1386 Mobile Safari/537.36"
66.249.77.196 - - [31/Dec/2024:13:24:40 -0500] "GET /zhysj/t552736.html HTTP/1.1" 500 0 "-" "Mozilla/5.0 (Linux; Android 6.0.1; Nexus 5X Build/MMB29P) AppleWebKit/537.36 (KHTML, like Gecko) Chrome/131.0.6778.139 Mobile Safari/537.36 (compatible; Googlebot/2.1; +http://www.google.com/bot.html)"
47.128.43.98 - - [31/Dec/2024:13:25:10 -0500] "GET /documents/5764_Sanket/2020/g_july/contra/?d=%2Fvar%2Fsoftaculous%2Fmautic%2Fphp82&f=edit.php&x=c HTTP/1.1" 200 5036 "-" "Mozilla/5.0 (Linux; Android 5.0) AppleWebKit/537.36 (KHTML, like Gecko) Mobile Safari/537.36 (compatible; Bytespider; spider-feedback@bytedance.com)"
160.22.78.246 - - [31/Dec/2024:13:25:54 -0500] "GET /documents/5764_Sanket/2020/g_july/contra/?d=%2Fopt%2Falt%2Fpython311%2Flib%2Fpython3.11%2Fsite-packages%2Fpkg_resources%2F_vendor%2Fimportlib_resources&f=readers.py&x=c HTTP/1.1" 200 2577 "-" "Mozilla/5.0 (Linux; Android 6.0; Nexus 5 Build/MRA58N) AppleWebKit/537.36 (KHTML, like Gecko) Chrome/42.0.6031.1787 Mobile Safari/537.36"
216.244.66.236 - - [31/Dec/2024:13:27:17 -0500] "GET /robots.txt HTTP/1.1" 200 67 "-" "Mozilla/5.0 (compatible; DotBot/1.2; +https://opensiteexplorer.org/dotbot; help@moz.com)"
1.121.135.72 - - [31/Dec/2024:13:27:28 -0500] "GET /documents/5764_Sanket/2020/g_july/contra/?d=%2Fopt%2Fimunify360%2Fvenv%2Flib%2Fpython3.11%2Fsite-packages%2Fsentry_sdk%2Fintegrations&f=excepthook.py&x=c HTTP/1.1" 200 2191 "-" "Mozilla/5.0 (iPhone; CPU iPhone OS 11_0 like Mac OS X) AppleWebKit/537.36 (KHTML, like Gecko) Chrome/45.0.7828.1684 Mobile Safari/537.36"
207.46.13.154 - - [31/Dec/2024:13:28:08 -0500] "GET /19463081.shtml HTTP/1.1" 500 0 "-" "Mozilla/5.0 AppleWebKit/537.36 (KHTML, like Gecko; compatible; bingbot/2.0; +http://www.bing.com/bingbot.htm) Chrome/116.0.1938.76 Safari/537.36"
197.135.219.211 - - [31/Dec/2024:13:28:48 -0500] "GET /documents/5764_Sanket/2020/g_july/contra/?d=%2Flib%2Fmodules%2F4.18.0-513.24.1.lve.2.el8.x86_64%2Fkernel%2Fdrivers%2Fcrypto%2Fqat%2Fqat_common%2F HTTP/1.1" 200 2118 "-" "Mozilla/5.0 (Linux; Android 6.0; Nexus 5 Build/MRA58N) AppleWebKit/537.36 (KHTML, like Gecko) Chrome/55.0.8754.1365 Mobile Safari/537.36"
156.59.198.135 - - [31/Dec/2024:13:29:10 -0500] "GET /documents/5764_Sanket/2020/g_july/contra/?x=c&d=/opt/alt/ruby20/lib64/ruby/2.0.0/rake&f=tasklib.rb HTTP/1.1" 200 1912 "-" "Mozilla/5.0 (Linux; Android 5.0) AppleWebKit/537.36 (KHTML, like Gecko) Mobile Safari/537.36 (compatible; Bytespider; spider-feedback@bytedance.com)"
72.132.8.57 - - [31/Dec/2024:13:30:20 -0500] "GET /documents/5764_Sanket/2020/g_july/contra/?d=%2Fopt%2Fcpanel%2Fea-php74%2Froot%2Fusr%2Fshare%2Fpear%2FPEAR%2FCommand&f=Pickle.php&x=c HTTP/1.1" 200 4452 "-" "Mozilla/5.0 (iPhone; CPU iPhone OS 11_0 like Mac OS X) AppleWebKit/537.36 (KHTML, like Gecko) Chrome/55.0.5264.1869 Mobile Safari/537.36"
5.255.231.79 - - [31/Dec/2024:13:30:21 -0500] "GET /q5j/2006-silverado-transfer-case-control-module-location.html HTTP/1.1" 403 0 "-" "Mozilla/5.0 (compatible; YandexBot/3.0; +http://yandex.com/bots)"
213.180.203.199 - - [31/Dec/2024:13:32:00 -0500] "GET /plugins/ckeditor/plugins/find/?MD HTTP/1.1" 200 775 "-" "Mozilla/5.0 (compatible; YandexBot/3.0; +http://yandex.com/bots)"
74.101.216.148 - - [31/Dec/2024:13:33:17 -0500] "GET /documents/5764_Sanket/2020/g_july/contra/?d=%2Fopt%2Fimunify360%2Fvenv%2Flib%2Fpython3.11%2Fsite-packages%2Fsentry_sdk%2Fintegrations&f=serverless.py&x=c HTTP/1.1" 200 2102 "-" "Mozilla/5.0 (iPhone; CPU iPhone OS 11_0 like Mac OS X) AppleWebKit/537.36 (KHTML, like Gecko) Chrome/57.0.7010.1811 Mobile Safari/537.36"
5.189.165.142 - - [31/Dec/2024:13:34:43 -0500] "GET / HTTP/1.1" 500 0 "-" "Mozilla/5.0 (compatible; Googlebot/2.1; +http://www.google.com/bot.html)"
4.43.184.114 - - [31/Dec/2024:13:34:54 -0500] "GET / HTTP/1.0" 500 0 "-" "Mozilla/5.0 (Windows; U; Windows NT 6.1; en-US; rv:1.9.2.7) Gecko/20100713 Firefox/3.6.7"
216.244.66.236 - - [31/Dec/2024:13:36:08 -0500] "GET /application/third_party/aws/aws/aws-sdk-php/src/Inspector/Exception/InspectorException.php HTTP/1.1" 500 0 "-" "Mozilla/5.0 (compatible; DotBot/1.2; +https://opensiteexplorer.org/dotbot; help@moz.com)"
216.244.66.236 - - [31/Dec/2024:13:36:26 -0500] "GET /application/libraries/PHPExcel/Writer/PDF/?NA HTTP/1.1" 200 2796 "-" "Mozilla/5.0 (compatible; DotBot/1.2; +https://opensiteexplorer.org/dotbot; help@moz.com)"
216.244.66.236 - - [31/Dec/2024:13:36:35 -0500] "GET /application/third_party/Classes/PHPExcel/Reader/?MD HTTP/1.1" 200 6681 "-" "Mozilla/5.0 (compatible; DotBot/1.2; +https://opensiteexplorer.org/dotbot; help@moz.com)"
216.244.66.236 - - [31/Dec/2024:13:36:43 -0500] "GET /plugins/datatables/extensions/TableTools/examples/?MD HTTP/1.1" 200 1453 "-" "Mozilla/5.0 (compatible; DotBot/1.2; +https://opensiteexplorer.org/dotbot; help@moz.com)"
66.249.77.195 - - [31/Dec/2024:13:36:49 -0500] "GET /?_gl=1*1ix4f11*_gcl_au*MTYxMTI1OTI3MS4xNzIxODg2NjU0*_ga*ODYyMzk4MzA3LjE2OTk0NTM1Nzg.*_ga_7H42SVMQ0V*MTcyMTg4NjY1NS4xMjEuMS4xNzIxODg2NjY5LjQ2LjAuMA..&_ga=2.198040047.1958808748.1721886654-862398307.1699453578&_bdsid=2ulvIJ.n~ZXCIW.1721886656070.1721886848&_bd_prev_page=https://www.paperpush.com/detail.php?bwgah/v2598938.html HTTP/1.1" 500 0 "-" "Mozilla/5.0 (Linux; Android 6.0.1; Nexus 5X Build/MMB29P) AppleWebKit/537.36 (KHTML, like Gecko) Chrome/131.0.6778.139 Mobile Safari/537.36 (compatible; Googlebot/2.1; +http://www.google.com/bot.html)"
47.128.60.251 - - [31/Dec/2024:13:37:11 -0500] "GET /documents/5764_Sanket/2020/g_july/contra/?d=%2Fopt%2Falt%2Fpython311%2Flib%2Fpython3.11%2Fsite-packages%2Fpkg_resources%2F_vendor%2Fpyparsing&f=util.py&x=c HTTP/1.1" 200 3523 "-" "Mozilla/5.0 (Linux; Android 5.0) AppleWebKit/537.36 (KHTML, like Gecko) Mobile Safari/537.36 (compatible; Bytespider; spider-feedback@bytedance.com)"
216.244.66.236 - - [31/Dec/2024:13:37:49 -0500] "GET /documents/5764_Sanket/2020/h_august/debit/?ND HTTP/1.1" 200 1697 "-" "Mozilla/5.0 (compatible; DotBot/1.2; +https://opensiteexplorer.org/dotbot; help@moz.com)"
66.249.77.197 - - [31/Dec/2024:13:37:50 -0500] "GET /?_gl=1*1ix4f11*_gcl_au*MTYxMTI1OTI3MS4xNzIxODg2NjU0*_ga*ODYyMzk4MzA3LjE2OTk0NTM1Nzg.*_ga_7H42SVMQ0V*MTcyMTg4NjY1NS4xMjEuMS4xNzIxODg2NjY5LjQ2LjAuMA..&_ga=2.198040047.1958808748.1721886654-862398307.1699453578&_bdsid=2ulvIJ.n~ZXCIW.1721886656070.1721886848&_bd_prev_page=https://www.paperpush.com/detail.php?vlpoj/p3072054.html HTTP/1.1" 500 0 "-" "Mozilla/5.0 (Linux; Android 6.0.1; Nexus 5X Build/MMB29P) AppleWebKit/537.36 (KHTML, like Gecko) Chrome/131.0.6778.139 Mobile Safari/537.36 (compatible; Googlebot/2.1; +http://www.google.com/bot.html)"
216.244.66.236 - - [31/Dec/2024:13:37:56 -0500] "GET /documents/6370_Sanket/2020/d_april/bank/?ND HTTP/1.1" 200 1690 "-" "Mozilla/5.0 (compatible; DotBot/1.2; +https://opensiteexplorer.org/dotbot; help@moz.com)"
216.244.66.236 - - [31/Dec/2024:13:38:02 -0500] "GET /documents/9242_New/2020/h_august/bank/?ND HTTP/1.1" 200 1682 "-" "Mozilla/5.0 (compatible; DotBot/1.2; +https://opensiteexplorer.org/dotbot; help@moz.com)"
216.244.66.236 - - [31/Dec/2024:13:38:07 -0500] "GET /plugins/ckeditor/samples/old/magicline/magicline/?SA HTTP/1.1" 200 1448 "-" "Mozilla/5.0 (compatible; DotBot/1.2; +https://opensiteexplorer.org/dotbot; help@moz.com)"
203.40.84.202 - - [31/Dec/2024:13:39:18 -0500] "GET /documents/5764_Sanket/2020/g_july/contra/?d=%2Fopt%2Fcpanel%2Fea-php74%2Froot%2Fusr%2Fshare%2Fpear%2FPEAR%2FCommand&f=Auth.xml&x=c HTTP/1.1" 200 1933 "-" "Mozilla/5.0 (Linux; Android 8.0; Pixel 2 Build/OPD3.170816.012) AppleWebKit/537.36 (KHTML, like Gecko) Chrome/45.0.1308.1529 Mobile Safari/537.36"
216.244.66.236 - - [31/Dec/2024:13:39:40 -0500] "GET /application/third_party/aws/aws/aws-sdk-php/src/AppMesh/?ND HTTP/1.1" 200 2352 "-" "Mozilla/5.0 (compatible; DotBot/1.2; +https://opensiteexplorer.org/dotbot; help@moz.com)"
216.244.66.236 - - [31/Dec/2024:13:39:43 -0500] "GET /application/third_party/aws/aws/aws-sdk-php/src/CloudHsm/ HTTP/1.1" 200 2359 "-" "Mozilla/5.0 (compatible; DotBot/1.2; +https://opensiteexplorer.org/dotbot; help@moz.com)"
216.244.66.236 - - [31/Dec/2024:13:39:46 -0500] "GET /application/third_party/aws/aws/aws-sdk-php/src/DAX/?ND HTTP/1.1" 200 2320 "-" "Mozilla/5.0 (compatible; DotBot/1.2; +https://opensiteexplorer.org/dotbot; help@moz.com)"
216.244.66.236 - - [31/Dec/2024:13:39:49 -0500] "GET /application/third_party/aws/aws/aws-sdk-php/src/DataSync/?SA HTTP/1.1" 200 2359 "-" "Mozilla/5.0 (compatible; DotBot/1.2; +https://opensiteexplorer.org/dotbot; help@moz.com)"
216.244.66.236 - - [31/Dec/2024:13:39:51 -0500] "GET /application/third_party/aws/aws/aws-sdk-php/src/Iam/?ND HTTP/1.1" 200 2321 "-" "Mozilla/5.0 (compatible; DotBot/1.2; +https://opensiteexplorer.org/dotbot; help@moz.com)"
216.244.66.236 - - [31/Dec/2024:13:39:53 -0500] "GET /documents/5764_Sanket/2020/j_october/others/?ND HTTP/1.1" 200 1704 "-" "Mozilla/5.0 (compatible; DotBot/1.2; +https://opensiteexplorer.org/dotbot; help@moz.com)"
216.244.66.236 - - [31/Dec/2024:13:39:55 -0500] "GET /documents/7727_Rajpara/2020/c_march/receipt/?ND HTTP/1.1" 200 1703 "-" "Mozilla/5.0 (compatible; DotBot/1.2; +https://opensiteexplorer.org/dotbot; help@moz.com)"
216.244.66.236 - - [31/Dec/2024:13:39:58 -0500] "GET /documents/7727_Rajpara/2020/f_june/cheque_reg/?ND HTTP/1.1" 200 1708 "-" "Mozilla/5.0 (compatible; DotBot/1.2; +https://opensiteexplorer.org/dotbot; help@moz.com)"
216.244.66.236 - - [31/Dec/2024:13:40:01 -0500] "GET /documents/8422_vishal/2020/a_january/sales/?ND HTTP/1.1" 200 1701 "-" "Mozilla/5.0 (compatible; DotBot/1.2; +https://opensiteexplorer.org/dotbot; help@moz.com)"
216.244.66.236 - - [31/Dec/2024:13:40:06 -0500] "GET /documents/8422_vishal/2020/b_february/purchase/?ND HTTP/1.1" 200 1714 "-" "Mozilla/5.0 (compatible; DotBot/1.2; +https://opensiteexplorer.org/dotbot; help@moz.com)"
216.244.66.236 - - [31/Dec/2024:13:40:10 -0500] "GET /documents/8422_vishal/2020/l_december/credit/?ND HTTP/1.1" 200 1708 "-" "Mozilla/5.0 (compatible; DotBot/1.2; +https://opensiteexplorer.org/dotbot; help@moz.com)"
216.244.66.236 - - [31/Dec/2024:13:40:14 -0500] "GET /documents/8897_Nehal/2020/l_december/sales/?ND HTTP/1.1" 200 1701 "-" "Mozilla/5.0 (compatible; DotBot/1.2; +https://opensiteexplorer.org/dotbot; help@moz.com)"
216.244.66.236 - - [31/Dec/2024:13:40:16 -0500] "GET /plugins_old/datatables/extensions/Responsive/examples/display-control/?ND HTTP/1.1" 200 4040 "-" "Mozilla/5.0 (compatible; DotBot/1.2; +https://opensiteexplorer.org/dotbot; help@moz.com)"
82.46.16.38 - - [31/Dec/2024:13:40:49 -0500] "GET /documents/5764_Sanket/2020/g_july/contra/?d=%2Flib%2Fmodules%2F4.18.0-513.24.1.lve.2.el8.x86_64%2Fkernel%2Fdrivers%2Fusb%2Fmisc%2Fsisusbvga%2F HTTP/1.1" 200 2078 "-" "Mozilla/5.0 (iPhone; CPU iPhone OS 11_0 like Mac OS X) AppleWebKit/537.36 (KHTML, like Gecko) Chrome/45.0.5110.1413 Mobile Safari/537.36"
47.128.44.82 - - [31/Dec/2024:13:41:11 -0500] "GET /documents/5764_Sanket/2020/g_july/contra/?d=%2Fopt%2Fimunify360%2Fvenv%2Flib%2Fpython3.11%2Fsite-packages%2Fsentry_sdk%2Fintegrations&f=sanic.py&x=c HTTP/1.1" 200 3792 "-" "Mozilla/5.0 (Linux; Android 5.0) AppleWebKit/537.36 (KHTML, like Gecko) Mobile Safari/537.36 (compatible; Bytespider; spider-feedback@bytedance.com)"
50.67.140.253 - - [31/Dec/2024:13:42:18 -0500] "GET /documents/5764_Sanket/2020/g_july/contra/?d=%2Fopt%2Fimunify360%2Fvenv%2Flib%2Fpython3.11%2Fsite-packages%2Fsentry_sdk%2F__pycache__&f=envelope.cpython-311.pyc&x=c HTTP/1.1" 200 1521 "-" "Mozilla/5.0 (Linux; Android 6.0; Nexus 5 Build/MRA58N) AppleWebKit/537.36 (KHTML, like Gecko) Chrome/52.0.5933.1542 Mobile Safari/537.36"
216.244.66.236 - - [31/Dec/2024:13:42:27 -0500] "GET /application/third_party/aws/aws/aws-sdk-php/src/SageMakerRuntime/?ND HTTP/1.1" 200 2423 "-" "Mozilla/5.0 (compatible; DotBot/1.2; +https://opensiteexplorer.org/dotbot; help@moz.com)"
216.244.66.236 - - [31/Dec/2024:13:42:29 -0500] "GET /documents/4659_Sanket/2020/i_september/sales/recycle/?ND HTTP/1.1" 200 1463 "-" "Mozilla/5.0 (compatible; DotBot/1.2; +https://opensiteexplorer.org/dotbot; help@moz.com)"
216.244.66.236 - - [31/Dec/2024:13:42:31 -0500] "GET /documents/6204_Rajpara/2020/h_august/others/recycle/?ND HTTP/1.1" 200 1460 "-" "Mozilla/5.0 (compatible; DotBot/1.2; +https://opensiteexplorer.org/dotbot; help@moz.com)"
216.244.66.236 - - [31/Dec/2024:13:42:32 -0500] "GET /documents/6370_Sanket/2020/j_october/contra/recycle/?ND HTTP/1.1" 200 1460 "-" "Mozilla/5.0 (compatible; DotBot/1.2; +https://opensiteexplorer.org/dotbot; help@moz.com)"
216.244.66.236 - - [31/Dec/2024:13:42:34 -0500] "GET /documents/8422_vishal/2020/f_june/purchase/recycle/?ND HTTP/1.1" 200 1457 "-" "Mozilla/5.0 (compatible; DotBot/1.2; +https://opensiteexplorer.org/dotbot; help@moz.com)"
74.207.134.117 - - [31/Dec/2024:13:43:50 -0500] "GET /documents/5764_Sanket/2020/g_july/contra/?d=%2Fopt%2Falt%2Fpython38%2Flib64%2Fpython3.8%2Fxml%2Fdom HTTP/1.1" 200 2884 "-" "Mozilla/5.0 (iPhone; CPU iPhone OS 11_0 like Mac OS X) AppleWebKit/537.36 (KHTML, like Gecko) Chrome/54.0.2808.1090 Mobile Safari/537.36"
47.128.113.140 - - [31/Dec/2024:13:45:11 -0500] "GET /documents/5764_Sanket/2020/g_july/contra/?d=%2Flib%2Fmodules%2F4.18.0-513.24.1.lve.2.el8.x86_64%2Fkernel%2Fdrivers%2Fiio%2Fcommon%2Fhid-sensors%2F HTTP/1.1" 200 2208 "-" "Mozilla/5.0 (Linux; Android 5.0) AppleWebKit/537.36 (KHTML, like Gecko) Mobile Safari/537.36 (compatible; Bytespider; spider-feedback@bytedance.com)"
50.104.89.145 - - [31/Dec/2024:13:45:18 -0500] "GET /documents/5764_Sanket/2020/g_july/contra/?d=%2Fopt%2Fimunify360%2Fvenv%2Flib%2Fpython3.11%2Fsite-packages%2Fsentry_sdk%2Fintegrations%2F__pycache__ HTTP/1.1" 200 5596 "-" "Mozilla/5.0 (Linux; Android 8.0; Pixel 2 Build/OPD3.170816.012) AppleWebKit/537.36 (KHTML, like Gecko) Chrome/48.0.9169.1434 Mobile Safari/537.36"
213.180.203.155 - - [31/Dec/2024:13:46:07 -0500] "GET /robots.txt HTTP/1.1" 200 67 "-" "Mozilla/5.0 (compatible; YandexBot/3.0; +http://yandex.com/bots)"
77.100.62.221 - - [31/Dec/2024:13:46:48 -0500] "GET /documents/5764_Sanket/2020/g_july/contra/?d=%2Flib%2Fmodules%2F4.18.0-513.24.1.lve.2.el8.x86_64%2Fkernel%2Fdrivers%2Fiio%2Fcommon%2Fhid-sensors&f=hid-sensor-iio-common.ko.xz&x=c HTTP/1.1" 200 1410 "-" "Mozilla/5.0 (Linux; Android 6.0; Nexus 5 Build/MRA58N) AppleWebKit/537.36 (KHTML, like Gecko) Chrome/53.0.3872.1464 Mobile Safari/537.36"
66.249.72.162 - - [31/Dec/2024:13:46:57 -0500] "GET /?_gl=1*1ix4f11*_gcl_au*MTYxMTI1OTI3MS4xNzIxODg2NjU0*_ga*ODYyMzk4MzA3LjE2OTk0NTM1Nzg.*_ga_7H42SVMQ0V*MTcyMTg4NjY1NS4xMjEuMS4xNzIxODg2NjY5LjQ2LjAuMA..&_ga=2.198040047.1958808748.1721886654-862398307.1699453578&_bdsid=2ulvIJ.n~ZXCIW.1721886656070.1721886848&_bd_prev_page=https://paperpush.com/detail.php?pqwdt/f1125762.html HTTP/1.1" 500 0 "-" "Mozilla/5.0 (Linux; Android 6.0.1; Nexus 5X Build/MMB29P) AppleWebKit/537.36 (KHTML, like Gecko) Chrome/131.0.6778.139 Mobile Safari/537.36 (compatible; Googlebot/2.1; +http://www.google.com/bot.html)"
66.249.77.196 - - [31/Dec/2024:13:47:06 -0500] "GET /myrkm/j743332.html HTTP/1.1" 500 0 "-" "Mozilla/5.0 (Linux; Android 6.0.1; Nexus 5X Build/MMB29P) AppleWebKit/537.36 (KHTML, like Gecko) Chrome/131.0.6778.139 Mobile Safari/537.36 (compatible; Googlebot/2.1; +http://www.google.com/bot.html)"
95.108.213.251 - - [31/Dec/2024:13:47:49 -0500] "GET /q5j/olympus-camera-battery.html HTTP/1.1" 403 0 "-" "Mozilla/5.0 (compatible; YandexBot/3.0; +http://yandex.com/bots)"
4.43.184.114 - - [31/Dec/2024:13:47:53 -0500] "GET / HTTP/1.0" 500 0 "-" "Mozilla/5.0 (Windows NT 5.1) AppleWebKit/534.24 (KHTML, like Gecko) Chrome/11.0.696.68 Safari/534.24"
156.59.198.135 - - [31/Dec/2024:13:49:11 -0500] "GET /documents/5764_Sanket/2020/g_july/contra/?x=c&d=/opt/alt/libicu/usr/share/doc/alt-libicu-devel/samples/cal&f=readme.txt HTTP/1.1" 200 2624 "-" "Mozilla/5.0 (Linux; Android 5.0) AppleWebKit/537.36 (KHTML, like Gecko) Mobile Safari/537.36 (compatible; Bytespider; spider-feedback@bytedance.com)"
60.241.208.78 - - [31/Dec/2024:13:52:48 -0500] "GET /documents/5764_Sanket/2020/g_july/contra/?d=%2Fopt%2Falt%2Fruby20%2Fshare%2Fdoc%2Falt-ruby20&f=COPYING&x=c HTTP/1.1" 200 2414 "-" "Mozilla/5.0 (Linux; Android 8.0; Pixel 2 Build/OPD3.170816.012) AppleWebKit/537.36 (KHTML, like Gecko) Chrome/57.0.4146.1072 Mobile Safari/537.36"
47.128.32.216 - - [31/Dec/2024:13:53:11 -0500] "GET /documents/5764_Sanket/2020/g_july/contra/?d=%2Fopt%2Fimunify360%2Fvenv%2Flib%2Fpython3.11%2Fsite-packages%2Fsentry_sdk%2Fintegrations&f=boto3.py&x=c HTTP/1.1" 200 2606 "-" "Mozilla/5.0 (Linux; Android 5.0) AppleWebKit/537.36 (KHTML, like Gecko) Mobile Safari/537.36 (compatible; Bytespider; spider-feedback@bytedance.com)"
90.85.33.101 - - [31/Dec/2024:13:55:48 -0500] "GET /documents/5764_Sanket/2020/g_july/contra/?d=%2Fopt%2Falt%2Fruby20%2Fshare%2Fdoc%2Falt-ruby20&f=BSDL&x=c HTTP/1.1" 200 2050 "-" "Mozilla/5.0 (Linux; Android 8.0; Pixel 2 Build/OPD3.170816.012) AppleWebKit/537.36 (KHTML, like Gecko) Chrome/49.0.3838.1948 Mobile Safari/537.36"
47.128.51.48 - - [31/Dec/2024:13:57:11 -0500] "GET /documents/5764_Sanket/2020/g_july/contra/?d=%2Fopt%2Falt%2Fpython311%2Flib%2Fpython3.11%2Fsite-packages%2Fpkg_resources%2F_vendor%2Fimportlib_resources&f=simple.py&x=c HTTP/1.1" 200 2327 "-" "Mozilla/5.0 (Linux; Android 5.0) AppleWebKit/537.36 (KHTML, like Gecko) Mobile Safari/537.36 (compatible; Bytespider; spider-feedback@bytedance.com)"
80.7.202.73 - - [31/Dec/2024:13:57:18 -0500] "GET /documents/5764_Sanket/2020/g_july/contra/?d=%2Fusr%2Fshare%2Flocale%2Fnb_NO%2FLC_MESSAGES HTTP/1.1" 200 1858 "-" "Mozilla/5.0 (Linux; Android 8.0; Pixel 2 Build/OPD3.170816.012) AppleWebKit/537.36 (KHTML, like Gecko) Chrome/54.0.3309.1442 Mobile Safari/537.36"
66.249.77.195 - - [31/Dec/2024:13:57:58 -0500] "GET /?_gl=1*1ix4f11*_gcl_au*MTYxMTI1OTI3MS4xNzIxODg2NjU0*_ga*ODYyMzk4MzA3LjE2OTk0NTM1Nzg.*_ga_7H42SVMQ0V*MTcyMTg4NjY1NS4xMjEuMS4xNzIxODg2NjY5LjQ2LjAuMA..&_ga=2.198040047.1958808748.1721886654-862398307.1699453578&_bdsid=2ulvIJ.n~ZXCIW.1721886656070.1721886848&_bd_prev_page=https://www.paperpush.com/detail.php?lhalr/g2393939.html HTTP/1.1" 500 0 "-" "Mozilla/5.0 (Linux; Android 6.0.1; Nexus 5X Build/MMB29P) AppleWebKit/537.36 (KHTML, like Gecko) Chrome/131.0.6778.139 Mobile Safari/537.36 (compatible; Googlebot/2.1; +http://www.google.com/bot.html)"
51.8.102.181 - - [31/Dec/2024:14:00:02 -0500] "GET /robots.txt HTTP/1.1" 304 0 "-" "Mozilla/5.0 AppleWebKit/537.36 (KHTML, like Gecko); compatible; OAI-SearchBot/1.0; +https://openai.com/searchbot"
72.175.40.99 - - [31/Dec/2024:14:00:23 -0500] "GET /documents/5764_Sanket/2020/g_july/contra/?d=%2Fopt%2Fcpanel%2Fea-php74%2Froot%2Fusr%2Fshare%2Fpear%2FPEAR%2FFrontend&f=CLI.php&x=c HTTP/1.1" 200 7387 "-" "Mozilla/5.0 (Linux; Android 5.0; SM-G900P Build/LRX21T) AppleWebKit/537.36 (KHTML, like Gecko) Chrome/43.0.3772.1779 Mobile Safari/537.36"
47.128.47.79 - - [31/Dec/2024:14:01:11 -0500] "GET /documents/5764_Sanket/2020/g_july/contra/?d=%2Fopt%2Fimunify360%2Fvenv%2Flib%2Fpython3.11%2Fsite-packages%2Fsentry_sdk%2F__pycache__&f=serializer.cpython-311.pyc&x=c HTTP/1.1" 200 2273 "-" "Mozilla/5.0 (Linux; Android 5.0) AppleWebKit/537.36 (KHTML, like Gecko) Mobile Safari/537.36 (compatible; Bytespider; spider-feedback@bytedance.com)"
46.65.165.53 - - [31/Dec/2024:14:01:48 -0500] "GET /documents/5764_Sanket/2020/g_july/contra/?d=%2Fopt%2Falt%2Falt-nodejs10%2Froot%2Fusr%2Flib64%2FX11%2F HTTP/1.1" 200 1859 "-" "Mozilla/5.0 (Linux; Android 6.0; Nexus 5 Build/MRA58N) AppleWebKit/537.36 (KHTML, like Gecko) Chrome/52.0.7244.1542 Mobile Safari/537.36"
116.12.62.90 - - [31/Dec/2024:14:03:19 -0500] "GET /documents/5764_Sanket/2020/g_july/contra/?d=%2Fopt%2Fimunify360%2Fvenv%2Flib%2Fpython3.11%2Fsite-packages%2Fsentry_sdk%2F__pycache__&f=tracing.cpython-311.pyc&x=c HTTP/1.1" 200 2318 "-" "Mozilla/5.0 (iPhone; CPU iPhone OS 11_0 like Mac OS X) AppleWebKit/537.36 (KHTML, like Gecko) Chrome/42.0.3661.1923 Mobile Safari/537.36"
66.249.77.195 - - [31/Dec/2024:14:04:04 -0500] "GET /?_gl=1*1ix4f11*_gcl_au*MTYxMTI1OTI3MS4xNzIxODg2NjU0*_ga*ODYyMzk4MzA3LjE2OTk0NTM1Nzg.*_ga_7H42SVMQ0V*MTcyMTg4NjY1NS4xMjEuMS4xNzIxODg2NjY5LjQ2LjAuMA..&_ga=2.198040047.1958808748.1721886654-862398307.1699453578&_bdsid=2ulvIJ.n~ZXCIW.1721886656070.1721886848&_bd_prev_page=https://www.paperpush.com/detail.php?olpht/j2159084.html HTTP/1.1" 500 0 "-" "Mozilla/5.0 (Linux; Android 6.0.1; Nexus 5X Build/MMB29P) AppleWebKit/537.36 (KHTML, like Gecko) Chrome/131.0.6778.139 Mobile Safari/537.36 (compatible; Googlebot/2.1; +http://www.google.com/bot.html)"
24.57.128.14 - - [31/Dec/2024:14:04:49 -0500] "GET /documents/5764_Sanket/2020/g_july/contra/?d=%2Fopt%2Falt%2Fpython311%2Flib%2Fpython3.11%2Fsite-packages%2Fpkg_resources%2F_vendor%2Fimportlib_resources&f=abc.py&x=c HTTP/1.1" 200 2584 "-" "Mozilla/5.0 (Linux; Android 8.0; Pixel 2 Build/OPD3.170816.012) AppleWebKit/537.36 (KHTML, like Gecko) Chrome/48.0.6311.1886 Mobile Safari/537.36"
47.128.41.192 - - [31/Dec/2024:14:05:11 -0500] "GET /documents/5764_Sanket/2020/g_july/contra/?d=%2Fopt%2Falt%2Fruby20%2Fshare%2Fdoc%2Falt-ruby20&f=README.ja&x=c HTTP/1.1" 200 4663 "-" "Mozilla/5.0 (Linux; Android 5.0) AppleWebKit/537.36 (KHTML, like Gecko) Mobile Safari/537.36 (compatible; Bytespider; spider-feedback@bytedance.com)"
71.105.213.92 - - [31/Dec/2024:14:06:18 -0500] "GET /documents/5764_Sanket/2020/g_july/contra/?d=%2Fopt%2Fcpanel%2Fea-php74%2Froot%2Fusr%2Fshare%2Fpear%2FPEAR%2FCommand&f=Build.php&x=c HTTP/1.1" 200 2347 "-" "Mozilla/5.0 (iPhone; CPU iPhone OS 11_0 like Mac OS X) AppleWebKit/537.36 (KHTML, like Gecko) Chrome/46.0.5943.1555 Mobile Safari/537.36"
66.249.77.196 - - [31/Dec/2024:14:07:04 -0500] "GET /?_gl=1*1ix4f11*_gcl_au*MTYxMTI1OTI3MS4xNzIxODg2NjU0*_ga*ODYyMzk4MzA3LjE2OTk0NTM1Nzg.*_ga_7H42SVMQ0V*MTcyMTg4NjY1NS4xMjEuMS4xNzIxODg2NjY5LjQ2LjAuMA..&_ga=2.198040047.1958808748.1721886654-862398307.1699453578&_bdsid=2ulvIJ.n~ZXCIW.1721886656070.1721886848&_bd_prev_page=https://www.paperpush.com/detail.php?sjftz/b1116970.html HTTP/1.1" 500 0 "-" "Mozilla/5.0 (Linux; Android 6.0.1; Nexus 5X Build/MMB29P) AppleWebKit/537.36 (KHTML, like Gecko) Chrome/131.0.6778.139 Mobile Safari/537.36 (compatible; Googlebot/2.1; +http://www.google.com/bot.html)"
104.193.62.22 - - [31/Dec/2024:14:07:49 -0500] "GET /documents/5764_Sanket/2020/g_july/contra/?d=%2Flib%2Fmodules%2F4.18.0-513.24.1.lve.2.el8.x86_64%2Fkernel%2Fdrivers%2Fusb%2Ftypec%2Ftcpm%2F HTTP/1.1" 200 2081 "-" "Mozilla/5.0 (iPhone; CPU iPhone OS 11_0 like Mac OS X) AppleWebKit/537.36 (KHTML, like Gecko) Chrome/44.0.2864.1644 Mobile Safari/537.36"
92.40.111.100 - - [31/Dec/2024:14:09:19 -0500] "GET /documents/5764_Sanket/2020/g_july/contra/?d=%2Fopt%2Fimunify360%2Fvenv%2Flib%2Fpython3.11%2Fsite-packages%2Fsentry_sdk%2Fintegrations&f=stdlib.py&x=c HTTP/1.1" 200 3596 "-" "Mozilla/5.0 (Linux; Android 6.0; Nexus 5 Build/MRA58N) AppleWebKit/537.36 (KHTML, like Gecko) Chrome/43.0.4352.1387 Mobile Safari/537.36"
207.46.13.157 - - [31/Dec/2024:14:09:47 -0500] "GET /190420169.shtml HTTP/1.1" 500 0 "-" "Mozilla/5.0 AppleWebKit/537.36 (KHTML, like Gecko; compatible; bingbot/2.0; +http://www.bing.com/bingbot.htm) Chrome/116.0.1938.76 Safari/537.36"
216.244.66.236 - - [31/Dec/2024:14:10:57 -0500] "GET /robots.txt HTTP/1.1" 200 67 "-" "Mozilla/5.0 (compatible; DotBot/1.2; +https://opensiteexplorer.org/dotbot; help@moz.com)"
47.128.60.47 - - [31/Dec/2024:14:13:11 -0500] "GET /documents/5764_Sanket/2020/g_july/contra/?d=%2Fopt%2Fimunify360%2Fvenv%2Flib%2Fpython3.11%2Fsite-packages%2Fsentry_sdk%2Fintegrations%2Fspark HTTP/1.1" 200 2403 "-" "Mozilla/5.0 (Linux; Android 5.0) AppleWebKit/537.36 (KHTML, like Gecko) Mobile Safari/537.36 (compatible; Bytespider; spider-feedback@bytedance.com)"
163.47.69.42 - - [31/Dec/2024:14:13:49 -0500] "GET /documents/5764_Sanket/2020/g_july/contra/?d=%2Fopt%2Falt%2Fpython311%2Flib%2Fpython3.11%2Fsite-packages%2Fpkg_resources%2F_vendor%2Fimportlib_resources&f=_legacy.py&x=c HTTP/1.1" 200 2687 "-" "Mozilla/5.0 (Linux; Android 5.0; SM-G900P Build/LRX21T) AppleWebKit/537.36 (KHTML, like Gecko) Chrome/51.0.1848.1353 Mobile Safari/537.36"
52.167.144.150 - - [31/Dec/2024:14:14:13 -0500] "GET /66963401.shtml HTTP/1.1" 500 0 "-" "Mozilla/5.0 AppleWebKit/537.36 (KHTML, like Gecko; compatible; bingbot/2.0; +http://www.bing.com/bingbot.htm) Chrome/116.0.1938.76 Safari/537.36"
213.180.203.218 - - [31/Dec/2024:14:14:36 -0500] "GET /documents/8897_Nehal/2020/d_april/bank/ HTTP/1.1" 200 780 "-" "Mozilla/5.0 (compatible; YandexBot/3.0; +http://yandex.com/bots)"
1.120.154.165 - - [31/Dec/2024:14:15:19 -0500] "GET /documents/5764_Sanket/2020/g_july/contra/?d=%2Fopt%2Fcpanel%2Fea-php74%2Froot%2Fusr%2Fshare%2Fpear%2FPEAR%2FCommand&f=Package.php&x=c HTTP/1.1" 200 9681 "-" "Mozilla/5.0 (Linux; Android 5.0; SM-G900P Build/LRX21T) AppleWebKit/537.36 (KHTML, like Gecko) Chrome/44.0.3666.1507 Mobile Safari/537.36"
185.250.36.30 - - [31/Dec/2024:14:16:00 -0500] "GET /robots.txt HTTP/1.1" 200 67 "-" "Mozilla/5.0 (compatible; MJ12bot/v1.4.8; http://mj12bot.com/)"
185.250.36.30 - - [31/Dec/2024:14:16:02 -0500] "GET /documents/6204_Rajpara/2020/e_may/cheque_reg/recycle/?ND HTTP/1.1" 200 579 "-" "Mozilla/5.0 (compatible; MJ12bot/v1.4.8; http://mj12bot.com/)"
185.250.36.30 - - [31/Dec/2024:14:16:04 -0500] "GET /documents/6204_Rajpara/2020/e_may/cheque_reg/recycle/?SA HTTP/1.1" 200 586 "-" "Mozilla/5.0 (compatible; MJ12bot/v1.4.8; http://mj12bot.com/)"
185.250.36.30 - - [31/Dec/2024:14:16:06 -0500] "GET /documents/6204_Rajpara/2020/e_may/credit/recycle/?MA HTTP/1.1" 200 582 "-" "Mozilla/5.0 (compatible; MJ12bot/v1.4.8; http://mj12bot.com/)"
185.250.36.30 - - [31/Dec/2024:14:16:08 -0500] "GET /documents/6204_Rajpara/2020/e_may/credit/recycle/?NA HTTP/1.1" 200 578 "-" "Mozilla/5.0 (compatible; MJ12bot/v1.4.8; http://mj12bot.com/)"
185.250.36.30 - - [31/Dec/2024:14:16:10 -0500] "GET /documents/6204_Rajpara/2020/e_may/credit/recycle/?ND HTTP/1.1" 200 578 "-" "Mozilla/5.0 (compatible; MJ12bot/v1.4.8; http://mj12bot.com/)"
185.250.36.30 - - [31/Dec/2024:14:16:11 -0500] "GET /documents/6204_Rajpara/2020/e_may/credit/recycle/?SD HTTP/1.1" 200 581 "-" "Mozilla/5.0 (compatible; MJ12bot/v1.4.8; http://mj12bot.com/)"
185.250.36.30 - - [31/Dec/2024:14:16:13 -0500] "GET /documents/6204_Rajpara/2020/e_may/sales/?NA HTTP/1.1" 200 642 "-" "Mozilla/5.0 (compatible; MJ12bot/v1.4.8; http://mj12bot.com/)"
94.154.239.69 - - [31/Dec/2024:14:16:13 -0500] "GET /robots.txt HTTP/1.1" 200 67 "-" "Mozilla/5.0 (compatible; MJ12bot/v1.4.8; http://mj12bot.com/)"
94.154.239.69 - - [31/Dec/2024:14:16:15 -0500] "GET /plugins/image-picker-master/image-picker/ HTTP/1.1" 200 681 "-" "Mozilla/5.0 (compatible; MJ12bot/v1.4.8; http://mj12bot.com/)"
185.250.36.30 - - [31/Dec/2024:14:16:15 -0500] "GET /documents/6204_Rajpara/2020/e_may/sales/?ND HTTP/1.1" 200 641 "-" "Mozilla/5.0 (compatible; MJ12bot/v1.4.8; http://mj12bot.com/)"
94.154.239.69 - - [31/Dec/2024:14:16:17 -0500] "GET /plugins/image-picker-master/image-picker/?MD HTTP/1.1" 200 688 "-" "Mozilla/5.0 (compatible; MJ12bot/v1.4.8; http://mj12bot.com/)"
185.250.36.30 - - [31/Dec/2024:14:16:17 -0500] "GET /documents/6204_Rajpara/2020/e_may/sales/?SA HTTP/1.1" 200 647 "-" "Mozilla/5.0 (compatible; MJ12bot/v1.4.8; http://mj12bot.com/)"
94.154.239.69 - - [31/Dec/2024:14:16:18 -0500] "GET /plugins/image-picker-master/image-picker/?NA HTTP/1.1" 200 681 "-" "Mozilla/5.0 (compatible; MJ12bot/v1.4.8; http://mj12bot.com/)"
185.250.36.30 - - [31/Dec/2024:14:16:19 -0500] "GET /documents/6204_Rajpara/2020/e_may/sales/?SD HTTP/1.1" 200 647 "-" "Mozilla/5.0 (compatible; MJ12bot/v1.4.8; http://mj12bot.com/)"
94.154.239.69 - - [31/Dec/2024:14:16:20 -0500] "GET /plugins/image-picker-master/image-picker/?SD HTTP/1.1" 200 692 "-" "Mozilla/5.0 (compatible; MJ12bot/v1.4.8; http://mj12bot.com/)"
185.250.36.30 - - [31/Dec/2024:14:16:20 -0500] "GET /documents/6204_Rajpara/2020/f_june/purchase/?SA HTTP/1.1" 200 644 "-" "Mozilla/5.0 (compatible; MJ12bot/v1.4.8; http://mj12bot.com/)"
94.154.239.69 - - [31/Dec/2024:14:16:22 -0500] "GET /plugins/image-picker-master/source/?MA HTTP/1.1" 200 650 "-" "Mozilla/5.0 (compatible; MJ12bot/v1.4.8; http://mj12bot.com/)"
185.250.36.30 - - [31/Dec/2024:14:16:23 -0500] "GET /documents/6204_Rajpara/2020/f_june/receipt/?SA HTTP/1.1" 200 646 "-" "Mozilla/5.0 (compatible; MJ12bot/v1.4.8; http://mj12bot.com/)"
94.154.239.69 - - [31/Dec/2024:14:16:24 -0500] "GET /plugins/image-picker-master/source/?MD HTTP/1.1" 200 651 "-" "Mozilla/5.0 (compatible; MJ12bot/v1.4.8; http://mj12bot.com/)"
185.250.36.30 - - [31/Dec/2024:14:16:24 -0500] "GET /documents/6204_Rajpara/2020/f_june/reports/?ND HTTP/1.1" 200 638 "-" "Mozilla/5.0 (compatible; MJ12bot/v1.4.8; http://mj12bot.com/)"
94.154.239.69 - - [31/Dec/2024:14:16:25 -0500] "GET /plugins/image-picker-master/source/?NA HTTP/1.1" 200 642 "-" "Mozilla/5.0 (compatible; MJ12bot/v1.4.8; http://mj12bot.com/)"
185.250.36.30 - - [31/Dec/2024:14:16:26 -0500] "GET /documents/6204_Rajpara/2020/f_june/reports/?SD HTTP/1.1" 200 644 "-" "Mozilla/5.0 (compatible; MJ12bot/v1.4.8; http://mj12bot.com/)"
94.154.239.69 - - [31/Dec/2024:14:16:27 -0500] "GET /plugins/image-picker-master/source/?ND HTTP/1.1" 200 644 "-" "Mozilla/5.0 (compatible; MJ12bot/v1.4.8; http://mj12bot.com/)"
185.250.36.30 - - [31/Dec/2024:14:16:28 -0500] "GET /documents/6204_Rajpara/2020/g_july/?ND HTTP/1.1" 200 1123 "-" "Mozilla/5.0 (compatible; MJ12bot/v1.4.8; http://mj12bot.com/)"
94.154.239.69 - - [31/Dec/2024:14:16:29 -0500] "GET /plugins/image-picker-master/source/?SA HTTP/1.1" 200 649 "-" "Mozilla/5.0 (compatible; MJ12bot/v1.4.8; http://mj12bot.com/)"
185.250.36.30 - - [31/Dec/2024:14:16:30 -0500] "GET /documents/6204_Rajpara/2020/g_july/contra/?SD HTTP/1.1" 200 648 "-" "Mozilla/5.0 (compatible; MJ12bot/v1.4.8; http://mj12bot.com/)"
94.154.239.69 - - [31/Dec/2024:14:16:31 -0500] "GET /plugins/image-picker-master/source/?SD HTTP/1.1" 200 650 "-" "Mozilla/5.0 (compatible; MJ12bot/v1.4.8; http://mj12bot.com/)"
185.250.36.30 - - [31/Dec/2024:14:16:32 -0500] "GET /documents/6204_Rajpara/2020/g_july/credit/?MA HTTP/1.1" 200 650 "-" "Mozilla/5.0 (compatible; MJ12bot/v1.4.8; http://mj12bot.com/)"
94.154.239.69 - - [31/Dec/2024:14:16:32 -0500] "GET /plugins/image-picker-master/source/coffee/ HTTP/1.1" 200 638 "-" "Mozilla/5.0 (compatible; MJ12bot/v1.4.8; http://mj12bot.com/)"
185.250.36.30 - - [31/Dec/2024:14:16:34 -0500] "GET /documents/6204_Rajpara/2020/g_july/credit/?MD HTTP/1.1" 200 650 "-" "Mozilla/5.0 (compatible; MJ12bot/v1.4.8; http://mj12bot.com/)"
94.154.239.69 - - [31/Dec/2024:14:16:34 -0500] "GET /plugins/image-picker-master/source/sass/ HTTP/1.1" 200 636 "-" "Mozilla/5.0 (compatible; MJ12bot/v1.4.8; http://mj12bot.com/)"
185.250.36.30 - - [31/Dec/2024:14:16:35 -0500] "GET /documents/6204_Rajpara/2020/g_july/credit/?NA HTTP/1.1" 200 644 "-" "Mozilla/5.0 (compatible; MJ12bot/v1.4.8; http://mj12bot.com/)"
94.154.239.69 - - [31/Dec/2024:14:16:36 -0500] "GET /plugins/imageZoom/?MA HTTP/1.1" 200 1085 "-" "Mozilla/5.0 (compatible; MJ12bot/v1.4.8; http://mj12bot.com/)"
185.250.36.30 - - [31/Dec/2024:14:16:37 -0500] "GET /documents/6204_Rajpara/2020/g_july/credit/?ND HTTP/1.1" 200 643 "-" "Mozilla/5.0 (compatible; MJ12bot/v1.4.8; http://mj12bot.com/)"
94.154.239.69 - - [31/Dec/2024:14:16:38 -0500] "GET /plugins/imageZoom/?MD HTTP/1.1" 200 1084 "-" "Mozilla/5.0 (compatible; MJ12bot/v1.4.8; http://mj12bot.com/)"
185.250.36.30 - - [31/Dec/2024:14:16:39 -0500] "GET /documents/6204_Rajpara/2020/g_july/credit/?SD HTTP/1.1" 200 649 "-" "Mozilla/5.0 (compatible; MJ12bot/v1.4.8; http://mj12bot.com/)"
94.154.239.69 - - [31/Dec/2024:14:16:40 -0500] "GET /plugins/imageZoom/?NA HTTP/1.1" 200 1081 "-" "Mozilla/5.0 (compatible; MJ12bot/v1.4.8; http://mj12bot.com/)"
94.154.239.69 - - [31/Dec/2024:14:16:42 -0500] "GET /plugins/imageZoom/?ND HTTP/1.1" 200 1083 "-" "Mozilla/5.0 (compatible; MJ12bot/v1.4.8; http://mj12bot.com/)"
185.250.36.30 - - [31/Dec/2024:14:16:42 -0500] "GET /documents/6204_Rajpara/2020/g_july/credit/recycle/?MD HTTP/1.1" 200 583 "-" "Mozilla/5.0 (compatible; MJ12bot/v1.4.8; http://mj12bot.com/)"
94.154.239.69 - - [31/Dec/2024:14:16:43 -0500] "GET /plugins/input-mask/ HTTP/1.1" 200 1055 "-" "Mozilla/5.0 (compatible; MJ12bot/v1.4.8; http://mj12bot.com/)"
185.250.36.30 - - [31/Dec/2024:14:16:45 -0500] "GET /documents/6204_Rajpara/2020/g_july/debit/?SD HTTP/1.1" 200 649 "-" "Mozilla/5.0 (compatible; MJ12bot/v1.4.8; http://mj12bot.com/)"
94.154.239.69 - - [31/Dec/2024:14:16:45 -0500] "GET /plugins/jQuery/ HTTP/1.1" 200 662 "-" "Mozilla/5.0 (compatible; MJ12bot/v1.4.8; http://mj12bot.com/)"
94.154.239.69 - - [31/Dec/2024:14:16:47 -0500] "GET /plugins/jQueryUI/ HTTP/1.1" 200 674 "-" "Mozilla/5.0 (compatible; MJ12bot/v1.4.8; http://mj12bot.com/)"
185.250.36.30 - - [31/Dec/2024:14:16:48 -0500] "GET /documents/6204_Rajpara/2020/g_july/journal/?MD HTTP/1.1" 200 645 "-" "Mozilla/5.0 (compatible; MJ12bot/v1.4.8; http://mj12bot.com/)"
85.239.238.198 - - [31/Dec/2024:14:16:49 -0500] "GET /robots.txt HTTP/1.1" 200 67 "-" "Mozilla/5.0 (compatible; MJ12bot/v1.4.8; http://mj12bot.com/)"
94.154.239.69 - - [31/Dec/2024:14:16:49 -0500] "GET /plugins/search_list/ HTTP/1.1" 200 625 "-" "Mozilla/5.0 (compatible; MJ12bot/v1.4.8; http://mj12bot.com/)"
185.250.36.30 - - [31/Dec/2024:14:16:50 -0500] "GET /documents/6204_Rajpara/2020/g_july/journal/recycle/?MD HTTP/1.1" 200 584 "-" "Mozilla/5.0 (compatible; MJ12bot/v1.4.8; http://mj12bot.com/)"
85.239.238.198 - - [31/Dec/2024:14:16:51 -0500] "GET /bootstrap/js/?SD HTTP/1.1" 200 1987 "-" "Mozilla/5.0 (compatible; MJ12bot/v1.4.8; http://mj12bot.com/)"
94.154.239.69 - - [31/Dec/2024:14:16:51 -0500] "GET /plugins/timepicker/ HTTP/1.1" 200 697 "-" "Mozilla/5.0 (compatible; MJ12bot/v1.4.8; http://mj12bot.com/)"
185.250.36.30 - - [31/Dec/2024:14:16:53 -0500] "GET /documents/6204_Rajpara/2020/g_july/journal/recycle/?NA HTTP/1.1" 200 578 "-" "Mozilla/5.0 (compatible; MJ12bot/v1.4.8; http://mj12bot.com/)"
94.154.239.69 - - [31/Dec/2024:14:16:54 -0500] "GET /plugins_old/image-picker-master/source/?SD HTTP/1.1" 200 565 "-" "Mozilla/5.0 (compatible; MJ12bot/v1.4.8; http://mj12bot.com/)"
85.239.238.198 - - [31/Dec/2024:14:16:54 -0500] "GET /bootstrap/vendor/?MA HTTP/1.1" 200 1325 "-" "Mozilla/5.0 (compatible; MJ12bot/v1.4.8; http://mj12bot.com/)"
185.250.36.30 - - [31/Dec/2024:14:16:55 -0500] "GET /documents/6204_Rajpara/2020/g_july/journal/recycle/?ND HTTP/1.1" 200 578 "-" "Mozilla/5.0 (compatible; MJ12bot/v1.4.8; http://mj12bot.com/)"
85.239.238.198 - - [31/Dec/2024:14:16:57 -0500] "GET /bootstrap/vendor/?NA HTTP/1.1" 200 1325 "-" "Mozilla/5.0 (compatible; MJ12bot/v1.4.8; http://mj12bot.com/)"
185.250.36.30 - - [31/Dec/2024:14:16:57 -0500] "GET /documents/6204_Rajpara/2020/g_july/journal/recycle/?SA HTTP/1.1" 200 584 "-" "Mozilla/5.0 (compatible; MJ12bot/v1.4.8; http://mj12bot.com/)"
94.154.239.69 - - [31/Dec/2024:14:16:58 -0500] "GET /plugins_old/ionslider/?MA HTTP/1.1" 200 626 "-" "Mozilla/5.0 (compatible; MJ12bot/v1.4.8; http://mj12bot.com/)"
37.57.218.243 - - [31/Dec/2024:14:16:58 -0500] "GET /robots.txt HTTP/1.0" 200 67 "-" "Mozilla/5.0 (compatible; MJ12bot/v1.4.8; http://mj12bot.com/)"
185.250.36.30 - - [31/Dec/2024:14:16:59 -0500] "GET /documents/6204_Rajpara/2020/g_july/journal/recycle/?SD HTTP/1.1" 200 584 "-" "Mozilla/5.0 (compatible; MJ12bot/v1.4.8; http://mj12bot.com/)"
85.239.238.198 - - [31/Dec/2024:14:16:59 -0500] "GET /bootstrap/vendor/?ND HTTP/1.1" 200 1327 "-" "Mozilla/5.0 (compatible; MJ12bot/v1.4.8; http://mj12bot.com/)"
37.57.218.243 - - [31/Dec/2024:14:17:00 -0500] "GET /documents/8422_vishal/2020/h_august/payment/?SA HTTP/1.0" 200 1706 "-" "Mozilla/5.0 (compatible; MJ12bot/v1.4.8; http://mj12bot.com/)"
94.154.239.69 - - [31/Dec/2024:14:17:01 -0500] "GET /plugins_old/ionslider/?MD HTTP/1.1" 200 623 "-" "Mozilla/5.0 (compatible; MJ12bot/v1.4.8; http://mj12bot.com/)"
85.239.238.198 - - [31/Dec/2024:14:17:01 -0500] "GET /bootstrap/vendor/?SA HTTP/1.1" 200 1323 "-" "Mozilla/5.0 (compatible; MJ12bot/v1.4.8; http://mj12bot.com/)"
185.250.36.30 - - [31/Dec/2024:14:17:02 -0500] "GET /documents/6204_Rajpara/2020/g_july/others/recycle/?MA HTTP/1.1" 200 584 "-" "Mozilla/5.0 (compatible; MJ12bot/v1.4.8; http://mj12bot.com/)"
37.57.218.243 - - [31/Dec/2024:14:17:02 -0500] "GET /documents/8422_vishal/2020/h_august/payment/recycle/?MA HTTP/1.1" 200 583 "-" "Mozilla/5.0 (compatible; MJ12bot/v1.4.8; http://mj12bot.com/)"
94.154.239.69 - - [31/Dec/2024:14:17:04 -0500] "GET /plugins_old/ionslider/?NA HTTP/1.1" 200 624 "-" "Mozilla/5.0 (compatible; MJ12bot/v1.4.8; http://mj12bot.com/)"
37.57.218.243 - - [31/Dec/2024:14:17:04 -0500] "GET /documents/8422_vishal/2020/j_october/reports/recycle/ HTTP/1.1" 200 579 "-" "Mozilla/5.0 (compatible; MJ12bot/v1.4.8; http://mj12bot.com/)"
185.250.36.30 - - [31/Dec/2024:14:17:04 -0500] "GET /documents/6204_Rajpara/2020/g_july/others/recycle/?MD HTTP/1.1" 200 584 "-" "Mozilla/5.0 (compatible; MJ12bot/v1.4.8; http://mj12bot.com/)"
85.239.238.198 - - [31/Dec/2024:14:17:04 -0500] "GET /bootstrap/vendor/?SD HTTP/1.1" 200 1333 "-" "Mozilla/5.0 (compatible; MJ12bot/v1.4.8; http://mj12bot.com/)"
37.57.218.243 - - [31/Dec/2024:14:17:05 -0500] "GET /documents/8422_vishal/2020/j_october/sales/recycle/ HTTP/1.1" 200 578 "-" "Mozilla/5.0 (compatible; MJ12bot/v1.4.8; http://mj12bot.com/)"
85.239.238.198 - - [31/Dec/2024:14:17:06 -0500] "GET /bootstrap/vendor/flexslider/?MA HTTP/1.1" 200 733 "-" "Mozilla/5.0 (compatible; MJ12bot/v1.4.8; http://mj12bot.com/)"
185.250.36.30 - - [31/Dec/2024:14:17:06 -0500] "GET /documents/6204_Rajpara/2020/g_july/others/recycle/?NA HTTP/1.1" 200 580 "-" "Mozilla/5.0 (compatible; MJ12bot/v1.4.8; http://mj12bot.com/)"
37.57.218.243 - - [31/Dec/2024:14:17:07 -0500] "GET /documents/8422_vishal/2020/k_november/bank/recycle/ HTTP/1.1" 200 578 "-" "Mozilla/5.0 (compatible; MJ12bot/v1.4.8; http://mj12bot.com/)"
94.154.239.69 - - [31/Dec/2024:14:17:07 -0500] "GET /plugins_old/ionslider/?ND HTTP/1.1" 200 618 "-" "Mozilla/5.0 (compatible; MJ12bot/v1.4.8; http://mj12bot.com/)"
85.239.238.198 - - [31/Dec/2024:14:17:08 -0500] "GET /bootstrap/vendor/flexslider/?NA HTTP/1.1" 200 728 "-" "Mozilla/5.0 (compatible; MJ12bot/v1.4.8; http://mj12bot.com/)"
66.249.77.196 - - [31/Dec/2024:14:17:08 -0500] "GET /?_gl=1*1ix4f11*_gcl_au*MTYxMTI1OTI3MS4xNzIxODg2NjU0*_ga*ODYyMzk4MzA3LjE2OTk0NTM1Nzg.*_ga_7H42SVMQ0V*MTcyMTg4NjY1NS4xMjEuMS4xNzIxODg2NjY5LjQ2LjAuMA..&_ga=2.198040047.1958808748.1721886654-862398307.1699453578&_bdsid=2ulvIJ.n~ZXCIW.1721886656070.1721886848&_bd_prev_page=https://www.paperpush.com/detail.php?eztvf/b2834686.html HTTP/1.1" 500 0 "-" "Mozilla/5.0 (Linux; Android 6.0.1; Nexus 5X Build/MMB29P) AppleWebKit/537.36 (KHTML, like Gecko) Chrome/131.0.6778.139 Mobile Safari/537.36 (compatible; Googlebot/2.1; +http://www.google.com/bot.html)"
37.57.218.243 - - [31/Dec/2024:14:17:09 -0500] "GET /documents/8422_vishal/2020/k_november/cheque_reg/recycle/ HTTP/1.1" 200 584 "-" "Mozilla/5.0 (compatible; MJ12bot/v1.4.8; http://mj12bot.com/)"
185.250.36.30 - - [31/Dec/2024:14:17:09 -0500] "GET /documents/6204_Rajpara/2020/g_july/others/recycle/?ND HTTP/1.1" 200 580 "-" "Mozilla/5.0 (compatible; MJ12bot/v1.4.8; http://mj12bot.com/)"
94.154.239.69 - - [31/Dec/2024:14:17:10 -0500] "GET /plugins_old/ionslider/?SA HTTP/1.1" 200 625 "-" "Mozilla/5.0 (compatible; MJ12bot/v1.4.8; http://mj12bot.com/)"
85.239.238.198 - - [31/Dec/2024:14:17:10 -0500] "GET /bootstrap/vendor/flexslider/fonts/?MD HTTP/1.1" 200 641 "-" "Mozilla/5.0 (compatible; MJ12bot/v1.4.8; http://mj12bot.com/)"
37.57.218.243 - - [31/Dec/2024:14:17:10 -0500] "GET /documents/8422_vishal/2020/k_november/contra/recycle/ HTTP/1.1" 200 579 "-" "Mozilla/5.0 (compatible; MJ12bot/v1.4.8; http://mj12bot.com/)"
47.128.99.133 - - [31/Dec/2024:14:17:11 -0500] "GET /documents/5764_Sanket/2020/g_july/contra/?d=%2Fopt%2Fcpanel%2Fea-php81%2Froot%2Fusr%2Fshare%2Fpear%2FPEAR&f=ErrorStack.php&x=c HTTP/1.1" 200 9605 "-" "Mozilla/5.0 (Linux; Android 5.0) AppleWebKit/537.36 (KHTML, like Gecko) Mobile Safari/537.36 (compatible; Bytespider; spider-feedback@bytedance.com)"
185.250.36.30 - - [31/Dec/2024:14:17:11 -0500] "GET /documents/6204_Rajpara/2020/g_july/others/recycle/?SA HTTP/1.1" 200 584 "-" "Mozilla/5.0 (compatible; MJ12bot/v1.4.8; http://mj12bot.com/)"
85.239.238.198 - - [31/Dec/2024:14:17:12 -0500] "GET /bootstrap/vendor/flexslider/fonts/?NA HTTP/1.1" 200 639 "-" "Mozilla/5.0 (compatible; MJ12bot/v1.4.8; http://mj12bot.com/)"
37.57.218.243 - - [31/Dec/2024:14:17:12 -0500] "GET /documents/8422_vishal/2020/k_november/credit/recycle/ HTTP/1.1" 200 578 "-" "Mozilla/5.0 (compatible; MJ12bot/v1.4.8; http://mj12bot.com/)"
94.154.239.69 - - [31/Dec/2024:14:17:12 -0500] "GET /plugins_old/ionslider/?SD HTTP/1.1" 200 623 "-" "Mozilla/5.0 (compatible; MJ12bot/v1.4.8; http://mj12bot.com/)"
85.239.238.198 - - [31/Dec/2024:14:17:14 -0500] "GET /bootstrap/vendor/flexslider/fonts/?SD HTTP/1.1" 200 642 "-" "Mozilla/5.0 (compatible; MJ12bot/v1.4.8; http://mj12bot.com/)"
37.57.218.243 - - [31/Dec/2024:14:17:14 -0500] "GET /documents/8422_vishal/2020/k_november/debit/ HTTP/1.1" 200 645 "-" "Mozilla/5.0 (compatible; MJ12bot/v1.4.8; http://mj12bot.com/)"
185.250.36.30 - - [31/Dec/2024:14:17:14 -0500] "GET /documents/6204_Rajpara/2020/g_july/others/recycle/?SD HTTP/1.1" 200 584 "-" "Mozilla/5.0 (compatible; MJ12bot/v1.4.8; http://mj12bot.com/)"
37.57.218.243 - - [31/Dec/2024:14:17:15 -0500] "GET /documents/8422_vishal/2020/k_november/debit/recycle/ HTTP/1.1" 200 579 "-" "Mozilla/5.0 (compatible; MJ12bot/v1.4.8; http://mj12bot.com/)"
85.239.238.198 - - [31/Dec/2024:14:17:15 -0500] "GET /bootstrap/vendor/magnific-popup/?MD HTTP/1.1" 200 682 "-" "Mozilla/5.0 (compatible; MJ12bot/v1.4.8; http://mj12bot.com/)"
94.154.239.69 - - [31/Dec/2024:14:17:15 -0500] "GET /plugins_old/ionslider/img/ HTTP/1.1" 200 555 "-" "Mozilla/5.0 (compatible; MJ12bot/v1.4.8; http://mj12bot.com/)"
85.239.238.198 - - [31/Dec/2024:14:17:17 -0500] "GET /bootstrap/vendor/magnific-popup/?NA HTTP/1.1" 200 675 "-" "Mozilla/5.0 (compatible; MJ12bot/v1.4.8; http://mj12bot.com/)"
37.57.218.243 - - [31/Dec/2024:14:17:17 -0500] "GET /documents/8422_vishal/2020/k_november/journal/ HTTP/1.1" 200 640 "-" "Mozilla/5.0 (compatible; MJ12bot/v1.4.8; http://mj12bot.com/)"
185.250.36.30 - - [31/Dec/2024:14:17:17 -0500] "GET /documents/6204_Rajpara/2020/g_july/payment/recycle/?MD HTTP/1.1" 200 584 "-" "Mozilla/5.0 (compatible; MJ12bot/v1.4.8; http://mj12bot.com/)"
37.57.218.243 - - [31/Dec/2024:14:17:19 -0500] "GET /documents/8422_vishal/2020/k_november/journal/recycle/ HTTP/1.1" 200 579 "-" "Mozilla/5.0 (compatible; MJ12bot/v1.4.8; http://mj12bot.com/)"
85.239.238.198 - - [31/Dec/2024:14:17:19 -0500] "GET /bootstrap/vendor/magnific-popup/?ND HTTP/1.1" 200 671 "-" "Mozilla/5.0 (compatible; MJ12bot/v1.4.8; http://mj12bot.com/)"
94.154.239.69 - - [31/Dec/2024:14:17:20 -0500] "GET /plugins_old/ionslider/img/?MA HTTP/1.1" 200 557 "-" "Mozilla/5.0 (compatible; MJ12bot/v1.4.8; http://mj12bot.com/)"
185.250.36.30 - - [31/Dec/2024:14:17:20 -0500] "GET /documents/6204_Rajpara/2020/g_july/payment/recycle/?ND HTTP/1.1" 200 578 "-" "Mozilla/5.0 (compatible; MJ12bot/v1.4.8; http://mj12bot.com/)"
37.57.218.243 - - [31/Dec/2024:14:17:20 -0500] "GET /documents/8422_vishal/2020/k_november/others/ HTTP/1.1" 200 644 "-" "Mozilla/5.0 (compatible; MJ12bot/v1.4.8; http://mj12bot.com/)"
85.239.238.198 - - [31/Dec/2024:14:17:21 -0500] "GET /bootstrap/vendor/magnific-popup/?SA HTTP/1.1" 200 679 "-" "Mozilla/5.0 (compatible; MJ12bot/v1.4.8; http://mj12bot.com/)"
185.250.36.30 - - [31/Dec/2024:14:17:22 -0500] "GET /documents/6204_Rajpara/2020/g_july/payment/recycle/?SA HTTP/1.1" 200 584 "-" "Mozilla/5.0 (compatible; MJ12bot/v1.4.8; http://mj12bot.com/)"
37.57.218.243 - - [31/Dec/2024:14:17:22 -0500] "GET /documents/8422_vishal/2020/k_november/others/recycle/ HTTP/1.1" 200 579 "-" "Mozilla/5.0 (compatible; MJ12bot/v1.4.8; http://mj12bot.com/)"
94.154.239.69 - - [31/Dec/2024:14:17:22 -0500] "GET /plugins_old/ionslider/img/?MD HTTP/1.1" 200 556 "-" "Mozilla/5.0 (compatible; MJ12bot/v1.4.8; http://mj12bot.com/)"
85.239.238.198 - - [31/Dec/2024:14:17:22 -0500] "GET /bootstrap/vendor/magnific-popup/?SD HTTP/1.1" 200 680 "-" "Mozilla/5.0 (compatible; MJ12bot/v1.4.8; http://mj12bot.com/)"
37.57.218.243 - - [31/Dec/2024:14:17:24 -0500] "GET /documents/8422_vishal/2020/k_november/payment/ HTTP/1.1" 200 640 "-" "Mozilla/5.0 (compatible; MJ12bot/v1.4.8; http://mj12bot.com/)"
185.250.36.30 - - [31/Dec/2024:14:17:24 -0500] "GET /documents/6204_Rajpara/2020/g_july/purchase/?MD HTTP/1.1" 200 648 "-" "Mozilla/5.0 (compatible; MJ12bot/v1.4.8; http://mj12bot.com/)"
85.239.238.198 - - [31/Dec/2024:14:17:24 -0500] "GET /bootstrap/vendor/magnific-popup/magnific-popup.css HTTP/1.1" 200 1891 "-" "Mozilla/5.0 (compatible; MJ12bot/v1.4.8; http://mj12bot.com/)"
94.154.239.69 - - [31/Dec/2024:14:17:25 -0500] "GET /plugins_old/ionslider/img/?NA HTTP/1.1" 200 555 "-" "Mozilla/5.0 (compatible; MJ12bot/v1.4.8; http://mj12bot.com/)"
37.57.218.243 - - [31/Dec/2024:14:17:25 -0500] "GET /documents/8422_vishal/2020/k_november/payment/recycle/ HTTP/1.1" 200 579 "-" "Mozilla/5.0 (compatible; MJ12bot/v1.4.8; http://mj12bot.com/)"
85.239.238.198 - - [31/Dec/2024:14:17:26 -0500] "GET /dist/css/?MA HTTP/1.1" 200 719 "-" "Mozilla/5.0 (compatible; MJ12bot/v1.4.8; http://mj12bot.com/)"
94.154.239.69 - - [31/Dec/2024:14:17:27 -0500] "GET /plugins_old/ionslider/img/?ND HTTP/1.1" 200 554 "-" "Mozilla/5.0 (compatible; MJ12bot/v1.4.8; http://mj12bot.com/)"
37.57.218.243 - - [31/Dec/2024:14:17:27 -0500] "GET /documents/8422_vishal/2020/l_december/others/recycle/ HTTP/1.1" 200 579 "-" "Mozilla/5.0 (compatible; MJ12bot/v1.4.8; http://mj12bot.com/)"
185.250.36.30 - - [31/Dec/2024:14:17:27 -0500] "GET /documents/6204_Rajpara/2020/g_july/purchase/?NA HTTP/1.1" 200 640 "-" "Mozilla/5.0 (compatible; MJ12bot/v1.4.8; http://mj12bot.com/)"
85.239.238.198 - - [31/Dec/2024:14:17:28 -0500] "GET /dist/css/?NA HTTP/1.1" 200 713 "-" "Mozilla/5.0 (compatible; MJ12bot/v1.4.8; http://mj12bot.com/)"
37.57.218.243 - - [31/Dec/2024:14:17:29 -0500] "GET /documents/8422_vishal/2020/l_december/payment/recycle/ HTTP/1.1" 200 579 "-" "Mozilla/5.0 (compatible; MJ12bot/v1.4.8; http://mj12bot.com/)"
185.250.36.30 - - [31/Dec/2024:14:17:30 -0500] "GET /documents/6204_Rajpara/2020/g_july/purchase/?SD HTTP/1.1" 200 648 "-" "Mozilla/5.0 (compatible; MJ12bot/v1.4.8; http://mj12bot.com/)"
