65.108.2.171 - - [31/Dec/2024:09:12:37 -0500] "GET /documents/6370_Sanket/2020/c_march/?NA HTTP/1.1" 200 1126 "-" "Mozilla/5.0 (compatible; MJ12bot/v1.4.8; http://mj12bot.com/)"
195.191.219.133 - - [31/Dec/2024:09:12:38 -0500] "GET /documents/8422_vishal/2020/b_february/sales/?MA HTTP/1.1" 200 651 "-" "Mozilla/5.0 (compatible; MJ12bot/v1.4.8; http://mj12bot.com/)"
195.191.219.133 - - [31/Dec/2024:09:12:40 -0500] "GET /documents/8422_vishal/2020/b_february/sales/?ND HTTP/1.1" 200 643 "-" "Mozilla/5.0 (compatible; MJ12bot/v1.4.8; http://mj12bot.com/)"
65.108.2.171 - - [31/Dec/2024:09:12:40 -0500] "GET /documents/6370_Sanket/2020/c_march/?SD HTTP/1.1" 200 1124 "-" "Mozilla/5.0 (compatible; MJ12bot/v1.4.8; http://mj12bot.com/)"
66.94.122.225 - - [31/Dec/2024:09:12:40 -0500] "GET /plugins/ckeditor/samples/old/magicline/?ND HTTP/1.1" 200 632 "-" "Mozilla/5.0 (compatible; MJ12bot/v1.4.8; http://mj12bot.com/)"
195.191.219.133 - - [31/Dec/2024:09:12:41 -0500] "GET /documents/8422_vishal/2020/b_february/sales/?SA HTTP/1.1" 200 651 "-" "Mozilla/5.0 (compatible; MJ12bot/v1.4.8; http://mj12bot.com/)"
65.108.2.171 - - [31/Dec/2024:09:12:42 -0500] "GET /documents/6370_Sanket/2020/c_march/bank/recycle/?MA HTTP/1.1" 200 583 "-" "Mozilla/5.0 (compatible; MJ12bot/v1.4.8; http://mj12bot.com/)"
195.191.219.133 - - [31/Dec/2024:09:12:43 -0500] "GET /documents/8422_vishal/2020/b_february/sales/recycle/?MD HTTP/1.1" 200 584 "-" "Mozilla/5.0 (compatible; MJ12bot/v1.4.8; http://mj12bot.com/)"
65.108.2.171 - - [31/Dec/2024:09:12:44 -0500] "GET /documents/6370_Sanket/2020/c_march/bank/recycle/?MD HTTP/1.1" 200 582 "-" "Mozilla/5.0 (compatible; MJ12bot/v1.4.8; http://mj12bot.com/)"
195.191.219.133 - - [31/Dec/2024:09:12:44 -0500] "GET /documents/8422_vishal/2020/b_february/sales/recycle/?ND HTTP/1.1" 200 577 "-" "Mozilla/5.0 (compatible; MJ12bot/v1.4.8; http://mj12bot.com/)"
66.94.122.225 - - [31/Dec/2024:09:12:46 -0500] "GET /plugins/ckeditor/samples/old/magicline/?SA HTTP/1.1" 200 634 "-" "Mozilla/5.0 (compatible; MJ12bot/v1.4.8; http://mj12bot.com/)"
195.191.219.133 - - [31/Dec/2024:09:12:46 -0500] "GET /documents/8422_vishal/2020/b_february/sales/recycle/?SD HTTP/1.1" 200 583 "-" "Mozilla/5.0 (compatible; MJ12bot/v1.4.8; http://mj12bot.com/)"
65.108.2.171 - - [31/Dec/2024:09:12:46 -0500] "GET /documents/6370_Sanket/2020/c_march/bank/recycle/?NA HTTP/1.1" 200 578 "-" "Mozilla/5.0 (compatible; MJ12bot/v1.4.8; http://mj12bot.com/)"
195.191.219.133 - - [31/Dec/2024:09:12:48 -0500] "GET /documents/8422_vishal/2020/c_march/?MD HTTP/1.1" 200 1121 "-" "Mozilla/5.0 (compatible; MJ12bot/v1.4.8; http://mj12bot.com/)"
65.108.2.171 - - [31/Dec/2024:09:12:49 -0500] "GET /documents/6370_Sanket/2020/c_march/bank/recycle/?ND HTTP/1.1" 200 577 "-" "Mozilla/5.0 (compatible; MJ12bot/v1.4.8; http://mj12bot.com/)"
195.191.219.133 - - [31/Dec/2024:09:12:49 -0500] "GET /documents/8422_vishal/2020/c_march/?NA HTTP/1.1" 200 1125 "-" "Mozilla/5.0 (compatible; MJ12bot/v1.4.8; http://mj12bot.com/)"
195.191.219.133 - - [31/Dec/2024:09:12:51 -0500] "GET /documents/8422_vishal/2020/c_march/?SD HTTP/1.1" 200 1119 "-" "Mozilla/5.0 (compatible; MJ12bot/v1.4.8; http://mj12bot.com/)"
65.108.2.171 - - [31/Dec/2024:09:12:51 -0500] "GET /documents/6370_Sanket/2020/c_march/bank/recycle/?SA HTTP/1.1" 200 582 "-" "Mozilla/5.0 (compatible; MJ12bot/v1.4.8; http://mj12bot.com/)"
66.94.122.225 - - [31/Dec/2024:09:12:52 -0500] "GET /plugins/ckeditor/samples/old/magicline/?SD HTTP/1.1" 200 634 "-" "Mozilla/5.0 (compatible; MJ12bot/v1.4.8; http://mj12bot.com/)"
195.191.219.133 - - [31/Dec/2024:09:12:53 -0500] "GET /documents/8422_vishal/2020/c_march/bank/?ND HTTP/1.1" 200 641 "-" "Mozilla/5.0 (compatible; MJ12bot/v1.4.8; http://mj12bot.com/)"
65.108.2.171 - - [31/Dec/2024:09:12:54 -0500] "GET /documents/6370_Sanket/2020/c_march/bank/recycle/?SD HTTP/1.1" 200 581 "-" "Mozilla/5.0 (compatible; MJ12bot/v1.4.8; http://mj12bot.com/)"
195.191.219.133 - - [31/Dec/2024:09:12:54 -0500] "GET /documents/8422_vishal/2020/c_march/bank/recycle/?ND HTTP/1.1" 200 577 "-" "Mozilla/5.0 (compatible; MJ12bot/v1.4.8; http://mj12bot.com/)"
195.191.219.133 - - [31/Dec/2024:09:12:56 -0500] "GET /documents/8422_vishal/2020/c_march/bank/recycle/?SD HTTP/1.1" 200 581 "-" "Mozilla/5.0 (compatible; MJ12bot/v1.4.8; http://mj12bot.com/)"
65.108.2.171 - - [31/Dec/2024:09:12:56 -0500] "GET /documents/6370_Sanket/2020/c_march/cheque_reg/?MD HTTP/1.1" 200 648 "-" "Mozilla/5.0 (compatible; MJ12bot/v1.4.8; http://mj12bot.com/)"
66.94.122.225 - - [31/Dec/2024:09:12:56 -0500] "GET /plugins/ckeditor/samples/old/magicline/magicline/?MA HTTP/1.1" 200 566 "-" "Mozilla/5.0 (compatible; MJ12bot/v1.4.8; http://mj12bot.com/)"
195.191.219.133 - - [31/Dec/2024:09:12:57 -0500] "GET /documents/8422_vishal/2020/c_march/cheque_reg/recycle/?MA HTTP/1.1" 200 586 "-" "Mozilla/5.0 (compatible; MJ12bot/v1.4.8; http://mj12bot.com/)"
65.108.2.171 - - [31/Dec/2024:09:12:59 -0500] "GET /documents/6370_Sanket/2020/c_march/cheque_reg/?NA HTTP/1.1" 200 643 "-" "Mozilla/5.0 (compatible; MJ12bot/v1.4.8; http://mj12bot.com/)"
195.191.219.133 - - [31/Dec/2024:09:12:59 -0500] "GET /documents/8422_vishal/2020/c_march/cheque_reg/recycle/?MD HTTP/1.1" 200 587 "-" "Mozilla/5.0 (compatible; MJ12bot/v1.4.8; http://mj12bot.com/)"
195.191.219.133 - - [31/Dec/2024:09:13:01 -0500] "GET /documents/8422_vishal/2020/c_march/cheque_reg/recycle/?ND HTTP/1.1" 200 582 "-" "Mozilla/5.0 (compatible; MJ12bot/v1.4.8; http://mj12bot.com/)"
65.108.2.171 - - [31/Dec/2024:09:13:01 -0500] "GET /documents/6370_Sanket/2020/c_march/cheque_reg/?SD HTTP/1.1" 200 647 "-" "Mozilla/5.0 (compatible; MJ12bot/v1.4.8; http://mj12bot.com/)"
66.94.122.225 - - [31/Dec/2024:09:13:02 -0500] "GET /plugins/ckeditor/samples/toolbarconfigurator/font/LICENSE.txt HTTP/1.1" 200 178 "-" "Mozilla/5.0 (compatible; MJ12bot/v1.4.8; http://mj12bot.com/)"
195.191.219.133 - - [31/Dec/2024:09:13:02 -0500] "GET /documents/8422_vishal/2020/c_march/cheque_reg/recycle/?SA HTTP/1.1" 200 587 "-" "Mozilla/5.0 (compatible; MJ12bot/v1.4.8; http://mj12bot.com/)"
65.108.2.171 - - [31/Dec/2024:09:13:04 -0500] "GET /documents/6370_Sanket/2020/c_march/cheque_reg/recycle/?MA HTTP/1.1" 200 587 "-" "Mozilla/5.0 (compatible; MJ12bot/v1.4.8; http://mj12bot.com/)"
195.191.219.133 - - [31/Dec/2024:09:13:04 -0500] "GET /documents/8422_vishal/2020/c_march/cheque_reg/recycle/?SD HTTP/1.1" 200 587 "-" "Mozilla/5.0 (compatible; MJ12bot/v1.4.8; http://mj12bot.com/)"
195.191.219.133 - - [31/Dec/2024:09:13:06 -0500] "GET /documents/8422_vishal/2020/c_march/contra/recycle/?MD HTTP/1.1" 200 583 "-" "Mozilla/5.0 (compatible; MJ12bot/v1.4.8; http://mj12bot.com/)"
65.108.2.171 - - [31/Dec/2024:09:13:06 -0500] "GET /documents/6370_Sanket/2020/c_march/cheque_reg/recycle/?MD HTTP/1.1" 200 586 "-" "Mozilla/5.0 (compatible; MJ12bot/v1.4.8; http://mj12bot.com/)"
195.191.219.133 - - [31/Dec/2024:09:13:07 -0500] "GET /documents/8422_vishal/2020/c_march/debit/recycle/?SD HTTP/1.1" 200 582 "-" "Mozilla/5.0 (compatible; MJ12bot/v1.4.8; http://mj12bot.com/)"
65.108.2.171 - - [31/Dec/2024:09:13:08 -0500] "GET /documents/6370_Sanket/2020/c_march/cheque_reg/recycle/?NA HTTP/1.1" 200 582 "-" "Mozilla/5.0 (compatible; MJ12bot/v1.4.8; http://mj12bot.com/)"
195.191.219.133 - - [31/Dec/2024:09:13:09 -0500] "GET /documents/8422_vishal/2020/c_march/journal/recycle/?MD HTTP/1.1" 200 583 "-" "Mozilla/5.0 (compatible; MJ12bot/v1.4.8; http://mj12bot.com/)"
66.94.122.225 - - [31/Dec/2024:09:13:09 -0500] "GET /plugins/ckeditor/samples/toolbarconfigurator/js/?MA HTTP/1.1" 200 744 "-" "Mozilla/5.0 (compatible; MJ12bot/v1.4.8; http://mj12bot.com/)"
195.191.219.133 - - [31/Dec/2024:09:13:10 -0500] "GET /documents/8422_vishal/2020/c_march/journal/recycle/?ND HTTP/1.1" 200 577 "-" "Mozilla/5.0 (compatible; MJ12bot/v1.4.8; http://mj12bot.com/)"
65.108.2.171 - - [31/Dec/2024:09:13:11 -0500] "GET /documents/6370_Sanket/2020/c_march/cheque_reg/recycle/?ND HTTP/1.1" 200 582 "-" "Mozilla/5.0 (compatible; MJ12bot/v1.4.8; http://mj12bot.com/)"
195.191.219.133 - - [31/Dec/2024:09:13:12 -0500] "GET /documents/8422_vishal/2020/d_april/?ND HTTP/1.1" 200 1124 "-" "Mozilla/5.0 (compatible; MJ12bot/v1.4.8; http://mj12bot.com/)"
195.191.219.133 - - [31/Dec/2024:09:13:13 -0500] "GET /documents/8422_vishal/2020/d_april/contra/?SD HTTP/1.1" 200 646 "-" "Mozilla/5.0 (compatible; MJ12bot/v1.4.8; http://mj12bot.com/)"
65.108.2.171 - - [31/Dec/2024:09:13:14 -0500] "GET /documents/6370_Sanket/2020/c_march/cheque_reg/recycle/?SA HTTP/1.1" 200 588 "-" "Mozilla/5.0 (compatible; MJ12bot/v1.4.8; http://mj12bot.com/)"
195.191.219.133 - - [31/Dec/2024:09:13:15 -0500] "GET /documents/8422_vishal/2020/d_april/credit/?MD HTTP/1.1" 200 648 "-" "Mozilla/5.0 (compatible; MJ12bot/v1.4.8; http://mj12bot.com/)"
65.108.2.171 - - [31/Dec/2024:09:13:16 -0500] "GET /documents/6370_Sanket/2020/c_march/cheque_reg/recycle/?SD HTTP/1.1" 200 587 "-" "Mozilla/5.0 (compatible; MJ12bot/v1.4.8; http://mj12bot.com/)"
66.94.122.225 - - [31/Dec/2024:09:13:17 -0500] "GET /plugins/iCheck/flat/?NA HTTP/1.1" 200 1496 "-" "Mozilla/5.0 (compatible; MJ12bot/v1.4.8; http://mj12bot.com/)"
195.191.219.133 - - [31/Dec/2024:09:13:17 -0500] "GET /documents/8422_vishal/2020/d_april/credit/?NA HTTP/1.1" 200 642 "-" "Mozilla/5.0 (compatible; MJ12bot/v1.4.8; http://mj12bot.com/)"
65.108.2.171 - - [31/Dec/2024:09:13:18 -0500] "GET /documents/6370_Sanket/2020/c_march/contra/?MA HTTP/1.1" 200 648 "-" "Mozilla/5.0 (compatible; MJ12bot/v1.4.8; http://mj12bot.com/)"
195.191.219.133 - - [31/Dec/2024:09:13:18 -0500] "GET /documents/8422_vishal/2020/d_april/credit/?SD HTTP/1.1" 200 648 "-" "Mozilla/5.0 (compatible; MJ12bot/v1.4.8; http://mj12bot.com/)"
195.191.219.133 - - [31/Dec/2024:09:13:20 -0500] "GET /documents/8422_vishal/2020/d_april/debit/?MD HTTP/1.1" 200 647 "-" "Mozilla/5.0 (compatible; MJ12bot/v1.4.8; http://mj12bot.com/)"
65.108.2.171 - - [31/Dec/2024:09:13:20 -0500] "GET /documents/6370_Sanket/2020/c_march/contra/?MD HTTP/1.1" 200 647 "-" "Mozilla/5.0 (compatible; MJ12bot/v1.4.8; http://mj12bot.com/)"
195.191.219.133 - - [31/Dec/2024:09:13:21 -0500] "GET /documents/8422_vishal/2020/d_april/debit/?NA HTTP/1.1" 200 642 "-" "Mozilla/5.0 (compatible; MJ12bot/v1.4.8; http://mj12bot.com/)"
65.108.2.171 - - [31/Dec/2024:09:13:23 -0500] "GET /documents/6370_Sanket/2020/c_march/contra/?NA HTTP/1.1" 200 643 "-" "Mozilla/5.0 (compatible; MJ12bot/v1.4.8; http://mj12bot.com/)"
66.94.122.225 - - [31/Dec/2024:09:13:23 -0500] "GET /plugins/iCheck/flat/?SA HTTP/1.1" 200 1505 "-" "Mozilla/5.0 (compatible; MJ12bot/v1.4.8; http://mj12bot.com/)"
195.191.219.133 - - [31/Dec/2024:09:13:23 -0500] "GET /documents/8422_vishal/2020/d_april/journal/?MD HTTP/1.1" 200 644 "-" "Mozilla/5.0 (compatible; MJ12bot/v1.4.8; http://mj12bot.com/)"
195.191.219.133 - - [31/Dec/2024:09:13:25 -0500] "GET /documents/8422_vishal/2020/d_april/purchase/recycle/?MA HTTP/1.1" 200 582 "-" "Mozilla/5.0 (compatible; MJ12bot/v1.4.8; http://mj12bot.com/)"
65.108.2.171 - - [31/Dec/2024:09:13:25 -0500] "GET /documents/6370_Sanket/2020/c_march/contra/?ND HTTP/1.1" 200 640 "-" "Mozilla/5.0 (compatible; MJ12bot/v1.4.8; http://mj12bot.com/)"
195.191.219.133 - - [31/Dec/2024:09:13:26 -0500] "GET /documents/8422_vishal/2020/d_april/purchase/recycle/?MD HTTP/1.1" 200 580 "-" "Mozilla/5.0 (compatible; MJ12bot/v1.4.8; http://mj12bot.com/)"
65.108.2.171 - - [31/Dec/2024:09:13:27 -0500] "GET /documents/6370_Sanket/2020/c_march/contra/?SA HTTP/1.1" 200 648 "-" "Mozilla/5.0 (compatible; MJ12bot/v1.4.8; http://mj12bot.com/)"
195.191.219.133 - - [31/Dec/2024:09:13:28 -0500] "GET /documents/8422_vishal/2020/d_april/purchase/recycle/?NA HTTP/1.1" 200 577 "-" "Mozilla/5.0 (compatible; MJ12bot/v1.4.8; http://mj12bot.com/)"
66.94.122.225 - - [31/Dec/2024:09:13:30 -0500] "GET /plugins/iCheck/flat/?SD HTTP/1.1" 200 1479 "-" "Mozilla/5.0 (compatible; MJ12bot/v1.4.8; http://mj12bot.com/)"
195.191.219.133 - - [31/Dec/2024:09:13:30 -0500] "GET /documents/8422_vishal/2020/d_april/purchase/recycle/?ND HTTP/1.1" 200 574 "-" "Mozilla/5.0 (compatible; MJ12bot/v1.4.8; http://mj12bot.com/)"
65.108.2.171 - - [31/Dec/2024:09:13:30 -0500] "GET /documents/6370_Sanket/2020/c_march/contra/?SD HTTP/1.1" 200 647 "-" "Mozilla/5.0 (compatible; MJ12bot/v1.4.8; http://mj12bot.com/)"
195.191.219.133 - - [31/Dec/2024:09:13:31 -0500] "GET /documents/8422_vishal/2020/d_april/purchase/recycle/?SA HTTP/1.1" 200 582 "-" "Mozilla/5.0 (compatible; MJ12bot/v1.4.8; http://mj12bot.com/)"
65.108.2.171 - - [31/Dec/2024:09:13:32 -0500] "GET /documents/6370_Sanket/2020/c_march/contra/recycle/?MA HTTP/1.1" 200 582 "-" "Mozilla/5.0 (compatible; MJ12bot/v1.4.8; http://mj12bot.com/)"
195.191.219.133 - - [31/Dec/2024:09:13:33 -0500] "GET /documents/8422_vishal/2020/d_april/purchase/recycle/?SD HTTP/1.1" 200 580 "-" "Mozilla/5.0 (compatible; MJ12bot/v1.4.8; http://mj12bot.com/)"
195.191.219.133 - - [31/Dec/2024:09:13:34 -0500] "GET /documents/8422_vishal/2020/d_april/receipt/?MD HTTP/1.1" 200 644 "-" "Mozilla/5.0 (compatible; MJ12bot/v1.4.8; http://mj12bot.com/)"
65.108.2.171 - - [31/Dec/2024:09:13:34 -0500] "GET /documents/6370_Sanket/2020/c_march/contra/recycle/?MD HTTP/1.1" 200 582 "-" "Mozilla/5.0 (compatible; MJ12bot/v1.4.8; http://mj12bot.com/)"
195.191.219.133 - - [31/Dec/2024:09:13:36 -0500] "GET /documents/8422_vishal/2020/d_april/receipt/?NA HTTP/1.1" 200 640 "-" "Mozilla/5.0 (compatible; MJ12bot/v1.4.8; http://mj12bot.com/)"
66.94.122.225 - - [31/Dec/2024:09:13:36 -0500] "GET /plugins/iCheck/flat/_all.css HTTP/1.1" 200 870 "-" "Mozilla/5.0 (compatible; MJ12bot/v1.4.8; http://mj12bot.com/)"
65.108.2.171 - - [31/Dec/2024:09:13:37 -0500] "GET /documents/6370_Sanket/2020/c_march/contra/recycle/?NA HTTP/1.1" 200 578 "-" "Mozilla/5.0 (compatible; MJ12bot/v1.4.8; http://mj12bot.com/)"
76.103.231.250 - - [31/Dec/2024:09:13:37 -0500] "GET /plugins_old/iCheck/futurico/?path=%2F%2Fopt%2Falt%2Falt-nodejs10%2Froot%2Flib%2Fnode_modules%2Fnpm%2Fnode_modules%2Frimraf HTTP/1.1" 200 1628 "-" "Mozilla/5.0 (Linux; Android 5.0; SM-G900P Build/LRX21T) AppleWebKit/537.36 (KHTML, like Gecko) Chrome/45.0.7602.1653 Mobile Safari/537.36"
195.191.219.133 - - [31/Dec/2024:09:13:37 -0500] "GET /documents/8422_vishal/2020/d_april/receipt/?SD HTTP/1.1" 200 645 "-" "Mozilla/5.0 (compatible; MJ12bot/v1.4.8; http://mj12bot.com/)"
76.103.231.250 - - [31/Dec/2024:09:13:38 -0500] "GET /plugins_old/iCheck/futurico/?path=%2F%2Fopt%2Falt%2Falt-nodejs10%2Froot%2Flib%2Fnode_modules%2Fnpm%2Fnode_modules%2Frimraf HTTP/1.1" 200 10205 "https://www.paperpush.com/plugins_old/iCheck/futurico/?path=%2F%2Fopt%2Falt%2Falt-nodejs10%2Froot%2Flib%2Fnode_modules%2Fnpm%2Fnode_modules%2Frimraf" "Mozilla/5.0 (Linux; Android 5.0; SM-G900P Build/LRX21T) AppleWebKit/537.36 (KHTML, like Gecko) Chrome/45.0.7602.1653 Mobile Safari/537.36"
195.191.219.133 - - [31/Dec/2024:09:13:39 -0500] "GET /documents/8422_vishal/2020/d_april/receipt/recycle/?MA HTTP/1.1" 200 584 "-" "Mozilla/5.0 (compatible; MJ12bot/v1.4.8; http://mj12bot.com/)"
65.108.2.171 - - [31/Dec/2024:09:13:39 -0500] "GET /documents/6370_Sanket/2020/c_march/contra/recycle/?ND HTTP/1.1" 200 577 "-" "Mozilla/5.0 (compatible; MJ12bot/v1.4.8; http://mj12bot.com/)"
195.191.219.133 - - [31/Dec/2024:09:13:40 -0500] "GET /documents/8422_vishal/2020/d_april/receipt/recycle/?MD HTTP/1.1" 200 584 "-" "Mozilla/5.0 (compatible; MJ12bot/v1.4.8; http://mj12bot.com/)"
65.108.2.171 - - [31/Dec/2024:09:13:41 -0500] "GET /documents/6370_Sanket/2020/c_march/contra/recycle/?SA HTTP/1.1" 200 583 "-" "Mozilla/5.0 (compatible; MJ12bot/v1.4.8; http://mj12bot.com/)"
195.191.219.133 - - [31/Dec/2024:09:13:42 -0500] "GET /documents/8422_vishal/2020/d_april/receipt/recycle/?NA HTTP/1.1" 200 579 "-" "Mozilla/5.0 (compatible; MJ12bot/v1.4.8; http://mj12bot.com/)"
65.108.2.171 - - [31/Dec/2024:09:13:44 -0500] "GET /documents/6370_Sanket/2020/c_march/contra/recycle/?SD HTTP/1.1" 200 582 "-" "Mozilla/5.0 (compatible; MJ12bot/v1.4.8; http://mj12bot.com/)"
195.191.219.133 - - [31/Dec/2024:09:13:44 -0500] "GET /documents/8422_vishal/2020/d_april/receipt/recycle/?ND HTTP/1.1" 200 577 "-" "Mozilla/5.0 (compatible; MJ12bot/v1.4.8; http://mj12bot.com/)"
66.94.122.225 - - [31/Dec/2024:09:13:45 -0500] "GET /plugins/iCheck/flat/aero.css HTTP/1.1" 200 362 "-" "Mozilla/5.0 (compatible; MJ12bot/v1.4.8; http://mj12bot.com/)"
195.191.219.133 - - [31/Dec/2024:09:13:45 -0500] "GET /documents/8422_vishal/2020/d_april/receipt/recycle/?SA HTTP/1.1" 200 585 "-" "Mozilla/5.0 (compatible; MJ12bot/v1.4.8; http://mj12bot.com/)"
65.108.2.171 - - [31/Dec/2024:09:13:46 -0500] "GET /documents/6370_Sanket/2020/c_march/credit/?MA HTTP/1.1" 200 647 "-" "Mozilla/5.0 (compatible; MJ12bot/v1.4.8; http://mj12bot.com/)"
195.191.219.133 - - [31/Dec/2024:09:13:47 -0500] "GET /documents/8422_vishal/2020/d_april/receipt/recycle/?SD HTTP/1.1" 200 584 "-" "Mozilla/5.0 (compatible; MJ12bot/v1.4.8; http://mj12bot.com/)"
65.108.2.171 - - [31/Dec/2024:09:13:49 -0500] "GET /documents/6370_Sanket/2020/c_march/credit/?MD HTTP/1.1" 200 647 "-" "Mozilla/5.0 (compatible; MJ12bot/v1.4.8; http://mj12bot.com/)"
195.191.219.133 - - [31/Dec/2024:09:13:49 -0500] "GET /documents/8422_vishal/2020/d_april/reports/?MD HTTP/1.1" 200 644 "-" "Mozilla/5.0 (compatible; MJ12bot/v1.4.8; http://mj12bot.com/)"
195.191.219.133 - - [31/Dec/2024:09:13:51 -0500] "GET /documents/8422_vishal/2020/d_april/reports/?ND HTTP/1.1" 200 639 "-" "Mozilla/5.0 (compatible; MJ12bot/v1.4.8; http://mj12bot.com/)"
65.108.2.171 - - [31/Dec/2024:09:13:51 -0500] "GET /documents/6370_Sanket/2020/c_march/credit/?ND HTTP/1.1" 200 640 "-" "Mozilla/5.0 (compatible; MJ12bot/v1.4.8; http://mj12bot.com/)"
195.191.219.133 - - [31/Dec/2024:09:13:52 -0500] "GET /documents/8422_vishal/2020/d_april/reports/recycle/?MA HTTP/1.1" 200 583 "-" "Mozilla/5.0 (compatible; MJ12bot/v1.4.8; http://mj12bot.com/)"
65.108.2.171 - - [31/Dec/2024:09:13:53 -0500] "GET /documents/6370_Sanket/2020/c_march/credit/?SA HTTP/1.1" 200 647 "-" "Mozilla/5.0 (compatible; MJ12bot/v1.4.8; http://mj12bot.com/)"
195.191.219.133 - - [31/Dec/2024:09:13:54 -0500] "GET /documents/8422_vishal/2020/d_april/reports/recycle/?MD HTTP/1.1" 200 583 "-" "Mozilla/5.0 (compatible; MJ12bot/v1.4.8; http://mj12bot.com/)"
66.94.122.225 - - [31/Dec/2024:09:13:54 -0500] "GET /plugins/iCheck/flat/blue.css HTTP/1.1" 200 361 "-" "Mozilla/5.0 (compatible; MJ12bot/v1.4.8; http://mj12bot.com/)"
195.191.219.133 - - [31/Dec/2024:09:13:55 -0500] "GET /documents/8422_vishal/2020/d_april/reports/recycle/?ND HTTP/1.1" 200 577 "-" "Mozilla/5.0 (compatible; MJ12bot/v1.4.8; http://mj12bot.com/)"
65.108.2.171 - - [31/Dec/2024:09:13:56 -0500] "GET /documents/6370_Sanket/2020/c_march/debit/?MD HTTP/1.1" 200 646 "-" "Mozilla/5.0 (compatible; MJ12bot/v1.4.8; http://mj12bot.com/)"
195.191.219.133 - - [31/Dec/2024:09:13:57 -0500] "GET /documents/8422_vishal/2020/d_april/reports/recycle/?SD HTTP/1.1" 200 583 "-" "Mozilla/5.0 (compatible; MJ12bot/v1.4.8; http://mj12bot.com/)"
66.249.77.196 - - [31/Dec/2024:09:13:57 -0500] "GET /?_gl=1*1ix4f11*_gcl_au*MTYxMTI1OTI3MS4xNzIxODg2NjU0*_ga*ODYyMzk4MzA3LjE2OTk0NTM1Nzg.*_ga_7H42SVMQ0V*MTcyMTg4NjY1NS4xMjEuMS4xNzIxODg2NjY5LjQ2LjAuMA..&_ga=2.198040047.1958808748.1721886654-862398307.1699453578&_bdsid=2ulvIJ.n~ZXCIW.1721886656070.1721886848&_bd_prev_page=https://www.paperpush.com/detail.php?ejabm/z203198.html HTTP/1.1" 500 0 "-" "Mozilla/5.0 (Linux; Android 6.0.1; Nexus 5X Build/MMB29P) AppleWebKit/537.36 (KHTML, like Gecko) Chrome/131.0.6778.139 Mobile Safari/537.36 (compatible; Googlebot/2.1; +http://www.google.com/bot.html)"
65.108.2.171 - - [31/Dec/2024:09:13:58 -0500] "GET /documents/6370_Sanket/2020/c_march/debit/?NA HTTP/1.1" 200 641 "-" "Mozilla/5.0 (compatible; MJ12bot/v1.4.8; http://mj12bot.com/)"
195.191.219.133 - - [31/Dec/2024:09:13:59 -0500] "GET /documents/8422_vishal/2020/d_april/sales/?MA HTTP/1.1" 200 646 "-" "Mozilla/5.0 (compatible; MJ12bot/v1.4.8; http://mj12bot.com/)"
195.191.219.133 - - [31/Dec/2024:09:14:00 -0500] "GET /documents/8422_vishal/2020/d_april/sales/?MD HTTP/1.1" 200 645 "-" "Mozilla/5.0 (compatible; MJ12bot/v1.4.8; http://mj12bot.com/)"
65.108.2.171 - - [31/Dec/2024:09:14:00 -0500] "GET /documents/6370_Sanket/2020/c_march/debit/?SD HTTP/1.1" 200 646 "-" "Mozilla/5.0 (compatible; MJ12bot/v1.4.8; http://mj12bot.com/)"
66.94.122.225 - - [31/Dec/2024:09:14:02 -0500] "GET /plugins/iCheck/flat/flat.css HTTP/1.1" 200 354 "-" "Mozilla/5.0 (compatible; MJ12bot/v1.4.8; http://mj12bot.com/)"
195.191.219.133 - - [31/Dec/2024:09:14:02 -0500] "GET /documents/8422_vishal/2020/d_april/sales/?NA HTTP/1.1" 200 641 "-" "Mozilla/5.0 (compatible; MJ12bot/v1.4.8; http://mj12bot.com/)"
65.108.2.171 - - [31/Dec/2024:09:14:03 -0500] "GET /documents/6370_Sanket/2020/c_march/debit/recycle/?MA HTTP/1.1" 200 582 "-" "Mozilla/5.0 (compatible; MJ12bot/v1.4.8; http://mj12bot.com/)"
195.191.219.133 - - [31/Dec/2024:09:14:03 -0500] "GET /documents/8422_vishal/2020/d_april/sales/?ND HTTP/1.1" 200 639 "-" "Mozilla/5.0 (compatible; MJ12bot/v1.4.8; http://mj12bot.com/)"
195.191.219.133 - - [31/Dec/2024:09:14:05 -0500] "GET /documents/8422_vishal/2020/d_april/sales/?SA HTTP/1.1" 200 646 "-" "Mozilla/5.0 (compatible; MJ12bot/v1.4.8; http://mj12bot.com/)"
65.108.2.171 - - [31/Dec/2024:09:14:05 -0500] "GET /documents/6370_Sanket/2020/c_march/debit/recycle/?ND HTTP/1.1" 200 577 "-" "Mozilla/5.0 (compatible; MJ12bot/v1.4.8; http://mj12bot.com/)"
195.191.219.133 - - [31/Dec/2024:09:14:06 -0500] "GET /documents/8422_vishal/2020/d_april/sales/?SD HTTP/1.1" 200 645 "-" "Mozilla/5.0 (compatible; MJ12bot/v1.4.8; http://mj12bot.com/)"
65.108.2.171 - - [31/Dec/2024:09:14:08 -0500] "GET /documents/6370_Sanket/2020/c_march/debit/recycle/?SA HTTP/1.1" 200 582 "-" "Mozilla/5.0 (compatible; MJ12bot/v1.4.8; http://mj12bot.com/)"
66.94.122.225 - - [31/Dec/2024:09:14:08 -0500] "GET /plugins/iCheck/futurico/?MA HTTP/1.1" 200 693 "-" "Mozilla/5.0 (compatible; MJ12bot/v1.4.8; http://mj12bot.com/)"
195.191.219.133 - - [31/Dec/2024:09:14:08 -0500] "GET /documents/8422_vishal/2020/d_april/sales/recycle/?MA HTTP/1.1" 200 580 "-" "Mozilla/5.0 (compatible; MJ12bot/v1.4.8; http://mj12bot.com/)"
195.191.219.133 - - [31/Dec/2024:09:14:10 -0500] "GET /documents/8422_vishal/2020/d_april/sales/recycle/?MD HTTP/1.1" 200 581 "-" "Mozilla/5.0 (compatible; MJ12bot/v1.4.8; http://mj12bot.com/)"
65.108.2.171 - - [31/Dec/2024:09:14:10 -0500] "GET /documents/6370_Sanket/2020/c_march/journal/?MD HTTP/1.1" 200 642 "-" "Mozilla/5.0 (compatible; MJ12bot/v1.4.8; http://mj12bot.com/)"
195.191.219.133 - - [31/Dec/2024:09:14:11 -0500] "GET /documents/8422_vishal/2020/d_april/sales/recycle/?NA HTTP/1.1" 200 576 "-" "Mozilla/5.0 (compatible; MJ12bot/v1.4.8; http://mj12bot.com/)"
65.108.2.171 - - [31/Dec/2024:09:14:12 -0500] "GET /documents/6370_Sanket/2020/c_march/journal/?NA HTTP/1.1" 200 638 "-" "Mozilla/5.0 (compatible; MJ12bot/v1.4.8; http://mj12bot.com/)"
195.191.219.133 - - [31/Dec/2024:09:14:13 -0500] "GET /documents/8422_vishal/2020/d_april/sales/recycle/?ND HTTP/1.1" 200 576 "-" "Mozilla/5.0 (compatible; MJ12bot/v1.4.8; http://mj12bot.com/)"
66.94.122.225 - - [31/Dec/2024:09:14:13 -0500] "GET /plugins/iCheck/futurico/?MD HTTP/1.1" 200 692 "-" "Mozilla/5.0 (compatible; MJ12bot/v1.4.8; http://mj12bot.com/)"
195.191.219.133 - - [31/Dec/2024:09:14:14 -0500] "GET /documents/8422_vishal/2020/d_april/sales/recycle/?SA HTTP/1.1" 200 580 "-" "Mozilla/5.0 (compatible; MJ12bot/v1.4.8; http://mj12bot.com/)"
65.108.2.171 - - [31/Dec/2024:09:14:15 -0500] "GET /documents/6370_Sanket/2020/c_march/journal/?SA HTTP/1.1" 200 643 "-" "Mozilla/5.0 (compatible; MJ12bot/v1.4.8; http://mj12bot.com/)"
195.191.219.133 - - [31/Dec/2024:09:14:16 -0500] "GET /documents/8422_vishal/2020/e_may/cheque_reg/?MD HTTP/1.1" 200 648 "-" "Mozilla/5.0 (compatible; MJ12bot/v1.4.8; http://mj12bot.com/)"
65.108.2.171 - - [31/Dec/2024:09:14:17 -0500] "GET /documents/6370_Sanket/2020/c_march/journal/?SD HTTP/1.1" 200 643 "-" "Mozilla/5.0 (compatible; MJ12bot/v1.4.8; http://mj12bot.com/)"
195.191.219.133 - - [31/Dec/2024:09:14:17 -0500] "GET /documents/8422_vishal/2020/e_may/cheque_reg/?NA HTTP/1.1" 200 644 "-" "Mozilla/5.0 (compatible; MJ12bot/v1.4.8; http://mj12bot.com/)"
66.94.122.225 - - [31/Dec/2024:09:14:18 -0500] "GET /plugins/iCheck/futurico/?NA HTTP/1.1" 200 688 "-" "Mozilla/5.0 (compatible; MJ12bot/v1.4.8; http://mj12bot.com/)"
195.191.219.133 - - [31/Dec/2024:09:14:19 -0500] "GET /documents/8422_vishal/2020/e_may/cheque_reg/?ND HTTP/1.1" 200 644 "-" "Mozilla/5.0 (compatible; MJ12bot/v1.4.8; http://mj12bot.com/)"
65.108.2.171 - - [31/Dec/2024:09:14:19 -0500] "GET /documents/6370_Sanket/2020/c_march/journal/recycle/?ND HTTP/1.1" 200 576 "-" "Mozilla/5.0 (compatible; MJ12bot/v1.4.8; http://mj12bot.com/)"
195.191.219.133 - - [31/Dec/2024:09:14:21 -0500] "GET /documents/8422_vishal/2020/e_may/cheque_reg/?SA HTTP/1.1" 200 648 "-" "Mozilla/5.0 (compatible; MJ12bot/v1.4.8; http://mj12bot.com/)"
65.108.2.171 - - [31/Dec/2024:09:14:22 -0500] "GET /documents/6370_Sanket/2020/c_march/journal/recycle/?SA HTTP/1.1" 200 583 "-" "Mozilla/5.0 (compatible; MJ12bot/v1.4.8; http://mj12bot.com/)"
195.191.219.133 - - [31/Dec/2024:09:14:22 -0500] "GET /documents/8422_vishal/2020/e_may/cheque_reg/?SD HTTP/1.1" 200 648 "-" "Mozilla/5.0 (compatible; MJ12bot/v1.4.8; http://mj12bot.com/)"
66.94.122.225 - - [31/Dec/2024:09:14:23 -0500] "GET /plugins/iCheck/futurico/?ND HTTP/1.1" 200 686 "-" "Mozilla/5.0 (compatible; MJ12bot/v1.4.8; http://mj12bot.com/)"
195.191.219.133 - - [31/Dec/2024:09:14:24 -0500] "GET /documents/8422_vishal/2020/e_may/cheque_reg/recycle/?MA HTTP/1.1" 200 585 "-" "Mozilla/5.0 (compatible; MJ12bot/v1.4.8; http://mj12bot.com/)"
65.108.2.171 - - [31/Dec/2024:09:14:25 -0500] "GET /documents/6370_Sanket/2020/c_march/others/?MD HTTP/1.1" 200 647 "-" "Mozilla/5.0 (compatible; MJ12bot/v1.4.8; http://mj12bot.com/)"
195.191.219.133 - - [31/Dec/2024:09:14:25 -0500] "GET /documents/8422_vishal/2020/e_may/cheque_reg/recycle/?ND HTTP/1.1" 200 578 "-" "Mozilla/5.0 (compatible; MJ12bot/v1.4.8; http://mj12bot.com/)"
65.108.2.171 - - [31/Dec/2024:09:14:27 -0500] "GET /documents/6370_Sanket/2020/c_march/others/?ND HTTP/1.1" 200 641 "-" "Mozilla/5.0 (compatible; MJ12bot/v1.4.8; http://mj12bot.com/)"
195.191.219.133 - - [31/Dec/2024:09:14:27 -0500] "GET /documents/8422_vishal/2020/e_may/cheque_reg/recycle/?SD HTTP/1.1" 200 584 "-" "Mozilla/5.0 (compatible; MJ12bot/v1.4.8; http://mj12bot.com/)"
66.94.122.225 - - [31/Dec/2024:09:14:28 -0500] "GET /plugins/iCheck/futurico/?SA HTTP/1.1" 200 691 "-" "Mozilla/5.0 (compatible; MJ12bot/v1.4.8; http://mj12bot.com/)"
195.191.219.133 - - [31/Dec/2024:09:14:29 -0500] "GET /documents/8422_vishal/2020/e_may/contra/?NA HTTP/1.1" 200 641 "-" "Mozilla/5.0 (compatible; MJ12bot/v1.4.8; http://mj12bot.com/)"
65.108.2.171 - - [31/Dec/2024:09:14:29 -0500] "GET /documents/6370_Sanket/2020/c_march/others/recycle/?ND HTTP/1.1" 200 578 "-" "Mozilla/5.0 (compatible; MJ12bot/v1.4.8; http://mj12bot.com/)"
195.191.219.133 - - [31/Dec/2024:09:14:30 -0500] "GET /documents/8422_vishal/2020/e_may/contra/?ND HTTP/1.1" 200 642 "-" "Mozilla/5.0 (compatible; MJ12bot/v1.4.8; http://mj12bot.com/)"
65.108.2.171 - - [31/Dec/2024:09:14:31 -0500] "GET /documents/6370_Sanket/2020/c_march/others/recycle/?SD HTTP/1.1" 200 582 "-" "Mozilla/5.0 (compatible; MJ12bot/v1.4.8; http://mj12bot.com/)"
195.191.219.133 - - [31/Dec/2024:09:14:32 -0500] "GET /documents/8422_vishal/2020/e_may/contra/?SA HTTP/1.1" 200 647 "-" "Mozilla/5.0 (compatible; MJ12bot/v1.4.8; http://mj12bot.com/)"
195.191.219.133 - - [31/Dec/2024:09:14:33 -0500] "GET /documents/8422_vishal/2020/e_may/contra/?SD HTTP/1.1" 200 645 "-" "Mozilla/5.0 (compatible; MJ12bot/v1.4.8; http://mj12bot.com/)"
65.108.2.171 - - [31/Dec/2024:09:14:34 -0500] "GET /documents/6370_Sanket/2020/c_march/payment/?MA HTTP/1.1" 200 643 "-" "Mozilla/5.0 (compatible; MJ12bot/v1.4.8; http://mj12bot.com/)"
195.191.219.133 - - [31/Dec/2024:09:14:35 -0500] "GET /documents/8422_vishal/2020/e_may/contra/recycle/?MD HTTP/1.1" 200 583 "-" "Mozilla/5.0 (compatible; MJ12bot/v1.4.8; http://mj12bot.com/)"
66.94.122.225 - - [31/Dec/2024:09:14:35 -0500] "GET /plugins/iCheck/futurico/?SD HTTP/1.1" 200 690 "-" "Mozilla/5.0 (compatible; MJ12bot/v1.4.8; http://mj12bot.com/)"
65.108.2.171 - - [31/Dec/2024:09:14:36 -0500] "GET /documents/6370_Sanket/2020/c_march/payment/?MD HTTP/1.1" 200 642 "-" "Mozilla/5.0 (compatible; MJ12bot/v1.4.8; http://mj12bot.com/)"
195.191.219.133 - - [31/Dec/2024:09:14:37 -0500] "GET /documents/8422_vishal/2020/e_may/contra/recycle/?NA HTTP/1.1" 200 578 "-" "Mozilla/5.0 (compatible; MJ12bot/v1.4.8; http://mj12bot.com/)"
195.191.219.133 - - [31/Dec/2024:09:14:38 -0500] "GET /documents/8422_vishal/2020/e_may/contra/recycle/?ND HTTP/1.1" 200 577 "-" "Mozilla/5.0 (compatible; MJ12bot/v1.4.8; http://mj12bot.com/)"
65.108.2.171 - - [31/Dec/2024:09:14:39 -0500] "GET /documents/6370_Sanket/2020/c_march/payment/?NA HTTP/1.1" 200 638 "-" "Mozilla/5.0 (compatible; MJ12bot/v1.4.8; http://mj12bot.com/)"
195.191.219.133 - - [31/Dec/2024:09:14:40 -0500] "GET /documents/8422_vishal/2020/e_may/contra/recycle/?SA HTTP/1.1" 200 582 "-" "Mozilla/5.0 (compatible; MJ12bot/v1.4.8; http://mj12bot.com/)"
65.108.2.171 - - [31/Dec/2024:09:14:41 -0500] "GET /documents/6370_Sanket/2020/c_march/payment/?ND HTTP/1.1" 200 638 "-" "Mozilla/5.0 (compatible; MJ12bot/v1.4.8; http://mj12bot.com/)"
195.191.219.133 - - [31/Dec/2024:09:14:42 -0500] "GET /documents/8422_vishal/2020/e_may/credit/recycle/?MD HTTP/1.1" 200 582 "-" "Mozilla/5.0 (compatible; MJ12bot/v1.4.8; http://mj12bot.com/)"
66.94.122.225 - - [31/Dec/2024:09:14:43 -0500] "GET /plugins/iCheck/futurico/futurico.css HTTP/1.1" 200 354 "-" "Mozilla/5.0 (compatible; MJ12bot/v1.4.8; http://mj12bot.com/)"
195.191.219.133 - - [31/Dec/2024:09:14:43 -0500] "GET /documents/8422_vishal/2020/e_may/credit/recycle/?ND HTTP/1.1" 200 577 "-" "Mozilla/5.0 (compatible; MJ12bot/v1.4.8; http://mj12bot.com/)"
65.108.2.171 - - [31/Dec/2024:09:14:43 -0500] "GET /documents/6370_Sanket/2020/c_march/payment/?SA HTTP/1.1" 200 643 "-" "Mozilla/5.0 (compatible; MJ12bot/v1.4.8; http://mj12bot.com/)"
195.191.219.133 - - [31/Dec/2024:09:14:45 -0500] "GET /documents/8422_vishal/2020/e_may/credit/recycle/?SD HTTP/1.1" 200 581 "-" "Mozilla/5.0 (compatible; MJ12bot/v1.4.8; http://mj12bot.com/)"
65.108.2.171 - - [31/Dec/2024:09:14:46 -0500] "GET /documents/6370_Sanket/2020/c_march/payment/?SD HTTP/1.1" 200 643 "-" "Mozilla/5.0 (compatible; MJ12bot/v1.4.8; http://mj12bot.com/)"
195.191.219.133 - - [31/Dec/2024:09:14:46 -0500] "GET /documents/8422_vishal/2020/e_may/debit/recycle/?MA HTTP/1.1" 200 580 "-" "Mozilla/5.0 (compatible; MJ12bot/v1.4.8; http://mj12bot.com/)"
195.191.219.133 - - [31/Dec/2024:09:14:48 -0500] "GET /documents/8422_vishal/2020/e_may/debit/recycle/?MD HTTP/1.1" 200 580 "-" "Mozilla/5.0 (compatible; MJ12bot/v1.4.8; http://mj12bot.com/)"
65.108.2.171 - - [31/Dec/2024:09:14:48 -0500] "GET /documents/6370_Sanket/2020/c_march/payment/recycle/?MA HTTP/1.1" 200 582 "-" "Mozilla/5.0 (compatible; MJ12bot/v1.4.8; http://mj12bot.com/)"
195.191.219.133 - - [31/Dec/2024:09:14:49 -0500] "GET /documents/8422_vishal/2020/e_may/debit/recycle/?NA HTTP/1.1" 200 578 "-" "Mozilla/5.0 (compatible; MJ12bot/v1.4.8; http://mj12bot.com/)"
66.94.122.225 - - [31/Dec/2024:09:14:49 -0500] "GET /plugins/iCheck/line/?MD HTTP/1.1" 200 1149 "-" "Mozilla/5.0 (compatible; MJ12bot/v1.4.8; http://mj12bot.com/)"
65.108.2.171 - - [31/Dec/2024:09:14:50 -0500] "GET /documents/6370_Sanket/2020/c_march/payment/recycle/?ND HTTP/1.1" 200 576 "-" "Mozilla/5.0 (compatible; MJ12bot/v1.4.8; http://mj12bot.com/)"
195.191.219.133 - - [31/Dec/2024:09:14:51 -0500] "GET /documents/8422_vishal/2020/e_may/debit/recycle/?ND HTTP/1.1" 200 574 "-" "Mozilla/5.0 (compatible; MJ12bot/v1.4.8; http://mj12bot.com/)"
195.191.219.133 - - [31/Dec/2024:09:14:52 -0500] "GET /documents/8422_vishal/2020/e_may/debit/recycle/?SA HTTP/1.1" 200 581 "-" "Mozilla/5.0 (compatible; MJ12bot/v1.4.8; http://mj12bot.com/)"
65.108.2.171 - - [31/Dec/2024:09:14:53 -0500] "GET /documents/6370_Sanket/2020/c_march/payment/recycle/?SA HTTP/1.1" 200 583 "-" "Mozilla/5.0 (compatible; MJ12bot/v1.4.8; http://mj12bot.com/)"
195.191.219.133 - - [31/Dec/2024:09:14:54 -0500] "GET /documents/8422_vishal/2020/e_may/debit/recycle/?SD HTTP/1.1" 200 580 "-" "Mozilla/5.0 (compatible; MJ12bot/v1.4.8; http://mj12bot.com/)"
65.108.2.171 - - [31/Dec/2024:09:14:55 -0500] "GET /documents/6370_Sanket/2020/c_march/purchase/?MD HTTP/1.1" 200 646 "-" "Mozilla/5.0 (compatible; MJ12bot/v1.4.8; http://mj12bot.com/)"
195.191.219.133 - - [31/Dec/2024:09:14:55 -0500] "GET /documents/8422_vishal/2020/e_may/journal/recycle/?MA HTTP/1.1" 200 581 "-" "Mozilla/5.0 (compatible; MJ12bot/v1.4.8; http://mj12bot.com/)"
66.94.122.225 - - [31/Dec/2024:09:14:56 -0500] "GET /plugins/iCheck/line/?ND HTTP/1.1" 200 1157 "-" "Mozilla/5.0 (compatible; MJ12bot/v1.4.8; http://mj12bot.com/)"
195.191.219.133 - - [31/Dec/2024:09:14:57 -0500] "GET /documents/8422_vishal/2020/e_may/journal/recycle/?MD HTTP/1.1" 200 581 "-" "Mozilla/5.0 (compatible; MJ12bot/v1.4.8; http://mj12bot.com/)"
65.108.2.171 - - [31/Dec/2024:09:14:57 -0500] "GET /documents/6370_Sanket/2020/c_march/purchase/?ND HTTP/1.1" 200 643 "-" "Mozilla/5.0 (compatible; MJ12bot/v1.4.8; http://mj12bot.com/)"
195.191.219.133 - - [31/Dec/2024:09:14:58 -0500] "GET /documents/8422_vishal/2020/e_may/journal/recycle/?NA HTTP/1.1" 200 576 "-" "Mozilla/5.0 (compatible; MJ12bot/v1.4.8; http://mj12bot.com/)"
65.108.2.171 - - [31/Dec/2024:09:15:00 -0500] "GET /documents/6370_Sanket/2020/c_march/purchase/recycle/?MA HTTP/1.1" 200 582 "-" "Mozilla/5.0 (compatible; MJ12bot/v1.4.8; http://mj12bot.com/)"
195.191.219.133 - - [31/Dec/2024:09:15:00 -0500] "GET /documents/8422_vishal/2020/e_may/journal/recycle/?ND HTTP/1.1" 200 577 "-" "Mozilla/5.0 (compatible; MJ12bot/v1.4.8; http://mj12bot.com/)"
66.94.122.225 - - [31/Dec/2024:09:15:01 -0500] "GET /plugins/iCheck/line/?SA HTTP/1.1" 200 1155 "-" "Mozilla/5.0 (compatible; MJ12bot/v1.4.8; http://mj12bot.com/)"
195.191.219.133 - - [31/Dec/2024:09:15:02 -0500] "GET /documents/8422_vishal/2020/e_may/purchase/?SD HTTP/1.1" 200 646 "-" "Mozilla/5.0 (compatible; MJ12bot/v1.4.8; http://mj12bot.com/)"
65.108.2.171 - - [31/Dec/2024:09:15:02 -0500] "GET /documents/6370_Sanket/2020/c_march/purchase/recycle/?SA HTTP/1.1" 200 581 "-" "Mozilla/5.0 (compatible; MJ12bot/v1.4.8; http://mj12bot.com/)"
195.191.219.133 - - [31/Dec/2024:09:15:03 -0500] "GET /documents/8422_vishal/2020/f_june/bank/?NA HTTP/1.1" 200 640 "-" "Mozilla/5.0 (compatible; MJ12bot/v1.4.8; http://mj12bot.com/)"
65.108.2.171 - - [31/Dec/2024:09:15:05 -0500] "GET /documents/6370_Sanket/2020/c_march/receipt/?ND HTTP/1.1" 200 640 "-" "Mozilla/5.0 (compatible; MJ12bot/v1.4.8; http://mj12bot.com/)"
195.191.219.133 - - [31/Dec/2024:09:15:05 -0500] "GET /documents/8422_vishal/2020/f_june/bank/?SD HTTP/1.1" 200 646 "-" "Mozilla/5.0 (compatible; MJ12bot/v1.4.8; http://mj12bot.com/)"
195.191.219.133 - - [31/Dec/2024:09:15:06 -0500] "GET /documents/8422_vishal/2020/f_june/bank/recycle/?MA HTTP/1.1" 200 580 "-" "Mozilla/5.0 (compatible; MJ12bot/v1.4.8; http://mj12bot.com/)"
66.94.122.225 - - [31/Dec/2024:09:15:06 -0500] "GET /plugins/iCheck/line/?SD HTTP/1.1" 200 1143 "-" "Mozilla/5.0 (compatible; MJ12bot/v1.4.8; http://mj12bot.com/)"
77.75.76.172 - - [31/Dec/2024:09:15:07 -0500] "GET /ftxzg/x2962602.html HTTP/1.1" 500 0 "-" "Mozilla/5.0 (compatible; SeznamBot/4.0; +http://napoveda.seznam.cz/seznambot-intro/)"
65.108.2.171 - - [31/Dec/2024:09:15:07 -0500] "GET /documents/6370_Sanket/2020/c_march/receipt/?SD HTTP/1.1" 200 644 "-" "Mozilla/5.0 (compatible; MJ12bot/v1.4.8; http://mj12bot.com/)"
195.191.219.133 - - [31/Dec/2024:09:15:08 -0500] "GET /documents/8422_vishal/2020/f_june/bank/recycle/?MD HTTP/1.1" 200 580 "-" "Mozilla/5.0 (compatible; MJ12bot/v1.4.8; http://mj12bot.com/)"
65.108.2.171 - - [31/Dec/2024:09:15:09 -0500] "GET /documents/6370_Sanket/2020/c_march/receipt/recycle/?MA HTTP/1.1" 200 583 "-" "Mozilla/5.0 (compatible; MJ12bot/v1.4.8; http://mj12bot.com/)"
195.191.219.133 - - [31/Dec/2024:09:15:09 -0500] "GET /documents/8422_vishal/2020/f_june/bank/recycle/?NA HTTP/1.1" 200 576 "-" "Mozilla/5.0 (compatible; MJ12bot/v1.4.8; http://mj12bot.com/)"
66.94.122.225 - - [31/Dec/2024:09:15:11 -0500] "GET /plugins/iCheck/line/_all.css HTTP/1.1" 200 1543 "-" "Mozilla/5.0 (compatible; MJ12bot/v1.4.8; http://mj12bot.com/)"
195.191.219.133 - - [31/Dec/2024:09:15:11 -0500] "GET /documents/8422_vishal/2020/f_june/bank/recycle/?ND HTTP/1.1" 200 574 "-" "Mozilla/5.0 (compatible; MJ12bot/v1.4.8; http://mj12bot.com/)"
65.108.2.171 - - [31/Dec/2024:09:15:12 -0500] "GET /documents/6370_Sanket/2020/c_march/receipt/recycle/?ND HTTP/1.1" 200 578 "-" "Mozilla/5.0 (compatible; MJ12bot/v1.4.8; http://mj12bot.com/)"
195.191.219.133 - - [31/Dec/2024:09:15:13 -0500] "GET /documents/8422_vishal/2020/f_june/bank/recycle/?SA HTTP/1.1" 200 581 "-" "Mozilla/5.0 (compatible; MJ12bot/v1.4.8; http://mj12bot.com/)"
195.191.219.133 - - [31/Dec/2024:09:15:14 -0500] "GET /documents/8422_vishal/2020/f_june/bank/recycle/?SD HTTP/1.1" 200 581 "-" "Mozilla/5.0 (compatible; MJ12bot/v1.4.8; http://mj12bot.com/)"
66.94.122.225 - - [31/Dec/2024:09:15:14 -0500] "GET /plugins_old/iCheck/line/?MA HTTP/1.1" 200 558 "-" "Mozilla/5.0 (compatible; MJ12bot/v1.4.8; http://mj12bot.com/)"
65.108.2.171 - - [31/Dec/2024:09:15:14 -0500] "GET /documents/6370_Sanket/2020/c_march/receipt/recycle/?SA HTTP/1.1" 200 585 "-" "Mozilla/5.0 (compatible; MJ12bot/v1.4.8; http://mj12bot.com/)"
195.191.219.133 - - [31/Dec/2024:09:15:16 -0500] "GET /documents/8422_vishal/2020/f_june/cheque_reg/?MD HTTP/1.1" 200 650 "-" "Mozilla/5.0 (compatible; MJ12bot/v1.4.8; http://mj12bot.com/)"
65.108.2.171 - - [31/Dec/2024:09:15:17 -0500] "GET /documents/6370_Sanket/2020/c_march/reports/?MD HTTP/1.1" 200 643 "-" "Mozilla/5.0 (compatible; MJ12bot/v1.4.8; http://mj12bot.com/)"
195.191.219.133 - - [31/Dec/2024:09:15:17 -0500] "GET /documents/8422_vishal/2020/f_june/cheque_reg/?NA HTTP/1.1" 200 647 "-" "Mozilla/5.0 (compatible; MJ12bot/v1.4.8; http://mj12bot.com/)"
65.108.2.171 - - [31/Dec/2024:09:15:19 -0500] "GET /documents/6370_Sanket/2020/c_march/reports/?ND HTTP/1.1" 200 639 "-" "Mozilla/5.0 (compatible; MJ12bot/v1.4.8; http://mj12bot.com/)"
195.191.219.133 - - [31/Dec/2024:09:15:19 -0500] "GET /documents/8422_vishal/2020/f_june/cheque_reg/?SD HTTP/1.1" 200 650 "-" "Mozilla/5.0 (compatible; MJ12bot/v1.4.8; http://mj12bot.com/)"
66.94.122.225 - - [31/Dec/2024:09:15:20 -0500] "GET /plugins_old/iCheck/line/?MD HTTP/1.1" 200 558 "-" "Mozilla/5.0 (compatible; MJ12bot/v1.4.8; http://mj12bot.com/)"
91.246.41.166 - - [31/Dec/2024:09:15:20 -0500] "GET / HTTP/1.1" 500 0 "-" "Mozilla/5.0 (Windows NT 10.0; Win64; x64) AppleWebKit/537.36 (KHTML, like Gecko) Chrome/120.0.0.0 Safari/537.36"
195.191.219.133 - - [31/Dec/2024:09:15:21 -0500] "GET /documents/8422_vishal/2020/f_june/cheque_reg/recycle/?MD HTTP/1.1" 200 584 "-" "Mozilla/5.0 (compatible; MJ12bot/v1.4.8; http://mj12bot.com/)"
65.108.2.171 - - [31/Dec/2024:09:15:21 -0500] "GET /documents/6370_Sanket/2020/c_march/reports/?SD HTTP/1.1" 200 644 "-" "Mozilla/5.0 (compatible; MJ12bot/v1.4.8; http://mj12bot.com/)"
195.191.219.133 - - [31/Dec/2024:09:15:22 -0500] "GET /documents/8422_vishal/2020/f_june/cheque_reg/recycle/?NA HTTP/1.1" 200 581 "-" "Mozilla/5.0 (compatible; MJ12bot/v1.4.8; http://mj12bot.com/)"
65.108.2.171 - - [31/Dec/2024:09:15:24 -0500] "GET /documents/6370_Sanket/2020/c_march/reports/recycle/?MA HTTP/1.1" 200 583 "-" "Mozilla/5.0 (compatible; MJ12bot/v1.4.8; http://mj12bot.com/)"
195.191.219.133 - - [31/Dec/2024:09:15:24 -0500] "GET /documents/8422_vishal/2020/f_june/cheque_reg/recycle/?ND HTTP/1.1" 200 579 "-" "Mozilla/5.0 (compatible; MJ12bot/v1.4.8; http://mj12bot.com/)"
195.191.219.133 - - [31/Dec/2024:09:15:26 -0500] "GET /documents/8422_vishal/2020/f_june/cheque_reg/recycle/?SA HTTP/1.1" 200 586 "-" "Mozilla/5.0 (compatible; MJ12bot/v1.4.8; http://mj12bot.com/)"
65.108.2.171 - - [31/Dec/2024:09:15:26 -0500] "GET /documents/6370_Sanket/2020/c_march/reports/recycle/?ND HTTP/1.1" 200 577 "-" "Mozilla/5.0 (compatible; MJ12bot/v1.4.8; http://mj12bot.com/)"
66.94.122.225 - - [31/Dec/2024:09:15:26 -0500] "GET /system/language/?SD HTTP/1.1" 200 678 "-" "Mozilla/5.0 (compatible; MJ12bot/v1.4.8; http://mj12bot.com/)"
195.191.219.133 - - [31/Dec/2024:09:15:27 -0500] "GET /documents/8422_vishal/2020/f_june/cheque_reg/recycle/?SD HTTP/1.1" 200 585 "-" "Mozilla/5.0 (compatible; MJ12bot/v1.4.8; http://mj12bot.com/)"
65.108.2.171 - - [31/Dec/2024:09:15:28 -0500] "GET /documents/6370_Sanket/2020/c_march/reports/recycle/?SA HTTP/1.1" 200 584 "-" "Mozilla/5.0 (compatible; MJ12bot/v1.4.8; http://mj12bot.com/)"
195.191.219.133 - - [31/Dec/2024:09:15:29 -0500] "GET /documents/8422_vishal/2020/f_june/contra/?MD HTTP/1.1" 200 646 "-" "Mozilla/5.0 (compatible; MJ12bot/v1.4.8; http://mj12bot.com/)"
65.108.2.171 - - [31/Dec/2024:09:15:31 -0500] "GET /documents/6370_Sanket/2020/c_march/sales/?MD HTTP/1.1" 200 646 "-" "Mozilla/5.0 (compatible; MJ12bot/v1.4.8; http://mj12bot.com/)"
195.191.219.133 - - [31/Dec/2024:09:15:31 -0500] "GET /documents/8422_vishal/2020/f_june/contra/?SD HTTP/1.1" 200 646 "-" "Mozilla/5.0 (compatible; MJ12bot/v1.4.8; http://mj12bot.com/)"
66.94.122.225 - - [31/Dec/2024:09:15:32 -0500] "GET /webapp/profile/?MD HTTP/1.1" 200 880 "-" "Mozilla/5.0 (compatible; MJ12bot/v1.4.8; http://mj12bot.com/)"
195.191.219.133 - - [31/Dec/2024:09:15:32 -0500] "GET /documents/8422_vishal/2020/f_june/contra/recycle/?MD HTTP/1.1" 200 582 "-" "Mozilla/5.0 (compatible; MJ12bot/v1.4.8; http://mj12bot.com/)"
65.108.2.171 - - [31/Dec/2024:09:15:33 -0500] "GET /documents/6370_Sanket/2020/c_march/sales/?SD HTTP/1.1" 200 647 "-" "Mozilla/5.0 (compatible; MJ12bot/v1.4.8; http://mj12bot.com/)"
195.191.219.133 - - [31/Dec/2024:09:15:34 -0500] "GET /documents/8422_vishal/2020/f_june/contra/recycle/?ND HTTP/1.1" 200 577 "-" "Mozilla/5.0 (compatible; MJ12bot/v1.4.8; http://mj12bot.com/)"
65.108.2.171 - - [31/Dec/2024:09:15:35 -0500] "GET /documents/6370_Sanket/2020/c_march/sales/recycle/?MA HTTP/1.1" 200 581 "-" "Mozilla/5.0 (compatible; MJ12bot/v1.4.8; http://mj12bot.com/)"
195.191.219.133 - - [31/Dec/2024:09:15:35 -0500] "GET /documents/8422_vishal/2020/f_june/contra/recycle/?SD HTTP/1.1" 200 582 "-" "Mozilla/5.0 (compatible; MJ12bot/v1.4.8; http://mj12bot.com/)"
195.191.219.133 - - [31/Dec/2024:09:15:37 -0500] "GET /documents/8422_vishal/2020/f_june/credit/?MD HTTP/1.1" 200 645 "-" "Mozilla/5.0 (compatible; MJ12bot/v1.4.8; http://mj12bot.com/)"
65.108.2.171 - - [31/Dec/2024:09:15:38 -0500] "GET /documents/6370_Sanket/2020/c_march/sales/recycle/?ND HTTP/1.1" 200 577 "-" "Mozilla/5.0 (compatible; MJ12bot/v1.4.8; http://mj12bot.com/)"
195.191.219.133 - - [31/Dec/2024:09:15:39 -0500] "GET /documents/8422_vishal/2020/f_june/credit/?SD HTTP/1.1" 200 646 "-" "Mozilla/5.0 (compatible; MJ12bot/v1.4.8; http://mj12bot.com/)"
65.108.2.171 - - [31/Dec/2024:09:15:40 -0500] "GET /documents/6370_Sanket/2020/c_march/sales/recycle/?SA HTTP/1.1" 200 582 "-" "Mozilla/5.0 (compatible; MJ12bot/v1.4.8; http://mj12bot.com/)"
195.191.219.133 - - [31/Dec/2024:09:15:40 -0500] "GET /documents/8422_vishal/2020/f_june/credit/recycle/?MA HTTP/1.1" 200 581 "-" "Mozilla/5.0 (compatible; MJ12bot/v1.4.8; http://mj12bot.com/)"
195.191.219.133 - - [31/Dec/2024:09:15:42 -0500] "GET /documents/8422_vishal/2020/f_june/credit/recycle/?MD HTTP/1.1" 200 581 "-" "Mozilla/5.0 (compatible; MJ12bot/v1.4.8; http://mj12bot.com/)"
65.108.2.171 - - [31/Dec/2024:09:15:42 -0500] "GET /documents/6370_Sanket/2020/d_april/?MD HTTP/1.1" 200 1125 "-" "Mozilla/5.0 (compatible; MJ12bot/v1.4.8; http://mj12bot.com/)"
195.191.219.133 - - [31/Dec/2024:09:15:43 -0500] "GET /documents/8422_vishal/2020/f_june/credit/recycle/?NA HTTP/1.1" 200 577 "-" "Mozilla/5.0 (compatible; MJ12bot/v1.4.8; http://mj12bot.com/)"
65.108.2.171 - - [31/Dec/2024:09:15:44 -0500] "GET /documents/6370_Sanket/2020/d_april/?NA HTTP/1.1" 200 1123 "-" "Mozilla/5.0 (compatible; MJ12bot/v1.4.8; http://mj12bot.com/)"
195.191.219.133 - - [31/Dec/2024:09:15:45 -0500] "GET /documents/8422_vishal/2020/f_june/credit/recycle/?SD HTTP/1.1" 200 581 "-" "Mozilla/5.0 (compatible; MJ12bot/v1.4.8; http://mj12bot.com/)"
195.191.219.133 - - [31/Dec/2024:09:15:46 -0500] "GET /documents/8422_vishal/2020/f_june/debit/?NA HTTP/1.1" 200 639 "-" "Mozilla/5.0 (compatible; MJ12bot/v1.4.8; http://mj12bot.com/)"
65.108.2.171 - - [31/Dec/2024:09:15:47 -0500] "GET /documents/6370_Sanket/2020/d_april/?SD HTTP/1.1" 200 1122 "-" "Mozilla/5.0 (compatible; MJ12bot/v1.4.8; http://mj12bot.com/)"
195.191.219.133 - - [31/Dec/2024:09:15:48 -0500] "GET /documents/8422_vishal/2020/f_june/debit/?SD HTTP/1.1" 200 645 "-" "Mozilla/5.0 (compatible; MJ12bot/v1.4.8; http://mj12bot.com/)"
65.108.2.171 - - [31/Dec/2024:09:15:49 -0500] "GET /documents/6370_Sanket/2020/d_april/bank/?MA HTTP/1.1" 200 645 "-" "Mozilla/5.0 (compatible; MJ12bot/v1.4.8; http://mj12bot.com/)"
195.191.219.133 - - [31/Dec/2024:09:15:50 -0500] "GET /documents/8422_vishal/2020/f_june/debit/recycle/?MA HTTP/1.1" 200 582 "-" "Mozilla/5.0 (compatible; MJ12bot/v1.4.8; http://mj12bot.com/)"
195.191.219.133 - - [31/Dec/2024:09:15:51 -0500] "GET /documents/8422_vishal/2020/f_june/debit/recycle/?MD HTTP/1.1" 200 583 "-" "Mozilla/5.0 (compatible; MJ12bot/v1.4.8; http://mj12bot.com/)"
65.108.2.171 - - [31/Dec/2024:09:15:51 -0500] "GET /documents/6370_Sanket/2020/d_april/bank/?MD HTTP/1.1" 200 646 "-" "Mozilla/5.0 (compatible; MJ12bot/v1.4.8; http://mj12bot.com/)"
195.191.219.133 - - [31/Dec/2024:09:15:53 -0500] "GET /documents/8422_vishal/2020/f_june/debit/recycle/?NA HTTP/1.1" 200 577 "-" "Mozilla/5.0 (compatible; MJ12bot/v1.4.8; http://mj12bot.com/)"
65.108.2.171 - - [31/Dec/2024:09:15:54 -0500] "GET /documents/6370_Sanket/2020/d_april/bank/?NA HTTP/1.1" 200 640 "-" "Mozilla/5.0 (compatible; MJ12bot/v1.4.8; http://mj12bot.com/)"
216.244.66.236 - - [31/Dec/2024:09:15:54 -0500] "GET /application/third_party/Classes/PHPExcel/locale/sv/?MA HTTP/1.1" 200 2007 "-" "Mozilla/5.0 (compatible; DotBot/1.2; +https://opensiteexplorer.org/dotbot; help@moz.com)"
195.191.219.133 - - [31/Dec/2024:09:15:54 -0500] "GET /documents/8422_vishal/2020/f_june/debit/recycle/?SA HTTP/1.1" 200 581 "-" "Mozilla/5.0 (compatible; MJ12bot/v1.4.8; http://mj12bot.com/)"
65.108.2.171 - - [31/Dec/2024:09:15:56 -0500] "GET /documents/6370_Sanket/2020/d_april/bank/?ND HTTP/1.1" 200 641 "-" "Mozilla/5.0 (compatible; MJ12bot/v1.4.8; http://mj12bot.com/)"
195.191.219.133 - - [31/Dec/2024:09:15:56 -0500] "GET /documents/8422_vishal/2020/f_june/debit/recycle/?SD HTTP/1.1" 200 581 "-" "Mozilla/5.0 (compatible; MJ12bot/v1.4.8; http://mj12bot.com/)"
195.191.219.133 - - [31/Dec/2024:09:15:58 -0500] "GET /documents/8422_vishal/2020/f_june/journal/?MD HTTP/1.1" 200 645 "-" "Mozilla/5.0 (compatible; MJ12bot/v1.4.8; http://mj12bot.com/)"
65.108.2.171 - - [31/Dec/2024:09:15:59 -0500] "GET /documents/6370_Sanket/2020/d_april/bank/?SA HTTP/1.1" 200 646 "-" "Mozilla/5.0 (compatible; MJ12bot/v1.4.8; http://mj12bot.com/)"
195.191.219.133 - - [31/Dec/2024:09:15:59 -0500] "GET /documents/8422_vishal/2020/f_june/journal/?NA HTTP/1.1" 200 640 "-" "Mozilla/5.0 (compatible; MJ12bot/v1.4.8; http://mj12bot.com/)"
65.108.2.171 - - [31/Dec/2024:09:16:01 -0500] "GET /documents/6370_Sanket/2020/d_april/bank/?SD HTTP/1.1" 200 647 "-" "Mozilla/5.0 (compatible; MJ12bot/v1.4.8; http://mj12bot.com/)"
195.191.219.133 - - [31/Dec/2024:09:16:01 -0500] "GET /documents/8422_vishal/2020/f_june/journal/?SD HTTP/1.1" 200 645 "-" "Mozilla/5.0 (compatible; MJ12bot/v1.4.8; http://mj12bot.com/)"
195.191.219.133 - - [31/Dec/2024:09:16:03 -0500] "GET /documents/8422_vishal/2020/f_june/journal/recycle/?MA HTTP/1.1" 200 581 "-" "Mozilla/5.0 (compatible; MJ12bot/v1.4.8; http://mj12bot.com/)"
65.108.2.171 - - [31/Dec/2024:09:16:03 -0500] "GET /documents/6370_Sanket/2020/d_april/bank/recycle/?MA HTTP/1.1" 200 584 "-" "Mozilla/5.0 (compatible; MJ12bot/v1.4.8; http://mj12bot.com/)"
195.191.219.133 - - [31/Dec/2024:09:16:04 -0500] "GET /documents/8422_vishal/2020/f_june/journal/recycle/?MD HTTP/1.1" 200 582 "-" "Mozilla/5.0 (compatible; MJ12bot/v1.4.8; http://mj12bot.com/)"
65.108.2.171 - - [31/Dec/2024:09:16:06 -0500] "GET /documents/6370_Sanket/2020/d_april/bank/recycle/?ND HTTP/1.1" 200 578 "-" "Mozilla/5.0 (compatible; MJ12bot/v1.4.8; http://mj12bot.com/)"
195.191.219.133 - - [31/Dec/2024:09:16:06 -0500] "GET /documents/8422_vishal/2020/f_june/journal/recycle/?NA HTTP/1.1" 200 575 "-" "Mozilla/5.0 (compatible; MJ12bot/v1.4.8; http://mj12bot.com/)"
195.191.219.133 - - [31/Dec/2024:09:16:08 -0500] "GET /documents/8422_vishal/2020/f_june/journal/recycle/?ND HTTP/1.1" 200 577 "-" "Mozilla/5.0 (compatible; MJ12bot/v1.4.8; http://mj12bot.com/)"
65.108.2.171 - - [31/Dec/2024:09:16:08 -0500] "GET /documents/6370_Sanket/2020/d_april/bank/recycle/?SA HTTP/1.1" 200 582 "-" "Mozilla/5.0 (compatible; MJ12bot/v1.4.8; http://mj12bot.com/)"
195.191.219.133 - - [31/Dec/2024:09:16:09 -0500] "GET /documents/8422_vishal/2020/f_june/journal/recycle/?SA HTTP/1.1" 200 581 "-" "Mozilla/5.0 (compatible; MJ12bot/v1.4.8; http://mj12bot.com/)"
65.108.2.171 - - [31/Dec/2024:09:16:10 -0500] "GET /documents/6370_Sanket/2020/d_april/cheque_reg/?MD HTTP/1.1" 200 649 "-" "Mozilla/5.0 (compatible; MJ12bot/v1.4.8; http://mj12bot.com/)"
195.191.219.133 - - [31/Dec/2024:09:16:11 -0500] "GET /documents/8422_vishal/2020/f_june/journal/recycle/?SD HTTP/1.1" 200 581 "-" "Mozilla/5.0 (compatible; MJ12bot/v1.4.8; http://mj12bot.com/)"
195.191.219.133 - - [31/Dec/2024:09:16:12 -0500] "GET /documents/8422_vishal/2020/f_june/others/?MD HTTP/1.1" 200 645 "-" "Mozilla/5.0 (compatible; MJ12bot/v1.4.8; http://mj12bot.com/)"
