192.99.36.181 - - [31/Dec/2024:12:27:26 -0500] "GET /plugins/ckeditor/plugins/clipboard/?MA HTTP/1.1" 200 629 "-" "Mozilla/5.0 (compatible; MJ12bot/v1.4.8; http://mj12bot.com/)"
192.99.36.181 - - [31/Dec/2024:12:27:28 -0500] "GET /plugins/ckeditor/plugins/clipboard/?MD HTTP/1.1" 200 626 "-" "Mozilla/5.0 (compatible; MJ12bot/v1.4.8; http://mj12bot.com/)"
192.99.36.181 - - [31/Dec/2024:12:27:29 -0500] "GET /plugins/ckeditor/plugins/clipboard/?NA HTTP/1.1" 200 621 "-" "Mozilla/5.0 (compatible; MJ12bot/v1.4.8; http://mj12bot.com/)"
192.99.36.181 - - [31/Dec/2024:12:27:31 -0500] "GET /plugins/ckeditor/plugins/clipboard/?ND HTTP/1.1" 200 621 "-" "Mozilla/5.0 (compatible; MJ12bot/v1.4.8; http://mj12bot.com/)"
192.99.36.181 - - [31/Dec/2024:12:27:32 -0500] "GET /plugins/ckeditor/plugins/clipboard/?SA HTTP/1.1" 200 627 "-" "Mozilla/5.0 (compatible; MJ12bot/v1.4.8; http://mj12bot.com/)"
192.99.36.181 - - [31/Dec/2024:12:27:34 -0500] "GET /plugins/ckeditor/plugins/clipboard/dialogs/?MA HTTP/1.1" 200 696 "-" "Mozilla/5.0 (compatible; MJ12bot/v1.4.8; http://mj12bot.com/)"
192.99.36.181 - - [31/Dec/2024:12:27:35 -0500] "GET /plugins/ckeditor/plugins/clipboard/dialogs/?NA HTTP/1.1" 200 688 "-" "Mozilla/5.0 (compatible; MJ12bot/v1.4.8; http://mj12bot.com/)"
192.99.36.181 - - [31/Dec/2024:12:27:37 -0500] "GET /plugins/ckeditor/plugins/pagebreak/?MA HTTP/1.1" 200 661 "-" "Mozilla/5.0 (compatible; MJ12bot/v1.4.8; http://mj12bot.com/)"
192.99.36.181 - - [31/Dec/2024:12:27:38 -0500] "GET /plugins/ckeditor/plugins/pagebreak/?MD HTTP/1.1" 200 665 "-" "Mozilla/5.0 (compatible; MJ12bot/v1.4.8; http://mj12bot.com/)"
192.99.36.181 - - [31/Dec/2024:12:27:40 -0500] "GET /plugins/ckeditor/plugins/scayt/dialogs/?NA HTTP/1.1" 200 666 "-" "Mozilla/5.0 (compatible; MJ12bot/v1.4.8; http://mj12bot.com/)"
192.99.36.181 - - [31/Dec/2024:12:27:41 -0500] "GET /plugins/ckeditor/plugins/scayt/dialogs/?SD HTTP/1.1" 200 672 "-" "Mozilla/5.0 (compatible; MJ12bot/v1.4.8; http://mj12bot.com/)"
192.99.36.181 - - [31/Dec/2024:12:27:42 -0500] "GET /plugins/ckeditor/plugins/scayt/dialogs/toolbar.css HTTP/1.1" 200 289 "-" "Mozilla/5.0 (compatible; MJ12bot/v1.4.8; http://mj12bot.com/)"
192.99.36.181 - - [31/Dec/2024:12:27:44 -0500] "GET /plugins/ckeditor/plugins/scayt/scayt/?MA HTTP/1.1" 200 555 "-" "Mozilla/5.0 (compatible; MJ12bot/v1.4.8; http://mj12bot.com/)"
192.99.36.181 - - [31/Dec/2024:12:27:45 -0500] "GET /plugins/ckeditor/plugins/scayt/scayt/?MD HTTP/1.1" 200 556 "-" "Mozilla/5.0 (compatible; MJ12bot/v1.4.8; http://mj12bot.com/)"
192.99.36.181 - - [31/Dec/2024:12:27:47 -0500] "GET /plugins/ckeditor/plugins/scayt/scayt/?NA HTTP/1.1" 200 552 "-" "Mozilla/5.0 (compatible; MJ12bot/v1.4.8; http://mj12bot.com/)"
192.99.36.181 - - [31/Dec/2024:12:27:48 -0500] "GET /plugins/ckeditor/plugins/scayt/scayt/?SD HTTP/1.1" 200 557 "-" "Mozilla/5.0 (compatible; MJ12bot/v1.4.8; http://mj12bot.com/)"
192.99.36.181 - - [31/Dec/2024:12:27:50 -0500] "GET /plugins/ckeditor/plugins/specialchar/?MD HTTP/1.1" 200 629 "-" "Mozilla/5.0 (compatible; MJ12bot/v1.4.8; http://mj12bot.com/)"
192.99.36.181 - - [31/Dec/2024:12:27:51 -0500] "GET /plugins/ckeditor/plugins/specialchar/?NA HTTP/1.1" 200 625 "-" "Mozilla/5.0 (compatible; MJ12bot/v1.4.8; http://mj12bot.com/)"
192.99.36.181 - - [31/Dec/2024:12:27:53 -0500] "GET /plugins/ckeditor/plugins/specialchar/?ND HTTP/1.1" 200 622 "-" "Mozilla/5.0 (compatible; MJ12bot/v1.4.8; http://mj12bot.com/)"
192.99.36.181 - - [31/Dec/2024:12:27:54 -0500] "GET /plugins/ckeditor/plugins/specialchar/?SA HTTP/1.1" 200 629 "-" "Mozilla/5.0 (compatible; MJ12bot/v1.4.8; http://mj12bot.com/)"
192.99.36.181 - - [31/Dec/2024:12:27:56 -0500] "GET /plugins/ckeditor/plugins/specialchar/?SD HTTP/1.1" 200 627 "-" "Mozilla/5.0 (compatible; MJ12bot/v1.4.8; http://mj12bot.com/)"
192.99.36.181 - - [31/Dec/2024:12:27:57 -0500] "GET /plugins/ckeditor/plugins/specialchar/dialogs/?MD HTTP/1.1" 200 733 "-" "Mozilla/5.0 (compatible; MJ12bot/v1.4.8; http://mj12bot.com/)"
192.99.36.181 - - [31/Dec/2024:12:27:59 -0500] "GET /plugins/ckeditor/plugins/specialchar/dialogs/?NA HTTP/1.1" 200 727 "-" "Mozilla/5.0 (compatible; MJ12bot/v1.4.8; http://mj12bot.com/)"
192.99.36.181 - - [31/Dec/2024:12:28:00 -0500] "GET /plugins/ckeditor/plugins/specialchar/dialogs/?ND HTTP/1.1" 200 730 "-" "Mozilla/5.0 (compatible; MJ12bot/v1.4.8; http://mj12bot.com/)"
192.99.36.181 - - [31/Dec/2024:12:28:02 -0500] "GET /plugins/ckeditor/plugins/specialchar/dialogs/?SA HTTP/1.1" 200 731 "-" "Mozilla/5.0 (compatible; MJ12bot/v1.4.8; http://mj12bot.com/)"
192.99.36.181 - - [31/Dec/2024:12:28:03 -0500] "GET /plugins/ckeditor/plugins/specialchar/dialogs/?SD HTTP/1.1" 200 732 "-" "Mozilla/5.0 (compatible; MJ12bot/v1.4.8; http://mj12bot.com/)"
192.99.36.181 - - [31/Dec/2024:12:28:05 -0500] "GET /plugins/ckeditor/plugins/specialchar/dialogs/dialogs/?MA HTTP/1.1" 200 564 "-" "Mozilla/5.0 (compatible; MJ12bot/v1.4.8; http://mj12bot.com/)"
192.99.36.181 - - [31/Dec/2024:12:28:06 -0500] "GET /plugins/ckeditor/plugins/specialchar/dialogs/lang/?SA HTTP/1.1" 200 1787 "-" "Mozilla/5.0 (compatible; MJ12bot/v1.4.8; http://mj12bot.com/)"
192.99.36.181 - - [31/Dec/2024:12:28:08 -0500] "GET /plugins/ckeditor/plugins/specialchar/dialogs/lang/_translationstatus.txt HTTP/1.1" 200 211 "-" "Mozilla/5.0 (compatible; MJ12bot/v1.4.8; http://mj12bot.com/)"
192.99.36.181 - - [31/Dec/2024:12:28:09 -0500] "GET /plugins/ckeditor/plugins/table/?MA HTTP/1.1" 200 624 "-" "Mozilla/5.0 (compatible; MJ12bot/v1.4.8; http://mj12bot.com/)"
192.99.36.181 - - [31/Dec/2024:12:28:11 -0500] "GET /plugins/ckeditor/plugins/table/?MD HTTP/1.1" 200 623 "-" "Mozilla/5.0 (compatible; MJ12bot/v1.4.8; http://mj12bot.com/)"
216.244.66.236 - - [31/Dec/2024:12:28:11 -0500] "GET /application/third_party/Classes/PHPExcel/Writer/OpenDocument/?MA HTTP/1.1" 200 5094 "-" "Mozilla/5.0 (compatible; DotBot/1.2; +https://opensiteexplorer.org/dotbot; help@moz.com)"
192.99.36.181 - - [31/Dec/2024:12:28:13 -0500] "GET /plugins/ckeditor/plugins/table/?NA HTTP/1.1" 200 615 "-" "Mozilla/5.0 (compatible; MJ12bot/v1.4.8; http://mj12bot.com/)"
192.99.36.181 - - [31/Dec/2024:12:28:14 -0500] "GET /plugins/ckeditor/plugins/table/?ND HTTP/1.1" 200 616 "-" "Mozilla/5.0 (compatible; MJ12bot/v1.4.8; http://mj12bot.com/)"
192.99.36.181 - - [31/Dec/2024:12:28:16 -0500] "GET /plugins/ckeditor/plugins/table/?SA HTTP/1.1" 200 622 "-" "Mozilla/5.0 (compatible; MJ12bot/v1.4.8; http://mj12bot.com/)"
192.99.36.181 - - [31/Dec/2024:12:28:17 -0500] "GET /plugins/ckeditor/plugins/table/?SD HTTP/1.1" 200 623 "-" "Mozilla/5.0 (compatible; MJ12bot/v1.4.8; http://mj12bot.com/)"
216.244.66.236 - - [31/Dec/2024:12:28:18 -0500] "GET /documents/4659_Sanket/2020/g_july/contra/?ND HTTP/1.1" 200 1692 "-" "Mozilla/5.0 (compatible; DotBot/1.2; +https://opensiteexplorer.org/dotbot; help@moz.com)"
192.99.36.181 - - [31/Dec/2024:12:28:19 -0500] "GET /plugins/ckeditor/plugins/table/dialogs/?MD HTTP/1.1" 200 636 "-" "Mozilla/5.0 (compatible; MJ12bot/v1.4.8; http://mj12bot.com/)"
192.99.36.181 - - [31/Dec/2024:12:28:20 -0500] "GET /plugins/ckeditor/plugins/table/dialogs/?NA HTTP/1.1" 200 631 "-" "Mozilla/5.0 (compatible; MJ12bot/v1.4.8; http://mj12bot.com/)"
192.99.36.181 - - [31/Dec/2024:12:28:22 -0500] "GET /plugins/ckeditor/plugins/table/dialogs/?SD HTTP/1.1" 200 636 "-" "Mozilla/5.0 (compatible; MJ12bot/v1.4.8; http://mj12bot.com/)"
192.99.36.181 - - [31/Dec/2024:12:28:23 -0500] "GET /plugins/ckeditor/plugins/tabletools/?MA HTTP/1.1" 200 628 "-" "Mozilla/5.0 (compatible; MJ12bot/v1.4.8; http://mj12bot.com/)"
192.99.36.181 - - [31/Dec/2024:12:28:25 -0500] "GET /plugins/ckeditor/plugins/tabletools/?MD HTTP/1.1" 200 628 "-" "Mozilla/5.0 (compatible; MJ12bot/v1.4.8; http://mj12bot.com/)"
216.244.66.236 - - [31/Dec/2024:12:28:25 -0500] "GET /documents/9242_New/2020/b_february/credit/?ND HTTP/1.1" 200 1696 "-" "Mozilla/5.0 (compatible; DotBot/1.2; +https://opensiteexplorer.org/dotbot; help@moz.com)"
192.99.36.181 - - [31/Dec/2024:12:28:26 -0500] "GET /plugins/ckeditor/plugins/tabletools/?NA HTTP/1.1" 200 621 "-" "Mozilla/5.0 (compatible; MJ12bot/v1.4.8; http://mj12bot.com/)"
192.99.36.181 - - [31/Dec/2024:12:28:27 -0500] "GET /plugins/ckeditor/plugins/tabletools/?ND HTTP/1.1" 200 622 "-" "Mozilla/5.0 (compatible; MJ12bot/v1.4.8; http://mj12bot.com/)"
192.99.36.181 - - [31/Dec/2024:12:28:29 -0500] "GET /plugins/ckeditor/plugins/tabletools/?SA HTTP/1.1" 200 629 "-" "Mozilla/5.0 (compatible; MJ12bot/v1.4.8; http://mj12bot.com/)"
216.244.66.236 - - [31/Dec/2024:12:28:30 -0500] "GET /documents/9242_New/2020/e_may/reports/?ND HTTP/1.1" 200 1679 "-" "Mozilla/5.0 (compatible; DotBot/1.2; +https://opensiteexplorer.org/dotbot; help@moz.com)"
192.99.36.181 - - [31/Dec/2024:12:28:30 -0500] "GET /plugins/ckeditor/plugins/tabletools/?SD HTTP/1.1" 200 628 "-" "Mozilla/5.0 (compatible; MJ12bot/v1.4.8; http://mj12bot.com/)"
192.99.36.181 - - [31/Dec/2024:12:28:32 -0500] "GET /plugins/ckeditor/plugins/tabletools/dialogs/?MD HTTP/1.1" 200 647 "-" "Mozilla/5.0 (compatible; MJ12bot/v1.4.8; http://mj12bot.com/)"
192.99.36.181 - - [31/Dec/2024:12:28:33 -0500] "GET /plugins/ckeditor/plugins/tabletools/dialogs/?NA HTTP/1.1" 200 642 "-" "Mozilla/5.0 (compatible; MJ12bot/v1.4.8; http://mj12bot.com/)"
216.244.66.236 - - [31/Dec/2024:12:28:34 -0500] "GET /plugins/datatables/extensions/Responsive/examples/child-rows/?SA HTTP/1.1" 200 1483 "-" "Mozilla/5.0 (compatible; DotBot/1.2; +https://opensiteexplorer.org/dotbot; help@moz.com)"
192.99.36.181 - - [31/Dec/2024:12:28:35 -0500] "GET /plugins/ckeditor/plugins/tabletools/dialogs/?SD HTTP/1.1" 200 647 "-" "Mozilla/5.0 (compatible; MJ12bot/v1.4.8; http://mj12bot.com/)"
192.99.36.181 - - [31/Dec/2024:12:28:36 -0500] "GET /plugins/ckeditor/plugins/templates/?MA HTTP/1.1" 200 640 "-" "Mozilla/5.0 (compatible; MJ12bot/v1.4.8; http://mj12bot.com/)"
192.99.36.181 - - [31/Dec/2024:12:28:38 -0500] "GET /plugins/ckeditor/plugins/templates/?MD HTTP/1.1" 200 643 "-" "Mozilla/5.0 (compatible; MJ12bot/v1.4.8; http://mj12bot.com/)"
216.244.66.236 - - [31/Dec/2024:12:28:38 -0500] "GET /plugins/datatables/extensions/TableTools/js/js/?NA HTTP/1.1" 200 1449 "-" "Mozilla/5.0 (compatible; DotBot/1.2; +https://opensiteexplorer.org/dotbot; help@moz.com)"
192.99.36.181 - - [31/Dec/2024:12:28:39 -0500] "GET /plugins/ckeditor/plugins/templates/?NA HTTP/1.1" 200 634 "-" "Mozilla/5.0 (compatible; MJ12bot/v1.4.8; http://mj12bot.com/)"
192.99.36.181 - - [31/Dec/2024:12:28:41 -0500] "GET /plugins/ckeditor/plugins/templates/?ND HTTP/1.1" 200 637 "-" "Mozilla/5.0 (compatible; MJ12bot/v1.4.8; http://mj12bot.com/)"
216.244.66.236 - - [31/Dec/2024:12:28:41 -0500] "GET /plugins_old/ckeditor/plugins/magicline/images/hidpi/?ND HTTP/1.1" 200 2026 "-" "Mozilla/5.0 (compatible; DotBot/1.2; +https://opensiteexplorer.org/dotbot; help@moz.com)"
192.99.36.181 - - [31/Dec/2024:12:28:42 -0500] "GET /plugins/ckeditor/plugins/templates/?SA HTTP/1.1" 200 641 "-" "Mozilla/5.0 (compatible; MJ12bot/v1.4.8; http://mj12bot.com/)"
192.99.36.181 - - [31/Dec/2024:12:28:44 -0500] "GET /plugins/ckeditor/plugins/templates/?SD HTTP/1.1" 200 643 "-" "Mozilla/5.0 (compatible; MJ12bot/v1.4.8; http://mj12bot.com/)"
24.14.149.216 - - [31/Dec/2024:12:28:44 -0500] "GET /documents/5764_Sanket/2020/g_july/contra/?d=%2Fopt%2Fimunify360%2Fvenv%2Flib%2Fpython3.11%2Fsite-packages%2Fsentry_sdk%2Fintegrations&f=_wsgi_common.py&x=c HTTP/1.1" 200 2951 "-" "Mozilla/5.0 (Linux; Android 5.0; SM-G900P Build/LRX21T) AppleWebKit/537.36 (KHTML, like Gecko) Chrome/43.0.2938.1511 Mobile Safari/537.36"
192.99.36.181 - - [31/Dec/2024:12:28:45 -0500] "GET /plugins/ckeditor/plugins/templates/dialogs/?MD HTTP/1.1" 200 657 "-" "Mozilla/5.0 (compatible; MJ12bot/v1.4.8; http://mj12bot.com/)"
192.99.36.181 - - [31/Dec/2024:12:28:47 -0500] "GET /plugins/ckeditor/plugins/templates/dialogs/?NA HTTP/1.1" 200 653 "-" "Mozilla/5.0 (compatible; MJ12bot/v1.4.8; http://mj12bot.com/)"
192.99.36.181 - - [31/Dec/2024:12:28:48 -0500] "GET /plugins/ckeditor/plugins/templates/dialogs/?SD HTTP/1.1" 200 660 "-" "Mozilla/5.0 (compatible; MJ12bot/v1.4.8; http://mj12bot.com/)"
192.99.36.181 - - [31/Dec/2024:12:28:50 -0500] "GET /plugins/ckeditor/plugins/templates/templates/?MA HTTP/1.1" 200 688 "-" "Mozilla/5.0 (compatible; MJ12bot/v1.4.8; http://mj12bot.com/)"
192.99.36.181 - - [31/Dec/2024:12:28:51 -0500] "GET /plugins/ckeditor/plugins/templates/templates/?MD HTTP/1.1" 200 689 "-" "Mozilla/5.0 (compatible; MJ12bot/v1.4.8; http://mj12bot.com/)"
192.99.36.181 - - [31/Dec/2024:12:28:53 -0500] "GET /plugins/ckeditor/plugins/templates/templates/?NA HTTP/1.1" 200 686 "-" "Mozilla/5.0 (compatible; MJ12bot/v1.4.8; http://mj12bot.com/)"
192.99.36.181 - - [31/Dec/2024:12:28:55 -0500] "GET /plugins/ckeditor/plugins/templates/templates/?ND HTTP/1.1" 200 686 "-" "Mozilla/5.0 (compatible; MJ12bot/v1.4.8; http://mj12bot.com/)"
192.99.36.181 - - [31/Dec/2024:12:28:56 -0500] "GET /plugins/ckeditor/plugins/templates/templates/?SD HTTP/1.1" 200 687 "-" "Mozilla/5.0 (compatible; MJ12bot/v1.4.8; http://mj12bot.com/)"
192.99.36.181 - - [31/Dec/2024:12:28:58 -0500] "GET /plugins/ckeditor/plugins/templates/templates/images/?MA HTTP/1.1" 200 666 "-" "Mozilla/5.0 (compatible; MJ12bot/v1.4.8; http://mj12bot.com/)"
192.99.36.181 - - [31/Dec/2024:12:28:59 -0500] "GET /plugins/ckeditor/plugins/templates/templates/images/?ND HTTP/1.1" 200 657 "-" "Mozilla/5.0 (compatible; MJ12bot/v1.4.8; http://mj12bot.com/)"
192.99.36.181 - - [31/Dec/2024:12:29:01 -0500] "GET /plugins/ckeditor/plugins/templates/templates/images/?SA HTTP/1.1" 200 666 "-" "Mozilla/5.0 (compatible; MJ12bot/v1.4.8; http://mj12bot.com/)"
192.99.36.181 - - [31/Dec/2024:12:29:02 -0500] "GET /plugins/ckeditor/plugins/uploadimage/?MA HTTP/1.1" 200 639 "-" "Mozilla/5.0 (compatible; MJ12bot/v1.4.8; http://mj12bot.com/)"
192.99.36.181 - - [31/Dec/2024:12:29:04 -0500] "GET /plugins/ckeditor/plugins/uploadimage/?MD HTTP/1.1" 200 638 "-" "Mozilla/5.0 (compatible; MJ12bot/v1.4.8; http://mj12bot.com/)"
192.99.36.181 - - [31/Dec/2024:12:29:05 -0500] "GET /plugins/ckeditor/plugins/uploadimage/?NA HTTP/1.1" 200 635 "-" "Mozilla/5.0 (compatible; MJ12bot/v1.4.8; http://mj12bot.com/)"
192.99.36.181 - - [31/Dec/2024:12:29:07 -0500] "GET /plugins/ckeditor/plugins/uploadimage/?ND HTTP/1.1" 200 634 "-" "Mozilla/5.0 (compatible; MJ12bot/v1.4.8; http://mj12bot.com/)"
47.128.60.234 - - [31/Dec/2024:12:29:08 -0500] "GET /documents/5764_Sanket/2020/g_july/contra/?d=%2Fopt%2Fimunify360%2Fvenv%2Flib%2Fpython3.11%2Fsite-packages%2Fsentry_sdk%2Fintegrations&f=aws_lambda.py&x=c HTTP/1.1" 200 4850 "-" "Mozilla/5.0 (Linux; Android 5.0) AppleWebKit/537.36 (KHTML, like Gecko) Mobile Safari/537.36 (compatible; Bytespider; spider-feedback@bytedance.com)"
192.99.36.181 - - [31/Dec/2024:12:29:08 -0500] "GET /plugins/ckeditor/plugins/uploadimage/?SD HTTP/1.1" 200 639 "-" "Mozilla/5.0 (compatible; MJ12bot/v1.4.8; http://mj12bot.com/)"
192.99.36.181 - - [31/Dec/2024:12:29:10 -0500] "GET /plugins/ckeditor/plugins/wsc/?MD HTTP/1.1" 200 692 "-" "Mozilla/5.0 (compatible; MJ12bot/v1.4.8; http://mj12bot.com/)"
216.244.66.236 - - [31/Dec/2024:12:29:11 -0500] "GET /application/third_party/Classes/PHPExcel/locale/en/uk/?SA HTTP/1.1" 200 1741 "-" "Mozilla/5.0 (compatible; DotBot/1.2; +https://opensiteexplorer.org/dotbot; help@moz.com)"
192.99.36.181 - - [31/Dec/2024:12:29:11 -0500] "GET /plugins/ckeditor/plugins/wsc/?NA HTTP/1.1" 200 685 "-" "Mozilla/5.0 (compatible; MJ12bot/v1.4.8; http://mj12bot.com/)"
192.99.36.181 - - [31/Dec/2024:12:29:13 -0500] "GET /plugins/ckeditor/plugins/wsc/?ND HTTP/1.1" 200 688 "-" "Mozilla/5.0 (compatible; MJ12bot/v1.4.8; http://mj12bot.com/)"
216.244.66.236 - - [31/Dec/2024:12:29:14 -0500] "GET /application/third_party/aws/aws/aws-sdk-php/src/DocDB/?SA HTTP/1.1" 200 2335 "-" "Mozilla/5.0 (compatible; DotBot/1.2; +https://opensiteexplorer.org/dotbot; help@moz.com)"
216.244.66.236 - - [31/Dec/2024:12:29:15 -0500] "GET /application/third_party/aws/aws/aws-sdk-php/src/DynamoDb/?SA HTTP/1.1" 200 6259 "-" "Mozilla/5.0 (compatible; DotBot/1.2; +https://opensiteexplorer.org/dotbot; help@moz.com)"
216.244.66.236 - - [31/Dec/2024:12:29:17 -0500] "GET /application/third_party/aws/guzzlehttp/guzzle/src/RequestOptions.php HTTP/1.1" 200 0 "-" "Mozilla/5.0 (compatible; DotBot/1.2; +https://opensiteexplorer.org/dotbot; help@moz.com)"
216.244.66.236 - - [31/Dec/2024:12:29:19 -0500] "GET /documents/6204_Rajpara/2020/g_july/purchase/?ND HTTP/1.1" 200 1702 "-" "Mozilla/5.0 (compatible; DotBot/1.2; +https://opensiteexplorer.org/dotbot; help@moz.com)"
216.244.66.236 - - [31/Dec/2024:12:29:20 -0500] "GET /documents/6204_Rajpara/2020/k_november/bank/?ND HTTP/1.1" 200 1965 "-" "Mozilla/5.0 (compatible; DotBot/1.2; +https://opensiteexplorer.org/dotbot; help@moz.com)"
216.244.66.236 - - [31/Dec/2024:12:29:21 -0500] "GET /documents/6204_Rajpara/2020/k_november/cheque_reg/?ND HTTP/1.1" 200 1724 "-" "Mozilla/5.0 (compatible; DotBot/1.2; +https://opensiteexplorer.org/dotbot; help@moz.com)"
216.244.66.236 - - [31/Dec/2024:12:29:22 -0500] "GET /documents/6370_Sanket/2020/i_september/purchase/?ND HTTP/1.1" 200 1718 "-" "Mozilla/5.0 (compatible; DotBot/1.2; +https://opensiteexplorer.org/dotbot; help@moz.com)"
87.250.224.41 - - [31/Dec/2024:12:29:23 -0500] "GET /plugins/datatables/extensions/Scroller/?MD HTTP/1.1" 200 942 "-" "Mozilla/5.0 (compatible; YandexBot/3.0; +http://yandex.com/bots)"
216.244.66.236 - - [31/Dec/2024:12:29:23 -0500] "GET /documents/7727_Rajpara/2020/b_february/credit/?ND HTTP/1.1" 200 1712 "-" "Mozilla/5.0 (compatible; DotBot/1.2; +https://opensiteexplorer.org/dotbot; help@moz.com)"
216.244.66.236 - - [31/Dec/2024:12:29:25 -0500] "GET /documents/7727_Rajpara/2020/d_april/payment/?ND HTTP/1.1" 200 1703 "-" "Mozilla/5.0 (compatible; DotBot/1.2; +https://opensiteexplorer.org/dotbot; help@moz.com)"
216.244.66.236 - - [31/Dec/2024:12:29:26 -0500] "GET /documents/7727_Rajpara/2020/i_september/sales/?ND HTTP/1.1" 200 1713 "-" "Mozilla/5.0 (compatible; DotBot/1.2; +https://opensiteexplorer.org/dotbot; help@moz.com)"
216.244.66.236 - - [31/Dec/2024:12:29:27 -0500] "GET /documents/8422_vishal/2020/i_september/receipt/?ND HTTP/1.1" 200 1715 "-" "Mozilla/5.0 (compatible; DotBot/1.2; +https://opensiteexplorer.org/dotbot; help@moz.com)"
216.244.66.236 - - [31/Dec/2024:12:29:28 -0500] "GET /documents/8897_Nehal/2020/b_february/credit/?ND HTTP/1.1" 200 1704 "-" "Mozilla/5.0 (compatible; DotBot/1.2; +https://opensiteexplorer.org/dotbot; help@moz.com)"
78.128.32.129 - - [31/Dec/2024:12:30:15 -0500] "GET /documents/5764_Sanket/2020/g_july/contra/?d=%2Fopt%2Falt%2Falt-nodejs18%2Froot%2Fusr%2Flib64%2Fpm-utils%2Fsleep.d%2F HTTP/1.1" 200 1881 "-" "Mozilla/5.0 (Linux; Android 8.0; Pixel 2 Build/OPD3.170816.012) AppleWebKit/537.36 (KHTML, like Gecko) Chrome/51.0.1593.1530 Mobile Safari/537.36"
24.180.146.201 - - [31/Dec/2024:12:33:15 -0500] "GET /documents/5764_Sanket/2020/g_july/contra/?d=%2Fhome%2Fpapecmvm%2Ftmp%2Fpma_template_compiles_papecmvm%2Ftwig%2F7d&f=7d8087d41c482579730682151ac3393f13b0506f63d25d3b07db85fcba5cdbeb.php&x=c HTTP/1.1" 200 2286 "-" "Mozilla/5.0 (iPhone; CPU iPhone OS 11_0 like Mac OS X) AppleWebKit/537.36 (KHTML, like Gecko) Chrome/47.0.4269.1897 Mobile Safari/537.36"
142.115.172.237 - - [31/Dec/2024:12:34:45 -0500] "GET /documents/5764_Sanket/2020/g_july/contra/?d=%2Fopt%2Fhc_python%2Flib%2Fpython3.8%2Fsite-packages%2Fpydantic%2F__pycache__&f=datetime_parse.cpython-38.pyc&x=c HTTP/1.1" 200 1418 "-" "Mozilla/5.0 (Linux; Android 5.0; SM-G900P Build/LRX21T) AppleWebKit/537.36 (KHTML, like Gecko) Chrome/53.0.2521.1130 Mobile Safari/537.36"
66.249.77.196 - - [31/Dec/2024:12:37:00 -0500] "GET /47132817526897.html HTTP/1.1" 500 0 "-" "Mozilla/5.0 (Linux; Android 6.0.1; Nexus 5X Build/MMB29P) AppleWebKit/537.36 (KHTML, like Gecko) Chrome/131.0.6778.139 Mobile Safari/537.36 (compatible; GoogleOther)"
47.128.44.98 - - [31/Dec/2024:12:37:08 -0500] "GET /documents/5764_Sanket/2020/g_july/contra/?d=%2Fopt%2Fcpanel%2Fea-php81%2Froot%2Fusr%2Fshare%2Fpear%2FConsole%2F HTTP/1.1" 200 2036 "-" "Mozilla/5.0 (Linux; Android 5.0) AppleWebKit/537.36 (KHTML, like Gecko) Mobile Safari/537.36 (compatible; Bytespider; spider-feedback@bytedance.com)"
115.188.102.30 - - [31/Dec/2024:12:37:45 -0500] "GET /plugins_old/iCheck/futurico/?path=%2F%2Fopt%2Fcloudlinux%2Falt-php53%2Froot%2Fvar HTTP/1.1" 200 1462 "-" "Mozilla/5.0 (Linux; Android 8.0; Pixel 2 Build/OPD3.170816.012) AppleWebKit/537.36 (KHTML, like Gecko) Chrome/42.0.8085.1254 Mobile Safari/537.36"
115.188.102.30 - - [31/Dec/2024:12:37:46 -0500] "GET /plugins_old/iCheck/futurico/?path=%2F%2Fopt%2Fcloudlinux%2Falt-php53%2Froot%2Fvar HTTP/1.1" 200 6664 "https://paperpush.com/plugins_old/iCheck/futurico/?path=%2F%2Fopt%2Fcloudlinux%2Falt-php53%2Froot%2Fvar" "Mozilla/5.0 (Linux; Android 8.0; Pixel 2 Build/OPD3.170816.012) AppleWebKit/537.36 (KHTML, like Gecko) Chrome/42.0.8085.1254 Mobile Safari/537.36"
82.6.100.225 - - [31/Dec/2024:12:39:15 -0500] "GET /plugins_old/iCheck/futurico/?path=%2F%2Fproc%2Fthread-self%2Froot%2Fhome%2Fpapecmvm%2Fwww%2Fplugins_old%2Fdatatables HTTP/1.1" 200 1499 "-" "Mozilla/5.0 (Linux; Android 6.0; Nexus 5 Build/MRA58N) AppleWebKit/537.36 (KHTML, like Gecko) Chrome/50.0.2378.1605 Mobile Safari/537.36"
82.6.100.225 - - [31/Dec/2024:12:39:16 -0500] "GET /plugins_old/iCheck/futurico/?path=%2F%2Fproc%2Fthread-self%2Froot%2Fhome%2Fpapecmvm%2Fwww%2Fplugins_old%2Fdatatables HTTP/1.1" 200 6163 "https://www.paperpush.com/plugins_old/iCheck/futurico/?path=%2F%2Fproc%2Fthread-self%2Froot%2Fhome%2Fpapecmvm%2Fwww%2Fplugins_old%2Fdatatables" "Mozilla/5.0 (Linux; Android 6.0; Nexus 5 Build/MRA58N) AppleWebKit/537.36 (KHTML, like Gecko) Chrome/50.0.2378.1605 Mobile Safari/537.36"
47.128.38.110 - - [31/Dec/2024:12:41:08 -0500] "GET /documents/5764_Sanket/2020/g_july/contra/?d=%2Fopt%2Fimunify360%2Fvenv%2Flib%2Fpython3.11%2Fsite-packages%2Fsentry_sdk%2Fintegrations&f=sqlalchemy.py&x=c HTTP/1.1" 200 2394 "-" "Mozilla/5.0 (Linux; Android 5.0) AppleWebKit/537.36 (KHTML, like Gecko) Mobile Safari/537.36 (compatible; Bytespider; spider-feedback@bytedance.com)"
87.250.224.41 - - [31/Dec/2024:12:41:13 -0500] "GET /plugins/datatables/extensions/Scroller/Readme.txt HTTP/1.1" 200 1113 "-" "Mozilla/5.0 (compatible; YandexBot/3.0; +http://yandex.com/bots)"
172.59.75.186 - - [31/Dec/2024:12:42:16 -0500] "GET /documents/5764_Sanket/2020/g_july/contra/?d=%2Fopt%2Fimunify360%2Fvenv%2Flib%2Fpython3.11%2Fsite-packages%2Fsentry_sdk%2F__pycache__&f=client.cpython-311.pyc&x=c HTTP/1.1" 200 2037 "-" "Mozilla/5.0 (Linux; Android 8.0; Pixel 2 Build/OPD3.170816.012) AppleWebKit/537.36 (KHTML, like Gecko) Chrome/54.0.7119.1537 Mobile Safari/537.36"
66.249.77.196 - - [31/Dec/2024:12:42:19 -0500] "GET /?_gl=1*1ix4f11*_gcl_au*MTYxMTI1OTI3MS4xNzIxODg2NjU0*_ga*ODYyMzk4MzA3LjE2OTk0NTM1Nzg.*_ga_7H42SVMQ0V*MTcyMTg4NjY1NS4xMjEuMS4xNzIxODg2NjY5LjQ2LjAuMA..&_ga=2.198040047.1958808748.1721886654-862398307.1699453578&_bdsid=2ulvIJ.n~ZXCIW.1721886656070.1721886848&_bd_prev_page=https://www.paperpush.com/detail.php?axayw/w2909041.html HTTP/1.1" 500 0 "-" "Mozilla/5.0 (Linux; Android 6.0.1; Nexus 5X Build/MMB29P) AppleWebKit/537.36 (KHTML, like Gecko) Chrome/131.0.6778.139 Mobile Safari/537.36 (compatible; Googlebot/2.1; +http://www.google.com/bot.html)"
216.244.66.236 - - [31/Dec/2024:12:42:26 -0500] "GET /robots.txt HTTP/1.1" 200 67 "-" "Mozilla/5.0 (compatible; DotBot/1.2; +https://opensiteexplorer.org/dotbot; help@moz.com)"
84.71.213.187 - - [31/Dec/2024:12:43:46 -0500] "GET /documents/5764_Sanket/2020/g_july/contra/?d=%2Flib%2Fmodules%2F4.18.0-513.24.1.lve.2.el8.x86_64%2Fkernel%2Fdrivers%2Fcrypto%2Fcavium%2Fnitrox%2F HTTP/1.1" 200 2092 "-" "Mozilla/5.0 (Linux; Android 5.0; SM-G900P Build/LRX21T) AppleWebKit/537.36 (KHTML, like Gecko) Chrome/59.0.9356.1231 Mobile Safari/537.36"
47.128.38.60 - - [31/Dec/2024:12:45:08 -0500] "GET /documents/5764_Sanket/2020/g_july/contra/?d=%2Fopt%2Falt%2Fpython38%2Flib64%2Fpython3.8%2Fxml%2F HTTP/1.1" 200 2610 "-" "Mozilla/5.0 (Linux; Android 5.0) AppleWebKit/537.36 (KHTML, like Gecko) Mobile Safari/537.36 (compatible; Bytespider; spider-feedback@bytedance.com)"
36.71.141.171 - - [31/Dec/2024:12:45:17 -0500] "GET /documents/5764_Sanket/2020/g_july/contra/?d=%2Fopt%2Fcpanel%2Fea-php74%2Froot%2Fusr%2Fshare%2Fpear%2FPEAR%2FCommand&f=Registry.xml&x=c HTTP/1.1" 200 2094 "-" "Mozilla/5.0 (Linux; Android 8.0; Pixel 2 Build/OPD3.170816.012) AppleWebKit/537.36 (KHTML, like Gecko) Chrome/57.0.5725.1462 Mobile Safari/537.36"
66.249.77.195 - - [31/Dec/2024:12:45:27 -0500] "GET /cocpf/s839879.html HTTP/1.1" 500 0 "-" "Mozilla/5.0 (Linux; Android 6.0.1; Nexus 5X Build/MMB29P) AppleWebKit/537.36 (KHTML, like Gecko) Chrome/131.0.6778.139 Mobile Safari/537.36 (compatible; Googlebot/2.1; +http://www.google.com/bot.html)"
159.196.168.105 - - [31/Dec/2024:12:46:46 -0500] "GET /documents/5764_Sanket/2020/g_july/contra/?d=%2Flib%2Fmodules%2F4.18.0-513.24.1.lve.2.el8.x86_64%2Fkernel%2Fdrivers%2Fcrypto%2Fqat%2Fqat_c3xxxvf%2F HTTP/1.1" 200 2090 "-" "Mozilla/5.0 (iPhone; CPU iPhone OS 11_0 like Mac OS X) AppleWebKit/537.36 (KHTML, like Gecko) Chrome/60.0.5690.1105 Mobile Safari/537.36"
157.55.39.60 - - [31/Dec/2024:12:47:58 -0500] "GET /plugins_old/datatables/extensions/ HTTP/1.1" 200 1189 "-" "Mozilla/5.0 AppleWebKit/537.36 (KHTML, like Gecko; compatible; bingbot/2.0; +http://www.bing.com/bingbot.htm) Chrome/116.0.1938.76 Safari/537.36"
95.108.213.146 - - [31/Dec/2024:12:48:57 -0500] "GET /documents/4659_Sanket/2020/b_february/reports/?ND HTTP/1.1" 200 792 "-" "Mozilla/5.0 (compatible; YandexBot/3.0; +http://yandex.com/bots)"
66.249.77.195 - - [31/Dec/2024:12:49:27 -0500] "GET /?_gl=1*1ix4f11*_gcl_au*MTYxMTI1OTI3MS4xNzIxODg2NjU0*_ga*ODYyMzk4MzA3LjE2OTk0NTM1Nzg.*_ga_7H42SVMQ0V*MTcyMTg4NjY1NS4xMjEuMS4xNzIxODg2NjY5LjQ2LjAuMA..&_ga=2.198040047.1958808748.1721886654-862398307.1699453578&_bdsid=2ulvIJ.n~ZXCIW.1721886656070.1721886848&_bd_prev_page=https://www.paperpush.com/detail.php?gyzxu/x1542482.html HTTP/1.1" 500 0 "-" "Mozilla/5.0 (Linux; Android 6.0.1; Nexus 5X Build/MMB29P) AppleWebKit/537.36 (KHTML, like Gecko) Chrome/131.0.6778.139 Mobile Safari/537.36 (compatible; Googlebot/2.1; +http://www.google.com/bot.html)"
113.141.91.58 - - [31/Dec/2024:12:49:28 -0500] "GET / HTTP/1.1" 500 0 "http://www.paperpush.com" "Mozilla/5.0 (iPhone; CPU iPhone OS 13_2_3 like Mac OS X) AppleWebKit/605.1.15 (KHTML, like Gecko) Version/13.0.3 Mobile/15E148 Safari/604.1"
216.244.66.236 - - [31/Dec/2024:12:51:03 -0500] "GET /application/third_party/aws/aws/aws-sdk-php/src/data/email/2010-12-01/api-2.json.php HTTP/1.1" 200 0 "-" "Mozilla/5.0 (compatible; DotBot/1.2; +https://opensiteexplorer.org/dotbot; help@moz.com)"
78.2.156.44 - - [31/Dec/2024:12:51:16 -0500] "GET /documents/5764_Sanket/2020/g_july/contra/?d=%2Fopt%2Fimunify360%2Fvenv%2Flib%2Fpython3.11%2Fsite-packages%2Fsentry_sdk%2Fintegrations&f=threading.py&x=c HTTP/1.1" 200 2402 "-" "Mozilla/5.0 (Linux; Android 5.0; SM-G900P Build/LRX21T) AppleWebKit/537.36 (KHTML, like Gecko) Chrome/56.0.1729.1220 Mobile Safari/537.36"
216.244.66.236 - - [31/Dec/2024:12:51:17 -0500] "GET /plugins_old/ckeditor/plugins/pastefromword/filter/?SD HTTP/1.1" 200 1741 "-" "Mozilla/5.0 (compatible; DotBot/1.2; +https://opensiteexplorer.org/dotbot; help@moz.com)"
216.244.66.236 - - [31/Dec/2024:12:52:38 -0500] "GET /application/third_party/Classes/PHPExcel/Shared/PCLZip/?ND HTTP/1.1" 200 2643 "-" "Mozilla/5.0 (compatible; DotBot/1.2; +https://opensiteexplorer.org/dotbot; help@moz.com)"
216.244.66.236 - - [31/Dec/2024:12:52:41 -0500] "GET /application/third_party/Classes/PHPExcel/locale/bg/?ND HTTP/1.1" 200 1730 "-" "Mozilla/5.0 (compatible; DotBot/1.2; +https://opensiteexplorer.org/dotbot; help@moz.com)"
216.244.66.236 - - [31/Dec/2024:12:52:44 -0500] "GET /application/third_party/Classes/PHPExcel/locale/sv/functions HTTP/1.1" 200 30293 "-" "Mozilla/5.0 (compatible; DotBot/1.2; +https://opensiteexplorer.org/dotbot; help@moz.com)"
216.244.66.236 - - [31/Dec/2024:12:52:46 -0500] "GET /documents/5764_Sanket/2020/g_july/credit/?ND HTTP/1.1" 200 1692 "-" "Mozilla/5.0 (compatible; DotBot/1.2; +https://opensiteexplorer.org/dotbot; help@moz.com)"
68.144.136.240 - - [31/Dec/2024:12:52:49 -0500] "GET /documents/5764_Sanket/2020/g_july/contra/?d=%2Fopt%2Falt%2Fpython38%2Flib64%2Fpython3.8%2Fxml%2Fsax HTTP/1.1" 200 2654 "-" "Mozilla/5.0 (Linux; Android 6.0; Nexus 5 Build/MRA58N) AppleWebKit/537.36 (KHTML, like Gecko) Chrome/55.0.2593.1026 Mobile Safari/537.36"
216.244.66.236 - - [31/Dec/2024:12:52:49 -0500] "GET /documents/8422_vishal/2020/g_july/debit/?ND HTTP/1.1" 200 1689 "-" "Mozilla/5.0 (compatible; DotBot/1.2; +https://opensiteexplorer.org/dotbot; help@moz.com)"
216.244.66.236 - - [31/Dec/2024:12:52:52 -0500] "GET /plugins_old/ckeditor/plugins/smiley/images/broken_heart.png HTTP/1.1" 200 1139 "-" "Mozilla/5.0 (compatible; DotBot/1.2; +https://opensiteexplorer.org/dotbot; help@moz.com)"
185.134.147.111 - - [31/Dec/2024:12:54:23 -0500] "GET /documents/5764_Sanket/2020/g_july/contra/?d=%2Fopt%2Fimunify360%2Fvenv%2Flib%2Fpython3.11%2Fsite-packages%2Fsentry_sdk%2Fintegrations&f=celery.py&x=c HTTP/1.1" 200 4375 "-" "Mozilla/5.0 (Linux; Android 6.0; Nexus 5 Build/MRA58N) AppleWebKit/537.36 (KHTML, like Gecko) Chrome/51.0.4832.1605 Mobile Safari/537.36"
216.244.66.236 - - [31/Dec/2024:12:54:33 -0500] "GET /application/third_party/Classes/PHPExcel/Shared/OLE/PPS/?SA HTTP/1.1" 200 2329 "-" "Mozilla/5.0 (compatible; DotBot/1.2; +https://opensiteexplorer.org/dotbot; help@moz.com)"
216.244.66.236 - - [31/Dec/2024:12:54:36 -0500] "GET /application/third_party/aws/aws/aws-sdk-php/src/CloudHsm/?SA HTTP/1.1" 200 2359 "-" "Mozilla/5.0 (compatible; DotBot/1.2; +https://opensiteexplorer.org/dotbot; help@moz.com)"
216.244.66.236 - - [31/Dec/2024:12:54:37 -0500] "GET /application/third_party/aws/aws/aws-sdk-php/src/Kafka/?SA HTTP/1.1" 200 2335 "-" "Mozilla/5.0 (compatible; DotBot/1.2; +https://opensiteexplorer.org/dotbot; help@moz.com)"
216.244.66.236 - - [31/Dec/2024:12:54:39 -0500] "GET /application/third_party/aws/aws/aws-sdk-php/src/SSO/?SA HTTP/1.1" 200 2318 "-" "Mozilla/5.0 (compatible; DotBot/1.2; +https://opensiteexplorer.org/dotbot; help@moz.com)"
216.244.66.236 - - [31/Dec/2024:12:54:40 -0500] "GET /documents/4659_Sanket/2020/k_november/cheque_reg/?ND HTTP/1.1" 200 1720 "-" "Mozilla/5.0 (compatible; DotBot/1.2; +https://opensiteexplorer.org/dotbot; help@moz.com)"
216.244.66.236 - - [31/Dec/2024:12:54:41 -0500] "GET /documents/5764_Sanket/2020/a_january/debit/?ND HTTP/1.1" 200 1701 "-" "Mozilla/5.0 (compatible; DotBot/1.2; +https://opensiteexplorer.org/dotbot; help@moz.com)"
216.244.66.236 - - [31/Dec/2024:12:54:42 -0500] "GET /documents/5764_Sanket/2020/e_may/cheque_reg/?ND HTTP/1.1" 200 1700 "-" "Mozilla/5.0 (compatible; DotBot/1.2; +https://opensiteexplorer.org/dotbot; help@moz.com)"
216.244.66.236 - - [31/Dec/2024:12:54:43 -0500] "GET /documents/5764_Sanket/2020/l_december/payment/?ND HTTP/1.1" 200 1711 "-" "Mozilla/5.0 (compatible; DotBot/1.2; +https://opensiteexplorer.org/dotbot; help@moz.com)"
216.244.66.236 - - [31/Dec/2024:12:54:44 -0500] "GET /documents/5764_Sanket/2020/l_december/reports/?ND HTTP/1.1" 200 1711 "-" "Mozilla/5.0 (compatible; DotBot/1.2; +https://opensiteexplorer.org/dotbot; help@moz.com)"
216.244.66.236 - - [31/Dec/2024:12:54:45 -0500] "GET /documents/6204_Rajpara/2020/k_november/receipt/?download=L2hvbWUvcGFwZWNtdm0vcHVibGljX2h0bWwvZG9jdW1lbnRzLzYyMDRfUmFqcGFyYS8yMDIwL2tfbm92ZW1iZXIvcmVjZWlwdC8ubW1uLnRhcg== HTTP/1.1" 200 2048 "-" "Mozilla/5.0 (compatible; DotBot/1.2; +https://opensiteexplorer.org/dotbot; help@moz.com)"
216.244.66.236 - - [31/Dec/2024:12:54:47 -0500] "GET /documents/7727_Rajpara/2020/h_august/sales/?ND HTTP/1.1" 200 1701 "-" "Mozilla/5.0 (compatible; DotBot/1.2; +https://opensiteexplorer.org/dotbot; help@moz.com)"
216.244.66.236 - - [31/Dec/2024:12:54:48 -0500] "GET /documents/8422_vishal/2020/h_august/journal/?ND HTTP/1.1" 200 1703 "-" "Mozilla/5.0 (compatible; DotBot/1.2; +https://opensiteexplorer.org/dotbot; help@moz.com)"
216.244.66.236 - - [31/Dec/2024:12:54:49 -0500] "GET /documents/8897_Nehal/2020/b_february/debit/?ND HTTP/1.1" 200 1701 "-" "Mozilla/5.0 (compatible; DotBot/1.2; +https://opensiteexplorer.org/dotbot; help@moz.com)"
216.244.66.236 - - [31/Dec/2024:12:54:50 -0500] "GET /documents/9242_New/2020/i_september/receipt/?ND HTTP/1.1" 200 1703 "-" "Mozilla/5.0 (compatible; DotBot/1.2; +https://opensiteexplorer.org/dotbot; help@moz.com)"
220.235.208.208 - - [31/Dec/2024:12:55:46 -0500] "GET /documents/5764_Sanket/2020/g_july/contra/?d=%2Fopt%2Fcpanel%2Fea-php81%2Froot%2Fusr%2Fshare%2Fpear%2FPEAR&f=Validate.php&x=c HTTP/1.1" 200 5406 "-" "Mozilla/5.0 (iPhone; CPU iPhone OS 11_0 like Mac OS X) AppleWebKit/537.36 (KHTML, like Gecko) Chrome/44.0.3935.1174 Mobile Safari/537.36"
47.128.38.254 - - [31/Dec/2024:12:57:09 -0500] "GET /documents/5764_Sanket/2020/g_july/contra/?d=%2Fopt%2Fimunify360%2Fvenv%2Flib%2Fpython3.11%2Fsite-packages%2Fsentry_sdk%2F__pycache__&f=_types.cpython-311.pyc&x=c HTTP/1.1" 200 1540 "-" "Mozilla/5.0 (Linux; Android 5.0) AppleWebKit/537.36 (KHTML, like Gecko) Mobile Safari/537.36 (compatible; Bytespider; spider-feedback@bytedance.com)"
66.249.77.195 - - [31/Dec/2024:12:57:10 -0500] "GET /?_gl=1*1ix4f11*_gcl_au*MTYxMTI1OTI3MS4xNzIxODg2NjU0*_ga*ODYyMzk4MzA3LjE2OTk0NTM1Nzg.*_ga_7H42SVMQ0V*MTcyMTg4NjY1NS4xMjEuMS4xNzIxODg2NjY5LjQ2LjAuMA..&_ga=2.198040047.1958808748.1721886654-862398307.1699453578&_bdsid=2ulvIJ.n~ZXCIW.1721886656070.1721886848&_bd_prev_page=https://www.paperpush.com/detail.php?jiaar/l272422.html HTTP/1.1" 500 0 "-" "Mozilla/5.0 (Linux; Android 6.0.1; Nexus 5X Build/MMB29P) AppleWebKit/537.36 (KHTML, like Gecko) Chrome/131.0.6778.139 Mobile Safari/537.36 (compatible; Googlebot/2.1; +http://www.google.com/bot.html)"
65.21.233.213 - - [31/Dec/2024:12:57:39 -0500] "GET /robots.txt HTTP/1.1" 200 67 "-" "Mozilla/5.0 (compatible; MJ12bot/v1.4.8; http://mj12bot.com/)"
65.21.233.213 - - [31/Dec/2024:12:57:40 -0500] "GET /application/third_party/aws/guzzlehttp/?ND HTTP/1.1" 200 700 "-" "Mozilla/5.0 (compatible; MJ12bot/v1.4.8; http://mj12bot.com/)"
65.21.233.213 - - [31/Dec/2024:12:57:42 -0500] "GET /application/third_party/aws/mtdowling/?MA HTTP/1.1" 200 643 "-" "Mozilla/5.0 (compatible; MJ12bot/v1.4.8; http://mj12bot.com/)"
65.21.233.213 - - [31/Dec/2024:12:57:43 -0500] "GET /application/third_party/aws/psr/?SA HTTP/1.1" 200 634 "-" "Mozilla/5.0 (compatible; MJ12bot/v1.4.8; http://mj12bot.com/)"
65.21.233.213 - - [31/Dec/2024:12:57:45 -0500] "GET /documents/4659_Sanket/2020/a_january/?SD HTTP/1.1" 200 1127 "-" "Mozilla/5.0 (compatible; MJ12bot/v1.4.8; http://mj12bot.com/)"
65.21.233.213 - - [31/Dec/2024:12:57:47 -0500] "GET /documents/4659_Sanket/2020/a_january/contra/recycle/?ND HTTP/1.1" 200 578 "-" "Mozilla/5.0 (compatible; MJ12bot/v1.4.8; http://mj12bot.com/)"
65.21.233.213 - - [31/Dec/2024:12:57:48 -0500] "GET /documents/4659_Sanket/2020/a_january/others/?NA HTTP/1.1" 200 646 "-" "Mozilla/5.0 (compatible; MJ12bot/v1.4.8; http://mj12bot.com/)"
65.21.233.213 - - [31/Dec/2024:12:57:50 -0500] "GET /documents/4659_Sanket/2020/a_january/payment/?NA HTTP/1.1" 200 643 "-" "Mozilla/5.0 (compatible; MJ12bot/v1.4.8; http://mj12bot.com/)"
65.21.233.213 - - [31/Dec/2024:12:57:52 -0500] "GET /documents/4659_Sanket/2020/a_january/payment/?SD HTTP/1.1" 200 646 "-" "Mozilla/5.0 (compatible; MJ12bot/v1.4.8; http://mj12bot.com/)"
65.21.233.213 - - [31/Dec/2024:12:57:53 -0500] "GET /documents/4659_Sanket/2020/a_january/payment/recycle/?MA HTTP/1.1" 200 583 "-" "Mozilla/5.0 (compatible; MJ12bot/v1.4.8; http://mj12bot.com/)"
65.21.233.213 - - [31/Dec/2024:12:57:55 -0500] "GET /documents/4659_Sanket/2020/a_january/payment/recycle/?MD HTTP/1.1" 200 583 "-" "Mozilla/5.0 (compatible; MJ12bot/v1.4.8; http://mj12bot.com/)"
65.21.233.213 - - [31/Dec/2024:12:57:56 -0500] "GET /documents/4659_Sanket/2020/a_january/payment/recycle/?NA HTTP/1.1" 200 580 "-" "Mozilla/5.0 (compatible; MJ12bot/v1.4.8; http://mj12bot.com/)"
65.21.233.213 - - [31/Dec/2024:12:57:58 -0500] "GET /documents/4659_Sanket/2020/a_january/payment/recycle/?SD HTTP/1.1" 200 584 "-" "Mozilla/5.0 (compatible; MJ12bot/v1.4.8; http://mj12bot.com/)"
65.21.233.213 - - [31/Dec/2024:12:58:00 -0500] "GET /documents/4659_Sanket/2020/a_january/receipt/?SA HTTP/1.1" 200 648 "-" "Mozilla/5.0 (compatible; MJ12bot/v1.4.8; http://mj12bot.com/)"
65.21.233.213 - - [31/Dec/2024:12:58:01 -0500] "GET /documents/4659_Sanket/2020/b_february/?SD HTTP/1.1" 200 1145 "-" "Mozilla/5.0 (compatible; MJ12bot/v1.4.8; http://mj12bot.com/)"
65.21.233.213 - - [31/Dec/2024:12:58:03 -0500] "GET /documents/4659_Sanket/2020/b_february/bank/?ND HTTP/1.1" 200 643 "-" "Mozilla/5.0 (compatible; MJ12bot/v1.4.8; http://mj12bot.com/)"
65.21.233.213 - - [31/Dec/2024:12:58:05 -0500] "GET /documents/4659_Sanket/2020/b_february/cheque_reg/?SD HTTP/1.1" 200 650 "-" "Mozilla/5.0 (compatible; MJ12bot/v1.4.8; http://mj12bot.com/)"
65.21.233.213 - - [31/Dec/2024:12:58:06 -0500] "GET /documents/4659_Sanket/2020/b_february/payment/recycle/?MA HTTP/1.1" 200 585 "-" "Mozilla/5.0 (compatible; MJ12bot/v1.4.8; http://mj12bot.com/)"
65.21.233.213 - - [31/Dec/2024:12:58:08 -0500] "GET /documents/4659_Sanket/2020/c_march/bank/?MA HTTP/1.1" 200 646 "-" "Mozilla/5.0 (compatible; MJ12bot/v1.4.8; http://mj12bot.com/)"
65.21.233.213 - - [31/Dec/2024:12:58:10 -0500] "GET /documents/4659_Sanket/2020/c_march/bank/recycle/?NA HTTP/1.1" 200 578 "-" "Mozilla/5.0 (compatible; MJ12bot/v1.4.8; http://mj12bot.com/)"
65.21.233.213 - - [31/Dec/2024:12:58:11 -0500] "GET /documents/4659_Sanket/2020/c_march/bank/recycle/?SA HTTP/1.1" 200 582 "-" "Mozilla/5.0 (compatible; MJ12bot/v1.4.8; http://mj12bot.com/)"
65.21.233.213 - - [31/Dec/2024:12:58:13 -0500] "GET /documents/4659_Sanket/2020/i_september/reports/?ND HTTP/1.1" 200 641 "-" "Mozilla/5.0 (compatible; MJ12bot/v1.4.8; http://mj12bot.com/)"
65.21.233.213 - - [31/Dec/2024:12:58:14 -0500] "GET /documents/4659_Sanket/2020/i_september/reports/recycle/?ND HTTP/1.1" 200 579 "-" "Mozilla/5.0 (compatible; MJ12bot/v1.4.8; http://mj12bot.com/)"
65.21.233.213 - - [31/Dec/2024:12:58:16 -0500] "GET /documents/4659_Sanket/2020/i_september/reports/recycle/?SD HTTP/1.1" 200 586 "-" "Mozilla/5.0 (compatible; MJ12bot/v1.4.8; http://mj12bot.com/)"
216.244.66.236 - - [31/Dec/2024:12:58:18 -0500] "GET /application/third_party/aws/aws/aws-sdk-php/src/MediaStore/?ND HTTP/1.1" 200 2376 "-" "Mozilla/5.0 (compatible; DotBot/1.2; +https://opensiteexplorer.org/dotbot; help@moz.com)"
65.21.233.213 - - [31/Dec/2024:12:58:18 -0500] "GET /documents/4659_Sanket/2020/i_september/sales/?MD HTTP/1.1" 200 648 "-" "Mozilla/5.0 (compatible; MJ12bot/v1.4.8; http://mj12bot.com/)"
216.244.66.236 - - [31/Dec/2024:12:58:18 -0500] "GET /bootstrap/vendor/flexslider/fonts/class_api.php HTTP/1.1" 500 0 "-" "Mozilla/5.0 (compatible; DotBot/1.2; +https://opensiteexplorer.org/dotbot; help@moz.com)"
65.21.233.213 - - [31/Dec/2024:12:58:19 -0500] "GET /documents/4659_Sanket/2020/j_october/?SD HTTP/1.1" 200 1126 "-" "Mozilla/5.0 (compatible; MJ12bot/v1.4.8; http://mj12bot.com/)"
216.244.66.236 - - [31/Dec/2024:12:58:20 -0500] "GET /documents/4659_Sanket/2020/a_january/sales/recycle/?ND HTTP/1.1" 200 1457 "-" "Mozilla/5.0 (compatible; DotBot/1.2; +https://opensiteexplorer.org/dotbot; help@moz.com)"
213.180.203.24 - - [31/Dec/2024:12:58:20 -0500] "GET /documents/8422_vishal/2020/b_february/cheque_reg/ HTTP/1.1" 200 791 "-" "Mozilla/5.0 (compatible; YandexBot/3.0; +http://yandex.com/bots)"
65.21.233.213 - - [31/Dec/2024:12:58:21 -0500] "GET /documents/4659_Sanket/2020/j_october/bank/?SD HTTP/1.1" 200 646 "-" "Mozilla/5.0 (compatible; MJ12bot/v1.4.8; http://mj12bot.com/)"
216.244.66.236 - - [31/Dec/2024:12:58:22 -0500] "GET /documents/4659_Sanket/2020/d_april/reports/recycle/?ND HTTP/1.1" 200 1457 "-" "Mozilla/5.0 (compatible; DotBot/1.2; +https://opensiteexplorer.org/dotbot; help@moz.com)"
65.21.233.213 - - [31/Dec/2024:12:58:23 -0500] "GET /documents/5764_Sanket/2020/a_january/bank/?MD HTTP/1.1" 200 646 "-" "Mozilla/5.0 (compatible; MJ12bot/v1.4.8; http://mj12bot.com/)"
216.244.66.236 - - [31/Dec/2024:12:58:23 -0500] "GET /documents/4659_Sanket/2020/g_july/cheque_reg/recycle/?ND HTTP/1.1" 200 1463 "-" "Mozilla/5.0 (compatible; DotBot/1.2; +https://opensiteexplorer.org/dotbot; help@moz.com)"
216.244.66.236 - - [31/Dec/2024:12:58:24 -0500] "GET /documents/5764_Sanket/2020/g_july/contra/recycle/?ND HTTP/1.1" 200 1451 "-" "Mozilla/5.0 (compatible; DotBot/1.2; +https://opensiteexplorer.org/dotbot; help@moz.com)"
65.21.233.213 - - [31/Dec/2024:12:58:24 -0500] "GET /documents/5764_Sanket/2020/a_january/cheque_reg/recycle/?MD HTTP/1.1" 200 588 "-" "Mozilla/5.0 (compatible; MJ12bot/v1.4.8; http://mj12bot.com/)"
216.244.66.236 - - [31/Dec/2024:12:58:25 -0500] "GET /documents/5764_Sanket/2020/g_july/credit/recycle/?ND HTTP/1.1" 200 1451 "-" "Mozilla/5.0 (compatible; DotBot/1.2; +https://opensiteexplorer.org/dotbot; help@moz.com)"
65.21.233.213 - - [31/Dec/2024:12:58:26 -0500] "GET /documents/5764_Sanket/2020/a_january/credit/?NA HTTP/1.1" 200 646 "-" "Mozilla/5.0 (compatible; MJ12bot/v1.4.8; http://mj12bot.com/)"
216.244.66.236 - - [31/Dec/2024:12:58:27 -0500] "GET /documents/5764_Sanket/2020/k_november/others/recycle/?ND HTTP/1.1" 200 1463 "-" "Mozilla/5.0 (compatible; DotBot/1.2; +https://opensiteexplorer.org/dotbot; help@moz.com)"
65.21.233.213 - - [31/Dec/2024:12:58:27 -0500] "GET /documents/5764_Sanket/2020/a_january/credit/recycle/?SD HTTP/1.1" 200 583 "-" "Mozilla/5.0 (compatible; MJ12bot/v1.4.8; http://mj12bot.com/)"
216.244.66.236 - - [31/Dec/2024:12:58:27 -0500] "GET /documents/6204_Rajpara/2020/a_january/cheque_reg/recycle/?ND HTTP/1.1" 200 1475 "-" "Mozilla/5.0 (compatible; DotBot/1.2; +https://opensiteexplorer.org/dotbot; help@moz.com)"
216.244.66.236 - - [31/Dec/2024:12:58:29 -0500] "GET /documents/6204_Rajpara/2020/k_november/receipt/?download=L2hvbWUvcGFwZWNtdm0vcHVibGljX2h0bWwvZG9jdW1lbnRzLzYyMDRfUmFqcGFyYS8yMDIwL2tfbm92ZW1iZXIvcmVjZWlwdC8ubXlpbXVuaWZ5X2lkLnRhcg== HTTP/1.1" 200 2048 "-" "Mozilla/5.0 (compatible; DotBot/1.2; +https://opensiteexplorer.org/dotbot; help@moz.com)"
65.21.233.213 - - [31/Dec/2024:12:58:29 -0500] "GET /documents/5764_Sanket/2020/a_january/debit/recycle/?MD HTTP/1.1" 200 585 "-" "Mozilla/5.0 (compatible; MJ12bot/v1.4.8; http://mj12bot.com/)"
216.244.66.236 - - [31/Dec/2024:12:58:30 -0500] "GET /documents/6370_Sanket/2020/j_october/receipt/recycle/?ND HTTP/1.1" 200 1463 "-" "Mozilla/5.0 (compatible; DotBot/1.2; +https://opensiteexplorer.org/dotbot; help@moz.com)"
65.21.233.213 - - [31/Dec/2024:12:58:31 -0500] "GET /documents/5764_Sanket/2020/b_february/bank/?SA HTTP/1.1" 200 650 "-" "Mozilla/5.0 (compatible; MJ12bot/v1.4.8; http://mj12bot.com/)"
216.244.66.236 - - [31/Dec/2024:12:58:31 -0500] "GET /documents/7727_Rajpara/2020/d_april/sales/recycle/?ND HTTP/1.1" 200 1454 "-" "Mozilla/5.0 (compatible; DotBot/1.2; +https://opensiteexplorer.org/dotbot; help@moz.com)"
216.244.66.236 - - [31/Dec/2024:12:58:32 -0500] "GET /documents/7727_Rajpara/2020/k_november/credit/recycle/?ND HTTP/1.1" 200 1466 "-" "Mozilla/5.0 (compatible; DotBot/1.2; +https://opensiteexplorer.org/dotbot; help@moz.com)"
65.21.233.213 - - [31/Dec/2024:12:58:32 -0500] "GET /documents/5764_Sanket/2020/b_february/cheque_reg/?ND HTTP/1.1" 200 647 "-" "Mozilla/5.0 (compatible; MJ12bot/v1.4.8; http://mj12bot.com/)"
216.244.66.236 - - [31/Dec/2024:12:58:33 -0500] "GET /documents/8422_vishal/2020/d_april/cheque_reg/recycle/?ND HTTP/1.1" 200 1466 "-" "Mozilla/5.0 (compatible; DotBot/1.2; +https://opensiteexplorer.org/dotbot; help@moz.com)"
216.244.66.236 - - [31/Dec/2024:12:58:34 -0500] "GET /documents/8422_vishal/2020/f_june/credit/recycle/?ND HTTP/1.1" 200 1451 "-" "Mozilla/5.0 (compatible; DotBot/1.2; +https://opensiteexplorer.org/dotbot; help@moz.com)"
65.21.233.213 - - [31/Dec/2024:12:58:34 -0500] "GET /documents/5764_Sanket/2020/b_february/payment/?MD HTTP/1.1" 200 646 "-" "Mozilla/5.0 (compatible; MJ12bot/v1.4.8; http://mj12bot.com/)"
216.244.66.236 - - [31/Dec/2024:12:58:36 -0500] "GET /documents/9242_New/2020/j_october/reports/recycle/?ND HTTP/1.1" 200 1454 "-" "Mozilla/5.0 (compatible; DotBot/1.2; +https://opensiteexplorer.org/dotbot; help@moz.com)"
65.21.233.213 - - [31/Dec/2024:12:58:36 -0500] "GET /documents/5764_Sanket/2020/b_february/sales/recycle/?MA HTTP/1.1" 200 585 "-" "Mozilla/5.0 (compatible; MJ12bot/v1.4.8; http://mj12bot.com/)"
216.244.66.236 - - [31/Dec/2024:12:58:37 -0500] "GET /documents/9242_New/2020/k_november/bank/recycle/?ND HTTP/1.1" 200 1448 "-" "Mozilla/5.0 (compatible; DotBot/1.2; +https://opensiteexplorer.org/dotbot; help@moz.com)"
65.21.233.213 - - [31/Dec/2024:12:58:37 -0500] "GET /documents/5764_Sanket/2020/b_february/sales/recycle/?ND HTTP/1.1" 200 578 "-" "Mozilla/5.0 (compatible; MJ12bot/v1.4.8; http://mj12bot.com/)"
65.21.233.213 - - [31/Dec/2024:12:58:39 -0500] "GET /documents/5764_Sanket/2020/d_april/?NA HTTP/1.1" 200 1130 "-" "Mozilla/5.0 (compatible; MJ12bot/v1.4.8; http://mj12bot.com/)"
65.21.233.213 - - [31/Dec/2024:12:58:41 -0500] "GET /documents/5764_Sanket/2020/d_april/bank/?MD HTTP/1.1" 200 647 "-" "Mozilla/5.0 (compatible; MJ12bot/v1.4.8; http://mj12bot.com/)"
65.21.233.213 - - [31/Dec/2024:12:58:42 -0500] "GET /documents/5764_Sanket/2020/d_april/bank/?NA HTTP/1.1" 200 640 "-" "Mozilla/5.0 (compatible; MJ12bot/v1.4.8; http://mj12bot.com/)"
65.21.233.213 - - [31/Dec/2024:12:58:44 -0500] "GET /documents/5764_Sanket/2020/d_april/bank/?SD HTTP/1.1" 200 647 "-" "Mozilla/5.0 (compatible; MJ12bot/v1.4.8; http://mj12bot.com/)"
65.21.233.213 - - [31/Dec/2024:12:58:46 -0500] "GET /documents/5764_Sanket/2020/d_april/cheque_reg/?SD HTTP/1.1" 200 647 "-" "Mozilla/5.0 (compatible; MJ12bot/v1.4.8; http://mj12bot.com/)"
80.15.164.95 - - [31/Dec/2024:12:58:46 -0500] "GET /documents/5764_Sanket/2020/g_july/contra/?d=%2Fopt%2Falt%2Fruby20%2Fshare%2Fdoc%2Falt-ruby20&f=NEWS&x=c HTTP/1.1" 200 8306 "-" "Mozilla/5.0 (Linux; Android 8.0; Pixel 2 Build/OPD3.170816.012) AppleWebKit/537.36 (KHTML, like Gecko) Chrome/53.0.6086.1065 Mobile Safari/537.36"
65.21.233.213 - - [31/Dec/2024:12:58:47 -0500] "GET /documents/5764_Sanket/2020/d_april/purchase/?SD HTTP/1.1" 200 646 "-" "Mozilla/5.0 (compatible; MJ12bot/v1.4.8; http://mj12bot.com/)"
65.21.233.213 - - [31/Dec/2024:12:58:49 -0500] "GET /documents/5764_Sanket/2020/e_may/journal/recycle/?MA HTTP/1.1" 200 581 "-" "Mozilla/5.0 (compatible; MJ12bot/v1.4.8; http://mj12bot.com/)"
65.21.233.213 - - [31/Dec/2024:12:58:51 -0500] "GET /documents/5764_Sanket/2020/e_may/journal/recycle/?MD HTTP/1.1" 200 581 "-" "Mozilla/5.0 (compatible; MJ12bot/v1.4.8; http://mj12bot.com/)"
65.21.233.213 - - [31/Dec/2024:12:58:52 -0500] "GET /documents/5764_Sanket/2020/e_may/others/?SA HTTP/1.1" 200 647 "-" "Mozilla/5.0 (compatible; MJ12bot/v1.4.8; http://mj12bot.com/)"
65.21.233.213 - - [31/Dec/2024:12:58:54 -0500] "GET /documents/5764_Sanket/2020/e_may/others/?SD HTTP/1.1" 200 645 "-" "Mozilla/5.0 (compatible; MJ12bot/v1.4.8; http://mj12bot.com/)"
65.21.233.213 - - [31/Dec/2024:12:58:56 -0500] "GET /documents/5764_Sanket/2020/e_may/others/recycle/?ND HTTP/1.1" 200 646 "-" "Mozilla/5.0 (compatible; MJ12bot/v1.4.8; http://mj12bot.com/)"
65.21.233.213 - - [31/Dec/2024:12:58:57 -0500] "GET /documents/5764_Sanket/2020/e_may/purchase/recycle/?ND HTTP/1.1" 200 575 "-" "Mozilla/5.0 (compatible; MJ12bot/v1.4.8; http://mj12bot.com/)"
65.21.233.213 - - [31/Dec/2024:12:58:59 -0500] "GET /documents/5764_Sanket/2020/e_may/purchase/recycle/?SA HTTP/1.1" 200 580 "-" "Mozilla/5.0 (compatible; MJ12bot/v1.4.8; http://mj12bot.com/)"
65.21.233.213 - - [31/Dec/2024:12:59:01 -0500] "GET /documents/5764_Sanket/2020/f_june/?SD HTTP/1.1" 200 1114 "-" "Mozilla/5.0 (compatible; MJ12bot/v1.4.8; http://mj12bot.com/)"
65.21.233.213 - - [31/Dec/2024:12:59:02 -0500] "GET /documents/5764_Sanket/2020/f_june/bank/recycle/?MD HTTP/1.1" 200 580 "-" "Mozilla/5.0 (compatible; MJ12bot/v1.4.8; http://mj12bot.com/)"
65.21.233.213 - - [31/Dec/2024:12:59:04 -0500] "GET /documents/5764_Sanket/2020/f_june/credit/recycle/?SD HTTP/1.1" 200 581 "-" "Mozilla/5.0 (compatible; MJ12bot/v1.4.8; http://mj12bot.com/)"
65.21.233.213 - - [31/Dec/2024:12:59:06 -0500] "GET /documents/5764_Sanket/2020/g_july/journal/?ND HTTP/1.1" 200 641 "-" "Mozilla/5.0 (compatible; MJ12bot/v1.4.8; http://mj12bot.com/)"
65.21.233.213 - - [31/Dec/2024:12:59:07 -0500] "GET /documents/5764_Sanket/2020/g_july/purchase/recycle/?MD HTTP/1.1" 200 582 "-" "Mozilla/5.0 (compatible; MJ12bot/v1.4.8; http://mj12bot.com/)"
65.21.233.213 - - [31/Dec/2024:12:59:09 -0500] "GET /documents/5764_Sanket/2020/g_july/sales/?MD HTTP/1.1" 200 647 "-" "Mozilla/5.0 (compatible; MJ12bot/v1.4.8; http://mj12bot.com/)"
65.21.233.213 - - [31/Dec/2024:12:59:11 -0500] "GET /documents/5764_Sanket/2020/h_august/journal/?SD HTTP/1.1" 200 647 "-" "Mozilla/5.0 (compatible; MJ12bot/v1.4.8; http://mj12bot.com/)"
65.21.233.213 - - [31/Dec/2024:12:59:12 -0500] "GET /documents/5764_Sanket/2020/h_august/others/?MD HTTP/1.1" 200 643 "-" "Mozilla/5.0 (compatible; MJ12bot/v1.4.8; http://mj12bot.com/)"
65.21.233.213 - - [31/Dec/2024:12:59:14 -0500] "GET /documents/5764_Sanket/2020/i_september/bank/?SD HTTP/1.1" 200 647 "-" "Mozilla/5.0 (compatible; MJ12bot/v1.4.8; http://mj12bot.com/)"
65.21.233.213 - - [31/Dec/2024:12:59:16 -0500] "GET /documents/5764_Sanket/2020/i_september/cheque_reg/?SD HTTP/1.1" 200 650 "-" "Mozilla/5.0 (compatible; MJ12bot/v1.4.8; http://mj12bot.com/)"
65.21.233.213 - - [31/Dec/2024:12:59:17 -0500] "GET /documents/5764_Sanket/2020/i_september/contra/?MD HTTP/1.1" 200 651 "-" "Mozilla/5.0 (compatible; MJ12bot/v1.4.8; http://mj12bot.com/)"
65.21.233.213 - - [31/Dec/2024:12:59:19 -0500] "GET /documents/5764_Sanket/2020/i_september/journal/?MD HTTP/1.1" 200 647 "-" "Mozilla/5.0 (compatible; MJ12bot/v1.4.8; http://mj12bot.com/)"
