195.191.219.131 - - [31/Dec/2024:09:07:49 -0500] "GET /documents/7727_Rajpara/2020/i_september/?MD HTTP/1.1" 200 1128 "-" "Mozilla/5.0 (compatible; MJ12bot/v1.4.8; http://mj12bot.com/)"
195.191.219.131 - - [31/Dec/2024:09:07:50 -0500] "GET /documents/7727_Rajpara/2020/i_september/bank/recycle/?ND HTTP/1.1" 200 578 "-" "Mozilla/5.0 (compatible; MJ12bot/v1.4.8; http://mj12bot.com/)"
195.191.219.131 - - [31/Dec/2024:09:07:52 -0500] "GET /documents/7727_Rajpara/2020/i_september/cheque_reg/?ND HTTP/1.1" 200 650 "-" "Mozilla/5.0 (compatible; MJ12bot/v1.4.8; http://mj12bot.com/)"
195.191.219.131 - - [31/Dec/2024:09:07:54 -0500] "GET /documents/7727_Rajpara/2020/i_september/cheque_reg/?SD HTTP/1.1" 200 655 "-" "Mozilla/5.0 (compatible; MJ12bot/v1.4.8; http://mj12bot.com/)"
195.191.219.131 - - [31/Dec/2024:09:07:55 -0500] "GET /documents/7727_Rajpara/2020/i_september/cheque_reg/recycle/?ND HTTP/1.1" 200 584 "-" "Mozilla/5.0 (compatible; MJ12bot/v1.4.8; http://mj12bot.com/)"
195.191.219.131 - - [31/Dec/2024:09:07:57 -0500] "GET /documents/7727_Rajpara/2020/i_september/cheque_reg/recycle/?SD HTTP/1.1" 200 589 "-" "Mozilla/5.0 (compatible; MJ12bot/v1.4.8; http://mj12bot.com/)"
66.94.122.225 - - [31/Dec/2024:09:07:57 -0500] "GET /robots.txt HTTP/1.1" 200 67 "-" "Mozilla/5.0 (compatible; MJ12bot/v1.4.8; http://mj12bot.com/)"
66.94.122.225 - - [31/Dec/2024:09:07:59 -0500] "GET /documents/9242_New/2020/j_october/bank/?ND HTTP/1.1" 200 641 "-" "Mozilla/5.0 (compatible; MJ12bot/v1.4.8; http://mj12bot.com/)"
195.191.219.131 - - [31/Dec/2024:09:07:59 -0500] "GET /documents/7727_Rajpara/2020/i_september/contra/?ND HTTP/1.1" 200 642 "-" "Mozilla/5.0 (compatible; MJ12bot/v1.4.8; http://mj12bot.com/)"
66.94.122.225 - - [31/Dec/2024:09:08:00 -0500] "GET /documents/9242_New/2020/j_october/bank/?SD HTTP/1.1" 200 646 "-" "Mozilla/5.0 (compatible; MJ12bot/v1.4.8; http://mj12bot.com/)"
195.191.219.131 - - [31/Dec/2024:09:08:01 -0500] "GET /documents/7727_Rajpara/2020/i_september/contra/?SD HTTP/1.1" 200 649 "-" "Mozilla/5.0 (compatible; MJ12bot/v1.4.8; http://mj12bot.com/)"
66.94.122.225 - - [31/Dec/2024:09:08:02 -0500] "GET /documents/9242_New/2020/j_october/bank/recycle/?MD HTTP/1.1" 200 580 "-" "Mozilla/5.0 (compatible; MJ12bot/v1.4.8; http://mj12bot.com/)"
195.191.219.131 - - [31/Dec/2024:09:08:02 -0500] "GET /documents/7727_Rajpara/2020/i_september/contra/recycle/?MD HTTP/1.1" 200 586 "-" "Mozilla/5.0 (compatible; MJ12bot/v1.4.8; http://mj12bot.com/)"
66.94.122.225 - - [31/Dec/2024:09:08:04 -0500] "GET /documents/9242_New/2020/j_october/bank/recycle/?NA HTTP/1.1" 200 578 "-" "Mozilla/5.0 (compatible; MJ12bot/v1.4.8; http://mj12bot.com/)"
195.191.219.131 - - [31/Dec/2024:09:08:04 -0500] "GET /documents/7727_Rajpara/2020/i_september/purchase/?MA HTTP/1.1" 200 648 "-" "Mozilla/5.0 (compatible; MJ12bot/v1.4.8; http://mj12bot.com/)"
66.94.122.225 - - [31/Dec/2024:09:08:05 -0500] "GET /documents/9242_New/2020/j_october/bank/recycle/?ND HTTP/1.1" 200 574 "-" "Mozilla/5.0 (compatible; MJ12bot/v1.4.8; http://mj12bot.com/)"
195.191.219.131 - - [31/Dec/2024:09:08:06 -0500] "GET /documents/7727_Rajpara/2020/i_september/purchase/?ND HTTP/1.1" 200 643 "-" "Mozilla/5.0 (compatible; MJ12bot/v1.4.8; http://mj12bot.com/)"
66.94.122.225 - - [31/Dec/2024:09:08:07 -0500] "GET /documents/9242_New/2020/j_october/bank/recycle/?SA HTTP/1.1" 200 582 "-" "Mozilla/5.0 (compatible; MJ12bot/v1.4.8; http://mj12bot.com/)"
195.191.219.131 - - [31/Dec/2024:09:08:08 -0500] "GET /documents/7727_Rajpara/2020/i_september/purchase/?SA HTTP/1.1" 200 649 "-" "Mozilla/5.0 (compatible; MJ12bot/v1.4.8; http://mj12bot.com/)"
66.94.122.225 - - [31/Dec/2024:09:08:08 -0500] "GET /documents/9242_New/2020/j_october/cheque_reg/?MD HTTP/1.1" 200 650 "-" "Mozilla/5.0 (compatible; MJ12bot/v1.4.8; http://mj12bot.com/)"
195.191.219.131 - - [31/Dec/2024:09:08:09 -0500] "GET /documents/7727_Rajpara/2020/i_september/purchase/recycle/?SD HTTP/1.1" 200 585 "-" "Mozilla/5.0 (compatible; MJ12bot/v1.4.8; http://mj12bot.com/)"
66.94.122.225 - - [31/Dec/2024:09:08:10 -0500] "GET /documents/9242_New/2020/j_october/cheque_reg/?ND HTTP/1.1" 200 649 "-" "Mozilla/5.0 (compatible; MJ12bot/v1.4.8; http://mj12bot.com/)"
195.191.219.131 - - [31/Dec/2024:09:08:11 -0500] "GET /documents/7727_Rajpara/2020/j_october/cheque_reg/?SD HTTP/1.1" 200 650 "-" "Mozilla/5.0 (compatible; MJ12bot/v1.4.8; http://mj12bot.com/)"
66.94.122.225 - - [31/Dec/2024:09:08:11 -0500] "GET /documents/9242_New/2020/j_october/cheque_reg/?SA HTTP/1.1" 200 651 "-" "Mozilla/5.0 (compatible; MJ12bot/v1.4.8; http://mj12bot.com/)"
66.94.122.225 - - [31/Dec/2024:09:08:13 -0500] "GET /documents/9242_New/2020/j_october/cheque_reg/?SD HTTP/1.1" 200 649 "-" "Mozilla/5.0 (compatible; MJ12bot/v1.4.8; http://mj12bot.com/)"
195.191.219.131 - - [31/Dec/2024:09:08:13 -0500] "GET /documents/7727_Rajpara/2020/j_october/contra/?MA HTTP/1.1" 200 648 "-" "Mozilla/5.0 (compatible; MJ12bot/v1.4.8; http://mj12bot.com/)"
66.94.122.225 - - [31/Dec/2024:09:08:14 -0500] "GET /documents/9242_New/2020/j_october/cheque_reg/recycle/?MA HTTP/1.1" 200 585 "-" "Mozilla/5.0 (compatible; MJ12bot/v1.4.8; http://mj12bot.com/)"
195.191.219.131 - - [31/Dec/2024:09:08:15 -0500] "GET /documents/7727_Rajpara/2020/j_october/contra/?MD HTTP/1.1" 200 648 "-" "Mozilla/5.0 (compatible; MJ12bot/v1.4.8; http://mj12bot.com/)"
66.94.122.225 - - [31/Dec/2024:09:08:16 -0500] "GET /documents/9242_New/2020/j_october/cheque_reg/recycle/?MD HTTP/1.1" 200 584 "-" "Mozilla/5.0 (compatible; MJ12bot/v1.4.8; http://mj12bot.com/)"
195.191.219.131 - - [31/Dec/2024:09:08:16 -0500] "GET /documents/7727_Rajpara/2020/j_october/contra/?NA HTTP/1.1" 200 644 "-" "Mozilla/5.0 (compatible; MJ12bot/v1.4.8; http://mj12bot.com/)"
66.94.122.225 - - [31/Dec/2024:09:08:17 -0500] "GET /documents/9242_New/2020/j_october/cheque_reg/recycle/?NA HTTP/1.1" 200 580 "-" "Mozilla/5.0 (compatible; MJ12bot/v1.4.8; http://mj12bot.com/)"
195.191.219.131 - - [31/Dec/2024:09:08:18 -0500] "GET /documents/7727_Rajpara/2020/j_october/contra/?ND HTTP/1.1" 200 643 "-" "Mozilla/5.0 (compatible; MJ12bot/v1.4.8; http://mj12bot.com/)"
66.94.122.225 - - [31/Dec/2024:09:08:19 -0500] "GET /documents/9242_New/2020/j_october/cheque_reg/recycle/?ND HTTP/1.1" 200 578 "-" "Mozilla/5.0 (compatible; MJ12bot/v1.4.8; http://mj12bot.com/)"
195.191.219.131 - - [31/Dec/2024:09:08:20 -0500] "GET /documents/7727_Rajpara/2020/j_october/contra/?SA HTTP/1.1" 200 648 "-" "Mozilla/5.0 (compatible; MJ12bot/v1.4.8; http://mj12bot.com/)"
66.94.122.225 - - [31/Dec/2024:09:08:20 -0500] "GET /documents/9242_New/2020/j_october/cheque_reg/recycle/?SA HTTP/1.1" 200 586 "-" "Mozilla/5.0 (compatible; MJ12bot/v1.4.8; http://mj12bot.com/)"
195.191.219.131 - - [31/Dec/2024:09:08:21 -0500] "GET /documents/7727_Rajpara/2020/j_october/credit/?MA HTTP/1.1" 200 647 "-" "Mozilla/5.0 (compatible; MJ12bot/v1.4.8; http://mj12bot.com/)"
66.94.122.225 - - [31/Dec/2024:09:08:22 -0500] "GET /documents/9242_New/2020/j_october/cheque_reg/recycle/?SD HTTP/1.1" 200 585 "-" "Mozilla/5.0 (compatible; MJ12bot/v1.4.8; http://mj12bot.com/)"
195.191.219.131 - - [31/Dec/2024:09:08:23 -0500] "GET /documents/7727_Rajpara/2020/j_october/credit/?MD HTTP/1.1" 200 646 "-" "Mozilla/5.0 (compatible; MJ12bot/v1.4.8; http://mj12bot.com/)"
66.94.122.225 - - [31/Dec/2024:09:08:24 -0500] "GET /documents/9242_New/2020/j_october/contra/?MA HTTP/1.1" 200 646 "-" "Mozilla/5.0 (compatible; MJ12bot/v1.4.8; http://mj12bot.com/)"
195.191.219.131 - - [31/Dec/2024:09:08:26 -0500] "GET /documents/7727_Rajpara/2020/j_october/credit/?NA HTTP/1.1" 200 644 "-" "Mozilla/5.0 (compatible; MJ12bot/v1.4.8; http://mj12bot.com/)"
66.94.122.225 - - [31/Dec/2024:09:08:26 -0500] "GET /documents/9242_New/2020/j_october/contra/?MD HTTP/1.1" 200 647 "-" "Mozilla/5.0 (compatible; MJ12bot/v1.4.8; http://mj12bot.com/)"
195.191.219.131 - - [31/Dec/2024:09:08:27 -0500] "GET /documents/7727_Rajpara/2020/j_october/credit/?ND HTTP/1.1" 200 643 "-" "Mozilla/5.0 (compatible; MJ12bot/v1.4.8; http://mj12bot.com/)"
66.94.122.225 - - [31/Dec/2024:09:08:28 -0500] "GET /documents/9242_New/2020/j_october/contra/?NA HTTP/1.1" 200 641 "-" "Mozilla/5.0 (compatible; MJ12bot/v1.4.8; http://mj12bot.com/)"
195.191.219.131 - - [31/Dec/2024:09:08:29 -0500] "GET /documents/7727_Rajpara/2020/j_october/credit/?SA HTTP/1.1" 200 647 "-" "Mozilla/5.0 (compatible; MJ12bot/v1.4.8; http://mj12bot.com/)"
66.94.122.225 - - [31/Dec/2024:09:08:31 -0500] "GET /documents/9242_New/2020/j_october/contra/?ND HTTP/1.1" 200 641 "-" "Mozilla/5.0 (compatible; MJ12bot/v1.4.8; http://mj12bot.com/)"
195.191.219.131 - - [31/Dec/2024:09:08:31 -0500] "GET /documents/7727_Rajpara/2020/j_october/credit/?SD HTTP/1.1" 200 646 "-" "Mozilla/5.0 (compatible; MJ12bot/v1.4.8; http://mj12bot.com/)"
195.191.219.131 - - [31/Dec/2024:09:08:32 -0500] "GET /documents/7727_Rajpara/2020/j_october/debit/?MA HTTP/1.1" 200 651 "-" "Mozilla/5.0 (compatible; MJ12bot/v1.4.8; http://mj12bot.com/)"
66.94.122.225 - - [31/Dec/2024:09:08:33 -0500] "GET /documents/9242_New/2020/j_october/contra/?SD HTTP/1.1" 200 647 "-" "Mozilla/5.0 (compatible; MJ12bot/v1.4.8; http://mj12bot.com/)"
213.180.203.42 - - [31/Dec/2024:09:08:34 -0500] "GET /documents/5764_Sanket/2020/h_august/journal/ HTTP/1.1" 200 791 "-" "Mozilla/5.0 (compatible; YandexBot/3.0; +http://yandex.com/bots)"
195.191.219.131 - - [31/Dec/2024:09:08:34 -0500] "GET /documents/7727_Rajpara/2020/j_october/debit/?MD HTTP/1.1" 200 649 "-" "Mozilla/5.0 (compatible; MJ12bot/v1.4.8; http://mj12bot.com/)"
66.94.122.225 - - [31/Dec/2024:09:08:36 -0500] "GET /documents/9242_New/2020/j_october/contra/recycle/?MD HTTP/1.1" 200 582 "-" "Mozilla/5.0 (compatible; MJ12bot/v1.4.8; http://mj12bot.com/)"
195.191.219.131 - - [31/Dec/2024:09:08:36 -0500] "GET /documents/7727_Rajpara/2020/j_october/debit/?NA HTTP/1.1" 200 646 "-" "Mozilla/5.0 (compatible; MJ12bot/v1.4.8; http://mj12bot.com/)"
195.191.219.131 - - [31/Dec/2024:09:08:37 -0500] "GET /documents/7727_Rajpara/2020/j_october/debit/?ND HTTP/1.1" 200 644 "-" "Mozilla/5.0 (compatible; MJ12bot/v1.4.8; http://mj12bot.com/)"
195.191.219.131 - - [31/Dec/2024:09:08:39 -0500] "GET /documents/7727_Rajpara/2020/j_october/debit/?SD HTTP/1.1" 200 647 "-" "Mozilla/5.0 (compatible; MJ12bot/v1.4.8; http://mj12bot.com/)"
66.94.122.225 - - [31/Dec/2024:09:08:39 -0500] "GET /documents/9242_New/2020/j_october/contra/recycle/?NA HTTP/1.1" 200 579 "-" "Mozilla/5.0 (compatible; MJ12bot/v1.4.8; http://mj12bot.com/)"
195.191.219.131 - - [31/Dec/2024:09:08:41 -0500] "GET /documents/7727_Rajpara/2020/j_october/journal/?MD HTTP/1.1" 200 647 "-" "Mozilla/5.0 (compatible; MJ12bot/v1.4.8; http://mj12bot.com/)"
195.191.219.131 - - [31/Dec/2024:09:08:43 -0500] "GET /documents/7727_Rajpara/2020/j_october/journal/?SA HTTP/1.1" 200 648 "-" "Mozilla/5.0 (compatible; MJ12bot/v1.4.8; http://mj12bot.com/)"
66.94.122.225 - - [31/Dec/2024:09:08:43 -0500] "GET /documents/9242_New/2020/j_october/contra/recycle/?ND HTTP/1.1" 200 578 "-" "Mozilla/5.0 (compatible; MJ12bot/v1.4.8; http://mj12bot.com/)"
195.191.219.131 - - [31/Dec/2024:09:08:44 -0500] "GET /documents/7727_Rajpara/2020/j_october/journal/recycle/?MD HTTP/1.1" 200 584 "-" "Mozilla/5.0 (compatible; MJ12bot/v1.4.8; http://mj12bot.com/)"
195.191.219.131 - - [31/Dec/2024:09:08:46 -0500] "GET /documents/7727_Rajpara/2020/j_october/journal/recycle/?SD HTTP/1.1" 200 585 "-" "Mozilla/5.0 (compatible; MJ12bot/v1.4.8; http://mj12bot.com/)"
66.94.122.225 - - [31/Dec/2024:09:08:47 -0500] "GET /plugins/ckeditor/plugins/about/dialogs/hidpi/?ND HTTP/1.1" 200 643 "-" "Mozilla/5.0 (compatible; MJ12bot/v1.4.8; http://mj12bot.com/)"
195.191.219.131 - - [31/Dec/2024:09:08:48 -0500] "GET /documents/7727_Rajpara/2020/j_october/others/?MA HTTP/1.1" 200 648 "-" "Mozilla/5.0 (compatible; MJ12bot/v1.4.8; http://mj12bot.com/)"
195.191.219.131 - - [31/Dec/2024:09:08:50 -0500] "GET /documents/7727_Rajpara/2020/j_october/others/?NA HTTP/1.1" 200 645 "-" "Mozilla/5.0 (compatible; MJ12bot/v1.4.8; http://mj12bot.com/)"
66.94.122.225 - - [31/Dec/2024:09:08:51 -0500] "GET /plugins/ckeditor/plugins/magicline/images/images/?NA HTTP/1.1" 200 558 "-" "Mozilla/5.0 (compatible; MJ12bot/v1.4.8; http://mj12bot.com/)"
195.191.219.131 - - [31/Dec/2024:09:08:51 -0500] "GET /documents/7727_Rajpara/2020/j_october/others/?ND HTTP/1.1" 200 645 "-" "Mozilla/5.0 (compatible; MJ12bot/v1.4.8; http://mj12bot.com/)"
195.191.219.131 - - [31/Dec/2024:09:08:53 -0500] "GET /documents/7727_Rajpara/2020/j_october/others/?SA HTTP/1.1" 200 648 "-" "Mozilla/5.0 (compatible; MJ12bot/v1.4.8; http://mj12bot.com/)"
195.191.219.131 - - [31/Dec/2024:09:08:55 -0500] "GET /documents/7727_Rajpara/2020/j_october/others/?SD HTTP/1.1" 200 647 "-" "Mozilla/5.0 (compatible; MJ12bot/v1.4.8; http://mj12bot.com/)"
66.94.122.225 - - [31/Dec/2024:09:08:56 -0500] "GET /plugins/ckeditor/plugins/magicline/images/images/?ND HTTP/1.1" 200 559 "-" "Mozilla/5.0 (compatible; MJ12bot/v1.4.8; http://mj12bot.com/)"
195.191.219.131 - - [31/Dec/2024:09:08:58 -0500] "GET /documents/7727_Rajpara/2020/j_october/payment/?MA HTTP/1.1" 200 648 "-" "Mozilla/5.0 (compatible; MJ12bot/v1.4.8; http://mj12bot.com/)"
195.191.219.131 - - [31/Dec/2024:09:08:59 -0500] "GET /documents/7727_Rajpara/2020/j_october/payment/?MD HTTP/1.1" 200 647 "-" "Mozilla/5.0 (compatible; MJ12bot/v1.4.8; http://mj12bot.com/)"
195.191.219.131 - - [31/Dec/2024:09:09:01 -0500] "GET /documents/7727_Rajpara/2020/j_october/payment/?NA HTTP/1.1" 200 642 "-" "Mozilla/5.0 (compatible; MJ12bot/v1.4.8; http://mj12bot.com/)"
195.191.219.131 - - [31/Dec/2024:09:09:03 -0500] "GET /documents/7727_Rajpara/2020/j_october/payment/?ND HTTP/1.1" 200 642 "-" "Mozilla/5.0 (compatible; MJ12bot/v1.4.8; http://mj12bot.com/)"
195.191.219.131 - - [31/Dec/2024:09:09:05 -0500] "GET /documents/7727_Rajpara/2020/j_october/payment/?SA HTTP/1.1" 200 648 "-" "Mozilla/5.0 (compatible; MJ12bot/v1.4.8; http://mj12bot.com/)"
66.94.122.225 - - [31/Dec/2024:09:09:06 -0500] "GET /plugins/ckeditor/plugins/magicline/images/images/?SA HTTP/1.1" 200 562 "-" "Mozilla/5.0 (compatible; MJ12bot/v1.4.8; http://mj12bot.com/)"
195.191.219.131 - - [31/Dec/2024:09:09:07 -0500] "GET /documents/7727_Rajpara/2020/j_october/payment/?SD HTTP/1.1" 200 646 "-" "Mozilla/5.0 (compatible; MJ12bot/v1.4.8; http://mj12bot.com/)"
195.191.219.131 - - [31/Dec/2024:09:09:08 -0500] "GET /documents/7727_Rajpara/2020/j_october/payment/recycle/?SD HTTP/1.1" 200 585 "-" "Mozilla/5.0 (compatible; MJ12bot/v1.4.8; http://mj12bot.com/)"
195.191.219.131 - - [31/Dec/2024:09:09:10 -0500] "GET /documents/7727_Rajpara/2020/j_october/purchase/?MD HTTP/1.1" 200 646 "-" "Mozilla/5.0 (compatible; MJ12bot/v1.4.8; http://mj12bot.com/)"
66.94.122.225 - - [31/Dec/2024:09:09:10 -0500] "GET /plugins/ckeditor/plugins/magicline/images/images/?SD HTTP/1.1" 200 562 "-" "Mozilla/5.0 (compatible; MJ12bot/v1.4.8; http://mj12bot.com/)"
195.191.219.131 - - [31/Dec/2024:09:09:12 -0500] "GET /documents/7727_Rajpara/2020/j_october/purchase/?NA HTTP/1.1" 200 642 "-" "Mozilla/5.0 (compatible; MJ12bot/v1.4.8; http://mj12bot.com/)"
195.191.219.131 - - [31/Dec/2024:09:09:14 -0500] "GET /documents/7727_Rajpara/2020/j_october/receipt/?MA HTTP/1.1" 200 649 "-" "Mozilla/5.0 (compatible; MJ12bot/v1.4.8; http://mj12bot.com/)"
195.191.219.131 - - [31/Dec/2024:09:09:15 -0500] "GET /documents/7727_Rajpara/2020/j_october/receipt/?MD HTTP/1.1" 200 648 "-" "Mozilla/5.0 (compatible; MJ12bot/v1.4.8; http://mj12bot.com/)"
195.191.219.131 - - [31/Dec/2024:09:09:17 -0500] "GET /documents/7727_Rajpara/2020/j_october/receipt/?NA HTTP/1.1" 200 643 "-" "Mozilla/5.0 (compatible; MJ12bot/v1.4.8; http://mj12bot.com/)"
66.94.122.225 - - [31/Dec/2024:09:09:17 -0500] "GET /plugins/ckeditor/plugins/scayt/dialogs/?ND HTTP/1.1" 200 664 "-" "Mozilla/5.0 (compatible; MJ12bot/v1.4.8; http://mj12bot.com/)"
195.191.219.131 - - [31/Dec/2024:09:09:19 -0500] "GET /documents/7727_Rajpara/2020/j_october/receipt/?ND HTTP/1.1" 200 643 "-" "Mozilla/5.0 (compatible; MJ12bot/v1.4.8; http://mj12bot.com/)"
195.191.219.131 - - [31/Dec/2024:09:09:20 -0500] "GET /documents/7727_Rajpara/2020/j_october/receipt/?SA HTTP/1.1" 200 649 "-" "Mozilla/5.0 (compatible; MJ12bot/v1.4.8; http://mj12bot.com/)"
195.191.219.131 - - [31/Dec/2024:09:09:22 -0500] "GET /documents/7727_Rajpara/2020/j_october/receipt/?SD HTTP/1.1" 200 647 "-" "Mozilla/5.0 (compatible; MJ12bot/v1.4.8; http://mj12bot.com/)"
195.191.219.131 - - [31/Dec/2024:09:09:24 -0500] "GET /documents/7727_Rajpara/2020/j_october/reports/?MD HTTP/1.1" 200 647 "-" "Mozilla/5.0 (compatible; MJ12bot/v1.4.8; http://mj12bot.com/)"
195.191.219.131 - - [31/Dec/2024:09:09:26 -0500] "GET /documents/7727_Rajpara/2020/j_october/reports/?ND HTTP/1.1" 200 642 "-" "Mozilla/5.0 (compatible; MJ12bot/v1.4.8; http://mj12bot.com/)"
195.191.219.131 - - [31/Dec/2024:09:09:28 -0500] "GET /documents/7727_Rajpara/2020/j_october/reports/?SD HTTP/1.1" 200 647 "-" "Mozilla/5.0 (compatible; MJ12bot/v1.4.8; http://mj12bot.com/)"
195.191.219.131 - - [31/Dec/2024:09:09:29 -0500] "GET /documents/7727_Rajpara/2020/j_october/sales/?MA HTTP/1.1" 200 650 "-" "Mozilla/5.0 (compatible; MJ12bot/v1.4.8; http://mj12bot.com/)"
66.94.122.225 - - [31/Dec/2024:09:09:30 -0500] "GET /plugins/ckeditor/plugins/showblocks/?MD HTTP/1.1" 200 664 "-" "Mozilla/5.0 (compatible; MJ12bot/v1.4.8; http://mj12bot.com/)"
195.191.219.131 - - [31/Dec/2024:09:09:31 -0500] "GET /documents/7727_Rajpara/2020/j_october/sales/?MD HTTP/1.1" 200 649 "-" "Mozilla/5.0 (compatible; MJ12bot/v1.4.8; http://mj12bot.com/)"
195.191.219.131 - - [31/Dec/2024:09:09:33 -0500] "GET /documents/7727_Rajpara/2020/j_october/sales/?NA HTTP/1.1" 200 645 "-" "Mozilla/5.0 (compatible; MJ12bot/v1.4.8; http://mj12bot.com/)"
195.191.219.131 - - [31/Dec/2024:09:09:35 -0500] "GET /documents/7727_Rajpara/2020/j_october/sales/?ND HTTP/1.1" 200 643 "-" "Mozilla/5.0 (compatible; MJ12bot/v1.4.8; http://mj12bot.com/)"
195.191.219.131 - - [31/Dec/2024:09:09:36 -0500] "GET /documents/7727_Rajpara/2020/j_october/sales/?SA HTTP/1.1" 200 650 "-" "Mozilla/5.0 (compatible; MJ12bot/v1.4.8; http://mj12bot.com/)"
66.94.122.225 - - [31/Dec/2024:09:09:38 -0500] "GET /plugins/ckeditor/plugins/showblocks/images/images/?NA HTTP/1.1" 200 558 "-" "Mozilla/5.0 (compatible; MJ12bot/v1.4.8; http://mj12bot.com/)"
195.191.219.131 - - [31/Dec/2024:09:09:38 -0500] "GET /documents/7727_Rajpara/2020/j_october/sales/?SD HTTP/1.1" 200 648 "-" "Mozilla/5.0 (compatible; MJ12bot/v1.4.8; http://mj12bot.com/)"
195.191.219.131 - - [31/Dec/2024:09:09:40 -0500] "GET /documents/7727_Rajpara/2020/k_november/?SD HTTP/1.1" 200 1126 "-" "Mozilla/5.0 (compatible; MJ12bot/v1.4.8; http://mj12bot.com/)"
195.191.219.131 - - [31/Dec/2024:09:09:41 -0500] "GET /documents/7727_Rajpara/2020/k_november/bank/?MD HTTP/1.1" 200 649 "-" "Mozilla/5.0 (compatible; MJ12bot/v1.4.8; http://mj12bot.com/)"
195.191.219.131 - - [31/Dec/2024:09:09:43 -0500] "GET /documents/7727_Rajpara/2020/k_november/bank/?ND HTTP/1.1" 200 643 "-" "Mozilla/5.0 (compatible; MJ12bot/v1.4.8; http://mj12bot.com/)"
195.191.219.131 - - [31/Dec/2024:09:09:45 -0500] "GET /documents/7727_Rajpara/2020/k_november/bank/?SD HTTP/1.1" 200 647 "-" "Mozilla/5.0 (compatible; MJ12bot/v1.4.8; http://mj12bot.com/)"
66.94.122.225 - - [31/Dec/2024:09:09:45 -0500] "GET /plugins/ckeditor/plugins/showblocks/images/images/?SA HTTP/1.1" 200 564 "-" "Mozilla/5.0 (compatible; MJ12bot/v1.4.8; http://mj12bot.com/)"
195.191.219.131 - - [31/Dec/2024:09:09:46 -0500] "GET /documents/7727_Rajpara/2020/k_november/bank/recycle/?MD HTTP/1.1" 200 584 "-" "Mozilla/5.0 (compatible; MJ12bot/v1.4.8; http://mj12bot.com/)"
195.191.219.131 - - [31/Dec/2024:09:09:48 -0500] "GET /documents/7727_Rajpara/2020/k_november/cheque_reg/?MD HTTP/1.1" 200 653 "-" "Mozilla/5.0 (compatible; MJ12bot/v1.4.8; http://mj12bot.com/)"
195.191.219.131 - - [31/Dec/2024:09:09:50 -0500] "GET /documents/7727_Rajpara/2020/k_november/cheque_reg/?ND HTTP/1.1" 200 648 "-" "Mozilla/5.0 (compatible; MJ12bot/v1.4.8; http://mj12bot.com/)"
195.191.219.131 - - [31/Dec/2024:09:09:52 -0500] "GET /documents/7727_Rajpara/2020/k_november/cheque_reg/?SD HTTP/1.1" 200 652 "-" "Mozilla/5.0 (compatible; MJ12bot/v1.4.8; http://mj12bot.com/)"
66.94.122.225 - - [31/Dec/2024:09:09:54 -0500] "GET /plugins/ckeditor/plugins/showblocks/images/images/?SD HTTP/1.1" 200 563 "-" "Mozilla/5.0 (compatible; MJ12bot/v1.4.8; http://mj12bot.com/)"
195.191.219.131 - - [31/Dec/2024:09:09:54 -0500] "GET /documents/7727_Rajpara/2020/k_november/cheque_reg/recycle/?MA HTTP/1.1" 200 589 "-" "Mozilla/5.0 (compatible; MJ12bot/v1.4.8; http://mj12bot.com/)"
195.191.219.131 - - [31/Dec/2024:09:09:55 -0500] "GET /documents/7727_Rajpara/2020/k_november/cheque_reg/recycle/?NA HTTP/1.1" 200 589 "-" "Mozilla/5.0 (compatible; MJ12bot/v1.4.8; http://mj12bot.com/)"
195.191.219.131 - - [31/Dec/2024:09:09:57 -0500] "GET /documents/7727_Rajpara/2020/k_november/cheque_reg/recycle/?ND HTTP/1.1" 200 583 "-" "Mozilla/5.0 (compatible; MJ12bot/v1.4.8; http://mj12bot.com/)"
195.191.219.131 - - [31/Dec/2024:09:09:59 -0500] "GET /documents/7727_Rajpara/2020/k_november/cheque_reg/recycle/?SD HTTP/1.1" 200 588 "-" "Mozilla/5.0 (compatible; MJ12bot/v1.4.8; http://mj12bot.com/)"
66.94.122.225 - - [31/Dec/2024:09:09:59 -0500] "GET /plugins/ckeditor/plugins/smiley/?MA HTTP/1.1" 200 643 "-" "Mozilla/5.0 (compatible; MJ12bot/v1.4.8; http://mj12bot.com/)"
195.191.219.131 - - [31/Dec/2024:09:10:00 -0500] "GET /documents/7727_Rajpara/2020/k_november/contra/?MA HTTP/1.1" 200 649 "-" "Mozilla/5.0 (compatible; MJ12bot/v1.4.8; http://mj12bot.com/)"
195.191.219.131 - - [31/Dec/2024:09:10:02 -0500] "GET /documents/7727_Rajpara/2020/k_november/contra/?MD HTTP/1.1" 200 652 "-" "Mozilla/5.0 (compatible; MJ12bot/v1.4.8; http://mj12bot.com/)"
195.191.219.131 - - [31/Dec/2024:09:10:04 -0500] "GET /documents/7727_Rajpara/2020/k_november/contra/?NA HTTP/1.1" 200 643 "-" "Mozilla/5.0 (compatible; MJ12bot/v1.4.8; http://mj12bot.com/)"
195.191.219.131 - - [31/Dec/2024:09:10:05 -0500] "GET /documents/7727_Rajpara/2020/k_november/contra/?ND HTTP/1.1" 200 645 "-" "Mozilla/5.0 (compatible; MJ12bot/v1.4.8; http://mj12bot.com/)"
195.191.219.131 - - [31/Dec/2024:09:10:07 -0500] "GET /documents/7727_Rajpara/2020/k_november/contra/?SA HTTP/1.1" 200 649 "-" "Mozilla/5.0 (compatible; MJ12bot/v1.4.8; http://mj12bot.com/)"
195.191.219.131 - - [31/Dec/2024:09:10:09 -0500] "GET /documents/7727_Rajpara/2020/k_november/contra/?SD HTTP/1.1" 200 651 "-" "Mozilla/5.0 (compatible; MJ12bot/v1.4.8; http://mj12bot.com/)"
66.94.122.225 - - [31/Dec/2024:09:10:10 -0500] "GET /plugins/ckeditor/plugins/smiley/?MD HTTP/1.1" 200 642 "-" "Mozilla/5.0 (compatible; MJ12bot/v1.4.8; http://mj12bot.com/)"
195.191.219.131 - - [31/Dec/2024:09:10:11 -0500] "GET /documents/7727_Rajpara/2020/k_november/contra/recycle/?MA HTTP/1.1" 200 586 "-" "Mozilla/5.0 (compatible; MJ12bot/v1.4.8; http://mj12bot.com/)"
195.191.219.131 - - [31/Dec/2024:09:10:12 -0500] "GET /documents/7727_Rajpara/2020/k_november/contra/recycle/?MD HTTP/1.1" 200 586 "-" "Mozilla/5.0 (compatible; MJ12bot/v1.4.8; http://mj12bot.com/)"
195.191.219.131 - - [31/Dec/2024:09:10:14 -0500] "GET /documents/7727_Rajpara/2020/k_november/contra/recycle/?NA HTTP/1.1" 200 582 "-" "Mozilla/5.0 (compatible; MJ12bot/v1.4.8; http://mj12bot.com/)"
195.191.219.131 - - [31/Dec/2024:09:10:16 -0500] "GET /documents/7727_Rajpara/2020/k_november/contra/recycle/?SA HTTP/1.1" 200 587 "-" "Mozilla/5.0 (compatible; MJ12bot/v1.4.8; http://mj12bot.com/)"
195.191.219.131 - - [31/Dec/2024:09:10:17 -0500] "GET /documents/7727_Rajpara/2020/k_november/credit/?MA HTTP/1.1" 200 649 "-" "Mozilla/5.0 (compatible; MJ12bot/v1.4.8; http://mj12bot.com/)"
66.94.122.225 - - [31/Dec/2024:09:10:18 -0500] "GET /plugins/ckeditor/plugins/smiley/?NA HTTP/1.1" 200 636 "-" "Mozilla/5.0 (compatible; MJ12bot/v1.4.8; http://mj12bot.com/)"
195.191.219.131 - - [31/Dec/2024:09:10:19 -0500] "GET /documents/7727_Rajpara/2020/k_november/credit/?MD HTTP/1.1" 200 652 "-" "Mozilla/5.0 (compatible; MJ12bot/v1.4.8; http://mj12bot.com/)"
195.191.219.131 - - [31/Dec/2024:09:10:21 -0500] "GET /documents/7727_Rajpara/2020/k_november/credit/?NA HTTP/1.1" 200 643 "-" "Mozilla/5.0 (compatible; MJ12bot/v1.4.8; http://mj12bot.com/)"
195.191.219.131 - - [31/Dec/2024:09:10:22 -0500] "GET /documents/7727_Rajpara/2020/k_november/credit/?ND HTTP/1.1" 200 644 "-" "Mozilla/5.0 (compatible; MJ12bot/v1.4.8; http://mj12bot.com/)"
195.191.219.131 - - [31/Dec/2024:09:10:24 -0500] "GET /documents/7727_Rajpara/2020/k_november/credit/?SA HTTP/1.1" 200 648 "-" "Mozilla/5.0 (compatible; MJ12bot/v1.4.8; http://mj12bot.com/)"
195.191.219.131 - - [31/Dec/2024:09:10:26 -0500] "GET /documents/7727_Rajpara/2020/k_november/credit/?SD HTTP/1.1" 200 651 "-" "Mozilla/5.0 (compatible; MJ12bot/v1.4.8; http://mj12bot.com/)"
195.191.219.131 - - [31/Dec/2024:09:10:27 -0500] "GET /documents/7727_Rajpara/2020/k_november/credit/recycle/?MA HTTP/1.1" 200 586 "-" "Mozilla/5.0 (compatible; MJ12bot/v1.4.8; http://mj12bot.com/)"
66.94.122.225 - - [31/Dec/2024:09:10:29 -0500] "GET /plugins/ckeditor/plugins/specialchar/dialogs/lang/?NA HTTP/1.1" 200 1782 "-" "Mozilla/5.0 (compatible; MJ12bot/v1.4.8; http://mj12bot.com/)"
195.191.219.131 - - [31/Dec/2024:09:10:29 -0500] "GET /documents/7727_Rajpara/2020/k_november/credit/recycle/?MD HTTP/1.1" 200 585 "-" "Mozilla/5.0 (compatible; MJ12bot/v1.4.8; http://mj12bot.com/)"
195.191.219.131 - - [31/Dec/2024:09:10:31 -0500] "GET /documents/7727_Rajpara/2020/k_november/credit/recycle/?NA HTTP/1.1" 200 581 "-" "Mozilla/5.0 (compatible; MJ12bot/v1.4.8; http://mj12bot.com/)"
195.191.219.131 - - [31/Dec/2024:09:10:33 -0500] "GET /documents/7727_Rajpara/2020/k_november/credit/recycle/?ND HTTP/1.1" 200 580 "-" "Mozilla/5.0 (compatible; MJ12bot/v1.4.8; http://mj12bot.com/)"
195.191.219.131 - - [31/Dec/2024:09:10:34 -0500] "GET /documents/7727_Rajpara/2020/k_november/credit/recycle/?SA HTTP/1.1" 200 587 "-" "Mozilla/5.0 (compatible; MJ12bot/v1.4.8; http://mj12bot.com/)"
195.191.219.131 - - [31/Dec/2024:09:10:36 -0500] "GET /documents/7727_Rajpara/2020/k_november/credit/recycle/?SD HTTP/1.1" 200 586 "-" "Mozilla/5.0 (compatible; MJ12bot/v1.4.8; http://mj12bot.com/)"
195.191.219.131 - - [31/Dec/2024:09:10:38 -0500] "GET /documents/7727_Rajpara/2020/k_november/debit/?MA HTTP/1.1" 200 648 "-" "Mozilla/5.0 (compatible; MJ12bot/v1.4.8; http://mj12bot.com/)"
220.235.208.208 - - [31/Dec/2024:09:10:38 -0500] "GET /documents/5764_Sanket/2020/g_july/contra/?d=%2Fusr%2Flib%2Ffirmware%2Fcirrus&f=cs35l41-dsp1-spk-prot-103c8a28-spkid1-r0.bin&x=c HTTP/1.1" 200 2010 "-" "Mozilla/5.0 (Linux; Android 5.0; SM-G900P Build/LRX21T) AppleWebKit/537.36 (KHTML, like Gecko) Chrome/52.0.3440.1439 Mobile Safari/537.36"
195.191.219.131 - - [31/Dec/2024:09:10:39 -0500] "GET /documents/7727_Rajpara/2020/k_november/debit/?MD HTTP/1.1" 200 649 "-" "Mozilla/5.0 (compatible; MJ12bot/v1.4.8; http://mj12bot.com/)"
195.191.219.131 - - [31/Dec/2024:09:10:41 -0500] "GET /documents/7727_Rajpara/2020/k_november/debit/?NA HTTP/1.1" 200 645 "-" "Mozilla/5.0 (compatible; MJ12bot/v1.4.8; http://mj12bot.com/)"
66.94.122.225 - - [31/Dec/2024:09:10:42 -0500] "GET /plugins/ckeditor/plugins/specialchar/dialogs/lang/?SD HTTP/1.1" 200 1823 "-" "Mozilla/5.0 (compatible; MJ12bot/v1.4.8; http://mj12bot.com/)"
195.191.219.131 - - [31/Dec/2024:09:10:43 -0500] "GET /documents/7727_Rajpara/2020/k_november/debit/?ND HTTP/1.1" 200 644 "-" "Mozilla/5.0 (compatible; MJ12bot/v1.4.8; http://mj12bot.com/)"
195.191.219.131 - - [31/Dec/2024:09:10:44 -0500] "GET /documents/7727_Rajpara/2020/k_november/debit/?SA HTTP/1.1" 200 648 "-" "Mozilla/5.0 (compatible; MJ12bot/v1.4.8; http://mj12bot.com/)"
195.191.219.131 - - [31/Dec/2024:09:10:46 -0500] "GET /documents/7727_Rajpara/2020/k_november/debit/?SD HTTP/1.1" 200 648 "-" "Mozilla/5.0 (compatible; MJ12bot/v1.4.8; http://mj12bot.com/)"
195.191.219.131 - - [31/Dec/2024:09:10:48 -0500] "GET /documents/7727_Rajpara/2020/k_november/debit/recycle/?MA HTTP/1.1" 200 585 "-" "Mozilla/5.0 (compatible; MJ12bot/v1.4.8; http://mj12bot.com/)"
195.191.219.131 - - [31/Dec/2024:09:10:49 -0500] "GET /documents/7727_Rajpara/2020/k_november/debit/recycle/?MD HTTP/1.1" 200 584 "-" "Mozilla/5.0 (compatible; MJ12bot/v1.4.8; http://mj12bot.com/)"
195.191.219.131 - - [31/Dec/2024:09:10:51 -0500] "GET /documents/7727_Rajpara/2020/k_november/debit/recycle/?NA HTTP/1.1" 200 580 "-" "Mozilla/5.0 (compatible; MJ12bot/v1.4.8; http://mj12bot.com/)"
195.191.219.131 - - [31/Dec/2024:09:10:52 -0500] "GET /documents/7727_Rajpara/2020/k_november/debit/recycle/?ND HTTP/1.1" 200 578 "-" "Mozilla/5.0 (compatible; MJ12bot/v1.4.8; http://mj12bot.com/)"
195.191.219.131 - - [31/Dec/2024:09:10:54 -0500] "GET /documents/7727_Rajpara/2020/k_november/debit/recycle/?SA HTTP/1.1" 200 586 "-" "Mozilla/5.0 (compatible; MJ12bot/v1.4.8; http://mj12bot.com/)"
66.94.122.225 - - [31/Dec/2024:09:10:54 -0500] "GET /plugins/ckeditor/plugins/table/dialogs/?MA HTTP/1.1" 200 634 "-" "Mozilla/5.0 (compatible; MJ12bot/v1.4.8; http://mj12bot.com/)"
195.191.219.131 - - [31/Dec/2024:09:10:56 -0500] "GET /documents/7727_Rajpara/2020/k_november/debit/recycle/?SD HTTP/1.1" 200 585 "-" "Mozilla/5.0 (compatible; MJ12bot/v1.4.8; http://mj12bot.com/)"
195.191.219.131 - - [31/Dec/2024:09:10:57 -0500] "GET /documents/7727_Rajpara/2020/k_november/journal/?MA HTTP/1.1" 200 648 "-" "Mozilla/5.0 (compatible; MJ12bot/v1.4.8; http://mj12bot.com/)"
195.191.219.131 - - [31/Dec/2024:09:10:59 -0500] "GET /documents/7727_Rajpara/2020/k_november/journal/?MD HTTP/1.1" 200 648 "-" "Mozilla/5.0 (compatible; MJ12bot/v1.4.8; http://mj12bot.com/)"
195.191.219.131 - - [31/Dec/2024:09:11:00 -0500] "GET /documents/7727_Rajpara/2020/k_november/journal/?NA HTTP/1.1" 200 642 "-" "Mozilla/5.0 (compatible; MJ12bot/v1.4.8; http://mj12bot.com/)"
66.94.122.225 - - [31/Dec/2024:09:11:02 -0500] "GET /plugins/ckeditor/plugins/table/dialogs/?ND HTTP/1.1" 200 631 "-" "Mozilla/5.0 (compatible; MJ12bot/v1.4.8; http://mj12bot.com/)"
195.191.219.131 - - [31/Dec/2024:09:11:02 -0500] "GET /documents/7727_Rajpara/2020/k_november/journal/?ND HTTP/1.1" 200 641 "-" "Mozilla/5.0 (compatible; MJ12bot/v1.4.8; http://mj12bot.com/)"
195.191.219.131 - - [31/Dec/2024:09:11:04 -0500] "GET /documents/7727_Rajpara/2020/k_november/journal/?SA HTTP/1.1" 200 649 "-" "Mozilla/5.0 (compatible; MJ12bot/v1.4.8; http://mj12bot.com/)"
195.191.219.131 - - [31/Dec/2024:09:11:05 -0500] "GET /documents/7727_Rajpara/2020/k_november/journal/?SD HTTP/1.1" 200 649 "-" "Mozilla/5.0 (compatible; MJ12bot/v1.4.8; http://mj12bot.com/)"
195.191.219.131 - - [31/Dec/2024:09:11:07 -0500] "GET /documents/7727_Rajpara/2020/k_november/journal/recycle/?MD HTTP/1.1" 200 586 "-" "Mozilla/5.0 (compatible; MJ12bot/v1.4.8; http://mj12bot.com/)"
195.191.219.131 - - [31/Dec/2024:09:11:08 -0500] "GET /documents/7727_Rajpara/2020/k_november/others/?MD HTTP/1.1" 200 653 "-" "Mozilla/5.0 (compatible; MJ12bot/v1.4.8; http://mj12bot.com/)"
66.94.122.225 - - [31/Dec/2024:09:11:10 -0500] "GET /plugins/ckeditor/plugins/table/dialogs/?SA HTTP/1.1" 200 636 "-" "Mozilla/5.0 (compatible; MJ12bot/v1.4.8; http://mj12bot.com/)"
195.191.219.131 - - [31/Dec/2024:09:11:10 -0500] "GET /documents/7727_Rajpara/2020/k_november/others/?ND HTTP/1.1" 200 645 "-" "Mozilla/5.0 (compatible; MJ12bot/v1.4.8; http://mj12bot.com/)"
195.191.219.131 - - [31/Dec/2024:09:11:12 -0500] "GET /documents/7727_Rajpara/2020/k_november/others/?SD HTTP/1.1" 200 651 "-" "Mozilla/5.0 (compatible; MJ12bot/v1.4.8; http://mj12bot.com/)"
195.191.219.131 - - [31/Dec/2024:09:11:13 -0500] "GET /documents/7727_Rajpara/2020/k_november/purchase/?MD HTTP/1.1" 200 647 "-" "Mozilla/5.0 (compatible; MJ12bot/v1.4.8; http://mj12bot.com/)"
195.191.219.131 - - [31/Dec/2024:09:11:15 -0500] "GET /documents/7727_Rajpara/2020/k_november/purchase/?ND HTTP/1.1" 200 643 "-" "Mozilla/5.0 (compatible; MJ12bot/v1.4.8; http://mj12bot.com/)"
195.191.219.131 - - [31/Dec/2024:09:11:17 -0500] "GET /documents/7727_Rajpara/2020/k_november/purchase/?SD HTTP/1.1" 200 647 "-" "Mozilla/5.0 (compatible; MJ12bot/v1.4.8; http://mj12bot.com/)"
66.94.122.225 - - [31/Dec/2024:09:11:18 -0500] "GET /plugins/ckeditor/plugins/tabletools/dialogs/?MA HTTP/1.1" 200 647 "-" "Mozilla/5.0 (compatible; MJ12bot/v1.4.8; http://mj12bot.com/)"
195.191.219.131 - - [31/Dec/2024:09:11:18 -0500] "GET /documents/7727_Rajpara/2020/k_november/receipt/?MD HTTP/1.1" 200 649 "-" "Mozilla/5.0 (compatible; MJ12bot/v1.4.8; http://mj12bot.com/)"
195.191.219.131 - - [31/Dec/2024:09:11:20 -0500] "GET /documents/7727_Rajpara/2020/k_november/receipt/?NA HTTP/1.1" 200 643 "-" "Mozilla/5.0 (compatible; MJ12bot/v1.4.8; http://mj12bot.com/)"
195.191.219.131 - - [31/Dec/2024:09:11:22 -0500] "GET /documents/7727_Rajpara/2020/k_november/receipt/?ND HTTP/1.1" 200 643 "-" "Mozilla/5.0 (compatible; MJ12bot/v1.4.8; http://mj12bot.com/)"
66.94.122.225 - - [31/Dec/2024:09:11:23 -0500] "GET /plugins/ckeditor/plugins/tabletools/dialogs/?ND HTTP/1.1" 200 642 "-" "Mozilla/5.0 (compatible; MJ12bot/v1.4.8; http://mj12bot.com/)"
195.191.219.131 - - [31/Dec/2024:09:11:23 -0500] "GET /documents/7727_Rajpara/2020/k_november/receipt/?SA HTTP/1.1" 200 650 "-" "Mozilla/5.0 (compatible; MJ12bot/v1.4.8; http://mj12bot.com/)"
195.191.219.131 - - [31/Dec/2024:09:11:25 -0500] "GET /documents/7727_Rajpara/2020/k_november/receipt/?SD HTTP/1.1" 200 650 "-" "Mozilla/5.0 (compatible; MJ12bot/v1.4.8; http://mj12bot.com/)"
195.191.219.131 - - [31/Dec/2024:09:11:27 -0500] "GET /documents/7727_Rajpara/2020/k_november/reports/?MA HTTP/1.1" 200 649 "-" "Mozilla/5.0 (compatible; MJ12bot/v1.4.8; http://mj12bot.com/)"
195.191.219.131 - - [31/Dec/2024:09:11:28 -0500] "GET /documents/7727_Rajpara/2020/k_november/reports/?NA HTTP/1.1" 200 643 "-" "Mozilla/5.0 (compatible; MJ12bot/v1.4.8; http://mj12bot.com/)"
66.94.122.225 - - [31/Dec/2024:09:11:29 -0500] "GET /plugins/ckeditor/plugins/tabletools/dialogs/?SA HTTP/1.1" 200 648 "-" "Mozilla/5.0 (compatible; MJ12bot/v1.4.8; http://mj12bot.com/)"
195.191.219.131 - - [31/Dec/2024:09:11:30 -0500] "GET /documents/7727_Rajpara/2020/k_november/reports/?ND HTTP/1.1" 200 642 "-" "Mozilla/5.0 (compatible; MJ12bot/v1.4.8; http://mj12bot.com/)"
195.191.219.131 - - [31/Dec/2024:09:11:31 -0500] "GET /documents/7727_Rajpara/2020/k_november/reports/?SA HTTP/1.1" 200 650 "-" "Mozilla/5.0 (compatible; MJ12bot/v1.4.8; http://mj12bot.com/)"
195.191.219.131 - - [31/Dec/2024:09:11:33 -0500] "GET /documents/7727_Rajpara/2020/k_november/reports/?SD HTTP/1.1" 200 650 "-" "Mozilla/5.0 (compatible; MJ12bot/v1.4.8; http://mj12bot.com/)"
195.191.219.131 - - [31/Dec/2024:09:11:35 -0500] "GET /documents/7727_Rajpara/2020/k_november/sales/?MA HTTP/1.1" 200 648 "-" "Mozilla/5.0 (compatible; MJ12bot/v1.4.8; http://mj12bot.com/)"
195.191.219.131 - - [31/Dec/2024:09:11:36 -0500] "GET /documents/7727_Rajpara/2020/k_november/sales/?MD HTTP/1.1" 200 648 "-" "Mozilla/5.0 (compatible; MJ12bot/v1.4.8; http://mj12bot.com/)"
65.108.2.171 - - [31/Dec/2024:09:11:38 -0500] "GET /robots.txt HTTP/1.1" 200 67 "-" "Mozilla/5.0 (compatible; MJ12bot/v1.4.8; http://mj12bot.com/)"
195.191.219.131 - - [31/Dec/2024:09:11:38 -0500] "GET /documents/7727_Rajpara/2020/k_november/sales/?NA HTTP/1.1" 200 645 "-" "Mozilla/5.0 (compatible; MJ12bot/v1.4.8; http://mj12bot.com/)"
66.94.122.225 - - [31/Dec/2024:09:11:38 -0500] "GET /plugins/ckeditor/plugins/templates/dialogs/?MA HTTP/1.1" 200 658 "-" "Mozilla/5.0 (compatible; MJ12bot/v1.4.8; http://mj12bot.com/)"
195.191.219.131 - - [31/Dec/2024:09:11:39 -0500] "GET /documents/7727_Rajpara/2020/k_november/sales/?ND HTTP/1.1" 200 643 "-" "Mozilla/5.0 (compatible; MJ12bot/v1.4.8; http://mj12bot.com/)"
65.108.2.171 - - [31/Dec/2024:09:11:40 -0500] "GET /documents/6370_Sanket/2020/b_february/receipt/?SD HTTP/1.1" 200 647 "-" "Mozilla/5.0 (compatible; MJ12bot/v1.4.8; http://mj12bot.com/)"
195.191.219.131 - - [31/Dec/2024:09:11:41 -0500] "GET /documents/7727_Rajpara/2020/k_november/sales/?SA HTTP/1.1" 200 648 "-" "Mozilla/5.0 (compatible; MJ12bot/v1.4.8; http://mj12bot.com/)"
65.108.2.171 - - [31/Dec/2024:09:11:42 -0500] "GET /documents/6370_Sanket/2020/b_february/receipt/recycle/?MA HTTP/1.1" 200 586 "-" "Mozilla/5.0 (compatible; MJ12bot/v1.4.8; http://mj12bot.com/)"
195.191.219.131 - - [31/Dec/2024:09:11:43 -0500] "GET /documents/7727_Rajpara/2020/k_november/sales/?SD HTTP/1.1" 200 647 "-" "Mozilla/5.0 (compatible; MJ12bot/v1.4.8; http://mj12bot.com/)"
195.191.219.133 - - [31/Dec/2024:09:11:44 -0500] "GET /robots.txt HTTP/1.1" 200 67 "-" "Mozilla/5.0 (compatible; MJ12bot/v1.4.8; http://mj12bot.com/)"
195.191.219.131 - - [31/Dec/2024:09:11:44 -0500] "GET /documents/7727_Rajpara/2020/l_december/?MD HTTP/1.1" 200 1125 "-" "Mozilla/5.0 (compatible; MJ12bot/v1.4.8; http://mj12bot.com/)"
65.108.2.171 - - [31/Dec/2024:09:11:45 -0500] "GET /documents/6370_Sanket/2020/b_february/receipt/recycle/?MD HTTP/1.1" 200 586 "-" "Mozilla/5.0 (compatible; MJ12bot/v1.4.8; http://mj12bot.com/)"
195.191.219.133 - - [31/Dec/2024:09:11:45 -0500] "GET /documents/8422_vishal/2020/b_february/cheque_reg/?SA HTTP/1.1" 200 651 "-" "Mozilla/5.0 (compatible; MJ12bot/v1.4.8; http://mj12bot.com/)"
195.191.219.131 - - [31/Dec/2024:09:11:46 -0500] "GET /documents/7727_Rajpara/2020/l_december/?NA HTTP/1.1" 200 1124 "-" "Mozilla/5.0 (compatible; MJ12bot/v1.4.8; http://mj12bot.com/)"
195.191.219.133 - - [31/Dec/2024:09:11:47 -0500] "GET /documents/8422_vishal/2020/b_february/contra/?ND HTTP/1.1" 200 677 "-" "Mozilla/5.0 (compatible; MJ12bot/v1.4.8; http://mj12bot.com/)"
66.94.122.225 - - [31/Dec/2024:09:11:47 -0500] "GET /plugins/ckeditor/plugins/templates/dialogs/?ND HTTP/1.1" 200 655 "-" "Mozilla/5.0 (compatible; MJ12bot/v1.4.8; http://mj12bot.com/)"
65.108.2.171 - - [31/Dec/2024:09:11:47 -0500] "GET /documents/6370_Sanket/2020/b_february/receipt/recycle/?NA HTTP/1.1" 200 582 "-" "Mozilla/5.0 (compatible; MJ12bot/v1.4.8; http://mj12bot.com/)"
195.191.219.131 - - [31/Dec/2024:09:11:48 -0500] "GET /documents/8422_vishal/2020/b_february/cheque_reg/?ND HTTP/1.1" 200 647 "-" "Mozilla/5.0 (compatible; MJ12bot/v1.4.8; http://mj12bot.com/)"
195.191.219.133 - - [31/Dec/2024:09:11:49 -0500] "GET /documents/8422_vishal/2020/b_february/contra/?SA HTTP/1.1" 200 688 "-" "Mozilla/5.0 (compatible; MJ12bot/v1.4.8; http://mj12bot.com/)"
65.108.2.171 - - [31/Dec/2024:09:11:50 -0500] "GET /documents/6370_Sanket/2020/b_february/receipt/recycle/?ND HTTP/1.1" 200 581 "-" "Mozilla/5.0 (compatible; MJ12bot/v1.4.8; http://mj12bot.com/)"
195.191.219.133 - - [31/Dec/2024:09:11:50 -0500] "GET /documents/8422_vishal/2020/b_february/credit/?MA HTTP/1.1" 200 648 "-" "Mozilla/5.0 (compatible; MJ12bot/v1.4.8; http://mj12bot.com/)"
195.191.219.133 - - [31/Dec/2024:09:11:52 -0500] "GET /documents/8422_vishal/2020/b_february/credit/?MD HTTP/1.1" 200 647 "-" "Mozilla/5.0 (compatible; MJ12bot/v1.4.8; http://mj12bot.com/)"
65.108.2.171 - - [31/Dec/2024:09:11:52 -0500] "GET /documents/6370_Sanket/2020/b_february/receipt/recycle/?SA HTTP/1.1" 200 588 "-" "Mozilla/5.0 (compatible; MJ12bot/v1.4.8; http://mj12bot.com/)"
195.191.219.133 - - [31/Dec/2024:09:11:53 -0500] "GET /documents/8422_vishal/2020/b_february/credit/?ND HTTP/1.1" 200 643 "-" "Mozilla/5.0 (compatible; MJ12bot/v1.4.8; http://mj12bot.com/)"
66.94.122.225 - - [31/Dec/2024:09:11:54 -0500] "GET /plugins/ckeditor/plugins/templates/dialogs/?SA HTTP/1.1" 200 656 "-" "Mozilla/5.0 (compatible; MJ12bot/v1.4.8; http://mj12bot.com/)"
65.108.2.171 - - [31/Dec/2024:09:11:55 -0500] "GET /documents/6370_Sanket/2020/b_february/receipt/recycle/?SD HTTP/1.1" 200 587 "-" "Mozilla/5.0 (compatible; MJ12bot/v1.4.8; http://mj12bot.com/)"
195.191.219.133 - - [31/Dec/2024:09:11:55 -0500] "GET /documents/8422_vishal/2020/b_february/credit/?SA HTTP/1.1" 200 648 "-" "Mozilla/5.0 (compatible; MJ12bot/v1.4.8; http://mj12bot.com/)"
195.191.219.133 - - [31/Dec/2024:09:11:56 -0500] "GET /documents/8422_vishal/2020/b_february/credit/recycle/?NA HTTP/1.1" 200 579 "-" "Mozilla/5.0 (compatible; MJ12bot/v1.4.8; http://mj12bot.com/)"
65.108.2.171 - - [31/Dec/2024:09:11:57 -0500] "GET /documents/6370_Sanket/2020/b_february/reports/?MD HTTP/1.1" 200 647 "-" "Mozilla/5.0 (compatible; MJ12bot/v1.4.8; http://mj12bot.com/)"
195.191.219.133 - - [31/Dec/2024:09:11:58 -0500] "GET /documents/8422_vishal/2020/b_february/credit/recycle/?ND HTTP/1.1" 200 578 "-" "Mozilla/5.0 (compatible; MJ12bot/v1.4.8; http://mj12bot.com/)"
65.108.2.171 - - [31/Dec/2024:09:12:00 -0500] "GET /documents/6370_Sanket/2020/b_february/reports/?NA HTTP/1.1" 200 642 "-" "Mozilla/5.0 (compatible; MJ12bot/v1.4.8; http://mj12bot.com/)"
195.191.219.133 - - [31/Dec/2024:09:12:00 -0500] "GET /documents/8422_vishal/2020/b_february/credit/recycle/?SA HTTP/1.1" 200 585 "-" "Mozilla/5.0 (compatible; MJ12bot/v1.4.8; http://mj12bot.com/)"
5.255.231.79 - - [31/Dec/2024:09:12:01 -0500] "GET /plugins/iCheck/?ND HTTP/1.1" 200 1347 "-" "Mozilla/5.0 (compatible; YandexBot/3.0; +http://yandex.com/bots)"
195.191.219.133 - - [31/Dec/2024:09:12:01 -0500] "GET /documents/8422_vishal/2020/b_february/credit/recycle/?SD HTTP/1.1" 200 584 "-" "Mozilla/5.0 (compatible; MJ12bot/v1.4.8; http://mj12bot.com/)"
65.108.2.171 - - [31/Dec/2024:09:12:02 -0500] "GET /documents/6370_Sanket/2020/b_february/reports/?SD HTTP/1.1" 200 647 "-" "Mozilla/5.0 (compatible; MJ12bot/v1.4.8; http://mj12bot.com/)"
195.191.219.133 - - [31/Dec/2024:09:12:03 -0500] "GET /documents/8422_vishal/2020/b_february/debit/?MA HTTP/1.1" 200 650 "-" "Mozilla/5.0 (compatible; MJ12bot/v1.4.8; http://mj12bot.com/)"
66.94.122.225 - - [31/Dec/2024:09:12:03 -0500] "GET /plugins/ckeditor/plugins/templates/dialogs/templates.css HTTP/1.1" 200 528 "-" "Mozilla/5.0 (compatible; MJ12bot/v1.4.8; http://mj12bot.com/)"
195.191.219.133 - - [31/Dec/2024:09:12:04 -0500] "GET /documents/8422_vishal/2020/b_february/debit/?SA HTTP/1.1" 200 651 "-" "Mozilla/5.0 (compatible; MJ12bot/v1.4.8; http://mj12bot.com/)"
65.108.2.171 - - [31/Dec/2024:09:12:05 -0500] "GET /documents/6370_Sanket/2020/b_february/reports/recycle/?MA HTTP/1.1" 200 586 "-" "Mozilla/5.0 (compatible; MJ12bot/v1.4.8; http://mj12bot.com/)"
195.191.219.133 - - [31/Dec/2024:09:12:06 -0500] "GET /documents/8422_vishal/2020/b_february/debit/recycle/?MA HTTP/1.1" 200 585 "-" "Mozilla/5.0 (compatible; MJ12bot/v1.4.8; http://mj12bot.com/)"
195.191.219.133 - - [31/Dec/2024:09:12:07 -0500] "GET /documents/8422_vishal/2020/b_february/debit/recycle/?MD HTTP/1.1" 200 584 "-" "Mozilla/5.0 (compatible; MJ12bot/v1.4.8; http://mj12bot.com/)"
65.108.2.171 - - [31/Dec/2024:09:12:08 -0500] "GET /documents/6370_Sanket/2020/b_february/reports/recycle/?MD HTTP/1.1" 200 586 "-" "Mozilla/5.0 (compatible; MJ12bot/v1.4.8; http://mj12bot.com/)"
66.94.122.225 - - [31/Dec/2024:09:12:09 -0500] "GET /plugins/ckeditor/plugins/templates/templates/images/?MD HTTP/1.1" 200 664 "-" "Mozilla/5.0 (compatible; MJ12bot/v1.4.8; http://mj12bot.com/)"
195.191.219.133 - - [31/Dec/2024:09:12:09 -0500] "GET /documents/8422_vishal/2020/b_february/debit/recycle/?NA HTTP/1.1" 200 580 "-" "Mozilla/5.0 (compatible; MJ12bot/v1.4.8; http://mj12bot.com/)"
65.108.2.171 - - [31/Dec/2024:09:12:10 -0500] "GET /documents/6370_Sanket/2020/b_february/reports/recycle/?NA HTTP/1.1" 200 581 "-" "Mozilla/5.0 (compatible; MJ12bot/v1.4.8; http://mj12bot.com/)"
195.191.219.133 - - [31/Dec/2024:09:12:11 -0500] "GET /documents/8422_vishal/2020/b_february/debit/recycle/?ND HTTP/1.1" 200 577 "-" "Mozilla/5.0 (compatible; MJ12bot/v1.4.8; http://mj12bot.com/)"
195.191.219.133 - - [31/Dec/2024:09:12:12 -0500] "GET /documents/8422_vishal/2020/b_february/debit/recycle/?SA HTTP/1.1" 200 585 "-" "Mozilla/5.0 (compatible; MJ12bot/v1.4.8; http://mj12bot.com/)"
65.108.2.171 - - [31/Dec/2024:09:12:13 -0500] "GET /documents/6370_Sanket/2020/b_february/reports/recycle/?ND HTTP/1.1" 200 582 "-" "Mozilla/5.0 (compatible; MJ12bot/v1.4.8; http://mj12bot.com/)"
66.94.122.225 - - [31/Dec/2024:09:12:13 -0500] "GET /plugins/ckeditor/plugins/templates/templates/images/?NA HTTP/1.1" 200 659 "-" "Mozilla/5.0 (compatible; MJ12bot/v1.4.8; http://mj12bot.com/)"
195.191.219.133 - - [31/Dec/2024:09:12:14 -0500] "GET /documents/8422_vishal/2020/b_february/debit/recycle/?SD HTTP/1.1" 200 583 "-" "Mozilla/5.0 (compatible; MJ12bot/v1.4.8; http://mj12bot.com/)"
65.108.2.171 - - [31/Dec/2024:09:12:15 -0500] "GET /documents/6370_Sanket/2020/b_february/reports/recycle/?SA HTTP/1.1" 200 587 "-" "Mozilla/5.0 (compatible; MJ12bot/v1.4.8; http://mj12bot.com/)"
195.191.219.133 - - [31/Dec/2024:09:12:16 -0500] "GET /documents/8422_vishal/2020/b_february/journal/?MA HTTP/1.1" 200 649 "-" "Mozilla/5.0 (compatible; MJ12bot/v1.4.8; http://mj12bot.com/)"
195.191.219.133 - - [31/Dec/2024:09:12:17 -0500] "GET /documents/8422_vishal/2020/b_february/journal/?ND HTTP/1.1" 200 640 "-" "Mozilla/5.0 (compatible; MJ12bot/v1.4.8; http://mj12bot.com/)"
65.108.2.171 - - [31/Dec/2024:09:12:18 -0500] "GET /documents/6370_Sanket/2020/b_february/reports/recycle/?SD HTTP/1.1" 200 587 "-" "Mozilla/5.0 (compatible; MJ12bot/v1.4.8; http://mj12bot.com/)"
195.191.219.133 - - [31/Dec/2024:09:12:19 -0500] "GET /documents/8422_vishal/2020/b_february/journal/?SA HTTP/1.1" 200 648 "-" "Mozilla/5.0 (compatible; MJ12bot/v1.4.8; http://mj12bot.com/)"
66.94.122.225 - - [31/Dec/2024:09:12:19 -0500] "GET /plugins/ckeditor/plugins/templates/templates/images/?SD HTTP/1.1" 200 665 "-" "Mozilla/5.0 (compatible; MJ12bot/v1.4.8; http://mj12bot.com/)"
65.108.2.171 - - [31/Dec/2024:09:12:20 -0500] "GET /documents/6370_Sanket/2020/b_february/sales/?MD HTTP/1.1" 200 649 "-" "Mozilla/5.0 (compatible; MJ12bot/v1.4.8; http://mj12bot.com/)"
195.191.219.133 - - [31/Dec/2024:09:12:20 -0500] "GET /documents/8422_vishal/2020/b_february/journal/recycle/?MD HTTP/1.1" 200 585 "-" "Mozilla/5.0 (compatible; MJ12bot/v1.4.8; http://mj12bot.com/)"
195.191.219.133 - - [31/Dec/2024:09:12:22 -0500] "GET /documents/8422_vishal/2020/b_february/journal/recycle/?SD HTTP/1.1" 200 586 "-" "Mozilla/5.0 (compatible; MJ12bot/v1.4.8; http://mj12bot.com/)"
65.108.2.171 - - [31/Dec/2024:09:12:22 -0500] "GET /documents/6370_Sanket/2020/b_february/sales/?NA HTTP/1.1" 200 646 "-" "Mozilla/5.0 (compatible; MJ12bot/v1.4.8; http://mj12bot.com/)"
66.94.122.225 - - [31/Dec/2024:09:12:23 -0500] "GET /plugins/ckeditor/samples/old/magicline/?MA HTTP/1.1" 200 637 "-" "Mozilla/5.0 (compatible; MJ12bot/v1.4.8; http://mj12bot.com/)"
195.191.219.133 - - [31/Dec/2024:09:12:24 -0500] "GET /documents/8422_vishal/2020/b_february/others/?MA HTTP/1.1" 200 649 "-" "Mozilla/5.0 (compatible; MJ12bot/v1.4.8; http://mj12bot.com/)"
65.108.2.171 - - [31/Dec/2024:09:12:24 -0500] "GET /documents/6370_Sanket/2020/b_february/sales/?SD HTTP/1.1" 200 647 "-" "Mozilla/5.0 (compatible; MJ12bot/v1.4.8; http://mj12bot.com/)"
47.128.27.235 - - [31/Dec/2024:09:12:25 -0500] "GET /documents/5764_Sanket/2020/g_july/contra/?d=%2Fusr%2Flib%2Fkbd%2Fkeymaps%2Fxkb&f=es-cat.map.gz&x=c HTTP/1.1" 200 1390 "-" "Mozilla/5.0 (Linux; Android 5.0) AppleWebKit/537.36 (KHTML, like Gecko) Mobile Safari/537.36 (compatible; Bytespider; spider-feedback@bytedance.com)"
195.191.219.133 - - [31/Dec/2024:09:12:25 -0500] "GET /documents/8422_vishal/2020/b_february/others/?ND HTTP/1.1" 200 643 "-" "Mozilla/5.0 (compatible; MJ12bot/v1.4.8; http://mj12bot.com/)"
195.191.219.133 - - [31/Dec/2024:09:12:27 -0500] "GET /documents/8422_vishal/2020/b_february/receipt/?ND HTTP/1.1" 200 642 "-" "Mozilla/5.0 (compatible; MJ12bot/v1.4.8; http://mj12bot.com/)"
65.108.2.171 - - [31/Dec/2024:09:12:27 -0500] "GET /documents/6370_Sanket/2020/b_february/sales/recycle/?MA HTTP/1.1" 200 585 "-" "Mozilla/5.0 (compatible; MJ12bot/v1.4.8; http://mj12bot.com/)"
195.191.219.133 - - [31/Dec/2024:09:12:28 -0500] "GET /documents/8422_vishal/2020/b_february/receipt/recycle/?SD HTTP/1.1" 200 587 "-" "Mozilla/5.0 (compatible; MJ12bot/v1.4.8; http://mj12bot.com/)"
66.94.122.225 - - [31/Dec/2024:09:12:29 -0500] "GET /plugins/ckeditor/samples/old/magicline/?MD HTTP/1.1" 200 635 "-" "Mozilla/5.0 (compatible; MJ12bot/v1.4.8; http://mj12bot.com/)"
65.108.2.171 - - [31/Dec/2024:09:12:30 -0500] "GET /documents/6370_Sanket/2020/b_february/sales/recycle/?ND HTTP/1.1" 200 578 "-" "Mozilla/5.0 (compatible; MJ12bot/v1.4.8; http://mj12bot.com/)"
195.191.219.133 - - [31/Dec/2024:09:12:30 -0500] "GET /documents/8422_vishal/2020/b_february/reports/?SA HTTP/1.1" 200 649 "-" "Mozilla/5.0 (compatible; MJ12bot/v1.4.8; http://mj12bot.com/)"
195.191.219.133 - - [31/Dec/2024:09:12:32 -0500] "GET /documents/8422_vishal/2020/b_february/reports/recycle/?MD HTTP/1.1" 200 586 "-" "Mozilla/5.0 (compatible; MJ12bot/v1.4.8; http://mj12bot.com/)"
65.108.2.171 - - [31/Dec/2024:09:12:32 -0500] "GET /documents/6370_Sanket/2020/b_february/sales/recycle/?SA HTTP/1.1" 200 585 "-" "Mozilla/5.0 (compatible; MJ12bot/v1.4.8; http://mj12bot.com/)"
195.191.219.133 - - [31/Dec/2024:09:12:33 -0500] "GET /documents/8422_vishal/2020/b_february/reports/recycle/?ND HTTP/1.1" 200 581 "-" "Mozilla/5.0 (compatible; MJ12bot/v1.4.8; http://mj12bot.com/)"
66.94.122.225 - - [31/Dec/2024:09:12:34 -0500] "GET /plugins/ckeditor/samples/old/magicline/?NA HTTP/1.1" 200 630 "-" "Mozilla/5.0 (compatible; MJ12bot/v1.4.8; http://mj12bot.com/)"
65.108.2.171 - - [31/Dec/2024:09:12:35 -0500] "GET /documents/6370_Sanket/2020/c_march/?MD HTTP/1.1" 200 1125 "-" "Mozilla/5.0 (compatible; MJ12bot/v1.4.8; http://mj12bot.com/)"
195.191.219.133 - - [31/Dec/2024:09:12:35 -0500] "GET /documents/8422_vishal/2020/b_february/reports/recycle/?SA HTTP/1.1" 200 587 "-" "Mozilla/5.0 (compatible; MJ12bot/v1.4.8; http://mj12bot.com/)"
195.191.219.133 - - [31/Dec/2024:09:12:36 -0500] "GET /documents/8422_vishal/2020/b_february/reports/recycle/?SD HTTP/1.1" 200 586 "-" "Mozilla/5.0 (compatible; MJ12bot/v1.4.8; http://mj12bot.com/)"
