85.239.238.198 - - [31/Dec/2024:14:17:30 -0500] "GET /dist/css/?ND HTTP/1.1" 200 710 "-" "Mozilla/5.0 (compatible; MJ12bot/v1.4.8; http://mj12bot.com/)"
37.57.218.243 - - [31/Dec/2024:14:17:30 -0500] "GET /documents/8422_vishal/2020/l_december/purchase/recycle/ HTTP/1.1" 200 579 "-" "Mozilla/5.0 (compatible; MJ12bot/v1.4.8; http://mj12bot.com/)"
94.154.239.69 - - [31/Dec/2024:14:17:31 -0500] "GET /plugins_old/ionslider/img/?SA HTTP/1.1" 200 559 "-" "Mozilla/5.0 (compatible; MJ12bot/v1.4.8; http://mj12bot.com/)"
85.239.238.198 - - [31/Dec/2024:14:17:32 -0500] "GET /dist/css/?SA HTTP/1.1" 200 717 "-" "Mozilla/5.0 (compatible; MJ12bot/v1.4.8; http://mj12bot.com/)"
37.57.218.243 - - [31/Dec/2024:14:17:32 -0500] "GET /documents/8422_vishal/2020/l_december/receipt/recycle/ HTTP/1.1" 200 581 "-" "Mozilla/5.0 (compatible; MJ12bot/v1.4.8; http://mj12bot.com/)"
185.250.36.30 - - [31/Dec/2024:14:17:33 -0500] "GET /documents/6204_Rajpara/2020/g_july/purchase/recycle/?MA HTTP/1.1" 200 583 "-" "Mozilla/5.0 (compatible; MJ12bot/v1.4.8; http://mj12bot.com/)"
85.239.238.198 - - [31/Dec/2024:14:17:34 -0500] "GET /dist/css/?SD HTTP/1.1" 200 717 "-" "Mozilla/5.0 (compatible; MJ12bot/v1.4.8; http://mj12bot.com/)"
37.57.218.243 - - [31/Dec/2024:14:17:34 -0500] "GET /documents/8422_vishal/2020/l_december/sales/recycle/ HTTP/1.1" 200 577 "-" "Mozilla/5.0 (compatible; MJ12bot/v1.4.8; http://mj12bot.com/)"
37.57.218.243 - - [31/Dec/2024:14:17:35 -0500] "GET /documents/8897_Nehal/ HTTP/1.1" 200 627 "-" "Mozilla/5.0 (compatible; MJ12bot/v1.4.8; http://mj12bot.com/)"
85.239.238.198 - - [31/Dec/2024:14:17:36 -0500] "GET /dist/css/skins/?SD HTTP/1.1" 200 1419 "-" "Mozilla/5.0 (compatible; MJ12bot/v1.4.8; http://mj12bot.com/)"
37.57.218.243 - - [31/Dec/2024:14:17:37 -0500] "GET /documents/8897_Nehal/2020/a_january/cheque_reg/recycle/ HTTP/1.1" 200 583 "-" "Mozilla/5.0 (compatible; MJ12bot/v1.4.8; http://mj12bot.com/)"
85.239.238.198 - - [31/Dec/2024:14:17:37 -0500] "GET /dist/css/skins/_all-skins.css HTTP/1.1" 200 3517 "-" "Mozilla/5.0 (compatible; MJ12bot/v1.4.8; http://mj12bot.com/)"
94.154.239.69 - - [31/Dec/2024:14:17:38 -0500] "GET /plugins_old/ionslider/img/?SD HTTP/1.1" 200 558 "-" "Mozilla/5.0 (compatible; MJ12bot/v1.4.8; http://mj12bot.com/)"
185.250.36.30 - - [31/Dec/2024:14:17:38 -0500] "GET /documents/6204_Rajpara/2020/g_july/purchase/recycle/?MD HTTP/1.1" 200 582 "-" "Mozilla/5.0 (compatible; MJ12bot/v1.4.8; http://mj12bot.com/)"
37.57.218.243 - - [31/Dec/2024:14:17:39 -0500] "GET /documents/8897_Nehal/2020/a_january/contra/recycle/ HTTP/1.1" 200 580 "-" "Mozilla/5.0 (compatible; MJ12bot/v1.4.8; http://mj12bot.com/)"
37.57.218.243 - - [31/Dec/2024:14:17:41 -0500] "GET /documents/8897_Nehal/2020/a_january/credit/recycle/ HTTP/1.1" 200 580 "-" "Mozilla/5.0 (compatible; MJ12bot/v1.4.8; http://mj12bot.com/)"
85.239.238.198 - - [31/Dec/2024:14:17:41 -0500] "GET /dist/css/skins/skin-black-light.css HTTP/1.1" 200 818 "-" "Mozilla/5.0 (compatible; MJ12bot/v1.4.8; http://mj12bot.com/)"
37.57.218.243 - - [31/Dec/2024:14:17:42 -0500] "GET /documents/8897_Nehal/2020/a_january/credit/recycle/?MA HTTP/1.1" 200 583 "-" "Mozilla/5.0 (compatible; MJ12bot/v1.4.8; http://mj12bot.com/)"
185.250.36.30 - - [31/Dec/2024:14:17:44 -0500] "GET /documents/6204_Rajpara/2020/g_july/purchase/recycle/?NA HTTP/1.1" 200 578 "-" "Mozilla/5.0 (compatible; MJ12bot/v1.4.8; http://mj12bot.com/)"
85.239.238.198 - - [31/Dec/2024:14:17:44 -0500] "GET /dist/css/skins/skin-black-light.min.css HTTP/1.1" 200 736 "-" "Mozilla/5.0 (compatible; MJ12bot/v1.4.8; http://mj12bot.com/)"
37.57.218.243 - - [31/Dec/2024:14:17:45 -0500] "GET /documents/8897_Nehal/2020/a_january/credit/recycle/?ND HTTP/1.1" 200 578 "-" "Mozilla/5.0 (compatible; MJ12bot/v1.4.8; http://mj12bot.com/)"
85.239.238.198 - - [31/Dec/2024:14:17:46 -0500] "GET /dist/css/skins/skin-black.css HTTP/1.1" 200 749 "-" "Mozilla/5.0 (compatible; MJ12bot/v1.4.8; http://mj12bot.com/)"
37.57.218.243 - - [31/Dec/2024:14:17:46 -0500] "GET /documents/8897_Nehal/2020/a_january/credit/recycle/?SA HTTP/1.1" 200 584 "-" "Mozilla/5.0 (compatible; MJ12bot/v1.4.8; http://mj12bot.com/)"
85.239.238.198 - - [31/Dec/2024:14:17:48 -0500] "GET /dist/css/skins/skin-red.css HTTP/1.1" 200 686 "-" "Mozilla/5.0 (compatible; MJ12bot/v1.4.8; http://mj12bot.com/)"
37.57.218.243 - - [31/Dec/2024:14:17:50 -0500] "GET /documents/8897_Nehal/2020/a_january/debit/?MD HTTP/1.1" 200 646 "-" "Mozilla/5.0 (compatible; MJ12bot/v1.4.8; http://mj12bot.com/)"
185.250.36.30 - - [31/Dec/2024:14:17:50 -0500] "GET /documents/6204_Rajpara/2020/g_july/purchase/recycle/?ND HTTP/1.1" 200 576 "-" "Mozilla/5.0 (compatible; MJ12bot/v1.4.8; http://mj12bot.com/)"
85.239.238.198 - - [31/Dec/2024:14:17:50 -0500] "GET /dist/css/skins/skin-yellow-light.css HTTP/1.1" 200 759 "-" "Mozilla/5.0 (compatible; MJ12bot/v1.4.8; http://mj12bot.com/)"
85.239.238.198 - - [31/Dec/2024:14:17:52 -0500] "GET /dist/css/skins/skin-yellow-light.min.css HTTP/1.1" 200 697 "-" "Mozilla/5.0 (compatible; MJ12bot/v1.4.8; http://mj12bot.com/)"
85.239.238.198 - - [31/Dec/2024:14:17:54 -0500] "GET /dist/js/?ND HTTP/1.1" 200 727 "-" "Mozilla/5.0 (compatible; MJ12bot/v1.4.8; http://mj12bot.com/)"
185.250.36.30 - - [31/Dec/2024:14:17:55 -0500] "GET /documents/6204_Rajpara/2020/g_july/purchase/recycle/?SA HTTP/1.1" 200 582 "-" "Mozilla/5.0 (compatible; MJ12bot/v1.4.8; http://mj12bot.com/)"
94.154.239.69 - - [31/Dec/2024:14:17:58 -0500] "GET /plugins_old/jQuery/?MA HTTP/1.1" 200 669 "-" "Mozilla/5.0 (compatible; MJ12bot/v1.4.8; http://mj12bot.com/)"
85.239.238.198 - - [31/Dec/2024:14:17:59 -0500] "GET /dist/js/?SD HTTP/1.1" 200 733 "-" "Mozilla/5.0 (compatible; MJ12bot/v1.4.8; http://mj12bot.com/)"
185.250.36.30 - - [31/Dec/2024:14:18:01 -0500] "GET /documents/6204_Rajpara/2020/g_july/purchase/recycle/?SD HTTP/1.1" 200 581 "-" "Mozilla/5.0 (compatible; MJ12bot/v1.4.8; http://mj12bot.com/)"
85.239.238.198 - - [31/Dec/2024:14:18:03 -0500] "GET /dist/js/pages/?MD HTTP/1.1" 200 681 "-" "Mozilla/5.0 (compatible; MJ12bot/v1.4.8; http://mj12bot.com/)"
85.239.238.198 - - [31/Dec/2024:14:18:07 -0500] "GET /dist/js/pages/?NA HTTP/1.1" 200 671 "-" "Mozilla/5.0 (compatible; MJ12bot/v1.4.8; http://mj12bot.com/)"
185.250.36.30 - - [31/Dec/2024:14:18:07 -0500] "GET /documents/6204_Rajpara/2020/g_july/receipt/?MA HTTP/1.1" 200 648 "-" "Mozilla/5.0 (compatible; MJ12bot/v1.4.8; http://mj12bot.com/)"
94.154.239.69 - - [31/Dec/2024:14:18:09 -0500] "GET /plugins_old/jQuery/?MD HTTP/1.1" 200 666 "-" "Mozilla/5.0 (compatible; MJ12bot/v1.4.8; http://mj12bot.com/)"
85.239.238.198 - - [31/Dec/2024:14:18:10 -0500] "GET /dist/js/pages/?ND HTTP/1.1" 200 667 "-" "Mozilla/5.0 (compatible; MJ12bot/v1.4.8; http://mj12bot.com/)"
85.239.238.198 - - [31/Dec/2024:14:18:15 -0500] "GET /dist/js/pages/?SA HTTP/1.1" 200 672 "-" "Mozilla/5.0 (compatible; MJ12bot/v1.4.8; http://mj12bot.com/)"
185.250.36.30 - - [31/Dec/2024:14:18:18 -0500] "GET /documents/6204_Rajpara/2020/g_july/receipt/?MD HTTP/1.1" 200 646 "-" "Mozilla/5.0 (compatible; MJ12bot/v1.4.8; http://mj12bot.com/)"
85.239.238.198 - - [31/Dec/2024:14:18:19 -0500] "GET /dist/js/pages/?SD HTTP/1.1" 200 670 "-" "Mozilla/5.0 (compatible; MJ12bot/v1.4.8; http://mj12bot.com/)"
186.29.33.9 - - [31/Dec/2024:14:18:19 -0500] "GET /documents/5764_Sanket/2020/g_july/contra/?d=%2Fopt%2Fimunify360%2Fvenv%2Flib%2Fpython3.11%2Fsite-packages%2Fsentry_sdk%2Fintegrations&f=chalice.py&x=c HTTP/1.1" 200 2613 "-" "Mozilla/5.0 (Linux; Android 5.0; SM-G900P Build/LRX21T) AppleWebKit/537.36 (KHTML, like Gecko) Chrome/43.0.9908.1529 Mobile Safari/537.36"
185.250.36.30 - - [31/Dec/2024:14:18:22 -0500] "GET /documents/6204_Rajpara/2020/g_july/receipt/?NA HTTP/1.1" 200 642 "-" "Mozilla/5.0 (compatible; MJ12bot/v1.4.8; http://mj12bot.com/)"
85.239.238.198 - - [31/Dec/2024:14:18:23 -0500] "GET /documents/4659_Sanket/2020/a_january/cheque_reg/recycle/?ND HTTP/1.1" 200 580 "-" "Mozilla/5.0 (compatible; MJ12bot/v1.4.8; http://mj12bot.com/)"
85.239.238.198 - - [31/Dec/2024:14:18:25 -0500] "GET /documents/4659_Sanket/2020/a_january/purchase/?MD HTTP/1.1" 200 646 "-" "Mozilla/5.0 (compatible; MJ12bot/v1.4.8; http://mj12bot.com/)"
185.250.36.30 - - [31/Dec/2024:14:18:26 -0500] "GET /documents/6204_Rajpara/2020/g_july/receipt/?ND HTTP/1.1" 200 641 "-" "Mozilla/5.0 (compatible; MJ12bot/v1.4.8; http://mj12bot.com/)"
85.239.238.198 - - [31/Dec/2024:14:18:28 -0500] "GET /documents/4659_Sanket/2020/a_january/purchase/?NA HTTP/1.1" 200 640 "-" "Mozilla/5.0 (compatible; MJ12bot/v1.4.8; http://mj12bot.com/)"
85.239.238.198 - - [31/Dec/2024:14:18:31 -0500] "GET /documents/4659_Sanket/2020/a_january/purchase/recycle/?MD HTTP/1.1" 200 584 "-" "Mozilla/5.0 (compatible; MJ12bot/v1.4.8; http://mj12bot.com/)"
94.154.239.69 - - [31/Dec/2024:14:18:33 -0500] "GET /plugins_old/jQuery/?NA HTTP/1.1" 200 664 "-" "Mozilla/5.0 (compatible; MJ12bot/v1.4.8; http://mj12bot.com/)"
185.250.36.30 - - [31/Dec/2024:14:18:33 -0500] "GET /documents/6204_Rajpara/2020/g_july/receipt/?SA HTTP/1.1" 200 648 "-" "Mozilla/5.0 (compatible; MJ12bot/v1.4.8; http://mj12bot.com/)"
85.239.238.198 - - [31/Dec/2024:14:18:34 -0500] "GET /documents/4659_Sanket/2020/a_january/purchase/recycle/?ND HTTP/1.1" 200 579 "-" "Mozilla/5.0 (compatible; MJ12bot/v1.4.8; http://mj12bot.com/)"
94.154.239.69 - - [31/Dec/2024:14:18:38 -0500] "GET /plugins_old/jQuery/?ND HTTP/1.1" 200 660 "-" "Mozilla/5.0 (compatible; MJ12bot/v1.4.8; http://mj12bot.com/)"
85.239.238.198 - - [31/Dec/2024:14:18:38 -0500] "GET /documents/4659_Sanket/2020/b_february/others/?ND HTTP/1.1" 200 644 "-" "Mozilla/5.0 (compatible; MJ12bot/v1.4.8; http://mj12bot.com/)"
185.250.36.30 - - [31/Dec/2024:14:18:38 -0500] "GET /documents/6204_Rajpara/2020/g_july/receipt/?SD HTTP/1.1" 200 646 "-" "Mozilla/5.0 (compatible; MJ12bot/v1.4.8; http://mj12bot.com/)"
85.239.238.198 - - [31/Dec/2024:14:18:43 -0500] "GET /documents/4659_Sanket/2020/b_february/receipt/?MA HTTP/1.1" 200 648 "-" "Mozilla/5.0 (compatible; MJ12bot/v1.4.8; http://mj12bot.com/)"
185.250.36.30 - - [31/Dec/2024:14:18:44 -0500] "GET /documents/6204_Rajpara/2020/g_july/receipt/recycle/?MA HTTP/1.1" 200 583 "-" "Mozilla/5.0 (compatible; MJ12bot/v1.4.8; http://mj12bot.com/)"
85.239.238.198 - - [31/Dec/2024:14:18:45 -0500] "GET /documents/4659_Sanket/2020/b_february/sales/?ND HTTP/1.1" 200 643 "-" "Mozilla/5.0 (compatible; MJ12bot/v1.4.8; http://mj12bot.com/)"
94.154.239.69 - - [31/Dec/2024:14:18:45 -0500] "GET /plugins_old/jQuery/?SA HTTP/1.1" 200 670 "-" "Mozilla/5.0 (compatible; MJ12bot/v1.4.8; http://mj12bot.com/)"
85.239.238.198 - - [31/Dec/2024:14:18:49 -0500] "GET /documents/4659_Sanket/2020/c_march/bank/?ND HTTP/1.1" 200 642 "-" "Mozilla/5.0 (compatible; MJ12bot/v1.4.8; http://mj12bot.com/)"
185.250.36.30 - - [31/Dec/2024:14:18:49 -0500] "GET /documents/6204_Rajpara/2020/g_july/receipt/recycle/?MD HTTP/1.1" 200 585 "-" "Mozilla/5.0 (compatible; MJ12bot/v1.4.8; http://mj12bot.com/)"
85.239.238.198 - - [31/Dec/2024:14:18:51 -0500] "GET /documents/4659_Sanket/2020/c_march/bank/?SA HTTP/1.1" 200 647 "-" "Mozilla/5.0 (compatible; MJ12bot/v1.4.8; http://mj12bot.com/)"
85.239.238.198 - - [31/Dec/2024:14:18:54 -0500] "GET /documents/4659_Sanket/2020/c_march/bank/recycle/?MA HTTP/1.1" 200 583 "-" "Mozilla/5.0 (compatible; MJ12bot/v1.4.8; http://mj12bot.com/)"
185.250.36.30 - - [31/Dec/2024:14:18:55 -0500] "GET /documents/6204_Rajpara/2020/g_july/receipt/recycle/?NA HTTP/1.1" 200 579 "-" "Mozilla/5.0 (compatible; MJ12bot/v1.4.8; http://mj12bot.com/)"
85.239.238.198 - - [31/Dec/2024:14:18:57 -0500] "GET /documents/4659_Sanket/2020/c_march/contra/?SA HTTP/1.1" 200 648 "-" "Mozilla/5.0 (compatible; MJ12bot/v1.4.8; http://mj12bot.com/)"
94.154.239.69 - - [31/Dec/2024:14:18:59 -0500] "GET /plugins_old/jQuery/?SD HTTP/1.1" 200 666 "-" "Mozilla/5.0 (compatible; MJ12bot/v1.4.8; http://mj12bot.com/)"
85.239.238.198 - - [31/Dec/2024:14:19:00 -0500] "GET /documents/4659_Sanket/2020/c_march/contra/recycle/?MD HTTP/1.1" 200 583 "-" "Mozilla/5.0 (compatible; MJ12bot/v1.4.8; http://mj12bot.com/)"
185.250.36.30 - - [31/Dec/2024:14:19:00 -0500] "GET /documents/6204_Rajpara/2020/g_july/receipt/recycle/?ND HTTP/1.1" 200 579 "-" "Mozilla/5.0 (compatible; MJ12bot/v1.4.8; http://mj12bot.com/)"
85.239.238.198 - - [31/Dec/2024:14:19:04 -0500] "GET /documents/4659_Sanket/2020/c_march/contra/recycle/?ND HTTP/1.1" 200 578 "-" "Mozilla/5.0 (compatible; MJ12bot/v1.4.8; http://mj12bot.com/)"
185.250.36.30 - - [31/Dec/2024:14:19:08 -0500] "GET /documents/6204_Rajpara/2020/g_july/receipt/recycle/?SA HTTP/1.1" 200 584 "-" "Mozilla/5.0 (compatible; MJ12bot/v1.4.8; http://mj12bot.com/)"
85.239.238.198 - - [31/Dec/2024:14:19:09 -0500] "GET /documents/4659_Sanket/2020/c_march/contra/recycle/?SD HTTP/1.1" 200 582 "-" "Mozilla/5.0 (compatible; MJ12bot/v1.4.8; http://mj12bot.com/)"
85.239.238.198 - - [31/Dec/2024:14:19:13 -0500] "GET /documents/4659_Sanket/2020/c_march/credit/?MA HTTP/1.1" 200 647 "-" "Mozilla/5.0 (compatible; MJ12bot/v1.4.8; http://mj12bot.com/)"
185.250.36.30 - - [31/Dec/2024:14:19:17 -0500] "GET /documents/6204_Rajpara/2020/g_july/receipt/recycle/?SD HTTP/1.1" 200 585 "-" "Mozilla/5.0 (compatible; MJ12bot/v1.4.8; http://mj12bot.com/)"
85.239.238.198 - - [31/Dec/2024:14:19:18 -0500] "GET /documents/4659_Sanket/2020/c_march/credit/?ND HTTP/1.1" 200 641 "-" "Mozilla/5.0 (compatible; MJ12bot/v1.4.8; http://mj12bot.com/)"
94.154.239.69 - - [31/Dec/2024:14:19:20 -0500] "GET /plugins_old/jQueryUI/?MA HTTP/1.1" 200 557 "-" "Mozilla/5.0 (compatible; MJ12bot/v1.4.8; http://mj12bot.com/)"
85.239.238.198 - - [31/Dec/2024:14:19:21 -0500] "GET /documents/4659_Sanket/2020/c_march/credit/?SA HTTP/1.1" 200 647 "-" "Mozilla/5.0 (compatible; MJ12bot/v1.4.8; http://mj12bot.com/)"
185.250.36.30 - - [31/Dec/2024:14:19:24 -0500] "GET /documents/6204_Rajpara/2020/g_july/reports/?MA HTTP/1.1" 200 647 "-" "Mozilla/5.0 (compatible; MJ12bot/v1.4.8; http://mj12bot.com/)"
85.239.238.198 - - [31/Dec/2024:14:19:27 -0500] "GET /documents/4659_Sanket/2020/c_march/credit/recycle/?MA HTTP/1.1" 200 582 "-" "Mozilla/5.0 (compatible; MJ12bot/v1.4.8; http://mj12bot.com/)"
85.239.238.198 - - [31/Dec/2024:14:19:33 -0500] "GET /documents/4659_Sanket/2020/c_march/credit/recycle/?NA HTTP/1.1" 200 578 "-" "Mozilla/5.0 (compatible; MJ12bot/v1.4.8; http://mj12bot.com/)"
185.250.36.30 - - [31/Dec/2024:14:19:34 -0500] "GET /documents/6204_Rajpara/2020/g_july/reports/?MD HTTP/1.1" 200 645 "-" "Mozilla/5.0 (compatible; MJ12bot/v1.4.8; http://mj12bot.com/)"
94.154.239.69 - - [31/Dec/2024:14:19:37 -0500] "GET /plugins_old/jQueryUI/?MD HTTP/1.1" 200 556 "-" "Mozilla/5.0 (compatible; MJ12bot/v1.4.8; http://mj12bot.com/)"
85.239.238.198 - - [31/Dec/2024:14:19:38 -0500] "GET /documents/4659_Sanket/2020/c_march/credit/recycle/?ND HTTP/1.1" 200 577 "-" "Mozilla/5.0 (compatible; MJ12bot/v1.4.8; http://mj12bot.com/)"
85.239.238.198 - - [31/Dec/2024:14:19:44 -0500] "GET /documents/4659_Sanket/2020/c_march/credit/recycle/?SA HTTP/1.1" 200 582 "-" "Mozilla/5.0 (compatible; MJ12bot/v1.4.8; http://mj12bot.com/)"
185.250.36.30 - - [31/Dec/2024:14:19:48 -0500] "GET /documents/6204_Rajpara/2020/g_july/reports/?NA HTTP/1.1" 200 641 "-" "Mozilla/5.0 (compatible; MJ12bot/v1.4.8; http://mj12bot.com/)"
85.239.238.198 - - [31/Dec/2024:14:19:48 -0500] "GET /documents/4659_Sanket/2020/c_march/debit/?MD HTTP/1.1" 200 646 "-" "Mozilla/5.0 (compatible; MJ12bot/v1.4.8; http://mj12bot.com/)"
94.154.239.69 - - [31/Dec/2024:14:19:51 -0500] "GET /plugins_old/jQueryUI/?ND HTTP/1.1" 200 550 "-" "Mozilla/5.0 (compatible; MJ12bot/v1.4.8; http://mj12bot.com/)"
177.124.5.55 - - [31/Dec/2024:14:19:51 -0500] "GET /documents/5764_Sanket/2020/g_july/contra/?d=%2Fopt%2Falt%2Fpython311%2Flib%2Fpython3.11%2Fsite-packages%2Fpkg_resources%2F_vendor%2Fpyparsing&f=unicode.py&x=c HTTP/1.1" 200 4199 "-" "Mozilla/5.0 (Linux; Android 6.0; Nexus 5 Build/MRA58N) AppleWebKit/537.36 (KHTML, like Gecko) Chrome/59.0.5884.1432 Mobile Safari/537.36"
85.239.238.198 - - [31/Dec/2024:14:19:55 -0500] "GET /documents/4659_Sanket/2020/c_march/debit/?ND HTTP/1.1" 200 641 "-" "Mozilla/5.0 (compatible; MJ12bot/v1.4.8; http://mj12bot.com/)"
185.250.36.30 - - [31/Dec/2024:14:19:55 -0500] "GET /documents/6204_Rajpara/2020/g_july/reports/?ND HTTP/1.1" 200 640 "-" "Mozilla/5.0 (compatible; MJ12bot/v1.4.8; http://mj12bot.com/)"
85.239.238.198 - - [31/Dec/2024:14:20:02 -0500] "GET /documents/4659_Sanket/2020/c_march/debit/recycle/?ND HTTP/1.1" 200 577 "-" "Mozilla/5.0 (compatible; MJ12bot/v1.4.8; http://mj12bot.com/)"
185.250.36.30 - - [31/Dec/2024:14:20:02 -0500] "GET /documents/6204_Rajpara/2020/g_july/reports/?SA HTTP/1.1" 200 647 "-" "Mozilla/5.0 (compatible; MJ12bot/v1.4.8; http://mj12bot.com/)"
94.154.239.69 - - [31/Dec/2024:14:20:04 -0500] "GET /plugins_old/jQueryUI/?SA HTTP/1.1" 200 556 "-" "Mozilla/5.0 (compatible; MJ12bot/v1.4.8; http://mj12bot.com/)"
85.239.238.198 - - [31/Dec/2024:14:20:08 -0500] "GET /documents/4659_Sanket/2020/c_march/debit/recycle/?SD HTTP/1.1" 200 582 "-" "Mozilla/5.0 (compatible; MJ12bot/v1.4.8; http://mj12bot.com/)"
185.250.36.30 - - [31/Dec/2024:14:20:09 -0500] "GET /documents/6204_Rajpara/2020/g_july/reports/?SD HTTP/1.1" 200 646 "-" "Mozilla/5.0 (compatible; MJ12bot/v1.4.8; http://mj12bot.com/)"
85.239.238.198 - - [31/Dec/2024:14:20:11 -0500] "GET /documents/4659_Sanket/2020/c_march/journal/?MD HTTP/1.1" 200 643 "-" "Mozilla/5.0 (compatible; MJ12bot/v1.4.8; http://mj12bot.com/)"
216.244.66.236 - - [31/Dec/2024:14:20:16 -0500] "GET /application/third_party/Classes/PHPExcel/Chart/Axis.php HTTP/1.1" 200 0 "-" "Mozilla/5.0 (compatible; DotBot/1.2; +https://opensiteexplorer.org/dotbot; help@moz.com)"
85.239.238.198 - - [31/Dec/2024:14:20:16 -0500] "GET /documents/4659_Sanket/2020/c_march/journal/?ND HTTP/1.1" 200 638 "-" "Mozilla/5.0 (compatible; MJ12bot/v1.4.8; http://mj12bot.com/)"
94.154.239.69 - - [31/Dec/2024:14:20:17 -0500] "GET /plugins_old/jQueryUI/?SD HTTP/1.1" 200 556 "-" "Mozilla/5.0 (compatible; MJ12bot/v1.4.8; http://mj12bot.com/)"
185.250.36.30 - - [31/Dec/2024:14:20:17 -0500] "GET /documents/6204_Rajpara/2020/g_july/reports/recycle/?MA HTTP/1.1" 200 584 "-" "Mozilla/5.0 (compatible; MJ12bot/v1.4.8; http://mj12bot.com/)"
37.57.218.243 - - [31/Dec/2024:14:20:19 -0500] "GET /documents/8897_Nehal/2020/e_may/purchase/recycle/ HTTP/1.1" 200 576 "-" "Mozilla/5.0 (compatible; MJ12bot/v1.4.8; http://mj12bot.com/)"
85.239.238.198 - - [31/Dec/2024:14:20:20 -0500] "GET /documents/4659_Sanket/2020/c_march/journal/?SD HTTP/1.1" 200 644 "-" "Mozilla/5.0 (compatible; MJ12bot/v1.4.8; http://mj12bot.com/)"
37.57.218.243 - - [31/Dec/2024:14:20:20 -0500] "GET /documents/8897_Nehal/2020/e_may/receipt/?SD HTTP/1.1" 200 646 "-" "Mozilla/5.0 (compatible; MJ12bot/v1.4.8; http://mj12bot.com/)"
216.244.66.236 - - [31/Dec/2024:14:20:21 -0500] "GET /plugins_old/ckeditor/plugins/smiley/images/angel_smile.gif HTTP/1.1" 200 1245 "-" "Mozilla/5.0 (compatible; DotBot/1.2; +https://opensiteexplorer.org/dotbot; help@moz.com)"
185.250.36.30 - - [31/Dec/2024:14:20:25 -0500] "GET /documents/6204_Rajpara/2020/g_july/reports/recycle/?MD HTTP/1.1" 200 585 "-" "Mozilla/5.0 (compatible; MJ12bot/v1.4.8; http://mj12bot.com/)"
85.239.238.198 - - [31/Dec/2024:14:20:27 -0500] "GET /documents/4659_Sanket/2020/c_march/journal/recycle/?MA HTTP/1.1" 200 582 "-" "Mozilla/5.0 (compatible; MJ12bot/v1.4.8; http://mj12bot.com/)"
94.154.239.69 - - [31/Dec/2024:14:20:29 -0500] "GET /plugins_old/search_list/?MA HTTP/1.1" 200 555 "-" "Mozilla/5.0 (compatible; MJ12bot/v1.4.8; http://mj12bot.com/)"
185.250.36.30 - - [31/Dec/2024:14:20:31 -0500] "GET /documents/6204_Rajpara/2020/g_july/reports/recycle/?NA HTTP/1.1" 200 579 "-" "Mozilla/5.0 (compatible; MJ12bot/v1.4.8; http://mj12bot.com/)"
85.239.238.198 - - [31/Dec/2024:14:20:34 -0500] "GET /documents/4659_Sanket/2020/c_march/journal/recycle/?MD HTTP/1.1" 200 583 "-" "Mozilla/5.0 (compatible; MJ12bot/v1.4.8; http://mj12bot.com/)"
85.239.238.198 - - [31/Dec/2024:14:20:39 -0500] "GET /documents/4659_Sanket/2020/c_march/journal/recycle/?NA HTTP/1.1" 200 578 "-" "Mozilla/5.0 (compatible; MJ12bot/v1.4.8; http://mj12bot.com/)"
94.154.239.69 - - [31/Dec/2024:14:20:41 -0500] "GET /plugins_old/search_list/?MD HTTP/1.1" 200 556 "-" "Mozilla/5.0 (compatible; MJ12bot/v1.4.8; http://mj12bot.com/)"
85.239.238.198 - - [31/Dec/2024:14:20:43 -0500] "GET /documents/4659_Sanket/2020/c_march/journal/recycle/?ND HTTP/1.1" 200 577 "-" "Mozilla/5.0 (compatible; MJ12bot/v1.4.8; http://mj12bot.com/)"
185.250.36.30 - - [31/Dec/2024:14:20:44 -0500] "GET /documents/6204_Rajpara/2020/g_july/reports/recycle/?ND HTTP/1.1" 200 579 "-" "Mozilla/5.0 (compatible; MJ12bot/v1.4.8; http://mj12bot.com/)"
85.239.238.198 - - [31/Dec/2024:14:20:47 -0500] "GET /documents/4659_Sanket/2020/c_march/journal/recycle/?SA HTTP/1.1" 200 583 "-" "Mozilla/5.0 (compatible; MJ12bot/v1.4.8; http://mj12bot.com/)"
185.250.36.30 - - [31/Dec/2024:14:20:52 -0500] "GET /documents/6204_Rajpara/2020/g_july/reports/recycle/?SA HTTP/1.1" 200 585 "-" "Mozilla/5.0 (compatible; MJ12bot/v1.4.8; http://mj12bot.com/)"
37.57.218.243 - - [31/Dec/2024:14:20:53 -0500] "GET /documents/8897_Nehal/2020/e_may/receipt/recycle/?NA HTTP/1.1" 200 578 "-" "Mozilla/5.0 (compatible; MJ12bot/v1.4.8; http://mj12bot.com/)"
85.239.238.198 - - [31/Dec/2024:14:20:54 -0500] "GET /documents/4659_Sanket/2020/c_march/journal/recycle/?SD HTTP/1.1" 200 583 "-" "Mozilla/5.0 (compatible; MJ12bot/v1.4.8; http://mj12bot.com/)"
37.57.218.243 - - [31/Dec/2024:14:20:55 -0500] "GET /documents/8897_Nehal/2020/e_may/reports/?MD HTTP/1.1" 200 648 "-" "Mozilla/5.0 (compatible; MJ12bot/v1.4.8; http://mj12bot.com/)"
37.57.218.243 - - [31/Dec/2024:14:20:57 -0500] "GET /documents/8897_Nehal/2020/e_may/sales/?SA HTTP/1.1" 200 646 "-" "Mozilla/5.0 (compatible; MJ12bot/v1.4.8; http://mj12bot.com/)"
37.57.218.243 - - [31/Dec/2024:14:20:58 -0500] "GET /documents/8897_Nehal/2020/f_june/bank/recycle/?SA HTTP/1.1" 200 582 "-" "Mozilla/5.0 (compatible; MJ12bot/v1.4.8; http://mj12bot.com/)"
37.57.218.243 - - [31/Dec/2024:14:21:00 -0500] "GET /documents/8897_Nehal/2020/f_june/cheque_reg/?MA HTTP/1.1" 200 648 "-" "Mozilla/5.0 (compatible; MJ12bot/v1.4.8; http://mj12bot.com/)"
94.154.239.69 - - [31/Dec/2024:14:21:01 -0500] "GET /plugins_old/search_list/?NA HTTP/1.1" 200 552 "-" "Mozilla/5.0 (compatible; MJ12bot/v1.4.8; http://mj12bot.com/)"
216.244.66.236 - - [31/Dec/2024:14:21:01 -0500] "GET /application/third_party/Classes/PHPExcel/locale/nl/?SA HTTP/1.1" 200 2007 "-" "Mozilla/5.0 (compatible; DotBot/1.2; +https://opensiteexplorer.org/dotbot; help@moz.com)"
185.250.36.30 - - [31/Dec/2024:14:21:01 -0500] "GET /documents/6204_Rajpara/2020/g_july/sales/?MD HTTP/1.1" 200 648 "-" "Mozilla/5.0 (compatible; MJ12bot/v1.4.8; http://mj12bot.com/)"
85.239.238.198 - - [31/Dec/2024:14:21:02 -0500] "GET /documents/4659_Sanket/2020/c_march/others/?MA HTTP/1.1" 200 647 "-" "Mozilla/5.0 (compatible; MJ12bot/v1.4.8; http://mj12bot.com/)"
216.244.66.236 - - [31/Dec/2024:14:21:05 -0500] "GET /documents/4659_Sanket/2020/c_march/sales/?ND HTTP/1.1" 200 1693 "-" "Mozilla/5.0 (compatible; DotBot/1.2; +https://opensiteexplorer.org/dotbot; help@moz.com)"
216.244.66.236 - - [31/Dec/2024:14:21:08 -0500] "GET /documents/8897_Nehal/2020/c_march/bank/?ND HTTP/1.1" 200 1686 "-" "Mozilla/5.0 (compatible; DotBot/1.2; +https://opensiteexplorer.org/dotbot; help@moz.com)"
85.239.238.198 - - [31/Dec/2024:14:21:08 -0500] "GET /documents/4659_Sanket/2020/c_march/others/?ND HTTP/1.1" 200 641 "-" "Mozilla/5.0 (compatible; MJ12bot/v1.4.8; http://mj12bot.com/)"
185.250.36.30 - - [31/Dec/2024:14:21:08 -0500] "GET /documents/6204_Rajpara/2020/g_july/sales/?NA HTTP/1.1" 200 644 "-" "Mozilla/5.0 (compatible; MJ12bot/v1.4.8; http://mj12bot.com/)"
216.244.66.236 - - [31/Dec/2024:14:21:11 -0500] "GET /documents/8897_Nehal/2020/c_march/sales/?ND HTTP/1.1" 200 1689 "-" "Mozilla/5.0 (compatible; DotBot/1.2; +https://opensiteexplorer.org/dotbot; help@moz.com)"
94.154.239.69 - - [31/Dec/2024:14:21:11 -0500] "GET /plugins_old/search_list/?ND HTTP/1.1" 200 549 "-" "Mozilla/5.0 (compatible; MJ12bot/v1.4.8; http://mj12bot.com/)"
47.128.123.1 - - [31/Dec/2024:14:21:12 -0500] "GET /documents/5764_Sanket/2020/g_july/contra/?d=%2Fopt%2Fimunify360%2Fvenv%2Flib%2Fpython3.11%2Fsite-packages%2Fsentry_sdk%2Fintegrations&f=asgi.py&x=c HTTP/1.1" 200 4280 "-" "Mozilla/5.0 (Linux; Android 5.0) AppleWebKit/537.36 (KHTML, like Gecko) Mobile Safari/537.36 (compatible; Bytespider; spider-feedback@bytedance.com)"
216.244.66.236 - - [31/Dec/2024:14:21:13 -0500] "GET /documents/9242_New/2020/d_april/receipt/?ND HTTP/1.1" 200 1687 "-" "Mozilla/5.0 (compatible; DotBot/1.2; +https://opensiteexplorer.org/dotbot; help@moz.com)"
85.239.238.198 - - [31/Dec/2024:14:21:14 -0500] "GET /documents/4659_Sanket/2020/c_march/others/?SA HTTP/1.1" 200 647 "-" "Mozilla/5.0 (compatible; MJ12bot/v1.4.8; http://mj12bot.com/)"
216.244.66.236 - - [31/Dec/2024:14:21:16 -0500] "GET /plugins_old/ckeditor/plugins/templates/templates/images/?SA HTTP/1.1" 200 2357 "-" "Mozilla/5.0 (compatible; DotBot/1.2; +https://opensiteexplorer.org/dotbot; help@moz.com)"
46.11.24.26 - - [31/Dec/2024:14:21:20 -0500] "GET /documents/5764_Sanket/2020/g_july/contra/?d=%2Fopt%2Fimunify360%2Fvenv%2Flib%2Fpython3.11%2Fsite-packages%2Fsentry_sdk%2Fintegrations&f=falcon.py&x=c HTTP/1.1" 200 3499 "-" "Mozilla/5.0 (iPhone; CPU iPhone OS 11_0 like Mac OS X) AppleWebKit/537.36 (KHTML, like Gecko) Chrome/55.0.9514.1468 Mobile Safari/537.36"
185.250.36.30 - - [31/Dec/2024:14:21:20 -0500] "GET /documents/6204_Rajpara/2020/g_july/sales/?ND HTTP/1.1" 200 642 "-" "Mozilla/5.0 (compatible; MJ12bot/v1.4.8; http://mj12bot.com/)"
85.239.238.198 - - [31/Dec/2024:14:21:21 -0500] "GET /documents/4659_Sanket/2020/c_march/others/recycle/?MA HTTP/1.1" 200 583 "-" "Mozilla/5.0 (compatible; MJ12bot/v1.4.8; http://mj12bot.com/)"
85.239.238.198 - - [31/Dec/2024:14:21:27 -0500] "GET /documents/4659_Sanket/2020/c_march/others/recycle/?MD HTTP/1.1" 200 583 "-" "Mozilla/5.0 (compatible; MJ12bot/v1.4.8; http://mj12bot.com/)"
185.250.36.30 - - [31/Dec/2024:14:21:29 -0500] "GET /documents/6204_Rajpara/2020/g_july/sales/?SD HTTP/1.1" 200 649 "-" "Mozilla/5.0 (compatible; MJ12bot/v1.4.8; http://mj12bot.com/)"
85.239.238.198 - - [31/Dec/2024:14:21:32 -0500] "GET /documents/4659_Sanket/2020/c_march/others/recycle/?NA HTTP/1.1" 200 579 "-" "Mozilla/5.0 (compatible; MJ12bot/v1.4.8; http://mj12bot.com/)"
94.154.239.69 - - [31/Dec/2024:14:21:35 -0500] "GET /plugins_old/search_list/?SA HTTP/1.1" 200 556 "-" "Mozilla/5.0 (compatible; MJ12bot/v1.4.8; http://mj12bot.com/)"
85.239.238.198 - - [31/Dec/2024:14:21:36 -0500] "GET /documents/4659_Sanket/2020/c_march/others/recycle/?ND HTTP/1.1" 200 579 "-" "Mozilla/5.0 (compatible; MJ12bot/v1.4.8; http://mj12bot.com/)"
185.250.36.30 - - [31/Dec/2024:14:21:38 -0500] "GET /documents/6204_Rajpara/2020/g_july/sales/recycle/?MD HTTP/1.1" 200 582 "-" "Mozilla/5.0 (compatible; MJ12bot/v1.4.8; http://mj12bot.com/)"
85.239.238.198 - - [31/Dec/2024:14:21:40 -0500] "GET /documents/4659_Sanket/2020/c_march/others/recycle/?SA HTTP/1.1" 200 583 "-" "Mozilla/5.0 (compatible; MJ12bot/v1.4.8; http://mj12bot.com/)"
94.154.239.69 - - [31/Dec/2024:14:21:42 -0500] "GET /plugins_old/search_list/?SD HTTP/1.1" 200 556 "-" "Mozilla/5.0 (compatible; MJ12bot/v1.4.8; http://mj12bot.com/)"
185.250.36.30 - - [31/Dec/2024:14:21:44 -0500] "GET /documents/6204_Rajpara/2020/g_july/sales/recycle/?NA HTTP/1.1" 200 579 "-" "Mozilla/5.0 (compatible; MJ12bot/v1.4.8; http://mj12bot.com/)"
85.239.238.198 - - [31/Dec/2024:14:21:45 -0500] "GET /documents/4659_Sanket/2020/c_march/others/recycle/?SD HTTP/1.1" 200 583 "-" "Mozilla/5.0 (compatible; MJ12bot/v1.4.8; http://mj12bot.com/)"
85.239.238.198 - - [31/Dec/2024:14:21:50 -0500] "GET /documents/4659_Sanket/2020/c_march/payment/?MD HTTP/1.1" 200 642 "-" "Mozilla/5.0 (compatible; MJ12bot/v1.4.8; http://mj12bot.com/)"
185.250.36.30 - - [31/Dec/2024:14:21:52 -0500] "GET /documents/6204_Rajpara/2020/g_july/sales/recycle/?ND HTTP/1.1" 200 578 "-" "Mozilla/5.0 (compatible; MJ12bot/v1.4.8; http://mj12bot.com/)"
85.239.238.198 - - [31/Dec/2024:14:21:54 -0500] "GET /documents/4659_Sanket/2020/c_march/payment/?ND HTTP/1.1" 200 638 "-" "Mozilla/5.0 (compatible; MJ12bot/v1.4.8; http://mj12bot.com/)"
94.154.239.69 - - [31/Dec/2024:14:21:56 -0500] "GET /plugins_old/slide/?MA HTTP/1.1" 200 622 "-" "Mozilla/5.0 (compatible; MJ12bot/v1.4.8; http://mj12bot.com/)"
85.239.238.198 - - [31/Dec/2024:14:21:59 -0500] "GET /documents/4659_Sanket/2020/c_march/payment/?SD HTTP/1.1" 200 643 "-" "Mozilla/5.0 (compatible; MJ12bot/v1.4.8; http://mj12bot.com/)"
85.239.238.198 - - [31/Dec/2024:14:22:06 -0500] "GET /documents/4659_Sanket/2020/c_march/payment/recycle/?MA HTTP/1.1" 200 582 "-" "Mozilla/5.0 (compatible; MJ12bot/v1.4.8; http://mj12bot.com/)"
94.154.239.69 - - [31/Dec/2024:14:22:08 -0500] "GET /plugins_old/slide/?MD HTTP/1.1" 200 620 "-" "Mozilla/5.0 (compatible; MJ12bot/v1.4.8; http://mj12bot.com/)"
85.239.238.198 - - [31/Dec/2024:14:22:10 -0500] "GET /documents/4659_Sanket/2020/c_march/payment/recycle/?MD HTTP/1.1" 200 583 "-" "Mozilla/5.0 (compatible; MJ12bot/v1.4.8; http://mj12bot.com/)"
85.239.238.198 - - [31/Dec/2024:14:22:14 -0500] "GET /documents/4659_Sanket/2020/c_march/payment/recycle/?NA HTTP/1.1" 200 578 "-" "Mozilla/5.0 (compatible; MJ12bot/v1.4.8; http://mj12bot.com/)"
94.154.239.69 - - [31/Dec/2024:14:22:17 -0500] "GET /plugins_old/slide/?NA HTTP/1.1" 200 618 "-" "Mozilla/5.0 (compatible; MJ12bot/v1.4.8; http://mj12bot.com/)"
85.239.238.198 - - [31/Dec/2024:14:22:19 -0500] "GET /documents/4659_Sanket/2020/c_march/payment/recycle/?ND HTTP/1.1" 200 577 "-" "Mozilla/5.0 (compatible; MJ12bot/v1.4.8; http://mj12bot.com/)"
185.250.36.30 - - [31/Dec/2024:14:22:19 -0500] "GET /documents/6204_Rajpara/2020/h_august/?MD HTTP/1.1" 200 1144 "-" "Mozilla/5.0 (compatible; MJ12bot/v1.4.8; http://mj12bot.com/)"
85.239.238.198 - - [31/Dec/2024:14:22:23 -0500] "GET /documents/4659_Sanket/2020/c_march/payment/recycle/?SA HTTP/1.1" 200 583 "-" "Mozilla/5.0 (compatible; MJ12bot/v1.4.8; http://mj12bot.com/)"
85.239.238.198 - - [31/Dec/2024:14:22:27 -0500] "GET /documents/4659_Sanket/2020/c_march/payment/recycle/?SD HTTP/1.1" 200 583 "-" "Mozilla/5.0 (compatible; MJ12bot/v1.4.8; http://mj12bot.com/)"
85.239.238.198 - - [31/Dec/2024:14:22:31 -0500] "GET /documents/4659_Sanket/2020/c_march/purchase/?MA HTTP/1.1" 200 642 "-" "Mozilla/5.0 (compatible; MJ12bot/v1.4.8; http://mj12bot.com/)"
185.250.36.30 - - [31/Dec/2024:14:22:32 -0500] "GET /documents/6204_Rajpara/2020/h_august/?NA HTTP/1.1" 200 1146 "-" "Mozilla/5.0 (compatible; MJ12bot/v1.4.8; http://mj12bot.com/)"
85.239.238.198 - - [31/Dec/2024:14:22:34 -0500] "GET /documents/4659_Sanket/2020/c_march/purchase/?ND HTTP/1.1" 200 643 "-" "Mozilla/5.0 (compatible; MJ12bot/v1.4.8; http://mj12bot.com/)"
216.244.66.236 - - [31/Dec/2024:14:22:35 -0500] "GET /application/third_party/aws/aws/aws-sdk-php/src/Backup/?ND HTTP/1.1" 200 2344 "-" "Mozilla/5.0 (compatible; DotBot/1.2; +https://opensiteexplorer.org/dotbot; help@moz.com)"
216.244.66.236 - - [31/Dec/2024:14:22:37 -0500] "GET /application/third_party/aws/aws/aws-sdk-php/src/CloudFront/ HTTP/1.1" 200 3929 "-" "Mozilla/5.0 (compatible; DotBot/1.2; +https://opensiteexplorer.org/dotbot; help@moz.com)"
216.244.66.236 - - [31/Dec/2024:14:22:38 -0500] "GET /application/third_party/aws/aws/aws-sdk-php/src/IoTEvents/?ND HTTP/1.1" 200 2368 "-" "Mozilla/5.0 (compatible; DotBot/1.2; +https://opensiteexplorer.org/dotbot; help@moz.com)"
85.239.238.198 - - [31/Dec/2024:14:22:38 -0500] "GET /documents/4659_Sanket/2020/c_march/purchase/?SA HTTP/1.1" 200 643 "-" "Mozilla/5.0 (compatible; MJ12bot/v1.4.8; http://mj12bot.com/)"
94.154.239.69 - - [31/Dec/2024:14:22:38 -0500] "GET /plugins_old/slide/?ND HTTP/1.1" 200 616 "-" "Mozilla/5.0 (compatible; MJ12bot/v1.4.8; http://mj12bot.com/)"
216.244.66.236 - - [31/Dec/2024:14:22:39 -0500] "GET /application/third_party/aws/aws/aws-sdk-php/src/Lambda/?ND HTTP/1.1" 200 2344 "-" "Mozilla/5.0 (compatible; DotBot/1.2; +https://opensiteexplorer.org/dotbot; help@moz.com)"
216.244.66.236 - - [31/Dec/2024:14:22:40 -0500] "GET /application/third_party/aws/aws/aws-sdk-php/src/MediaLive/?MA HTTP/1.1" 200 2367 "-" "Mozilla/5.0 (compatible; DotBot/1.2; +https://opensiteexplorer.org/dotbot; help@moz.com)"
185.250.36.30 - - [31/Dec/2024:14:22:41 -0500] "GET /documents/6204_Rajpara/2020/h_august/?SD HTTP/1.1" 200 1150 "-" "Mozilla/5.0 (compatible; MJ12bot/v1.4.8; http://mj12bot.com/)"
85.239.238.198 - - [31/Dec/2024:14:22:41 -0500] "GET /documents/4659_Sanket/2020/c_march/purchase/recycle/?MD HTTP/1.1" 200 581 "-" "Mozilla/5.0 (compatible; MJ12bot/v1.4.8; http://mj12bot.com/)"
216.244.66.236 - - [31/Dec/2024:14:22:41 -0500] "GET /application/third_party/aws/aws/aws-sdk-php/src/MediaLive/?SA HTTP/1.1" 200 2367 "-" "Mozilla/5.0 (compatible; DotBot/1.2; +https://opensiteexplorer.org/dotbot; help@moz.com)"
216.244.66.236 - - [31/Dec/2024:14:22:42 -0500] "GET /documents/4659_Sanket/2020/c_march/journal/?ND HTTP/1.1" 200 1699 "-" "Mozilla/5.0 (compatible; DotBot/1.2; +https://opensiteexplorer.org/dotbot; help@moz.com)"
85.239.238.198 - - [31/Dec/2024:14:22:43 -0500] "GET /documents/4659_Sanket/2020/d_april/bank/recycle/?MD HTTP/1.1" 200 583 "-" "Mozilla/5.0 (compatible; MJ12bot/v1.4.8; http://mj12bot.com/)"
216.244.66.236 - - [31/Dec/2024:14:22:43 -0500] "GET /documents/4659_Sanket/2020/i_september/debit/?ND HTTP/1.1" 200 1709 "-" "Mozilla/5.0 (compatible; DotBot/1.2; +https://opensiteexplorer.org/dotbot; help@moz.com)"
216.244.66.236 - - [31/Dec/2024:14:22:44 -0500] "GET /documents/5764_Sanket/2020/h_august/credit/?ND HTTP/1.1" 200 1700 "-" "Mozilla/5.0 (compatible; DotBot/1.2; +https://opensiteexplorer.org/dotbot; help@moz.com)"
216.244.66.236 - - [31/Dec/2024:14:22:45 -0500] "GET /documents/5764_Sanket/2020/l_december/cheque_reg/?ND HTTP/1.1" 200 1720 "-" "Mozilla/5.0 (compatible; DotBot/1.2; +https://opensiteexplorer.org/dotbot; help@moz.com)"
85.239.238.198 - - [31/Dec/2024:14:22:45 -0500] "GET /documents/4659_Sanket/2020/d_april/bank/recycle/?NA HTTP/1.1" 200 578 "-" "Mozilla/5.0 (compatible; MJ12bot/v1.4.8; http://mj12bot.com/)"
216.244.66.236 - - [31/Dec/2024:14:22:46 -0500] "GET /documents/6204_Rajpara/2020/a_january/purchase/?ND HTTP/1.1" 200 1714 "-" "Mozilla/5.0 (compatible; DotBot/1.2; +https://opensiteexplorer.org/dotbot; help@moz.com)"
216.244.66.236 - - [31/Dec/2024:14:22:47 -0500] "GET /documents/6204_Rajpara/2020/i_september/bank/?ND HTTP/1.1" 200 1710 "-" "Mozilla/5.0 (compatible; DotBot/1.2; +https://opensiteexplorer.org/dotbot; help@moz.com)"
216.244.66.236 - - [31/Dec/2024:14:22:49 -0500] "GET /documents/6204_Rajpara/2020/i_september/payment/?ND HTTP/1.1" 200 1719 "-" "Mozilla/5.0 (compatible; DotBot/1.2; +https://opensiteexplorer.org/dotbot; help@moz.com)"
85.239.238.198 - - [31/Dec/2024:14:22:50 -0500] "GET /documents/4659_Sanket/2020/d_april/bank/recycle/?SD HTTP/1.1" 200 581 "-" "Mozilla/5.0 (compatible; MJ12bot/v1.4.8; http://mj12bot.com/)"
185.250.36.30 - - [31/Dec/2024:14:22:50 -0500] "GET /documents/6204_Rajpara/2020/h_august/bank/?MA HTTP/1.1" 200 646 "-" "Mozilla/5.0 (compatible; MJ12bot/v1.4.8; http://mj12bot.com/)"
216.244.66.236 - - [31/Dec/2024:14:22:51 -0500] "GET /documents/6204_Rajpara/2020/k_november/credit/?ND HTTP/1.1" 200 1712 "-" "Mozilla/5.0 (compatible; DotBot/1.2; +https://opensiteexplorer.org/dotbot; help@moz.com)"
216.244.66.236 - - [31/Dec/2024:14:22:53 -0500] "GET /documents/6204_Rajpara/2020/k_november/purchase/?ND HTTP/1.1" 200 1718 "-" "Mozilla/5.0 (compatible; DotBot/1.2; +https://opensiteexplorer.org/dotbot; help@moz.com)"
85.239.238.198 - - [31/Dec/2024:14:22:54 -0500] "GET /documents/4659_Sanket/2020/d_april/cheque_reg/?MD HTTP/1.1" 200 649 "-" "Mozilla/5.0 (compatible; MJ12bot/v1.4.8; http://mj12bot.com/)"
216.244.66.236 - - [31/Dec/2024:14:22:55 -0500] "GET /documents/7727_Rajpara/2020/a_january/debit/?ND HTTP/1.1" 200 1705 "-" "Mozilla/5.0 (compatible; DotBot/1.2; +https://opensiteexplorer.org/dotbot; help@moz.com)"
216.244.66.236 - - [31/Dec/2024:14:22:57 -0500] "GET /documents/7727_Rajpara/2020/l_december/debit/?ND HTTP/1.1" 200 1709 "-" "Mozilla/5.0 (compatible; DotBot/1.2; +https://opensiteexplorer.org/dotbot; help@moz.com)"
94.154.239.69 - - [31/Dec/2024:14:22:57 -0500] "GET /plugins_old/slide/?SA HTTP/1.1" 200 621 "-" "Mozilla/5.0 (compatible; MJ12bot/v1.4.8; http://mj12bot.com/)"
85.239.238.198 - - [31/Dec/2024:14:22:57 -0500] "GET /documents/4659_Sanket/2020/d_april/debit/?SD HTTP/1.1" 200 647 "-" "Mozilla/5.0 (compatible; MJ12bot/v1.4.8; http://mj12bot.com/)"
216.244.66.236 - - [31/Dec/2024:14:22:58 -0500] "GET /documents/8422_vishal/2020/h_august/receipt/?ND HTTP/1.1" 200 1703 "-" "Mozilla/5.0 (compatible; DotBot/1.2; +https://opensiteexplorer.org/dotbot; help@moz.com)"
216.244.66.236 - - [31/Dec/2024:14:22:59 -0500] "GET /documents/8897_Nehal/2020/i_september/reports/?ND HTTP/1.1" 200 1711 "-" "Mozilla/5.0 (compatible; DotBot/1.2; +https://opensiteexplorer.org/dotbot; help@moz.com)"
185.250.36.30 - - [31/Dec/2024:14:22:59 -0500] "GET /documents/6204_Rajpara/2020/h_august/bank/?MD HTTP/1.1" 200 645 "-" "Mozilla/5.0 (compatible; MJ12bot/v1.4.8; http://mj12bot.com/)"
85.239.238.198 - - [31/Dec/2024:14:23:01 -0500] "GET /documents/4659_Sanket/2020/d_april/debit/recycle/?MA HTTP/1.1" 200 582 "-" "Mozilla/5.0 (compatible; MJ12bot/v1.4.8; http://mj12bot.com/)"
85.239.238.198 - - [31/Dec/2024:14:23:05 -0500] "GET /documents/4659_Sanket/2020/d_april/debit/recycle/?MD HTTP/1.1" 200 581 "-" "Mozilla/5.0 (compatible; MJ12bot/v1.4.8; http://mj12bot.com/)"
85.239.238.198 - - [31/Dec/2024:14:23:08 -0500] "GET /documents/4659_Sanket/2020/d_april/debit/recycle/?NA HTTP/1.1" 200 578 "-" "Mozilla/5.0 (compatible; MJ12bot/v1.4.8; http://mj12bot.com/)"
185.250.36.30 - - [31/Dec/2024:14:23:09 -0500] "GET /documents/6204_Rajpara/2020/h_august/bank/?NA HTTP/1.1" 200 641 "-" "Mozilla/5.0 (compatible; MJ12bot/v1.4.8; http://mj12bot.com/)"
94.154.239.69 - - [31/Dec/2024:14:23:11 -0500] "GET /plugins_old/slide/?SD HTTP/1.1" 200 620 "-" "Mozilla/5.0 (compatible; MJ12bot/v1.4.8; http://mj12bot.com/)"
85.239.238.198 - - [31/Dec/2024:14:23:12 -0500] "GET /documents/4659_Sanket/2020/d_april/debit/recycle/?ND HTTP/1.1" 200 577 "-" "Mozilla/5.0 (compatible; MJ12bot/v1.4.8; http://mj12bot.com/)"
85.239.238.198 - - [31/Dec/2024:14:23:14 -0500] "GET /documents/4659_Sanket/2020/d_april/debit/recycle/?SA HTTP/1.1" 200 583 "-" "Mozilla/5.0 (compatible; MJ12bot/v1.4.8; http://mj12bot.com/)"
85.239.238.198 - - [31/Dec/2024:14:23:18 -0500] "GET /documents/4659_Sanket/2020/d_april/debit/recycle/?SD HTTP/1.1" 200 581 "-" "Mozilla/5.0 (compatible; MJ12bot/v1.4.8; http://mj12bot.com/)"
185.250.36.30 - - [31/Dec/2024:14:23:19 -0500] "GET /documents/6204_Rajpara/2020/h_august/bank/?ND HTTP/1.1" 200 640 "-" "Mozilla/5.0 (compatible; MJ12bot/v1.4.8; http://mj12bot.com/)"
85.239.238.198 - - [31/Dec/2024:14:23:22 -0500] "GET /documents/4659_Sanket/2020/d_april/journal/?NA HTTP/1.1" 200 638 "-" "Mozilla/5.0 (compatible; MJ12bot/v1.4.8; http://mj12bot.com/)"
85.239.238.198 - - [31/Dec/2024:14:23:26 -0500] "GET /documents/4659_Sanket/2020/d_april/journal/?SD HTTP/1.1" 200 644 "-" "Mozilla/5.0 (compatible; MJ12bot/v1.4.8; http://mj12bot.com/)"
185.250.36.30 - - [31/Dec/2024:14:23:29 -0500] "GET /documents/6204_Rajpara/2020/h_august/bank/?SA HTTP/1.1" 200 646 "-" "Mozilla/5.0 (compatible; MJ12bot/v1.4.8; http://mj12bot.com/)"
85.239.238.198 - - [31/Dec/2024:14:23:30 -0500] "GET /documents/4659_Sanket/2020/d_april/journal/recycle/?MD HTTP/1.1" 200 583 "-" "Mozilla/5.0 (compatible; MJ12bot/v1.4.8; http://mj12bot.com/)"
94.154.239.69 - - [31/Dec/2024:14:23:33 -0500] "GET /plugins_old/slide/css/ HTTP/1.1" 200 549 "-" "Mozilla/5.0 (compatible; MJ12bot/v1.4.8; http://mj12bot.com/)"
85.239.238.198 - - [31/Dec/2024:14:23:35 -0500] "GET /documents/4659_Sanket/2020/d_april/journal/recycle/?ND HTTP/1.1" 200 576 "-" "Mozilla/5.0 (compatible; MJ12bot/v1.4.8; http://mj12bot.com/)"
85.239.238.198 - - [31/Dec/2024:14:23:39 -0500] "GET /documents/4659_Sanket/2020/e_may/?SD HTTP/1.1" 200 1121 "-" "Mozilla/5.0 (compatible; MJ12bot/v1.4.8; http://mj12bot.com/)"
185.250.36.30 - - [31/Dec/2024:14:23:43 -0500] "GET /documents/6204_Rajpara/2020/h_august/bank/?SD HTTP/1.1" 200 645 "-" "Mozilla/5.0 (compatible; MJ12bot/v1.4.8; http://mj12bot.com/)"
85.239.238.198 - - [31/Dec/2024:14:23:43 -0500] "GET /documents/4659_Sanket/2020/e_may/bank/?ND HTTP/1.1" 200 640 "-" "Mozilla/5.0 (compatible; MJ12bot/v1.4.8; http://mj12bot.com/)"
85.239.238.198 - - [31/Dec/2024:14:23:46 -0500] "GET /documents/4659_Sanket/2020/e_may/bank/recycle/?MD HTTP/1.1" 200 580 "-" "Mozilla/5.0 (compatible; MJ12bot/v1.4.8; http://mj12bot.com/)"
85.239.238.198 - - [31/Dec/2024:14:23:49 -0500] "GET /documents/4659_Sanket/2020/e_may/cheque_reg/?ND HTTP/1.1" 200 644 "-" "Mozilla/5.0 (compatible; MJ12bot/v1.4.8; http://mj12bot.com/)"
85.239.238.198 - - [31/Dec/2024:14:23:52 -0500] "GET /documents/4659_Sanket/2020/e_may/contra/?MA HTTP/1.1" 200 646 "-" "Mozilla/5.0 (compatible; MJ12bot/v1.4.8; http://mj12bot.com/)"
94.154.239.69 - - [31/Dec/2024:14:23:52 -0500] "GET /plugins_old/slide/css/?MA HTTP/1.1" 200 553 "-" "Mozilla/5.0 (compatible; MJ12bot/v1.4.8; http://mj12bot.com/)"
185.250.36.30 - - [31/Dec/2024:14:23:54 -0500] "GET /documents/6204_Rajpara/2020/h_august/cheque_reg/?ND HTTP/1.1" 200 645 "-" "Mozilla/5.0 (compatible; MJ12bot/v1.4.8; http://mj12bot.com/)"
85.239.238.198 - - [31/Dec/2024:14:23:55 -0500] "GET /documents/4659_Sanket/2020/e_may/contra/?ND HTTP/1.1" 200 640 "-" "Mozilla/5.0 (compatible; MJ12bot/v1.4.8; http://mj12bot.com/)"
85.239.238.198 - - [31/Dec/2024:14:23:59 -0500] "GET /documents/4659_Sanket/2020/e_may/contra/?SA HTTP/1.1" 200 647 "-" "Mozilla/5.0 (compatible; MJ12bot/v1.4.8; http://mj12bot.com/)"
37.57.218.243 - - [31/Dec/2024:14:24:00 -0500] "GET /documents/8897_Nehal/2020/f_june/cheque_reg/?SD HTTP/1.1" 200 646 "-" "Mozilla/5.0 (compatible; MJ12bot/v1.4.8; http://mj12bot.com/)"
37.57.218.243 - - [31/Dec/2024:14:24:01 -0500] "GET /documents/8897_Nehal/2020/f_june/cheque_reg/recycle/?MA HTTP/1.1" 200 584 "-" "Mozilla/5.0 (compatible; MJ12bot/v1.4.8; http://mj12bot.com/)"
185.250.36.30 - - [31/Dec/2024:14:24:02 -0500] "GET /documents/6204_Rajpara/2020/h_august/cheque_reg/recycle/?NA HTTP/1.1" 200 583 "-" "Mozilla/5.0 (compatible; MJ12bot/v1.4.8; http://mj12bot.com/)"
85.239.238.198 - - [31/Dec/2024:14:24:03 -0500] "GET /documents/4659_Sanket/2020/e_may/credit/?ND HTTP/1.1" 200 639 "-" "Mozilla/5.0 (compatible; MJ12bot/v1.4.8; http://mj12bot.com/)"
85.239.238.198 - - [31/Dec/2024:14:24:05 -0500] "GET /documents/4659_Sanket/2020/e_may/credit/recycle/?MA HTTP/1.1" 200 583 "-" "Mozilla/5.0 (compatible; MJ12bot/v1.4.8; http://mj12bot.com/)"
85.239.238.198 - - [31/Dec/2024:14:24:08 -0500] "GET /documents/4659_Sanket/2020/e_may/credit/recycle/?SD HTTP/1.1" 200 581 "-" "Mozilla/5.0 (compatible; MJ12bot/v1.4.8; http://mj12bot.com/)"
185.250.36.30 - - [31/Dec/2024:14:24:10 -0500] "GET /documents/6204_Rajpara/2020/h_august/cheque_reg/recycle/?ND HTTP/1.1" 200 580 "-" "Mozilla/5.0 (compatible; MJ12bot/v1.4.8; http://mj12bot.com/)"
85.239.238.198 - - [31/Dec/2024:14:24:11 -0500] "GET /documents/4659_Sanket/2020/e_may/debit/?ND HTTP/1.1" 200 639 "-" "Mozilla/5.0 (compatible; MJ12bot/v1.4.8; http://mj12bot.com/)"
85.239.238.198 - - [31/Dec/2024:14:24:13 -0500] "GET /documents/4659_Sanket/2020/e_may/debit/recycle/?SA HTTP/1.1" 200 581 "-" "Mozilla/5.0 (compatible; MJ12bot/v1.4.8; http://mj12bot.com/)"
185.250.36.30 - - [31/Dec/2024:14:24:15 -0500] "GET /documents/6204_Rajpara/2020/h_august/cheque_reg/recycle/?SA HTTP/1.1" 200 589 "-" "Mozilla/5.0 (compatible; MJ12bot/v1.4.8; http://mj12bot.com/)"
94.154.239.69 - - [31/Dec/2024:14:24:16 -0500] "GET /plugins_old/slide/css/?MD HTTP/1.1" 200 554 "-" "Mozilla/5.0 (compatible; MJ12bot/v1.4.8; http://mj12bot.com/)"
85.239.238.198 - - [31/Dec/2024:14:24:17 -0500] "GET /documents/4659_Sanket/2020/e_may/journal/?MA HTTP/1.1" 200 642 "-" "Mozilla/5.0 (compatible; MJ12bot/v1.4.8; http://mj12bot.com/)"
88.123.69.165 - - [31/Dec/2024:14:24:19 -0500] "GET /documents/5764_Sanket/2020/g_july/contra/?d=%2Fvar%2Fsoftaculous%2Fcftp&f=cftp.sql&x=c HTTP/1.1" 200 5296 "-" "Mozilla/5.0 (Linux; Android 8.0; Pixel 2 Build/OPD3.170816.012) AppleWebKit/537.36 (KHTML, like Gecko) Chrome/39.0.8217.1414 Mobile Safari/537.36"
85.239.238.198 - - [31/Dec/2024:14:24:20 -0500] "GET /documents/4659_Sanket/2020/e_may/journal/?ND HTTP/1.1" 200 638 "-" "Mozilla/5.0 (compatible; MJ12bot/v1.4.8; http://mj12bot.com/)"
85.239.238.198 - - [31/Dec/2024:14:24:23 -0500] "GET /documents/4659_Sanket/2020/e_may/journal/?SA HTTP/1.1" 200 642 "-" "Mozilla/5.0 (compatible; MJ12bot/v1.4.8; http://mj12bot.com/)"
185.250.36.30 - - [31/Dec/2024:14:24:23 -0500] "GET /documents/6204_Rajpara/2020/h_august/contra/?MD HTTP/1.1" 200 650 "-" "Mozilla/5.0 (compatible; MJ12bot/v1.4.8; http://mj12bot.com/)"
85.239.238.198 - - [31/Dec/2024:14:24:26 -0500] "GET /documents/4659_Sanket/2020/e_may/purchase/recycle/?MA HTTP/1.1" 200 580 "-" "Mozilla/5.0 (compatible; MJ12bot/v1.4.8; http://mj12bot.com/)"
185.250.36.30 - - [31/Dec/2024:14:24:29 -0500] "GET /documents/6204_Rajpara/2020/h_august/contra/?NA HTTP/1.1" 200 644 "-" "Mozilla/5.0 (compatible; MJ12bot/v1.4.8; http://mj12bot.com/)"
85.239.238.198 - - [31/Dec/2024:14:24:30 -0500] "GET /documents/4659_Sanket/2020/e_may/purchase/recycle/?NA HTTP/1.1" 200 576 "-" "Mozilla/5.0 (compatible; MJ12bot/v1.4.8; http://mj12bot.com/)"
94.154.239.69 - - [31/Dec/2024:14:24:30 -0500] "GET /plugins_old/slide/css/?NA HTTP/1.1" 200 549 "-" "Mozilla/5.0 (compatible; MJ12bot/v1.4.8; http://mj12bot.com/)"
85.239.238.198 - - [31/Dec/2024:14:24:33 -0500] "GET /documents/4659_Sanket/2020/e_may/receipt/?ND HTTP/1.1" 200 640 "-" "Mozilla/5.0 (compatible; MJ12bot/v1.4.8; http://mj12bot.com/)"
85.239.238.198 - - [31/Dec/2024:14:24:37 -0500] "GET /documents/4659_Sanket/2020/g_july/others/recycle/?SD HTTP/1.1" 200 583 "-" "Mozilla/5.0 (compatible; MJ12bot/v1.4.8; http://mj12bot.com/)"
185.250.36.30 - - [31/Dec/2024:14:24:37 -0500] "GET /documents/6204_Rajpara/2020/h_august/contra/?ND HTTP/1.1" 200 645 "-" "Mozilla/5.0 (compatible; MJ12bot/v1.4.8; http://mj12bot.com/)"
85.239.238.198 - - [31/Dec/2024:14:24:40 -0500] "GET /documents/4659_Sanket/2020/g_july/payment/?MD HTTP/1.1" 200 647 "-" "Mozilla/5.0 (compatible; MJ12bot/v1.4.8; http://mj12bot.com/)"
85.239.238.198 - - [31/Dec/2024:14:24:43 -0500] "GET /documents/4659_Sanket/2020/g_july/payment/?NA HTTP/1.1" 200 642 "-" "Mozilla/5.0 (compatible; MJ12bot/v1.4.8; http://mj12bot.com/)"
185.250.36.30 - - [31/Dec/2024:14:24:45 -0500] "GET /documents/6204_Rajpara/2020/h_august/contra/?SA HTTP/1.1" 200 651 "-" "Mozilla/5.0 (compatible; MJ12bot/v1.4.8; http://mj12bot.com/)"
85.239.238.198 - - [31/Dec/2024:14:24:46 -0500] "GET /documents/4659_Sanket/2020/g_july/payment/?SD HTTP/1.1" 200 647 "-" "Mozilla/5.0 (compatible; MJ12bot/v1.4.8; http://mj12bot.com/)"
94.154.239.69 - - [31/Dec/2024:14:24:49 -0500] "GET /plugins_old/slide/css/?ND HTTP/1.1" 200 549 "-" "Mozilla/5.0 (compatible; MJ12bot/v1.4.8; http://mj12bot.com/)"
85.239.238.198 - - [31/Dec/2024:14:24:49 -0500] "GET /documents/4659_Sanket/2020/g_july/payment/recycle/?MD HTTP/1.1" 200 582 "-" "Mozilla/5.0 (compatible; MJ12bot/v1.4.8; http://mj12bot.com/)"
185.250.36.30 - - [31/Dec/2024:14:24:52 -0500] "GET /documents/6204_Rajpara/2020/h_august/contra/?SD HTTP/1.1" 200 649 "-" "Mozilla/5.0 (compatible; MJ12bot/v1.4.8; http://mj12bot.com/)"
85.239.238.198 - - [31/Dec/2024:14:24:53 -0500] "GET /documents/4659_Sanket/2020/g_july/payment/recycle/?SD HTTP/1.1" 200 581 "-" "Mozilla/5.0 (compatible; MJ12bot/v1.4.8; http://mj12bot.com/)"
94.154.239.69 - - [31/Dec/2024:14:24:55 -0500] "GET /plugins_old/slide/css/?SA HTTP/1.1" 200 555 "-" "Mozilla/5.0 (compatible; MJ12bot/v1.4.8; http://mj12bot.com/)"
85.239.238.198 - - [31/Dec/2024:14:24:57 -0500] "GET /documents/4659_Sanket/2020/g_july/receipt/recycle/?ND HTTP/1.1" 200 579 "-" "Mozilla/5.0 (compatible; MJ12bot/v1.4.8; http://mj12bot.com/)"
85.239.238.198 - - [31/Dec/2024:14:25:00 -0500] "GET /documents/4659_Sanket/2020/g_july/reports/?MD HTTP/1.1" 200 648 "-" "Mozilla/5.0 (compatible; MJ12bot/v1.4.8; http://mj12bot.com/)"
185.250.36.30 - - [31/Dec/2024:14:25:01 -0500] "GET /documents/6204_Rajpara/2020/h_august/contra/recycle/?ND HTTP/1.1" 200 577 "-" "Mozilla/5.0 (compatible; MJ12bot/v1.4.8; http://mj12bot.com/)"
85.239.238.198 - - [31/Dec/2024:14:25:04 -0500] "GET /documents/4659_Sanket/2020/g_july/reports/recycle/?MA HTTP/1.1" 200 583 "-" "Mozilla/5.0 (compatible; MJ12bot/v1.4.8; http://mj12bot.com/)"
85.239.238.198 - - [31/Dec/2024:14:25:06 -0500] "GET /documents/4659_Sanket/2020/g_july/sales/?MD HTTP/1.1" 200 647 "-" "Mozilla/5.0 (compatible; MJ12bot/v1.4.8; http://mj12bot.com/)"
185.250.36.30 - - [31/Dec/2024:14:25:08 -0500] "GET /documents/6204_Rajpara/2020/h_august/contra/recycle/?SA HTTP/1.1" 200 583 "-" "Mozilla/5.0 (compatible; MJ12bot/v1.4.8; http://mj12bot.com/)"
85.239.238.198 - - [31/Dec/2024:14:25:09 -0500] "GET /documents/4659_Sanket/2020/g_july/sales/?ND HTTP/1.1" 200 643 "-" "Mozilla/5.0 (compatible; MJ12bot/v1.4.8; http://mj12bot.com/)"
47.128.39.222 - - [31/Dec/2024:14:25:11 -0500] "GET /documents/5764_Sanket/2020/g_july/contra/?d=%2Fopt%2Falt%2Fpython311%2Flib%2Fpython3.11%2Fsite-packages%2Fpkg_resources%2F_vendor%2Fpyparsing&f=actions.py&x=c HTTP/1.1" 200 3628 "-" "Mozilla/5.0 (Linux; Android 5.0) AppleWebKit/537.36 (KHTML, like Gecko) Mobile Safari/537.36 (compatible; Bytespider; spider-feedback@bytedance.com)"
85.239.238.198 - - [31/Dec/2024:14:25:12 -0500] "GET /documents/4659_Sanket/2020/g_july/sales/?SA HTTP/1.1" 200 648 "-" "Mozilla/5.0 (compatible; MJ12bot/v1.4.8; http://mj12bot.com/)"
