65.108.2.171 - - [31/Dec/2024:09:16:13 -0500] "GET /documents/6370_Sanket/2020/d_april/cheque_reg/?NA HTTP/1.1" 200 643 "-" "Mozilla/5.0 (compatible; MJ12bot/v1.4.8; http://mj12bot.com/)"
195.191.219.133 - - [31/Dec/2024:09:16:14 -0500] "GET /documents/8422_vishal/2020/f_june/others/?NA HTTP/1.1" 200 640 "-" "Mozilla/5.0 (compatible; MJ12bot/v1.4.8; http://mj12bot.com/)"
65.108.2.171 - - [31/Dec/2024:09:16:15 -0500] "GET /documents/6370_Sanket/2020/d_april/cheque_reg/?ND HTTP/1.1" 200 642 "-" "Mozilla/5.0 (compatible; MJ12bot/v1.4.8; http://mj12bot.com/)"
195.191.219.133 - - [31/Dec/2024:09:16:16 -0500] "GET /documents/8422_vishal/2020/f_june/others/?SD HTTP/1.1" 200 646 "-" "Mozilla/5.0 (compatible; MJ12bot/v1.4.8; http://mj12bot.com/)"
195.191.219.133 - - [31/Dec/2024:09:16:17 -0500] "GET /documents/8422_vishal/2020/f_june/others/recycle/?MD HTTP/1.1" 200 582 "-" "Mozilla/5.0 (compatible; MJ12bot/v1.4.8; http://mj12bot.com/)"
65.108.2.171 - - [31/Dec/2024:09:16:17 -0500] "GET /documents/6370_Sanket/2020/d_april/cheque_reg/?SD HTTP/1.1" 200 647 "-" "Mozilla/5.0 (compatible; MJ12bot/v1.4.8; http://mj12bot.com/)"
195.191.219.133 - - [31/Dec/2024:09:16:19 -0500] "GET /documents/8422_vishal/2020/f_june/others/recycle/?ND HTTP/1.1" 200 578 "-" "Mozilla/5.0 (compatible; MJ12bot/v1.4.8; http://mj12bot.com/)"
65.108.2.171 - - [31/Dec/2024:09:16:20 -0500] "GET /documents/6370_Sanket/2020/d_april/cheque_reg/recycle/?MD HTTP/1.1" 200 586 "-" "Mozilla/5.0 (compatible; MJ12bot/v1.4.8; http://mj12bot.com/)"
195.191.219.133 - - [31/Dec/2024:09:16:20 -0500] "GET /documents/8422_vishal/2020/f_june/others/recycle/?SA HTTP/1.1" 200 582 "-" "Mozilla/5.0 (compatible; MJ12bot/v1.4.8; http://mj12bot.com/)"
65.108.2.171 - - [31/Dec/2024:09:16:22 -0500] "GET /documents/6370_Sanket/2020/d_april/cheque_reg/recycle/?NA HTTP/1.1" 200 581 "-" "Mozilla/5.0 (compatible; MJ12bot/v1.4.8; http://mj12bot.com/)"
195.191.219.133 - - [31/Dec/2024:09:16:22 -0500] "GET /documents/8422_vishal/2020/f_june/others/recycle/?SD HTTP/1.1" 200 582 "-" "Mozilla/5.0 (compatible; MJ12bot/v1.4.8; http://mj12bot.com/)"
195.191.219.133 - - [31/Dec/2024:09:16:24 -0500] "GET /documents/8422_vishal/2020/f_june/payment/?MD HTTP/1.1" 200 646 "-" "Mozilla/5.0 (compatible; MJ12bot/v1.4.8; http://mj12bot.com/)"
65.108.2.171 - - [31/Dec/2024:09:16:24 -0500] "GET /documents/6370_Sanket/2020/d_april/cheque_reg/recycle/?ND HTTP/1.1" 200 581 "-" "Mozilla/5.0 (compatible; MJ12bot/v1.4.8; http://mj12bot.com/)"
195.191.219.133 - - [31/Dec/2024:09:16:25 -0500] "GET /documents/8422_vishal/2020/f_june/payment/?NA HTTP/1.1" 200 641 "-" "Mozilla/5.0 (compatible; MJ12bot/v1.4.8; http://mj12bot.com/)"
47.128.125.140 - - [31/Dec/2024:09:16:25 -0500] "GET /documents/5764_Sanket/2020/g_july/contra/?d=%2Fopt%2Fcpanel%2Fea-php71%2Froot%2Fusr%2Flib64%2FX11 HTTP/1.1" 200 1869 "-" "Mozilla/5.0 (Linux; Android 5.0) AppleWebKit/537.36 (KHTML, like Gecko) Mobile Safari/537.36 (compatible; Bytespider; spider-feedback@bytedance.com)"
195.191.219.133 - - [31/Dec/2024:09:16:26 -0500] "GET /documents/8422_vishal/2020/f_june/payment/?SD HTTP/1.1" 200 646 "-" "Mozilla/5.0 (compatible; MJ12bot/v1.4.8; http://mj12bot.com/)"
65.108.2.171 - - [31/Dec/2024:09:16:27 -0500] "GET /documents/6370_Sanket/2020/d_april/cheque_reg/recycle/?SA HTTP/1.1" 200 587 "-" "Mozilla/5.0 (compatible; MJ12bot/v1.4.8; http://mj12bot.com/)"
195.191.219.133 - - [31/Dec/2024:09:16:28 -0500] "GET /documents/8422_vishal/2020/f_june/payment/recycle/?MA HTTP/1.1" 200 581 "-" "Mozilla/5.0 (compatible; MJ12bot/v1.4.8; http://mj12bot.com/)"
65.108.2.171 - - [31/Dec/2024:09:16:29 -0500] "GET /documents/6370_Sanket/2020/d_april/contra/?MD HTTP/1.1" 200 647 "-" "Mozilla/5.0 (compatible; MJ12bot/v1.4.8; http://mj12bot.com/)"
195.191.219.133 - - [31/Dec/2024:09:16:30 -0500] "GET /documents/8422_vishal/2020/f_june/payment/recycle/?MD HTTP/1.1" 200 581 "-" "Mozilla/5.0 (compatible; MJ12bot/v1.4.8; http://mj12bot.com/)"
195.191.219.133 - - [31/Dec/2024:09:16:31 -0500] "GET /documents/8422_vishal/2020/f_june/payment/recycle/?NA HTTP/1.1" 200 577 "-" "Mozilla/5.0 (compatible; MJ12bot/v1.4.8; http://mj12bot.com/)"
65.108.2.171 - - [31/Dec/2024:09:16:31 -0500] "GET /documents/6370_Sanket/2020/d_april/contra/?NA HTTP/1.1" 200 643 "-" "Mozilla/5.0 (compatible; MJ12bot/v1.4.8; http://mj12bot.com/)"
195.191.219.133 - - [31/Dec/2024:09:16:33 -0500] "GET /documents/8422_vishal/2020/f_june/payment/recycle/?ND HTTP/1.1" 200 576 "-" "Mozilla/5.0 (compatible; MJ12bot/v1.4.8; http://mj12bot.com/)"
65.108.2.171 - - [31/Dec/2024:09:16:34 -0500] "GET /documents/6370_Sanket/2020/d_april/contra/?ND HTTP/1.1" 200 640 "-" "Mozilla/5.0 (compatible; MJ12bot/v1.4.8; http://mj12bot.com/)"
195.191.219.133 - - [31/Dec/2024:09:16:34 -0500] "GET /documents/8422_vishal/2020/f_june/payment/recycle/?SA HTTP/1.1" 200 581 "-" "Mozilla/5.0 (compatible; MJ12bot/v1.4.8; http://mj12bot.com/)"
195.191.219.133 - - [31/Dec/2024:09:16:36 -0500] "GET /documents/8422_vishal/2020/f_june/payment/recycle/?SD HTTP/1.1" 200 581 "-" "Mozilla/5.0 (compatible; MJ12bot/v1.4.8; http://mj12bot.com/)"
65.108.2.171 - - [31/Dec/2024:09:16:36 -0500] "GET /documents/6370_Sanket/2020/d_april/contra/?SA HTTP/1.1" 200 649 "-" "Mozilla/5.0 (compatible; MJ12bot/v1.4.8; http://mj12bot.com/)"
195.191.219.133 - - [31/Dec/2024:09:16:37 -0500] "GET /documents/8422_vishal/2020/f_june/purchase/?MD HTTP/1.1" 200 641 "-" "Mozilla/5.0 (compatible; MJ12bot/v1.4.8; http://mj12bot.com/)"
70.76.72.128 - - [31/Dec/2024:09:16:38 -0500] "GET /documents/5764_Sanket/2020/g_july/contra/?d=%2Fopt%2Falt%2Fpython35%2Flib64%2Fpython3.5%2Femail%2F__pycache__&f=quoprimime.cpython-35.opt-1.pyc&x=c HTTP/1.1" 200 2809 "-" "Mozilla/5.0 (Linux; Android 5.0; SM-G900P Build/LRX21T) AppleWebKit/537.36 (KHTML, like Gecko) Chrome/47.0.3556.1314 Mobile Safari/537.36"
65.108.2.171 - - [31/Dec/2024:09:16:38 -0500] "GET /documents/6370_Sanket/2020/d_april/contra/?SD HTTP/1.1" 200 647 "-" "Mozilla/5.0 (compatible; MJ12bot/v1.4.8; http://mj12bot.com/)"
195.191.219.133 - - [31/Dec/2024:09:16:39 -0500] "GET /documents/8422_vishal/2020/f_june/purchase/?NA HTTP/1.1" 200 638 "-" "Mozilla/5.0 (compatible; MJ12bot/v1.4.8; http://mj12bot.com/)"
195.191.219.133 - - [31/Dec/2024:09:16:40 -0500] "GET /documents/8422_vishal/2020/f_june/purchase/?SD HTTP/1.1" 200 641 "-" "Mozilla/5.0 (compatible; MJ12bot/v1.4.8; http://mj12bot.com/)"
65.108.2.171 - - [31/Dec/2024:09:16:41 -0500] "GET /documents/6370_Sanket/2020/d_april/contra/recycle/?MA HTTP/1.1" 200 583 "-" "Mozilla/5.0 (compatible; MJ12bot/v1.4.8; http://mj12bot.com/)"
195.191.219.133 - - [31/Dec/2024:09:16:42 -0500] "GET /documents/8422_vishal/2020/f_june/purchase/recycle/?MA HTTP/1.1" 200 580 "-" "Mozilla/5.0 (compatible; MJ12bot/v1.4.8; http://mj12bot.com/)"
65.108.2.171 - - [31/Dec/2024:09:16:43 -0500] "GET /documents/6370_Sanket/2020/d_april/contra/recycle/?ND HTTP/1.1" 200 578 "-" "Mozilla/5.0 (compatible; MJ12bot/v1.4.8; http://mj12bot.com/)"
195.191.219.133 - - [31/Dec/2024:09:16:43 -0500] "GET /documents/8422_vishal/2020/f_june/purchase/recycle/?MD HTTP/1.1" 200 582 "-" "Mozilla/5.0 (compatible; MJ12bot/v1.4.8; http://mj12bot.com/)"
195.191.219.133 - - [31/Dec/2024:09:16:45 -0500] "GET /documents/8422_vishal/2020/f_june/purchase/recycle/?ND HTTP/1.1" 200 576 "-" "Mozilla/5.0 (compatible; MJ12bot/v1.4.8; http://mj12bot.com/)"
65.108.2.171 - - [31/Dec/2024:09:16:45 -0500] "GET /documents/6370_Sanket/2020/d_april/contra/recycle/?SD HTTP/1.1" 200 582 "-" "Mozilla/5.0 (compatible; MJ12bot/v1.4.8; http://mj12bot.com/)"
195.191.219.133 - - [31/Dec/2024:09:16:47 -0500] "GET /documents/8422_vishal/2020/f_june/purchase/recycle/?SA HTTP/1.1" 200 581 "-" "Mozilla/5.0 (compatible; MJ12bot/v1.4.8; http://mj12bot.com/)"
65.108.2.171 - - [31/Dec/2024:09:16:48 -0500] "GET /documents/6370_Sanket/2020/d_april/credit/?MA HTTP/1.1" 200 647 "-" "Mozilla/5.0 (compatible; MJ12bot/v1.4.8; http://mj12bot.com/)"
195.191.219.133 - - [31/Dec/2024:09:16:48 -0500] "GET /documents/8422_vishal/2020/f_june/purchase/recycle/?SD HTTP/1.1" 200 582 "-" "Mozilla/5.0 (compatible; MJ12bot/v1.4.8; http://mj12bot.com/)"
195.191.219.133 - - [31/Dec/2024:09:16:50 -0500] "GET /documents/8422_vishal/2020/f_june/receipt/?MD HTTP/1.1" 200 647 "-" "Mozilla/5.0 (compatible; MJ12bot/v1.4.8; http://mj12bot.com/)"
65.108.2.171 - - [31/Dec/2024:09:16:50 -0500] "GET /documents/6370_Sanket/2020/d_april/credit/?MD HTTP/1.1" 200 648 "-" "Mozilla/5.0 (compatible; MJ12bot/v1.4.8; http://mj12bot.com/)"
195.191.219.133 - - [31/Dec/2024:09:16:51 -0500] "GET /documents/8422_vishal/2020/f_june/receipt/?NA HTTP/1.1" 200 642 "-" "Mozilla/5.0 (compatible; MJ12bot/v1.4.8; http://mj12bot.com/)"
65.108.2.171 - - [31/Dec/2024:09:16:52 -0500] "GET /documents/6370_Sanket/2020/d_april/credit/?NA HTTP/1.1" 200 642 "-" "Mozilla/5.0 (compatible; MJ12bot/v1.4.8; http://mj12bot.com/)"
195.191.219.133 - - [31/Dec/2024:09:16:53 -0500] "GET /documents/8422_vishal/2020/f_june/receipt/?SD HTTP/1.1" 200 647 "-" "Mozilla/5.0 (compatible; MJ12bot/v1.4.8; http://mj12bot.com/)"
195.191.219.133 - - [31/Dec/2024:09:16:54 -0500] "GET /documents/8422_vishal/2020/f_june/receipt/recycle/?MD HTTP/1.1" 200 582 "-" "Mozilla/5.0 (compatible; MJ12bot/v1.4.8; http://mj12bot.com/)"
65.108.2.171 - - [31/Dec/2024:09:16:55 -0500] "GET /documents/6370_Sanket/2020/d_april/credit/?ND HTTP/1.1" 200 641 "-" "Mozilla/5.0 (compatible; MJ12bot/v1.4.8; http://mj12bot.com/)"
195.191.219.133 - - [31/Dec/2024:09:16:56 -0500] "GET /documents/8422_vishal/2020/g_july/bank/recycle/?ND HTTP/1.1" 200 574 "-" "Mozilla/5.0 (compatible; MJ12bot/v1.4.8; http://mj12bot.com/)"
65.108.2.171 - - [31/Dec/2024:09:16:57 -0500] "GET /documents/6370_Sanket/2020/d_april/credit/?SA HTTP/1.1" 200 647 "-" "Mozilla/5.0 (compatible; MJ12bot/v1.4.8; http://mj12bot.com/)"
195.191.219.133 - - [31/Dec/2024:09:16:57 -0500] "GET /documents/8422_vishal/2020/g_july/bank/recycle/?SA HTTP/1.1" 200 582 "-" "Mozilla/5.0 (compatible; MJ12bot/v1.4.8; http://mj12bot.com/)"
195.191.219.133 - - [31/Dec/2024:09:16:59 -0500] "GET /documents/8422_vishal/2020/g_july/bank/recycle/?SD HTTP/1.1" 200 580 "-" "Mozilla/5.0 (compatible; MJ12bot/v1.4.8; http://mj12bot.com/)"
65.108.2.171 - - [31/Dec/2024:09:16:59 -0500] "GET /documents/6370_Sanket/2020/d_april/credit/?SD HTTP/1.1" 200 648 "-" "Mozilla/5.0 (compatible; MJ12bot/v1.4.8; http://mj12bot.com/)"
195.191.219.133 - - [31/Dec/2024:09:17:01 -0500] "GET /documents/8422_vishal/2020/g_july/cheque_reg/recycle/?MA HTTP/1.1" 200 585 "-" "Mozilla/5.0 (compatible; MJ12bot/v1.4.8; http://mj12bot.com/)"
65.108.2.171 - - [31/Dec/2024:09:17:01 -0500] "GET /documents/6370_Sanket/2020/d_april/debit/?MA HTTP/1.1" 200 646 "-" "Mozilla/5.0 (compatible; MJ12bot/v1.4.8; http://mj12bot.com/)"
195.191.219.133 - - [31/Dec/2024:09:17:02 -0500] "GET /documents/8422_vishal/2020/g_july/cheque_reg/recycle/?MD HTTP/1.1" 200 584 "-" "Mozilla/5.0 (compatible; MJ12bot/v1.4.8; http://mj12bot.com/)"
65.108.2.171 - - [31/Dec/2024:09:17:04 -0500] "GET /documents/6370_Sanket/2020/d_april/debit/?MD HTTP/1.1" 200 647 "-" "Mozilla/5.0 (compatible; MJ12bot/v1.4.8; http://mj12bot.com/)"
195.191.219.133 - - [31/Dec/2024:09:17:04 -0500] "GET /documents/8422_vishal/2020/g_july/debit/recycle/?ND HTTP/1.1" 200 577 "-" "Mozilla/5.0 (compatible; MJ12bot/v1.4.8; http://mj12bot.com/)"
195.191.219.133 - - [31/Dec/2024:09:17:05 -0500] "GET /documents/8422_vishal/2020/g_july/debit/recycle/?SA HTTP/1.1" 200 582 "-" "Mozilla/5.0 (compatible; MJ12bot/v1.4.8; http://mj12bot.com/)"
65.108.2.171 - - [31/Dec/2024:09:17:06 -0500] "GET /documents/6370_Sanket/2020/d_april/debit/?NA HTTP/1.1" 200 641 "-" "Mozilla/5.0 (compatible; MJ12bot/v1.4.8; http://mj12bot.com/)"
195.191.219.133 - - [31/Dec/2024:09:17:07 -0500] "GET /documents/8422_vishal/2020/g_july/journal/?MD HTTP/1.1" 200 648 "-" "Mozilla/5.0 (compatible; MJ12bot/v1.4.8; http://mj12bot.com/)"
65.108.2.171 - - [31/Dec/2024:09:17:08 -0500] "GET /documents/6370_Sanket/2020/d_april/debit/?ND HTTP/1.1" 200 641 "-" "Mozilla/5.0 (compatible; MJ12bot/v1.4.8; http://mj12bot.com/)"
195.191.219.133 - - [31/Dec/2024:09:17:08 -0500] "GET /documents/8422_vishal/2020/g_july/journal/?NA HTTP/1.1" 200 643 "-" "Mozilla/5.0 (compatible; MJ12bot/v1.4.8; http://mj12bot.com/)"
195.191.219.133 - - [31/Dec/2024:09:17:10 -0500] "GET /documents/8422_vishal/2020/g_july/journal/?SD HTTP/1.1" 200 648 "-" "Mozilla/5.0 (compatible; MJ12bot/v1.4.8; http://mj12bot.com/)"
65.108.2.171 - - [31/Dec/2024:09:17:10 -0500] "GET /documents/6370_Sanket/2020/d_april/debit/?SA HTTP/1.1" 200 647 "-" "Mozilla/5.0 (compatible; MJ12bot/v1.4.8; http://mj12bot.com/)"
195.191.219.133 - - [31/Dec/2024:09:17:12 -0500] "GET /documents/8422_vishal/2020/g_july/journal/recycle/?MA HTTP/1.1" 200 582 "-" "Mozilla/5.0 (compatible; MJ12bot/v1.4.8; http://mj12bot.com/)"
65.108.2.171 - - [31/Dec/2024:09:17:13 -0500] "GET /documents/6370_Sanket/2020/d_april/debit/?SD HTTP/1.1" 200 647 "-" "Mozilla/5.0 (compatible; MJ12bot/v1.4.8; http://mj12bot.com/)"
195.191.219.133 - - [31/Dec/2024:09:17:13 -0500] "GET /documents/8422_vishal/2020/g_july/journal/recycle/?ND HTTP/1.1" 200 577 "-" "Mozilla/5.0 (compatible; MJ12bot/v1.4.8; http://mj12bot.com/)"
195.191.219.133 - - [31/Dec/2024:09:17:15 -0500] "GET /documents/8422_vishal/2020/g_july/journal/recycle/?SA HTTP/1.1" 200 582 "-" "Mozilla/5.0 (compatible; MJ12bot/v1.4.8; http://mj12bot.com/)"
65.108.2.171 - - [31/Dec/2024:09:17:15 -0500] "GET /documents/6370_Sanket/2020/d_april/journal/?MD HTTP/1.1" 200 643 "-" "Mozilla/5.0 (compatible; MJ12bot/v1.4.8; http://mj12bot.com/)"
195.191.219.133 - - [31/Dec/2024:09:17:16 -0500] "GET /documents/8422_vishal/2020/g_july/others/?MD HTTP/1.1" 200 648 "-" "Mozilla/5.0 (compatible; MJ12bot/v1.4.8; http://mj12bot.com/)"
65.108.2.171 - - [31/Dec/2024:09:17:17 -0500] "GET /documents/6370_Sanket/2020/d_april/journal/?ND HTTP/1.1" 200 638 "-" "Mozilla/5.0 (compatible; MJ12bot/v1.4.8; http://mj12bot.com/)"
195.191.219.133 - - [31/Dec/2024:09:17:18 -0500] "GET /documents/8422_vishal/2020/g_july/others/?NA HTTP/1.1" 200 643 "-" "Mozilla/5.0 (compatible; MJ12bot/v1.4.8; http://mj12bot.com/)"
195.191.219.133 - - [31/Dec/2024:09:17:19 -0500] "GET /documents/8422_vishal/2020/g_july/others/?SD HTTP/1.1" 200 649 "-" "Mozilla/5.0 (compatible; MJ12bot/v1.4.8; http://mj12bot.com/)"
65.108.2.171 - - [31/Dec/2024:09:17:20 -0500] "GET /documents/6370_Sanket/2020/d_april/others/?MA HTTP/1.1" 200 647 "-" "Mozilla/5.0 (compatible; MJ12bot/v1.4.8; http://mj12bot.com/)"
195.191.219.133 - - [31/Dec/2024:09:17:21 -0500] "GET /documents/8422_vishal/2020/g_july/others/recycle/?MA HTTP/1.1" 200 583 "-" "Mozilla/5.0 (compatible; MJ12bot/v1.4.8; http://mj12bot.com/)"
65.108.2.171 - - [31/Dec/2024:09:17:22 -0500] "GET /documents/6370_Sanket/2020/d_april/others/?MD HTTP/1.1" 200 648 "-" "Mozilla/5.0 (compatible; MJ12bot/v1.4.8; http://mj12bot.com/)"
195.191.219.133 - - [31/Dec/2024:09:17:23 -0500] "GET /documents/8422_vishal/2020/g_july/others/recycle/?ND HTTP/1.1" 200 578 "-" "Mozilla/5.0 (compatible; MJ12bot/v1.4.8; http://mj12bot.com/)"
195.191.219.133 - - [31/Dec/2024:09:17:24 -0500] "GET /documents/8422_vishal/2020/g_july/others/recycle/?SA HTTP/1.1" 200 583 "-" "Mozilla/5.0 (compatible; MJ12bot/v1.4.8; http://mj12bot.com/)"
65.108.2.171 - - [31/Dec/2024:09:17:24 -0500] "GET /documents/6370_Sanket/2020/d_april/others/?NA HTTP/1.1" 200 642 "-" "Mozilla/5.0 (compatible; MJ12bot/v1.4.8; http://mj12bot.com/)"
195.191.219.133 - - [31/Dec/2024:09:17:26 -0500] "GET /documents/8422_vishal/2020/g_july/payment/?MD HTTP/1.1" 200 648 "-" "Mozilla/5.0 (compatible; MJ12bot/v1.4.8; http://mj12bot.com/)"
65.108.2.171 - - [31/Dec/2024:09:17:26 -0500] "GET /documents/6370_Sanket/2020/d_april/others/?ND HTTP/1.1" 200 642 "-" "Mozilla/5.0 (compatible; MJ12bot/v1.4.8; http://mj12bot.com/)"
195.191.219.133 - - [31/Dec/2024:09:17:27 -0500] "GET /documents/8422_vishal/2020/g_july/payment/?NA HTTP/1.1" 200 643 "-" "Mozilla/5.0 (compatible; MJ12bot/v1.4.8; http://mj12bot.com/)"
65.108.2.171 - - [31/Dec/2024:09:17:29 -0500] "GET /documents/6370_Sanket/2020/d_april/others/?SA HTTP/1.1" 200 648 "-" "Mozilla/5.0 (compatible; MJ12bot/v1.4.8; http://mj12bot.com/)"
195.191.219.133 - - [31/Dec/2024:09:17:29 -0500] "GET /documents/8422_vishal/2020/g_july/payment/?SD HTTP/1.1" 200 649 "-" "Mozilla/5.0 (compatible; MJ12bot/v1.4.8; http://mj12bot.com/)"
195.191.219.133 - - [31/Dec/2024:09:17:30 -0500] "GET /documents/8422_vishal/2020/g_july/payment/recycle/?MA HTTP/1.1" 200 582 "-" "Mozilla/5.0 (compatible; MJ12bot/v1.4.8; http://mj12bot.com/)"
65.108.2.171 - - [31/Dec/2024:09:17:31 -0500] "GET /documents/6370_Sanket/2020/d_april/others/?SD HTTP/1.1" 200 648 "-" "Mozilla/5.0 (compatible; MJ12bot/v1.4.8; http://mj12bot.com/)"
195.191.219.133 - - [31/Dec/2024:09:17:32 -0500] "GET /documents/8422_vishal/2020/g_july/payment/recycle/?ND HTTP/1.1" 200 576 "-" "Mozilla/5.0 (compatible; MJ12bot/v1.4.8; http://mj12bot.com/)"
65.108.2.171 - - [31/Dec/2024:09:17:33 -0500] "GET /documents/6370_Sanket/2020/d_april/others/recycle/?MD HTTP/1.1" 200 583 "-" "Mozilla/5.0 (compatible; MJ12bot/v1.4.8; http://mj12bot.com/)"
195.191.219.133 - - [31/Dec/2024:09:17:33 -0500] "GET /documents/8422_vishal/2020/g_july/payment/recycle/?SA HTTP/1.1" 200 582 "-" "Mozilla/5.0 (compatible; MJ12bot/v1.4.8; http://mj12bot.com/)"
195.191.219.133 - - [31/Dec/2024:09:17:35 -0500] "GET /documents/8422_vishal/2020/g_july/purchase/?MD HTTP/1.1" 200 643 "-" "Mozilla/5.0 (compatible; MJ12bot/v1.4.8; http://mj12bot.com/)"
65.108.2.171 - - [31/Dec/2024:09:17:36 -0500] "GET /documents/6370_Sanket/2020/d_april/others/recycle/?ND HTTP/1.1" 200 579 "-" "Mozilla/5.0 (compatible; MJ12bot/v1.4.8; http://mj12bot.com/)"
195.191.219.133 - - [31/Dec/2024:09:17:36 -0500] "GET /documents/8422_vishal/2020/g_july/purchase/?NA HTTP/1.1" 200 640 "-" "Mozilla/5.0 (compatible; MJ12bot/v1.4.8; http://mj12bot.com/)"
65.108.2.171 - - [31/Dec/2024:09:17:38 -0500] "GET /documents/6370_Sanket/2020/d_april/purchase/?SD HTTP/1.1" 200 647 "-" "Mozilla/5.0 (compatible; MJ12bot/v1.4.8; http://mj12bot.com/)"
195.191.219.133 - - [31/Dec/2024:09:17:38 -0500] "GET /documents/8422_vishal/2020/g_july/purchase/?SD HTTP/1.1" 200 645 "-" "Mozilla/5.0 (compatible; MJ12bot/v1.4.8; http://mj12bot.com/)"
195.191.219.133 - - [31/Dec/2024:09:17:40 -0500] "GET /documents/8422_vishal/2020/g_july/purchase/recycle/?MA HTTP/1.1" 200 581 "-" "Mozilla/5.0 (compatible; MJ12bot/v1.4.8; http://mj12bot.com/)"
65.108.2.171 - - [31/Dec/2024:09:17:40 -0500] "GET /documents/6370_Sanket/2020/d_april/purchase/recycle/?MD HTTP/1.1" 200 581 "-" "Mozilla/5.0 (compatible; MJ12bot/v1.4.8; http://mj12bot.com/)"
195.191.219.133 - - [31/Dec/2024:09:17:41 -0500] "GET /documents/8422_vishal/2020/g_july/purchase/recycle/?ND HTTP/1.1" 200 575 "-" "Mozilla/5.0 (compatible; MJ12bot/v1.4.8; http://mj12bot.com/)"
65.108.2.171 - - [31/Dec/2024:09:17:43 -0500] "GET /documents/6370_Sanket/2020/d_april/purchase/recycle/?SD HTTP/1.1" 200 581 "-" "Mozilla/5.0 (compatible; MJ12bot/v1.4.8; http://mj12bot.com/)"
195.191.219.133 - - [31/Dec/2024:09:17:43 -0500] "GET /documents/8422_vishal/2020/g_july/purchase/recycle/?SA HTTP/1.1" 200 582 "-" "Mozilla/5.0 (compatible; MJ12bot/v1.4.8; http://mj12bot.com/)"
195.191.219.133 - - [31/Dec/2024:09:17:44 -0500] "GET /documents/8422_vishal/2020/g_july/receipt/?MD HTTP/1.1" 200 649 "-" "Mozilla/5.0 (compatible; MJ12bot/v1.4.8; http://mj12bot.com/)"
65.108.2.171 - - [31/Dec/2024:09:17:45 -0500] "GET /documents/6370_Sanket/2020/d_april/receipt/?MD HTTP/1.1" 200 644 "-" "Mozilla/5.0 (compatible; MJ12bot/v1.4.8; http://mj12bot.com/)"
195.191.219.133 - - [31/Dec/2024:09:17:46 -0500] "GET /documents/8422_vishal/2020/g_july/receipt/?NA HTTP/1.1" 200 644 "-" "Mozilla/5.0 (compatible; MJ12bot/v1.4.8; http://mj12bot.com/)"
65.108.2.171 - - [31/Dec/2024:09:17:47 -0500] "GET /documents/6370_Sanket/2020/d_april/receipt/?NA HTTP/1.1" 200 639 "-" "Mozilla/5.0 (compatible; MJ12bot/v1.4.8; http://mj12bot.com/)"
195.191.219.133 - - [31/Dec/2024:09:17:48 -0500] "GET /documents/8422_vishal/2020/g_july/receipt/?SD HTTP/1.1" 200 650 "-" "Mozilla/5.0 (compatible; MJ12bot/v1.4.8; http://mj12bot.com/)"
65.108.2.171 - - [31/Dec/2024:09:17:49 -0500] "GET /documents/6370_Sanket/2020/d_april/receipt/?SD HTTP/1.1" 200 644 "-" "Mozilla/5.0 (compatible; MJ12bot/v1.4.8; http://mj12bot.com/)"
195.191.219.133 - - [31/Dec/2024:09:17:49 -0500] "GET /documents/9242_New/2020/b_february/credit/?NA HTTP/1.1" 200 643 "-" "Mozilla/5.0 (compatible; MJ12bot/v1.4.8; http://mj12bot.com/)"
195.191.219.133 - - [31/Dec/2024:09:17:51 -0500] "GET /documents/9242_New/2020/b_february/credit/?ND HTTP/1.1" 200 641 "-" "Mozilla/5.0 (compatible; MJ12bot/v1.4.8; http://mj12bot.com/)"
65.108.2.171 - - [31/Dec/2024:09:17:51 -0500] "GET /documents/6370_Sanket/2020/d_april/receipt/recycle/?MD HTTP/1.1" 200 583 "-" "Mozilla/5.0 (compatible; MJ12bot/v1.4.8; http://mj12bot.com/)"
195.191.219.133 - - [31/Dec/2024:09:17:52 -0500] "GET /documents/9242_New/2020/b_february/credit/?SA HTTP/1.1" 200 648 "-" "Mozilla/5.0 (compatible; MJ12bot/v1.4.8; http://mj12bot.com/)"
65.108.2.171 - - [31/Dec/2024:09:17:53 -0500] "GET /documents/6370_Sanket/2020/d_april/receipt/recycle/?SD HTTP/1.1" 200 583 "-" "Mozilla/5.0 (compatible; MJ12bot/v1.4.8; http://mj12bot.com/)"
195.191.219.133 - - [31/Dec/2024:09:17:54 -0500] "GET /documents/9242_New/2020/b_february/credit/?SD HTTP/1.1" 200 647 "-" "Mozilla/5.0 (compatible; MJ12bot/v1.4.8; http://mj12bot.com/)"
195.191.219.133 - - [31/Dec/2024:09:17:55 -0500] "GET /documents/9242_New/2020/b_february/credit/recycle/?MA HTTP/1.1" 200 583 "-" "Mozilla/5.0 (compatible; MJ12bot/v1.4.8; http://mj12bot.com/)"
65.108.2.171 - - [31/Dec/2024:09:17:56 -0500] "GET /documents/6370_Sanket/2020/d_april/reports/?MD HTTP/1.1" 200 643 "-" "Mozilla/5.0 (compatible; MJ12bot/v1.4.8; http://mj12bot.com/)"
195.191.219.133 - - [31/Dec/2024:09:17:57 -0500] "GET /documents/9242_New/2020/b_february/credit/recycle/?MD HTTP/1.1" 200 582 "-" "Mozilla/5.0 (compatible; MJ12bot/v1.4.8; http://mj12bot.com/)"
65.108.2.171 - - [31/Dec/2024:09:17:58 -0500] "GET /documents/6370_Sanket/2020/d_april/reports/recycle/?MD HTTP/1.1" 200 584 "-" "Mozilla/5.0 (compatible; MJ12bot/v1.4.8; http://mj12bot.com/)"
195.191.219.133 - - [31/Dec/2024:09:17:59 -0500] "GET /documents/9242_New/2020/b_february/credit/recycle/?NA HTTP/1.1" 200 579 "-" "Mozilla/5.0 (compatible; MJ12bot/v1.4.8; http://mj12bot.com/)"
65.108.2.171 - - [31/Dec/2024:09:18:00 -0500] "GET /documents/6370_Sanket/2020/d_april/reports/recycle/?SD HTTP/1.1" 200 584 "-" "Mozilla/5.0 (compatible; MJ12bot/v1.4.8; http://mj12bot.com/)"
195.191.219.133 - - [31/Dec/2024:09:18:00 -0500] "GET /documents/9242_New/2020/b_february/credit/recycle/?ND HTTP/1.1" 200 578 "-" "Mozilla/5.0 (compatible; MJ12bot/v1.4.8; http://mj12bot.com/)"
195.191.219.133 - - [31/Dec/2024:09:18:02 -0500] "GET /documents/9242_New/2020/b_february/credit/recycle/?SA HTTP/1.1" 200 583 "-" "Mozilla/5.0 (compatible; MJ12bot/v1.4.8; http://mj12bot.com/)"
65.108.2.171 - - [31/Dec/2024:09:18:02 -0500] "GET /documents/6370_Sanket/2020/d_april/sales/?MA HTTP/1.1" 200 646 "-" "Mozilla/5.0 (compatible; MJ12bot/v1.4.8; http://mj12bot.com/)"
195.191.219.133 - - [31/Dec/2024:09:18:03 -0500] "GET /documents/9242_New/2020/b_february/debit/?MA HTTP/1.1" 200 647 "-" "Mozilla/5.0 (compatible; MJ12bot/v1.4.8; http://mj12bot.com/)"
65.108.2.171 - - [31/Dec/2024:09:18:04 -0500] "GET /documents/6370_Sanket/2020/d_april/sales/?ND HTTP/1.1" 200 640 "-" "Mozilla/5.0 (compatible; MJ12bot/v1.4.8; http://mj12bot.com/)"
195.191.219.133 - - [31/Dec/2024:09:18:05 -0500] "GET /documents/9242_New/2020/b_february/debit/?MD HTTP/1.1" 200 646 "-" "Mozilla/5.0 (compatible; MJ12bot/v1.4.8; http://mj12bot.com/)"
195.191.219.133 - - [31/Dec/2024:09:18:06 -0500] "GET /documents/9242_New/2020/b_february/debit/?NA HTTP/1.1" 200 642 "-" "Mozilla/5.0 (compatible; MJ12bot/v1.4.8; http://mj12bot.com/)"
65.108.2.171 - - [31/Dec/2024:09:18:07 -0500] "GET /documents/6370_Sanket/2020/d_april/sales/?SA HTTP/1.1" 200 646 "-" "Mozilla/5.0 (compatible; MJ12bot/v1.4.8; http://mj12bot.com/)"
195.191.219.133 - - [31/Dec/2024:09:18:08 -0500] "GET /documents/9242_New/2020/b_february/debit/?ND HTTP/1.1" 200 640 "-" "Mozilla/5.0 (compatible; MJ12bot/v1.4.8; http://mj12bot.com/)"
65.108.2.171 - - [31/Dec/2024:09:18:09 -0500] "GET /documents/6370_Sanket/2020/d_april/sales/recycle/?MD HTTP/1.1" 200 581 "-" "Mozilla/5.0 (compatible; MJ12bot/v1.4.8; http://mj12bot.com/)"
195.191.219.133 - - [31/Dec/2024:09:18:09 -0500] "GET /documents/9242_New/2020/b_february/debit/?SA HTTP/1.1" 200 648 "-" "Mozilla/5.0 (compatible; MJ12bot/v1.4.8; http://mj12bot.com/)"
195.191.219.133 - - [31/Dec/2024:09:18:11 -0500] "GET /documents/9242_New/2020/b_february/debit/?SD HTTP/1.1" 200 646 "-" "Mozilla/5.0 (compatible; MJ12bot/v1.4.8; http://mj12bot.com/)"
65.108.2.171 - - [31/Dec/2024:09:18:11 -0500] "GET /documents/6370_Sanket/2020/d_april/sales/recycle/?NA HTTP/1.1" 200 578 "-" "Mozilla/5.0 (compatible; MJ12bot/v1.4.8; http://mj12bot.com/)"
195.191.219.133 - - [31/Dec/2024:09:18:12 -0500] "GET /documents/9242_New/2020/b_february/journal/?MA HTTP/1.1" 200 645 "-" "Mozilla/5.0 (compatible; MJ12bot/v1.4.8; http://mj12bot.com/)"
65.108.2.171 - - [31/Dec/2024:09:18:13 -0500] "GET /documents/6370_Sanket/2020/d_april/sales/recycle/?SD HTTP/1.1" 200 581 "-" "Mozilla/5.0 (compatible; MJ12bot/v1.4.8; http://mj12bot.com/)"
195.191.219.133 - - [31/Dec/2024:09:18:14 -0500] "GET /documents/9242_New/2020/c_march/bank/recycle/?MA HTTP/1.1" 200 580 "-" "Mozilla/5.0 (compatible; MJ12bot/v1.4.8; http://mj12bot.com/)"
65.108.2.171 - - [31/Dec/2024:09:18:15 -0500] "GET /documents/6370_Sanket/2020/e_may/?MD HTTP/1.1" 200 1115 "-" "Mozilla/5.0 (compatible; MJ12bot/v1.4.8; http://mj12bot.com/)"
195.191.219.133 - - [31/Dec/2024:09:18:16 -0500] "GET /documents/9242_New/2020/c_march/cheque_reg/?MD HTTP/1.1" 200 648 "-" "Mozilla/5.0 (compatible; MJ12bot/v1.4.8; http://mj12bot.com/)"
195.191.219.133 - - [31/Dec/2024:09:18:17 -0500] "GET /documents/9242_New/2020/c_march/cheque_reg/?NA HTTP/1.1" 200 644 "-" "Mozilla/5.0 (compatible; MJ12bot/v1.4.8; http://mj12bot.com/)"
65.108.2.171 - - [31/Dec/2024:09:18:18 -0500] "GET /documents/6370_Sanket/2020/e_may/?NA HTTP/1.1" 200 1120 "-" "Mozilla/5.0 (compatible; MJ12bot/v1.4.8; http://mj12bot.com/)"
195.191.219.133 - - [31/Dec/2024:09:18:19 -0500] "GET /documents/9242_New/2020/c_march/cheque_reg/?ND HTTP/1.1" 200 643 "-" "Mozilla/5.0 (compatible; MJ12bot/v1.4.8; http://mj12bot.com/)"
65.108.2.171 - - [31/Dec/2024:09:18:20 -0500] "GET /documents/6370_Sanket/2020/e_may/?SD HTTP/1.1" 200 1115 "-" "Mozilla/5.0 (compatible; MJ12bot/v1.4.8; http://mj12bot.com/)"
195.191.219.133 - - [31/Dec/2024:09:18:20 -0500] "GET /documents/9242_New/2020/c_march/cheque_reg/?SA HTTP/1.1" 200 649 "-" "Mozilla/5.0 (compatible; MJ12bot/v1.4.8; http://mj12bot.com/)"
195.191.219.133 - - [31/Dec/2024:09:18:22 -0500] "GET /documents/9242_New/2020/c_march/cheque_reg/?SD HTTP/1.1" 200 647 "-" "Mozilla/5.0 (compatible; MJ12bot/v1.4.8; http://mj12bot.com/)"
65.108.2.171 - - [31/Dec/2024:09:18:22 -0500] "GET /documents/6370_Sanket/2020/e_may/bank/?MA HTTP/1.1" 200 643 "-" "Mozilla/5.0 (compatible; MJ12bot/v1.4.8; http://mj12bot.com/)"
195.191.219.133 - - [31/Dec/2024:09:18:23 -0500] "GET /documents/9242_New/2020/c_march/cheque_reg/recycle/?MA HTTP/1.1" 200 583 "-" "Mozilla/5.0 (compatible; MJ12bot/v1.4.8; http://mj12bot.com/)"
65.108.2.171 - - [31/Dec/2024:09:18:24 -0500] "GET /documents/6370_Sanket/2020/e_may/bank/?ND HTTP/1.1" 200 640 "-" "Mozilla/5.0 (compatible; MJ12bot/v1.4.8; http://mj12bot.com/)"
195.191.219.133 - - [31/Dec/2024:09:18:25 -0500] "GET /documents/9242_New/2020/c_march/cheque_reg/recycle/?MD HTTP/1.1" 200 585 "-" "Mozilla/5.0 (compatible; MJ12bot/v1.4.8; http://mj12bot.com/)"
195.191.219.133 - - [31/Dec/2024:09:18:26 -0500] "GET /documents/9242_New/2020/c_march/cheque_reg/recycle/?NA HTTP/1.1" 200 578 "-" "Mozilla/5.0 (compatible; MJ12bot/v1.4.8; http://mj12bot.com/)"
65.108.2.171 - - [31/Dec/2024:09:18:26 -0500] "GET /documents/6370_Sanket/2020/e_may/bank/?SA HTTP/1.1" 200 645 "-" "Mozilla/5.0 (compatible; MJ12bot/v1.4.8; http://mj12bot.com/)"
195.191.219.133 - - [31/Dec/2024:09:18:28 -0500] "GET /documents/9242_New/2020/c_march/cheque_reg/recycle/?ND HTTP/1.1" 200 579 "-" "Mozilla/5.0 (compatible; MJ12bot/v1.4.8; http://mj12bot.com/)"
65.108.2.171 - - [31/Dec/2024:09:18:29 -0500] "GET /documents/6370_Sanket/2020/e_may/bank/recycle/?MD HTTP/1.1" 200 579 "-" "Mozilla/5.0 (compatible; MJ12bot/v1.4.8; http://mj12bot.com/)"
195.191.219.133 - - [31/Dec/2024:09:18:29 -0500] "GET /documents/9242_New/2020/c_march/cheque_reg/recycle/?SA HTTP/1.1" 200 584 "-" "Mozilla/5.0 (compatible; MJ12bot/v1.4.8; http://mj12bot.com/)"
195.191.219.133 - - [31/Dec/2024:09:18:31 -0500] "GET /documents/9242_New/2020/c_march/cheque_reg/recycle/?SD HTTP/1.1" 200 585 "-" "Mozilla/5.0 (compatible; MJ12bot/v1.4.8; http://mj12bot.com/)"
65.108.2.171 - - [31/Dec/2024:09:18:31 -0500] "GET /documents/6370_Sanket/2020/e_may/bank/recycle/?NA HTTP/1.1" 200 577 "-" "Mozilla/5.0 (compatible; MJ12bot/v1.4.8; http://mj12bot.com/)"
195.191.219.133 - - [31/Dec/2024:09:18:32 -0500] "GET /documents/9242_New/2020/c_march/contra/?MA HTTP/1.1" 200 645 "-" "Mozilla/5.0 (compatible; MJ12bot/v1.4.8; http://mj12bot.com/)"
65.108.2.171 - - [31/Dec/2024:09:18:33 -0500] "GET /documents/6370_Sanket/2020/e_may/bank/recycle/?ND HTTP/1.1" 200 574 "-" "Mozilla/5.0 (compatible; MJ12bot/v1.4.8; http://mj12bot.com/)"
195.191.219.133 - - [31/Dec/2024:09:18:34 -0500] "GET /documents/9242_New/2020/c_march/contra/?MD HTTP/1.1" 200 644 "-" "Mozilla/5.0 (compatible; MJ12bot/v1.4.8; http://mj12bot.com/)"
195.191.219.133 - - [31/Dec/2024:09:18:36 -0500] "GET /documents/9242_New/2020/c_march/contra/?ND HTTP/1.1" 200 639 "-" "Mozilla/5.0 (compatible; MJ12bot/v1.4.8; http://mj12bot.com/)"
65.108.2.171 - - [31/Dec/2024:09:18:36 -0500] "GET /documents/6370_Sanket/2020/e_may/bank/recycle/?SD HTTP/1.1" 200 580 "-" "Mozilla/5.0 (compatible; MJ12bot/v1.4.8; http://mj12bot.com/)"
195.191.219.133 - - [31/Dec/2024:09:18:37 -0500] "GET /documents/9242_New/2020/c_march/contra/?SA HTTP/1.1" 200 646 "-" "Mozilla/5.0 (compatible; MJ12bot/v1.4.8; http://mj12bot.com/)"
65.108.2.171 - - [31/Dec/2024:09:18:38 -0500] "GET /documents/6370_Sanket/2020/e_may/cheque_reg/?MA HTTP/1.1" 200 648 "-" "Mozilla/5.0 (compatible; MJ12bot/v1.4.8; http://mj12bot.com/)"
195.191.219.133 - - [31/Dec/2024:09:18:39 -0500] "GET /documents/9242_New/2020/c_march/contra/?SD HTTP/1.1" 200 645 "-" "Mozilla/5.0 (compatible; MJ12bot/v1.4.8; http://mj12bot.com/)"
65.108.2.171 - - [31/Dec/2024:09:18:40 -0500] "GET /documents/6370_Sanket/2020/e_may/cheque_reg/?NA HTTP/1.1" 200 643 "-" "Mozilla/5.0 (compatible; MJ12bot/v1.4.8; http://mj12bot.com/)"
195.191.219.133 - - [31/Dec/2024:09:18:40 -0500] "GET /documents/9242_New/2020/c_march/contra/recycle/?MA HTTP/1.1" 200 582 "-" "Mozilla/5.0 (compatible; MJ12bot/v1.4.8; http://mj12bot.com/)"
195.191.219.133 - - [31/Dec/2024:09:18:42 -0500] "GET /documents/9242_New/2020/c_march/contra/recycle/?MD HTTP/1.1" 200 580 "-" "Mozilla/5.0 (compatible; MJ12bot/v1.4.8; http://mj12bot.com/)"
65.108.2.171 - - [31/Dec/2024:09:18:42 -0500] "GET /documents/6370_Sanket/2020/e_may/cheque_reg/?ND HTTP/1.1" 200 644 "-" "Mozilla/5.0 (compatible; MJ12bot/v1.4.8; http://mj12bot.com/)"
195.191.219.133 - - [31/Dec/2024:09:18:43 -0500] "GET /documents/9242_New/2020/c_march/contra/recycle/?NA HTTP/1.1" 200 577 "-" "Mozilla/5.0 (compatible; MJ12bot/v1.4.8; http://mj12bot.com/)"
65.108.2.171 - - [31/Dec/2024:09:18:45 -0500] "GET /documents/6370_Sanket/2020/e_may/cheque_reg/?SA HTTP/1.1" 200 647 "-" "Mozilla/5.0 (compatible; MJ12bot/v1.4.8; http://mj12bot.com/)"
195.191.219.133 - - [31/Dec/2024:09:18:45 -0500] "GET /documents/9242_New/2020/c_march/contra/recycle/?ND HTTP/1.1" 200 574 "-" "Mozilla/5.0 (compatible; MJ12bot/v1.4.8; http://mj12bot.com/)"
195.191.219.133 - - [31/Dec/2024:09:18:46 -0500] "GET /documents/9242_New/2020/c_march/contra/recycle/?SA HTTP/1.1" 200 583 "-" "Mozilla/5.0 (compatible; MJ12bot/v1.4.8; http://mj12bot.com/)"
65.108.2.171 - - [31/Dec/2024:09:18:47 -0500] "GET /documents/6370_Sanket/2020/e_may/cheque_reg/recycle/?MD HTTP/1.1" 200 586 "-" "Mozilla/5.0 (compatible; MJ12bot/v1.4.8; http://mj12bot.com/)"
195.191.219.133 - - [31/Dec/2024:09:18:48 -0500] "GET /documents/9242_New/2020/c_march/contra/recycle/?SD HTTP/1.1" 200 580 "-" "Mozilla/5.0 (compatible; MJ12bot/v1.4.8; http://mj12bot.com/)"
65.108.2.171 - - [31/Dec/2024:09:18:49 -0500] "GET /documents/6370_Sanket/2020/e_may/cheque_reg/recycle/?NA HTTP/1.1" 200 580 "-" "Mozilla/5.0 (compatible; MJ12bot/v1.4.8; http://mj12bot.com/)"
195.191.219.133 - - [31/Dec/2024:09:18:49 -0500] "GET /documents/9242_New/2020/c_march/credit/?MA HTTP/1.1" 200 644 "-" "Mozilla/5.0 (compatible; MJ12bot/v1.4.8; http://mj12bot.com/)"
195.191.219.133 - - [31/Dec/2024:09:18:51 -0500] "GET /documents/9242_New/2020/c_march/credit/?MD HTTP/1.1" 200 644 "-" "Mozilla/5.0 (compatible; MJ12bot/v1.4.8; http://mj12bot.com/)"
65.108.2.171 - - [31/Dec/2024:09:18:51 -0500] "GET /documents/6370_Sanket/2020/e_may/cheque_reg/recycle/?SD HTTP/1.1" 200 585 "-" "Mozilla/5.0 (compatible; MJ12bot/v1.4.8; http://mj12bot.com/)"
195.191.219.133 - - [31/Dec/2024:09:18:52 -0500] "GET /documents/9242_New/2020/c_march/credit/?NA HTTP/1.1" 200 639 "-" "Mozilla/5.0 (compatible; MJ12bot/v1.4.8; http://mj12bot.com/)"
65.108.2.171 - - [31/Dec/2024:09:18:54 -0500] "GET /documents/6370_Sanket/2020/e_may/contra/?MA HTTP/1.1" 200 645 "-" "Mozilla/5.0 (compatible; MJ12bot/v1.4.8; http://mj12bot.com/)"
195.191.219.133 - - [31/Dec/2024:09:18:54 -0500] "GET /documents/9242_New/2020/c_march/credit/?ND HTTP/1.1" 200 640 "-" "Mozilla/5.0 (compatible; MJ12bot/v1.4.8; http://mj12bot.com/)"
195.191.219.133 - - [31/Dec/2024:09:18:56 -0500] "GET /documents/9242_New/2020/c_march/credit/?SA HTTP/1.1" 200 645 "-" "Mozilla/5.0 (compatible; MJ12bot/v1.4.8; http://mj12bot.com/)"
65.108.2.171 - - [31/Dec/2024:09:18:56 -0500] "GET /documents/6370_Sanket/2020/e_may/contra/?ND HTTP/1.1" 200 641 "-" "Mozilla/5.0 (compatible; MJ12bot/v1.4.8; http://mj12bot.com/)"
195.191.219.133 - - [31/Dec/2024:09:18:57 -0500] "GET /documents/9242_New/2020/c_march/credit/?SD HTTP/1.1" 200 645 "-" "Mozilla/5.0 (compatible; MJ12bot/v1.4.8; http://mj12bot.com/)"
65.108.2.171 - - [31/Dec/2024:09:18:58 -0500] "GET /documents/6370_Sanket/2020/e_may/contra/?SA HTTP/1.1" 200 647 "-" "Mozilla/5.0 (compatible; MJ12bot/v1.4.8; http://mj12bot.com/)"
195.191.219.133 - - [31/Dec/2024:09:18:59 -0500] "GET /documents/9242_New/2020/c_march/credit/recycle/?MA HTTP/1.1" 200 647 "-" "Mozilla/5.0 (compatible; MJ12bot/v1.4.8; http://mj12bot.com/)"
195.191.219.133 - - [31/Dec/2024:09:19:00 -0500] "GET /documents/9242_New/2020/c_march/credit/recycle/?MD HTTP/1.1" 200 648 "-" "Mozilla/5.0 (compatible; MJ12bot/v1.4.8; http://mj12bot.com/)"
65.108.2.171 - - [31/Dec/2024:09:19:00 -0500] "GET /documents/6370_Sanket/2020/e_may/contra/recycle/?MD HTTP/1.1" 200 582 "-" "Mozilla/5.0 (compatible; MJ12bot/v1.4.8; http://mj12bot.com/)"
195.191.219.133 - - [31/Dec/2024:09:19:02 -0500] "GET /documents/9242_New/2020/c_march/credit/recycle/?ND HTTP/1.1" 200 643 "-" "Mozilla/5.0 (compatible; MJ12bot/v1.4.8; http://mj12bot.com/)"
65.108.2.171 - - [31/Dec/2024:09:19:03 -0500] "GET /documents/6370_Sanket/2020/e_may/credit/?MD HTTP/1.1" 200 645 "-" "Mozilla/5.0 (compatible; MJ12bot/v1.4.8; http://mj12bot.com/)"
195.191.219.133 - - [31/Dec/2024:09:19:04 -0500] "GET /documents/9242_New/2020/h_august/cheque_reg/recycle/?SA HTTP/1.1" 200 585 "-" "Mozilla/5.0 (compatible; MJ12bot/v1.4.8; http://mj12bot.com/)"
65.108.2.171 - - [31/Dec/2024:09:19:05 -0500] "GET /documents/6370_Sanket/2020/e_may/credit/?NA HTTP/1.1" 200 639 "-" "Mozilla/5.0 (compatible; MJ12bot/v1.4.8; http://mj12bot.com/)"
195.191.219.133 - - [31/Dec/2024:09:19:05 -0500] "GET /documents/9242_New/2020/i_september/payment/recycle/?SA HTTP/1.1" 200 583 "-" "Mozilla/5.0 (compatible; MJ12bot/v1.4.8; http://mj12bot.com/)"
195.191.219.133 - - [31/Dec/2024:09:19:07 -0500] "GET /documents/9242_New/2020/i_september/payment/recycle/?SD HTTP/1.1" 200 581 "-" "Mozilla/5.0 (compatible; MJ12bot/v1.4.8; http://mj12bot.com/)"
65.108.2.171 - - [31/Dec/2024:09:19:08 -0500] "GET /documents/6370_Sanket/2020/e_may/debit/?MA HTTP/1.1" 200 644 "-" "Mozilla/5.0 (compatible; MJ12bot/v1.4.8; http://mj12bot.com/)"
195.191.219.133 - - [31/Dec/2024:09:19:08 -0500] "GET /documents/9242_New/2020/i_september/purchase/?MA HTTP/1.1" 200 645 "-" "Mozilla/5.0 (compatible; MJ12bot/v1.4.8; http://mj12bot.com/)"
195.191.219.133 - - [31/Dec/2024:09:19:10 -0500] "GET /documents/9242_New/2020/i_september/purchase/?MD HTTP/1.1" 200 642 "-" "Mozilla/5.0 (compatible; MJ12bot/v1.4.8; http://mj12bot.com/)"
65.108.2.171 - - [31/Dec/2024:09:19:10 -0500] "GET /documents/6370_Sanket/2020/e_may/debit/?ND HTTP/1.1" 200 641 "-" "Mozilla/5.0 (compatible; MJ12bot/v1.4.8; http://mj12bot.com/)"
195.191.219.133 - - [31/Dec/2024:09:19:11 -0500] "GET /documents/9242_New/2020/i_september/purchase/?NA HTTP/1.1" 200 640 "-" "Mozilla/5.0 (compatible; MJ12bot/v1.4.8; http://mj12bot.com/)"
65.108.2.171 - - [31/Dec/2024:09:19:13 -0500] "GET /documents/6370_Sanket/2020/e_may/debit/?SA HTTP/1.1" 200 645 "-" "Mozilla/5.0 (compatible; MJ12bot/v1.4.8; http://mj12bot.com/)"
195.191.219.133 - - [31/Dec/2024:09:19:13 -0500] "GET /documents/9242_New/2020/i_september/purchase/?ND HTTP/1.1" 200 638 "-" "Mozilla/5.0 (compatible; MJ12bot/v1.4.8; http://mj12bot.com/)"
195.191.219.133 - - [31/Dec/2024:09:19:15 -0500] "GET /documents/9242_New/2020/i_september/purchase/?SA HTTP/1.1" 200 645 "-" "Mozilla/5.0 (compatible; MJ12bot/v1.4.8; http://mj12bot.com/)"
65.108.2.171 - - [31/Dec/2024:09:19:15 -0500] "GET /documents/6370_Sanket/2020/e_may/debit/recycle/?ND HTTP/1.1" 200 573 "-" "Mozilla/5.0 (compatible; MJ12bot/v1.4.8; http://mj12bot.com/)"
195.191.219.133 - - [31/Dec/2024:09:19:16 -0500] "GET /documents/9242_New/2020/i_september/purchase/?SD HTTP/1.1" 200 642 "-" "Mozilla/5.0 (compatible; MJ12bot/v1.4.8; http://mj12bot.com/)"
65.108.2.171 - - [31/Dec/2024:09:19:17 -0500] "GET /documents/6370_Sanket/2020/e_may/debit/recycle/?SD HTTP/1.1" 200 580 "-" "Mozilla/5.0 (compatible; MJ12bot/v1.4.8; http://mj12bot.com/)"
195.191.219.133 - - [31/Dec/2024:09:19:18 -0500] "GET /documents/9242_New/2020/i_september/purchase/recycle/?MA HTTP/1.1" 200 582 "-" "Mozilla/5.0 (compatible; MJ12bot/v1.4.8; http://mj12bot.com/)"
195.191.219.133 - - [31/Dec/2024:09:19:19 -0500] "GET /documents/9242_New/2020/i_september/purchase/recycle/?MD HTTP/1.1" 200 581 "-" "Mozilla/5.0 (compatible; MJ12bot/v1.4.8; http://mj12bot.com/)"
65.108.2.171 - - [31/Dec/2024:09:19:20 -0500] "GET /documents/6370_Sanket/2020/e_may/journal/?MA HTTP/1.1" 200 641 "-" "Mozilla/5.0 (compatible; MJ12bot/v1.4.8; http://mj12bot.com/)"
195.191.219.133 - - [31/Dec/2024:09:19:21 -0500] "GET /documents/9242_New/2020/i_september/purchase/recycle/?NA HTTP/1.1" 200 577 "-" "Mozilla/5.0 (compatible; MJ12bot/v1.4.8; http://mj12bot.com/)"
65.108.2.171 - - [31/Dec/2024:09:19:22 -0500] "GET /documents/6370_Sanket/2020/e_may/journal/?ND HTTP/1.1" 200 639 "-" "Mozilla/5.0 (compatible; MJ12bot/v1.4.8; http://mj12bot.com/)"
195.191.219.133 - - [31/Dec/2024:09:19:22 -0500] "GET /documents/9242_New/2020/i_september/purchase/recycle/?ND HTTP/1.1" 200 575 "-" "Mozilla/5.0 (compatible; MJ12bot/v1.4.8; http://mj12bot.com/)"
195.191.219.133 - - [31/Dec/2024:09:19:24 -0500] "GET /documents/9242_New/2020/i_september/purchase/recycle/?SA HTTP/1.1" 200 583 "-" "Mozilla/5.0 (compatible; MJ12bot/v1.4.8; http://mj12bot.com/)"
65.108.2.171 - - [31/Dec/2024:09:19:24 -0500] "GET /documents/6370_Sanket/2020/e_may/journal/?SA HTTP/1.1" 200 642 "-" "Mozilla/5.0 (compatible; MJ12bot/v1.4.8; http://mj12bot.com/)"
195.191.219.133 - - [31/Dec/2024:09:19:25 -0500] "GET /documents/9242_New/2020/i_september/purchase/recycle/?SD HTTP/1.1" 200 582 "-" "Mozilla/5.0 (compatible; MJ12bot/v1.4.8; http://mj12bot.com/)"
195.191.219.133 - - [31/Dec/2024:09:19:26 -0500] "GET /documents/9242_New/2020/i_september/receipt/recycle/?ND HTTP/1.1" 200 577 "-" "Mozilla/5.0 (compatible; MJ12bot/v1.4.8; http://mj12bot.com/)"
65.108.2.171 - - [31/Dec/2024:09:19:27 -0500] "GET /documents/6370_Sanket/2020/e_may/journal/recycle/?MA HTTP/1.1" 200 581 "-" "Mozilla/5.0 (compatible; MJ12bot/v1.4.8; http://mj12bot.com/)"
195.191.219.133 - - [31/Dec/2024:09:19:28 -0500] "GET /documents/9242_New/2020/i_september/reports/recycle/?SD HTTP/1.1" 200 582 "-" "Mozilla/5.0 (compatible; MJ12bot/v1.4.8; http://mj12bot.com/)"
65.108.2.171 - - [31/Dec/2024:09:19:29 -0500] "GET /documents/6370_Sanket/2020/e_may/journal/recycle/?MD HTTP/1.1" 200 580 "-" "Mozilla/5.0 (compatible; MJ12bot/v1.4.8; http://mj12bot.com/)"
195.191.219.133 - - [31/Dec/2024:09:19:30 -0500] "GET /documents/9242_New/2020/i_september/sales/recycle/?NA HTTP/1.1" 200 579 "-" "Mozilla/5.0 (compatible; MJ12bot/v1.4.8; http://mj12bot.com/)"
195.191.219.133 - - [31/Dec/2024:09:19:31 -0500] "GET /documents/9242_New/2020/i_september/sales/recycle/?SD HTTP/1.1" 200 582 "-" "Mozilla/5.0 (compatible; MJ12bot/v1.4.8; http://mj12bot.com/)"
65.108.2.171 - - [31/Dec/2024:09:19:31 -0500] "GET /documents/6370_Sanket/2020/e_may/journal/recycle/?ND HTTP/1.1" 200 576 "-" "Mozilla/5.0 (compatible; MJ12bot/v1.4.8; http://mj12bot.com/)"
195.191.219.133 - - [31/Dec/2024:09:19:33 -0500] "GET /documents/9242_New/2020/j_october/?MD HTTP/1.1" 200 1122 "-" "Mozilla/5.0 (compatible; MJ12bot/v1.4.8; http://mj12bot.com/)"
65.108.2.171 - - [31/Dec/2024:09:19:33 -0500] "GET /documents/6370_Sanket/2020/e_may/journal/recycle/?SD HTTP/1.1" 200 580 "-" "Mozilla/5.0 (compatible; MJ12bot/v1.4.8; http://mj12bot.com/)"
195.191.219.133 - - [31/Dec/2024:09:19:34 -0500] "GET /documents/9242_New/2020/j_october/?NA HTTP/1.1" 200 1123 "-" "Mozilla/5.0 (compatible; MJ12bot/v1.4.8; http://mj12bot.com/)"
65.108.2.171 - - [31/Dec/2024:09:19:36 -0500] "GET /documents/6370_Sanket/2020/e_may/others/?MA HTTP/1.1" 200 644 "-" "Mozilla/5.0 (compatible; MJ12bot/v1.4.8; http://mj12bot.com/)"
195.191.219.133 - - [31/Dec/2024:09:19:36 -0500] "GET /documents/9242_New/2020/j_october/?SD HTTP/1.1" 200 1122 "-" "Mozilla/5.0 (compatible; MJ12bot/v1.4.8; http://mj12bot.com/)"
2.233.123.157 - - [31/Dec/2024:09:19:37 -0500] "GET /documents/5764_Sanket/2020/g_july/contra/?d=%2Flib64%2Fpython3.6%2Fsite-packages%2Fsystemd&f=_journal.cpython-36m-x86_64-linux-gnu.so&x=c HTTP/1.1" 200 1473 "-" "Mozilla/5.0 (iPhone; CPU iPhone OS 11_0 like Mac OS X) AppleWebKit/537.36 (KHTML, like Gecko) Chrome/58.0.2823.1519 Mobile Safari/537.36"
195.191.219.133 - - [31/Dec/2024:09:19:37 -0500] "GET /documents/9242_New/2020/j_october/bank/?MD HTTP/1.1" 200 646 "-" "Mozilla/5.0 (compatible; MJ12bot/v1.4.8; http://mj12bot.com/)"
65.108.2.171 - - [31/Dec/2024:09:19:38 -0500] "GET /documents/6370_Sanket/2020/e_may/others/?ND HTTP/1.1" 200 641 "-" "Mozilla/5.0 (compatible; MJ12bot/v1.4.8; http://mj12bot.com/)"
65.108.2.171 - - [31/Dec/2024:09:19:40 -0500] "GET /documents/6370_Sanket/2020/e_may/others/?SA HTTP/1.1" 200 645 "-" "Mozilla/5.0 (compatible; MJ12bot/v1.4.8; http://mj12bot.com/)"
65.108.2.171 - - [31/Dec/2024:09:19:43 -0500] "GET /documents/6370_Sanket/2020/e_may/others/recycle/?MD HTTP/1.1" 200 582 "-" "Mozilla/5.0 (compatible; MJ12bot/v1.4.8; http://mj12bot.com/)"
65.108.2.171 - - [31/Dec/2024:09:19:45 -0500] "GET /documents/6370_Sanket/2020/e_may/others/recycle/?ND HTTP/1.1" 200 577 "-" "Mozilla/5.0 (compatible; MJ12bot/v1.4.8; http://mj12bot.com/)"
65.108.2.171 - - [31/Dec/2024:09:19:47 -0500] "GET /documents/6370_Sanket/2020/e_may/others/recycle/?SD HTTP/1.1" 200 580 "-" "Mozilla/5.0 (compatible; MJ12bot/v1.4.8; http://mj12bot.com/)"
216.244.66.236 - - [31/Dec/2024:09:19:48 -0500] "GET /plugins_old/ckeditor/plugins/a11yhelp/dialogs/?NA HTTP/1.1" 200 1986 "-" "Mozilla/5.0 (compatible; DotBot/1.2; +https://opensiteexplorer.org/dotbot; help@moz.com)"
65.108.2.171 - - [31/Dec/2024:09:19:49 -0500] "GET /documents/6370_Sanket/2020/e_may/payment/?MD HTTP/1.1" 200 644 "-" "Mozilla/5.0 (compatible; MJ12bot/v1.4.8; http://mj12bot.com/)"
65.108.2.171 - - [31/Dec/2024:09:19:51 -0500] "GET /documents/6370_Sanket/2020/e_may/payment/?NA HTTP/1.1" 200 636 "-" "Mozilla/5.0 (compatible; MJ12bot/v1.4.8; http://mj12bot.com/)"
65.108.2.171 - - [31/Dec/2024:09:19:53 -0500] "GET /documents/6370_Sanket/2020/e_may/payment/?SD HTTP/1.1" 200 645 "-" "Mozilla/5.0 (compatible; MJ12bot/v1.4.8; http://mj12bot.com/)"
65.108.2.171 - - [31/Dec/2024:09:19:56 -0500] "GET /documents/6370_Sanket/2020/e_may/payment/recycle/?MA HTTP/1.1" 200 580 "-" "Mozilla/5.0 (compatible; MJ12bot/v1.4.8; http://mj12bot.com/)"
65.108.2.171 - - [31/Dec/2024:09:19:58 -0500] "GET /documents/6370_Sanket/2020/e_may/payment/recycle/?NA HTTP/1.1" 200 576 "-" "Mozilla/5.0 (compatible; MJ12bot/v1.4.8; http://mj12bot.com/)"
65.108.2.171 - - [31/Dec/2024:09:20:00 -0500] "GET /documents/6370_Sanket/2020/e_may/payment/recycle/?SD HTTP/1.1" 200 579 "-" "Mozilla/5.0 (compatible; MJ12bot/v1.4.8; http://mj12bot.com/)"
65.108.2.171 - - [31/Dec/2024:09:20:02 -0500] "GET /documents/6370_Sanket/2020/e_may/purchase/?MD HTTP/1.1" 200 644 "-" "Mozilla/5.0 (compatible; MJ12bot/v1.4.8; http://mj12bot.com/)"
65.108.2.171 - - [31/Dec/2024:09:20:04 -0500] "GET /documents/6370_Sanket/2020/e_may/purchase/?NA HTTP/1.1" 200 639 "-" "Mozilla/5.0 (compatible; MJ12bot/v1.4.8; http://mj12bot.com/)"
65.108.2.171 - - [31/Dec/2024:09:20:07 -0500] "GET /documents/6370_Sanket/2020/e_may/purchase/?SD HTTP/1.1" 200 644 "-" "Mozilla/5.0 (compatible; MJ12bot/v1.4.8; http://mj12bot.com/)"
65.108.2.171 - - [31/Dec/2024:09:20:09 -0500] "GET /documents/6370_Sanket/2020/e_may/purchase/recycle/?ND HTTP/1.1" 200 575 "-" "Mozilla/5.0 (compatible; MJ12bot/v1.4.8; http://mj12bot.com/)"
65.108.2.171 - - [31/Dec/2024:09:20:11 -0500] "GET /documents/6370_Sanket/2020/e_may/purchase/recycle/?SD HTTP/1.1" 200 579 "-" "Mozilla/5.0 (compatible; MJ12bot/v1.4.8; http://mj12bot.com/)"
65.108.2.171 - - [31/Dec/2024:09:20:13 -0500] "GET /documents/6370_Sanket/2020/e_may/receipt/?MD HTTP/1.1" 200 645 "-" "Mozilla/5.0 (compatible; MJ12bot/v1.4.8; http://mj12bot.com/)"
65.108.2.171 - - [31/Dec/2024:09:20:15 -0500] "GET /documents/6370_Sanket/2020/e_may/receipt/?NA HTTP/1.1" 200 639 "-" "Mozilla/5.0 (compatible; MJ12bot/v1.4.8; http://mj12bot.com/)"
65.108.2.171 - - [31/Dec/2024:09:20:17 -0500] "GET /documents/6370_Sanket/2020/e_may/receipt/?SD HTTP/1.1" 200 646 "-" "Mozilla/5.0 (compatible; MJ12bot/v1.4.8; http://mj12bot.com/)"
65.108.2.171 - - [31/Dec/2024:09:20:20 -0500] "GET /documents/6370_Sanket/2020/e_may/receipt/recycle/?MD HTTP/1.1" 200 582 "-" "Mozilla/5.0 (compatible; MJ12bot/v1.4.8; http://mj12bot.com/)"
65.108.2.171 - - [31/Dec/2024:09:20:22 -0500] "GET /documents/6370_Sanket/2020/e_may/receipt/recycle/?NA HTTP/1.1" 200 578 "-" "Mozilla/5.0 (compatible; MJ12bot/v1.4.8; http://mj12bot.com/)"
65.108.2.171 - - [31/Dec/2024:09:20:24 -0500] "GET /documents/6370_Sanket/2020/e_may/receipt/recycle/?SD HTTP/1.1" 200 582 "-" "Mozilla/5.0 (compatible; MJ12bot/v1.4.8; http://mj12bot.com/)"
47.128.58.159 - - [31/Dec/2024:09:20:25 -0500] "GET /documents/5764_Sanket/2020/g_july/contra/?d=%2Fopt%2Fcpanel%2Fea-php56%2Froot%2Fusr%2Fshare%2Fpear%2FXML HTTP/1.1" 200 2178 "-" "Mozilla/5.0 (Linux; Android 5.0) AppleWebKit/537.36 (KHTML, like Gecko) Mobile Safari/537.36 (compatible; Bytespider; spider-feedback@bytedance.com)"
65.108.2.171 - - [31/Dec/2024:09:20:27 -0500] "GET /documents/6370_Sanket/2020/e_may/reports/?MD HTTP/1.1" 200 646 "-" "Mozilla/5.0 (compatible; MJ12bot/v1.4.8; http://mj12bot.com/)"
65.108.2.171 - - [31/Dec/2024:09:20:29 -0500] "GET /documents/6370_Sanket/2020/e_may/reports/?NA HTTP/1.1" 200 636 "-" "Mozilla/5.0 (compatible; MJ12bot/v1.4.8; http://mj12bot.com/)"
65.108.2.171 - - [31/Dec/2024:09:20:31 -0500] "GET /documents/6370_Sanket/2020/e_may/reports/?SD HTTP/1.1" 200 646 "-" "Mozilla/5.0 (compatible; MJ12bot/v1.4.8; http://mj12bot.com/)"
65.108.2.171 - - [31/Dec/2024:09:20:34 -0500] "GET /documents/6370_Sanket/2020/e_may/reports/recycle/?MD HTTP/1.1" 200 581 "-" "Mozilla/5.0 (compatible; MJ12bot/v1.4.8; http://mj12bot.com/)"
65.108.2.171 - - [31/Dec/2024:09:20:36 -0500] "GET /documents/6370_Sanket/2020/e_may/reports/recycle/?ND HTTP/1.1" 200 576 "-" "Mozilla/5.0 (compatible; MJ12bot/v1.4.8; http://mj12bot.com/)"
65.108.2.171 - - [31/Dec/2024:09:20:38 -0500] "GET /documents/6370_Sanket/2020/e_may/reports/recycle/?SD HTTP/1.1" 200 580 "-" "Mozilla/5.0 (compatible; MJ12bot/v1.4.8; http://mj12bot.com/)"
65.108.2.171 - - [31/Dec/2024:09:20:40 -0500] "GET /documents/6370_Sanket/2020/e_may/sales/?MD HTTP/1.1" 200 645 "-" "Mozilla/5.0 (compatible; MJ12bot/v1.4.8; http://mj12bot.com/)"
65.108.2.171 - - [31/Dec/2024:09:20:42 -0500] "GET /documents/6370_Sanket/2020/e_may/sales/?NA HTTP/1.1" 200 640 "-" "Mozilla/5.0 (compatible; MJ12bot/v1.4.8; http://mj12bot.com/)"
65.108.2.171 - - [31/Dec/2024:09:20:45 -0500] "GET /documents/6370_Sanket/2020/e_may/sales/?SD HTTP/1.1" 200 646 "-" "Mozilla/5.0 (compatible; MJ12bot/v1.4.8; http://mj12bot.com/)"
65.108.2.171 - - [31/Dec/2024:09:20:47 -0500] "GET /documents/6370_Sanket/2020/e_may/sales/recycle/?MA HTTP/1.1" 200 580 "-" "Mozilla/5.0 (compatible; MJ12bot/v1.4.8; http://mj12bot.com/)"
65.108.2.171 - - [31/Dec/2024:09:20:49 -0500] "GET /documents/6370_Sanket/2020/e_may/sales/recycle/?MD HTTP/1.1" 200 579 "-" "Mozilla/5.0 (compatible; MJ12bot/v1.4.8; http://mj12bot.com/)"
65.108.2.171 - - [31/Dec/2024:09:20:51 -0500] "GET /documents/6370_Sanket/2020/e_may/sales/recycle/?NA HTTP/1.1" 200 577 "-" "Mozilla/5.0 (compatible; MJ12bot/v1.4.8; http://mj12bot.com/)"
