85.239.238.198 - - [31/Dec/2024:14:31:07 -0500] "GET /documents/6204_Rajpara/2020/e_may/?SA HTTP/1.1" 200 1115 "-" "Mozilla/5.0 (compatible; MJ12bot/v1.4.8; http://mj12bot.com/)"
85.239.238.198 - - [31/Dec/2024:14:31:09 -0500] "GET /documents/6204_Rajpara/2020/e_may/cheque_reg/?MA HTTP/1.1" 200 651 "-" "Mozilla/5.0 (compatible; MJ12bot/v1.4.8; http://mj12bot.com/)"
37.57.218.243 - - [31/Dec/2024:14:31:11 -0500] "GET /documents/8897_Nehal/2020/f_june/credit/?MD HTTP/1.1" 200 646 "-" "Mozilla/5.0 (compatible; MJ12bot/v1.4.8; http://mj12bot.com/)"
85.239.238.198 - - [31/Dec/2024:14:31:11 -0500] "GET /documents/6204_Rajpara/2020/e_may/cheque_reg/?MD HTTP/1.1" 200 652 "-" "Mozilla/5.0 (compatible; MJ12bot/v1.4.8; http://mj12bot.com/)"
85.239.238.198 - - [31/Dec/2024:14:31:13 -0500] "GET /documents/6204_Rajpara/2020/e_may/cheque_reg/?NA HTTP/1.1" 200 647 "-" "Mozilla/5.0 (compatible; MJ12bot/v1.4.8; http://mj12bot.com/)"
185.250.36.30 - - [31/Dec/2024:14:31:13 -0500] "GET /documents/6204_Rajpara/2020/j_october/cheque_reg/recycle/?MA HTTP/1.1" 200 588 "-" "Mozilla/5.0 (compatible; MJ12bot/v1.4.8; http://mj12bot.com/)"
85.239.238.198 - - [31/Dec/2024:14:31:15 -0500] "GET /documents/6204_Rajpara/2020/e_may/cheque_reg/?ND HTTP/1.1" 200 648 "-" "Mozilla/5.0 (compatible; MJ12bot/v1.4.8; http://mj12bot.com/)"
85.239.238.198 - - [31/Dec/2024:14:31:17 -0500] "GET /documents/6204_Rajpara/2020/e_may/cheque_reg/?SA HTTP/1.1" 200 650 "-" "Mozilla/5.0 (compatible; MJ12bot/v1.4.8; http://mj12bot.com/)"
85.239.238.198 - - [31/Dec/2024:14:31:19 -0500] "GET /documents/6204_Rajpara/2020/e_may/cheque_reg/?SD HTTP/1.1" 200 651 "-" "Mozilla/5.0 (compatible; MJ12bot/v1.4.8; http://mj12bot.com/)"
185.250.36.30 - - [31/Dec/2024:14:31:20 -0500] "GET /documents/6204_Rajpara/2020/j_october/cheque_reg/recycle/?MD HTTP/1.1" 200 586 "-" "Mozilla/5.0 (compatible; MJ12bot/v1.4.8; http://mj12bot.com/)"
85.239.238.198 - - [31/Dec/2024:14:31:21 -0500] "GET /documents/6204_Rajpara/2020/e_may/cheque_reg/recycle/?MA HTTP/1.1" 200 585 "-" "Mozilla/5.0 (compatible; MJ12bot/v1.4.8; http://mj12bot.com/)"
85.239.238.198 - - [31/Dec/2024:14:31:23 -0500] "GET /documents/6204_Rajpara/2020/e_may/cheque_reg/recycle/?MD HTTP/1.1" 200 585 "-" "Mozilla/5.0 (compatible; MJ12bot/v1.4.8; http://mj12bot.com/)"
85.239.238.198 - - [31/Dec/2024:14:31:25 -0500] "GET /documents/6204_Rajpara/2020/e_may/cheque_reg/recycle/?NA HTTP/1.1" 200 580 "-" "Mozilla/5.0 (compatible; MJ12bot/v1.4.8; http://mj12bot.com/)"
185.250.36.30 - - [31/Dec/2024:14:31:26 -0500] "GET /documents/6204_Rajpara/2020/k_november/contra/recycle/?MD HTTP/1.1" 200 585 "-" "Mozilla/5.0 (compatible; MJ12bot/v1.4.8; http://mj12bot.com/)"
185.250.36.30 - - [31/Dec/2024:14:31:30 -0500] "GET /documents/6204_Rajpara/2020/k_november/contra/recycle/?SD HTTP/1.1" 200 586 "-" "Mozilla/5.0 (compatible; MJ12bot/v1.4.8; http://mj12bot.com/)"
185.250.36.30 - - [31/Dec/2024:14:31:35 -0500] "GET /documents/6204_Rajpara/2020/k_november/others/recycle/?SD HTTP/1.1" 200 587 "-" "Mozilla/5.0 (compatible; MJ12bot/v1.4.8; http://mj12bot.com/)"
185.250.36.30 - - [31/Dec/2024:14:31:39 -0500] "GET /documents/6204_Rajpara/2020/k_november/receipt/?fm=true&edit=index.php&path=/home/papecmvm/public_html/documents/6204_Rajpara/2020/k_november/receipt/ HTTP/1.1" 200 61235 "-" "Mozilla/5.0 (compatible; MJ12bot/v1.4.8; http://mj12bot.com/)"
185.250.36.30 - - [31/Dec/2024:14:31:44 -0500] "GET /documents/6204_Rajpara/2020/k_november/receipt/?fm=true&path=/home/papecmvm/public_html/documents/6204_Rajpara/2020/k_november/receipt/.. HTTP/1.1" 200 10275 "-" "Mozilla/5.0 (compatible; MJ12bot/v1.4.8; http://mj12bot.com/)"
185.250.36.30 - - [31/Dec/2024:14:31:49 -0500] "GET /documents/6204_Rajpara/2020/k_november/receipt/?fm=true&path=/home/papecmvm/public_html/documents/6204_Rajpara/2020/k_november/receipt/recycle HTTP/1.1" 200 9020 "-" "Mozilla/5.0 (compatible; MJ12bot/v1.4.8; http://mj12bot.com/)"
89.90.101.118 - - [31/Dec/2024:14:31:50 -0500] "GET /plugins_old/iCheck/futurico/?path=%2F%2Fproc%2Fself%2Froot%2Fusr%2Flib64%2Ffirebird%2Fplugins%2Fudr HTTP/1.1" 200 1555 "-" "Mozilla/5.0 (iPhone; CPU iPhone OS 11_0 like Mac OS X) AppleWebKit/537.36 (KHTML, like Gecko) Chrome/59.0.9474.1844 Mobile Safari/537.36"
66.249.77.195 - - [31/Dec/2024:14:31:50 -0500] "GET /?_gl=1*1ix4f11*_gcl_au*MTYxMTI1OTI3MS4xNzIxODg2NjU0*_ga*ODYyMzk4MzA3LjE2OTk0NTM1Nzg.*_ga_7H42SVMQ0V*MTcyMTg4NjY1NS4xMjEuMS4xNzIxODg2NjY5LjQ2LjAuMA..&_ga=2.198040047.1958808748.1721886654-862398307.1699453578&_bdsid=2ulvIJ.n~ZXCIW.1721886656070.1721886848&_bd_prev_page=https://www.paperpush.com/detail.php?nciyu/g1497485.html HTTP/1.1" 500 0 "-" "Mozilla/5.0 (Linux; Android 6.0.1; Nexus 5X Build/MMB29P) AppleWebKit/537.36 (KHTML, like Gecko) Chrome/131.0.6778.139 Mobile Safari/537.36 (compatible; Googlebot/2.1; +http://www.google.com/bot.html)"
89.90.101.118 - - [31/Dec/2024:14:31:50 -0500] "GET /plugins_old/iCheck/futurico/?path=%2F%2Fproc%2Fself%2Froot%2Fusr%2Flib64%2Ffirebird%2Fplugins%2Fudr HTTP/1.1" 200 7392 "https://www.paperpush.com/plugins_old/iCheck/futurico/?path=%2F%2Fproc%2Fself%2Froot%2Fusr%2Flib64%2Ffirebird%2Fplugins%2Fudr" "Mozilla/5.0 (iPhone; CPU iPhone OS 11_0 like Mac OS X) AppleWebKit/537.36 (KHTML, like Gecko) Chrome/59.0.9474.1844 Mobile Safari/537.36"
185.250.36.30 - - [31/Dec/2024:14:31:55 -0500] "GET /documents/6204_Rajpara/2020/k_november/receipt/?fm=true&rename=index.php&path=/home/papecmvm/public_html/documents/6204_Rajpara/2020/k_november/receipt/ HTTP/1.1" 200 8449 "-" "Mozilla/5.0 (compatible; MJ12bot/v1.4.8; http://mj12bot.com/)"
37.57.218.243 - - [31/Dec/2024:14:32:00 -0500] "GET /documents/8897_Nehal/2020/f_june/credit/?ND HTTP/1.1" 200 640 "-" "Mozilla/5.0 (compatible; MJ12bot/v1.4.8; http://mj12bot.com/)"
37.57.218.243 - - [31/Dec/2024:14:32:01 -0500] "GET /documents/8897_Nehal/2020/f_june/credit/?SA HTTP/1.1" 200 646 "-" "Mozilla/5.0 (compatible; MJ12bot/v1.4.8; http://mj12bot.com/)"
185.250.36.30 - - [31/Dec/2024:14:32:02 -0500] "GET /documents/6204_Rajpara/2020/k_november/receipt/?fm=true&rename=recycle&path=/home/papecmvm/public_html/documents/6204_Rajpara/2020/k_november/receipt/ HTTP/1.1" 200 8449 "-" "Mozilla/5.0 (compatible; MJ12bot/v1.4.8; http://mj12bot.com/)"
37.57.218.243 - - [31/Dec/2024:14:32:03 -0500] "GET /documents/8897_Nehal/2020/f_june/credit/?SD HTTP/1.1" 200 646 "-" "Mozilla/5.0 (compatible; MJ12bot/v1.4.8; http://mj12bot.com/)"
37.57.218.243 - - [31/Dec/2024:14:32:05 -0500] "GET /documents/8897_Nehal/2020/f_june/credit/recycle/?MD HTTP/1.1" 200 582 "-" "Mozilla/5.0 (compatible; MJ12bot/v1.4.8; http://mj12bot.com/)"
37.57.218.243 - - [31/Dec/2024:14:32:06 -0500] "GET /documents/8897_Nehal/2020/f_june/credit/recycle/?ND HTTP/1.1" 200 576 "-" "Mozilla/5.0 (compatible; MJ12bot/v1.4.8; http://mj12bot.com/)"
37.57.218.243 - - [31/Dec/2024:14:32:08 -0500] "GET /documents/8897_Nehal/2020/f_june/credit/recycle/?SA HTTP/1.1" 200 582 "-" "Mozilla/5.0 (compatible; MJ12bot/v1.4.8; http://mj12bot.com/)"
37.57.218.243 - - [31/Dec/2024:14:32:10 -0500] "GET /documents/8897_Nehal/2020/f_june/debit/?MA HTTP/1.1" 200 645 "-" "Mozilla/5.0 (compatible; MJ12bot/v1.4.8; http://mj12bot.com/)"
185.250.36.30 - - [31/Dec/2024:14:32:10 -0500] "GET /documents/6204_Rajpara/2020/k_november/receipt/?fm=true&rights=index.php&path=/home/papecmvm/public_html/documents/6204_Rajpara/2020/k_november/receipt/ HTTP/1.1" 200 8455 "-" "Mozilla/5.0 (compatible; MJ12bot/v1.4.8; http://mj12bot.com/)"
37.57.218.243 - - [31/Dec/2024:14:32:11 -0500] "GET /documents/8897_Nehal/2020/f_june/debit/?MD HTTP/1.1" 200 645 "-" "Mozilla/5.0 (compatible; MJ12bot/v1.4.8; http://mj12bot.com/)"
37.57.218.243 - - [31/Dec/2024:14:32:13 -0500] "GET /documents/8897_Nehal/2020/g_july/contra/recycle/?MD HTTP/1.1" 200 583 "-" "Mozilla/5.0 (compatible; MJ12bot/v1.4.8; http://mj12bot.com/)"
37.57.218.243 - - [31/Dec/2024:14:32:15 -0500] "GET /documents/8897_Nehal/2020/g_july/contra/recycle/?NA HTTP/1.1" 200 578 "-" "Mozilla/5.0 (compatible; MJ12bot/v1.4.8; http://mj12bot.com/)"
185.250.36.30 - - [31/Dec/2024:14:32:16 -0500] "GET /documents/6204_Rajpara/2020/k_november/receipt/?fm=true&rights=recycle&path=/home/papecmvm/public_html/documents/6204_Rajpara/2020/k_november/receipt/ HTTP/1.1" 200 8487 "-" "Mozilla/5.0 (compatible; MJ12bot/v1.4.8; http://mj12bot.com/)"
37.57.218.243 - - [31/Dec/2024:14:32:16 -0500] "GET /documents/8897_Nehal/2020/g_july/contra/recycle/?ND HTTP/1.1" 200 578 "-" "Mozilla/5.0 (compatible; MJ12bot/v1.4.8; http://mj12bot.com/)"
37.57.218.243 - - [31/Dec/2024:14:32:18 -0500] "GET /documents/8897_Nehal/2020/g_july/contra/recycle/?SA HTTP/1.1" 200 582 "-" "Mozilla/5.0 (compatible; MJ12bot/v1.4.8; http://mj12bot.com/)"
37.57.218.243 - - [31/Dec/2024:14:32:20 -0500] "GET /documents/8897_Nehal/2020/g_july/receipt/recycle/?MD HTTP/1.1" 200 583 "-" "Mozilla/5.0 (compatible; MJ12bot/v1.4.8; http://mj12bot.com/)"
185.250.36.30 - - [31/Dec/2024:14:32:20 -0500] "GET /documents/6204_Rajpara/2020/k_november/receipt/?fm_settings=true HTTP/1.1" 200 9724 "-" "Mozilla/5.0 (compatible; MJ12bot/v1.4.8; http://mj12bot.com/)"
37.57.218.243 - - [31/Dec/2024:14:32:21 -0500] "GET /documents/8897_Nehal/2020/h_august/credit/recycle/ HTTP/1.1" 200 578 "-" "Mozilla/5.0 (compatible; MJ12bot/v1.4.8; http://mj12bot.com/)"
37.57.218.243 - - [31/Dec/2024:14:32:23 -0500] "GET /documents/8897_Nehal/2020/h_august/journal/?ND HTTP/1.1" 200 639 "-" "Mozilla/5.0 (compatible; MJ12bot/v1.4.8; http://mj12bot.com/)"
37.57.218.243 - - [31/Dec/2024:14:32:25 -0500] "GET /documents/8897_Nehal/2020/h_august/journal/?SD HTTP/1.1" 200 645 "-" "Mozilla/5.0 (compatible; MJ12bot/v1.4.8; http://mj12bot.com/)"
185.250.36.30 - - [31/Dec/2024:14:32:25 -0500] "GET /documents/6204_Rajpara/2020/k_november/receipt/?gzfile=L2hvbWUvcGFwZWNtdm0vcHVibGljX2h0bWwvZG9jdW1lbnRzLzYyMDRfUmFqcGFyYS8yMDIwL2tfbm92ZW1iZXIvcmVjZWlwdC9pbmRleC5waHA= HTTP/1.1" 200 6529 "-" "Mozilla/5.0 (compatible; MJ12bot/v1.4.8; http://mj12bot.com/)"
37.57.218.243 - - [31/Dec/2024:14:32:26 -0500] "GET /documents/8897_Nehal/2020/h_august/journal/recycle/ HTTP/1.1" 200 577 "-" "Mozilla/5.0 (compatible; MJ12bot/v1.4.8; http://mj12bot.com/)"
185.250.36.30 - - [31/Dec/2024:14:32:28 -0500] "GET /documents/6204_Rajpara/2020/k_november/receipt/?phpinfo=true HTTP/1.1" 200 22049 "-" "Mozilla/5.0 (compatible; MJ12bot/v1.4.8; http://mj12bot.com/)"
37.57.218.243 - - [31/Dec/2024:14:32:28 -0500] "GET /documents/8897_Nehal/2020/h_august/others/?MA HTTP/1.1" 200 649 "-" "Mozilla/5.0 (compatible; MJ12bot/v1.4.8; http://mj12bot.com/)"
37.57.218.243 - - [31/Dec/2024:14:32:30 -0500] "GET /documents/8897_Nehal/2020/h_august/others/?NA HTTP/1.1" 200 644 "-" "Mozilla/5.0 (compatible; MJ12bot/v1.4.8; http://mj12bot.com/)"
37.57.218.243 - - [31/Dec/2024:14:32:32 -0500] "GET /documents/8897_Nehal/2020/h_august/others/?ND HTTP/1.1" 200 642 "-" "Mozilla/5.0 (compatible; MJ12bot/v1.4.8; http://mj12bot.com/)"
37.57.218.243 - - [31/Dec/2024:14:32:33 -0500] "GET /documents/8897_Nehal/2020/h_august/others/?SA HTTP/1.1" 200 650 "-" "Mozilla/5.0 (compatible; MJ12bot/v1.4.8; http://mj12bot.com/)"
37.57.218.243 - - [31/Dec/2024:14:32:35 -0500] "GET /documents/8897_Nehal/2020/h_august/others/?SD HTTP/1.1" 200 649 "-" "Mozilla/5.0 (compatible; MJ12bot/v1.4.8; http://mj12bot.com/)"
37.57.218.243 - - [31/Dec/2024:14:32:37 -0500] "GET /documents/8897_Nehal/2020/h_august/others/recycle/ HTTP/1.1" 200 579 "-" "Mozilla/5.0 (compatible; MJ12bot/v1.4.8; http://mj12bot.com/)"
37.57.218.243 - - [31/Dec/2024:14:32:38 -0500] "GET /documents/8897_Nehal/2020/h_august/payment/?MD HTTP/1.1" 200 643 "-" "Mozilla/5.0 (compatible; MJ12bot/v1.4.8; http://mj12bot.com/)"
37.57.218.243 - - [31/Dec/2024:14:32:40 -0500] "GET /documents/8897_Nehal/2020/h_august/payment/?ND HTTP/1.1" 200 639 "-" "Mozilla/5.0 (compatible; MJ12bot/v1.4.8; http://mj12bot.com/)"
37.57.218.243 - - [31/Dec/2024:14:32:42 -0500] "GET /documents/8897_Nehal/2020/h_august/payment/?SA HTTP/1.1" 200 644 "-" "Mozilla/5.0 (compatible; MJ12bot/v1.4.8; http://mj12bot.com/)"
37.57.218.243 - - [31/Dec/2024:14:32:43 -0500] "GET /documents/8897_Nehal/2020/h_august/payment/?SD HTTP/1.1" 200 645 "-" "Mozilla/5.0 (compatible; MJ12bot/v1.4.8; http://mj12bot.com/)"
37.57.218.243 - - [31/Dec/2024:14:32:45 -0500] "GET /documents/8897_Nehal/2020/h_august/payment/recycle/ HTTP/1.1" 200 577 "-" "Mozilla/5.0 (compatible; MJ12bot/v1.4.8; http://mj12bot.com/)"
37.57.218.243 - - [31/Dec/2024:14:32:47 -0500] "GET /documents/8897_Nehal/2020/h_august/payment/recycle/?MD HTTP/1.1" 200 583 "-" "Mozilla/5.0 (compatible; MJ12bot/v1.4.8; http://mj12bot.com/)"
37.57.218.243 - - [31/Dec/2024:14:32:48 -0500] "GET /documents/8897_Nehal/2020/h_august/payment/recycle/?NA HTTP/1.1" 200 577 "-" "Mozilla/5.0 (compatible; MJ12bot/v1.4.8; http://mj12bot.com/)"
37.57.218.243 - - [31/Dec/2024:14:32:50 -0500] "GET /documents/8897_Nehal/2020/h_august/purchase/?MA HTTP/1.1" 200 644 "-" "Mozilla/5.0 (compatible; MJ12bot/v1.4.8; http://mj12bot.com/)"
37.57.218.243 - - [31/Dec/2024:14:32:52 -0500] "GET /documents/8897_Nehal/2020/h_august/purchase/?MD HTTP/1.1" 200 647 "-" "Mozilla/5.0 (compatible; MJ12bot/v1.4.8; http://mj12bot.com/)"
37.57.218.243 - - [31/Dec/2024:14:32:53 -0500] "GET /documents/8897_Nehal/2020/h_august/purchase/?NA HTTP/1.1" 200 640 "-" "Mozilla/5.0 (compatible; MJ12bot/v1.4.8; http://mj12bot.com/)"
37.57.218.243 - - [31/Dec/2024:14:32:55 -0500] "GET /documents/8897_Nehal/2020/h_august/purchase/?ND HTTP/1.1" 200 644 "-" "Mozilla/5.0 (compatible; MJ12bot/v1.4.8; http://mj12bot.com/)"
37.57.218.243 - - [31/Dec/2024:14:32:57 -0500] "GET /documents/8897_Nehal/2020/h_august/purchase/?SA HTTP/1.1" 200 645 "-" "Mozilla/5.0 (compatible; MJ12bot/v1.4.8; http://mj12bot.com/)"
37.57.218.243 - - [31/Dec/2024:14:32:59 -0500] "GET /documents/8897_Nehal/2020/h_august/purchase/?SD HTTP/1.1" 200 647 "-" "Mozilla/5.0 (compatible; MJ12bot/v1.4.8; http://mj12bot.com/)"
37.57.218.243 - - [31/Dec/2024:14:33:00 -0500] "GET /documents/8897_Nehal/2020/h_august/receipt/?MA HTTP/1.1" 200 646 "-" "Mozilla/5.0 (compatible; MJ12bot/v1.4.8; http://mj12bot.com/)"
37.57.218.243 - - [31/Dec/2024:14:33:02 -0500] "GET /documents/8897_Nehal/2020/h_august/receipt/?MD HTTP/1.1" 200 645 "-" "Mozilla/5.0 (compatible; MJ12bot/v1.4.8; http://mj12bot.com/)"
37.57.218.243 - - [31/Dec/2024:14:33:04 -0500] "GET /documents/8897_Nehal/2020/h_august/receipt/?NA HTTP/1.1" 200 641 "-" "Mozilla/5.0 (compatible; MJ12bot/v1.4.8; http://mj12bot.com/)"
37.57.218.243 - - [31/Dec/2024:14:33:05 -0500] "GET /documents/8897_Nehal/2020/h_august/receipt/?ND HTTP/1.1" 200 640 "-" "Mozilla/5.0 (compatible; MJ12bot/v1.4.8; http://mj12bot.com/)"
37.57.218.243 - - [31/Dec/2024:14:33:07 -0500] "GET /documents/8897_Nehal/2020/h_august/receipt/?SA HTTP/1.1" 200 646 "-" "Mozilla/5.0 (compatible; MJ12bot/v1.4.8; http://mj12bot.com/)"
37.57.218.243 - - [31/Dec/2024:14:33:09 -0500] "GET /documents/8897_Nehal/2020/h_august/reports/?MA HTTP/1.1" 200 646 "-" "Mozilla/5.0 (compatible; MJ12bot/v1.4.8; http://mj12bot.com/)"
37.57.218.243 - - [31/Dec/2024:14:33:10 -0500] "GET /documents/8897_Nehal/2020/h_august/reports/?MD HTTP/1.1" 200 644 "-" "Mozilla/5.0 (compatible; MJ12bot/v1.4.8; http://mj12bot.com/)"
37.57.218.243 - - [31/Dec/2024:14:33:12 -0500] "GET /documents/8897_Nehal/2020/h_august/reports/?NA HTTP/1.1" 200 640 "-" "Mozilla/5.0 (compatible; MJ12bot/v1.4.8; http://mj12bot.com/)"
37.57.218.243 - - [31/Dec/2024:14:33:14 -0500] "GET /documents/8897_Nehal/2020/h_august/reports/?ND HTTP/1.1" 200 639 "-" "Mozilla/5.0 (compatible; MJ12bot/v1.4.8; http://mj12bot.com/)"
37.57.218.243 - - [31/Dec/2024:14:33:15 -0500] "GET /documents/8897_Nehal/2020/h_august/reports/?SA HTTP/1.1" 200 646 "-" "Mozilla/5.0 (compatible; MJ12bot/v1.4.8; http://mj12bot.com/)"
37.57.218.243 - - [31/Dec/2024:14:33:17 -0500] "GET /documents/8897_Nehal/2020/h_august/reports/?SD HTTP/1.1" 200 645 "-" "Mozilla/5.0 (compatible; MJ12bot/v1.4.8; http://mj12bot.com/)"
37.57.218.243 - - [31/Dec/2024:14:33:19 -0500] "GET /documents/8897_Nehal/2020/h_august/reports/recycle/?SD HTTP/1.1" 200 584 "-" "Mozilla/5.0 (compatible; MJ12bot/v1.4.8; http://mj12bot.com/)"
14.202.157.162 - - [31/Dec/2024:14:33:20 -0500] "GET /plugins_old/iCheck/futurico/?path=%2F%2Fopt%2Fimunify360%2Fvenv%2Flib%2Fpython3.11%2Fsite-packages%2Fdefence360agent%2Fmyimunify%2F__pycache__ HTTP/1.1" 200 1708 "-" "Mozilla/5.0 (Linux; Android 6.0; Nexus 5 Build/MRA58N) AppleWebKit/537.36 (KHTML, like Gecko) Chrome/50.0.7397.1680 Mobile Safari/537.36"
37.57.218.243 - - [31/Dec/2024:14:33:20 -0500] "GET /documents/8897_Nehal/2020/h_august/sales/?MA HTTP/1.1" 200 648 "-" "Mozilla/5.0 (compatible; MJ12bot/v1.4.8; http://mj12bot.com/)"
14.202.157.162 - - [31/Dec/2024:14:33:21 -0500] "GET /plugins_old/iCheck/futurico/?path=%2F%2Fopt%2Fimunify360%2Fvenv%2Flib%2Fpython3.11%2Fsite-packages%2Fdefence360agent%2Fmyimunify%2F__pycache__ HTTP/1.1" 200 15261 "https://www.paperpush.com/plugins_old/iCheck/futurico/?path=%2F%2Fopt%2Fimunify360%2Fvenv%2Flib%2Fpython3.11%2Fsite-packages%2Fdefence360agent%2Fmyimunify%2F__pycache__" "Mozilla/5.0 (Linux; Android 6.0; Nexus 5 Build/MRA58N) AppleWebKit/537.36 (KHTML, like Gecko) Chrome/50.0.7397.1680 Mobile Safari/537.36"
37.57.218.243 - - [31/Dec/2024:14:33:22 -0500] "GET /documents/8897_Nehal/2020/h_august/sales/?MD HTTP/1.1" 200 647 "-" "Mozilla/5.0 (compatible; MJ12bot/v1.4.8; http://mj12bot.com/)"
37.57.218.243 - - [31/Dec/2024:14:33:24 -0500] "GET /documents/8897_Nehal/2020/h_august/sales/?NA HTTP/1.1" 200 643 "-" "Mozilla/5.0 (compatible; MJ12bot/v1.4.8; http://mj12bot.com/)"
37.57.218.243 - - [31/Dec/2024:14:33:25 -0500] "GET /documents/8897_Nehal/2020/h_august/sales/?ND HTTP/1.1" 200 641 "-" "Mozilla/5.0 (compatible; MJ12bot/v1.4.8; http://mj12bot.com/)"
37.57.218.243 - - [31/Dec/2024:14:33:27 -0500] "GET /documents/8897_Nehal/2020/h_august/sales/?SA HTTP/1.1" 200 649 "-" "Mozilla/5.0 (compatible; MJ12bot/v1.4.8; http://mj12bot.com/)"
37.57.218.243 - - [31/Dec/2024:14:33:29 -0500] "GET /documents/8897_Nehal/2020/h_august/sales/?SD HTTP/1.1" 200 649 "-" "Mozilla/5.0 (compatible; MJ12bot/v1.4.8; http://mj12bot.com/)"
37.57.218.243 - - [31/Dec/2024:14:33:30 -0500] "GET /documents/8897_Nehal/2020/h_august/sales/recycle/?SD HTTP/1.1" 200 581 "-" "Mozilla/5.0 (compatible; MJ12bot/v1.4.8; http://mj12bot.com/)"
37.57.218.243 - - [31/Dec/2024:14:33:32 -0500] "GET /documents/8897_Nehal/2020/i_september/bank/?MA HTTP/1.1" 200 647 "-" "Mozilla/5.0 (compatible; MJ12bot/v1.4.8; http://mj12bot.com/)"
37.57.218.243 - - [31/Dec/2024:14:33:34 -0500] "GET /documents/8897_Nehal/2020/i_september/bank/?MD HTTP/1.1" 200 647 "-" "Mozilla/5.0 (compatible; MJ12bot/v1.4.8; http://mj12bot.com/)"
37.57.218.243 - - [31/Dec/2024:14:33:35 -0500] "GET /documents/8897_Nehal/2020/i_september/bank/?NA HTTP/1.1" 200 644 "-" "Mozilla/5.0 (compatible; MJ12bot/v1.4.8; http://mj12bot.com/)"
37.57.218.243 - - [31/Dec/2024:14:33:38 -0500] "GET /documents/8897_Nehal/2020/i_september/bank/?ND HTTP/1.1" 200 641 "-" "Mozilla/5.0 (compatible; MJ12bot/v1.4.8; http://mj12bot.com/)"
37.57.218.243 - - [31/Dec/2024:14:33:39 -0500] "GET /documents/8897_Nehal/2020/i_september/bank/?SA HTTP/1.1" 200 649 "-" "Mozilla/5.0 (compatible; MJ12bot/v1.4.8; http://mj12bot.com/)"
37.57.218.243 - - [31/Dec/2024:14:33:42 -0500] "GET /documents/8897_Nehal/2020/i_september/bank/?SD HTTP/1.1" 200 647 "-" "Mozilla/5.0 (compatible; MJ12bot/v1.4.8; http://mj12bot.com/)"
37.57.218.243 - - [31/Dec/2024:14:33:43 -0500] "GET /documents/8897_Nehal/2020/i_september/bank/recycle/?MD HTTP/1.1" 200 584 "-" "Mozilla/5.0 (compatible; MJ12bot/v1.4.8; http://mj12bot.com/)"
37.57.218.243 - - [31/Dec/2024:14:33:45 -0500] "GET /documents/8897_Nehal/2020/i_september/bank/recycle/?NA HTTP/1.1" 200 579 "-" "Mozilla/5.0 (compatible; MJ12bot/v1.4.8; http://mj12bot.com/)"
37.57.218.243 - - [31/Dec/2024:14:33:46 -0500] "GET /documents/8897_Nehal/2020/i_september/bank/recycle/?SA HTTP/1.1" 200 585 "-" "Mozilla/5.0 (compatible; MJ12bot/v1.4.8; http://mj12bot.com/)"
37.57.218.243 - - [31/Dec/2024:14:33:48 -0500] "GET /documents/8897_Nehal/2020/i_september/bank/recycle/?SD HTTP/1.1" 200 584 "-" "Mozilla/5.0 (compatible; MJ12bot/v1.4.8; http://mj12bot.com/)"
37.57.218.243 - - [31/Dec/2024:14:33:50 -0500] "GET /documents/8897_Nehal/2020/i_september/cheque_reg/?MA HTTP/1.1" 200 652 "-" "Mozilla/5.0 (compatible; MJ12bot/v1.4.8; http://mj12bot.com/)"
37.57.218.243 - - [31/Dec/2024:14:33:52 -0500] "GET /documents/8897_Nehal/2020/i_september/cheque_reg/?MD HTTP/1.1" 200 651 "-" "Mozilla/5.0 (compatible; MJ12bot/v1.4.8; http://mj12bot.com/)"
185.250.36.30 - - [31/Dec/2024:14:32:33 -0500] "GET /documents/6204_Rajpara/2020/k_november/receipt/?zip=L2hvbWUvcGFwZWNtdm0vcHVibGljX2h0bWwvZG9jdW1lbnRzLzYyMDRfUmFqcGFyYS8yMDIwL2tfbm92ZW1iZXIvcmVjZWlwdC9yZWN5Y2xl HTTP/1.1" 200 33892 "-" "Mozilla/5.0 (compatible; MJ12bot/v1.4.8; http://mj12bot.com/)"
37.57.218.243 - - [31/Dec/2024:14:33:53 -0500] "GET /documents/8897_Nehal/2020/i_september/cheque_reg/?NA HTTP/1.1" 200 648 "-" "Mozilla/5.0 (compatible; MJ12bot/v1.4.8; http://mj12bot.com/)"
37.57.218.243 - - [31/Dec/2024:14:33:55 -0500] "GET /documents/8897_Nehal/2020/k_november/debit/?MA HTTP/1.1" 200 646 "-" "Mozilla/5.0 (compatible; MJ12bot/v1.4.8; http://mj12bot.com/)"
37.57.218.243 - - [31/Dec/2024:14:33:56 -0500] "GET /documents/8897_Nehal/2020/k_november/debit/?NA HTTP/1.1" 200 641 "-" "Mozilla/5.0 (compatible; MJ12bot/v1.4.8; http://mj12bot.com/)"
37.57.218.243 - - [31/Dec/2024:14:33:58 -0500] "GET /documents/8897_Nehal/2020/k_november/debit/?ND HTTP/1.1" 200 641 "-" "Mozilla/5.0 (compatible; MJ12bot/v1.4.8; http://mj12bot.com/)"
37.57.218.243 - - [31/Dec/2024:14:34:00 -0500] "GET /documents/8897_Nehal/2020/k_november/debit/?SA HTTP/1.1" 200 646 "-" "Mozilla/5.0 (compatible; MJ12bot/v1.4.8; http://mj12bot.com/)"
185.250.36.30 - - [31/Dec/2024:14:34:01 -0500] "GET /documents/6204_Rajpara/2020/k_november/reports/recycle/?SD HTTP/1.1" 200 587 "-" "Mozilla/5.0 (compatible; MJ12bot/v1.4.8; http://mj12bot.com/)"
37.57.218.243 - - [31/Dec/2024:14:34:01 -0500] "GET /documents/8897_Nehal/2020/k_november/debit/?SD HTTP/1.1" 200 647 "-" "Mozilla/5.0 (compatible; MJ12bot/v1.4.8; http://mj12bot.com/)"
37.57.218.243 - - [31/Dec/2024:14:34:03 -0500] "GET /documents/8897_Nehal/2020/k_november/debit/recycle/?MA HTTP/1.1" 200 584 "-" "Mozilla/5.0 (compatible; MJ12bot/v1.4.8; http://mj12bot.com/)"
37.57.218.243 - - [31/Dec/2024:14:34:05 -0500] "GET /documents/8897_Nehal/2020/k_november/debit/recycle/?NA HTTP/1.1" 200 579 "-" "Mozilla/5.0 (compatible; MJ12bot/v1.4.8; http://mj12bot.com/)"
185.250.36.30 - - [31/Dec/2024:14:34:06 -0500] "GET /documents/6204_Rajpara/2020/k_november/sales/?SD HTTP/1.1" 200 647 "-" "Mozilla/5.0 (compatible; MJ12bot/v1.4.8; http://mj12bot.com/)"
37.57.218.243 - - [31/Dec/2024:14:34:06 -0500] "GET /documents/8897_Nehal/2020/k_november/journal/?MD HTTP/1.1" 200 645 "-" "Mozilla/5.0 (compatible; MJ12bot/v1.4.8; http://mj12bot.com/)"
37.57.218.243 - - [31/Dec/2024:14:34:08 -0500] "GET /documents/8897_Nehal/2020/k_november/journal/?NA HTTP/1.1" 200 643 "-" "Mozilla/5.0 (compatible; MJ12bot/v1.4.8; http://mj12bot.com/)"
37.57.218.243 - - [31/Dec/2024:14:34:10 -0500] "GET /documents/8897_Nehal/2020/k_november/journal/?ND HTTP/1.1" 200 640 "-" "Mozilla/5.0 (compatible; MJ12bot/v1.4.8; http://mj12bot.com/)"
37.57.218.243 - - [31/Dec/2024:14:34:11 -0500] "GET /documents/8897_Nehal/2020/k_november/journal/?SA HTTP/1.1" 200 647 "-" "Mozilla/5.0 (compatible; MJ12bot/v1.4.8; http://mj12bot.com/)"
185.250.36.30 - - [31/Dec/2024:14:34:12 -0500] "GET /documents/6204_Rajpara/2020/k_november/sales/recycle/?MD HTTP/1.1" 200 584 "-" "Mozilla/5.0 (compatible; MJ12bot/v1.4.8; http://mj12bot.com/)"
37.57.218.243 - - [31/Dec/2024:14:34:13 -0500] "GET /documents/8897_Nehal/2020/k_november/journal/?SD HTTP/1.1" 200 645 "-" "Mozilla/5.0 (compatible; MJ12bot/v1.4.8; http://mj12bot.com/)"
37.57.218.243 - - [31/Dec/2024:14:34:15 -0500] "GET /documents/8897_Nehal/2020/k_november/others/?MD HTTP/1.1" 200 649 "-" "Mozilla/5.0 (compatible; MJ12bot/v1.4.8; http://mj12bot.com/)"
37.57.218.243 - - [31/Dec/2024:14:34:17 -0500] "GET /documents/8897_Nehal/2020/k_november/others/?NA HTTP/1.1" 200 645 "-" "Mozilla/5.0 (compatible; MJ12bot/v1.4.8; http://mj12bot.com/)"
37.57.218.243 - - [31/Dec/2024:14:34:18 -0500] "GET /documents/8897_Nehal/2020/k_november/others/?ND HTTP/1.1" 200 645 "-" "Mozilla/5.0 (compatible; MJ12bot/v1.4.8; http://mj12bot.com/)"
185.250.36.30 - - [31/Dec/2024:14:34:18 -0500] "GET /documents/6370_Sanket/2020/g_july/contra/?SD HTTP/1.1" 200 648 "-" "Mozilla/5.0 (compatible; MJ12bot/v1.4.8; http://mj12bot.com/)"
37.57.218.243 - - [31/Dec/2024:14:34:20 -0500] "GET /documents/8897_Nehal/2020/k_november/others/?SA HTTP/1.1" 200 650 "-" "Mozilla/5.0 (compatible; MJ12bot/v1.4.8; http://mj12bot.com/)"
37.57.218.243 - - [31/Dec/2024:14:34:22 -0500] "GET /documents/8897_Nehal/2020/k_november/purchase/recycle/?SA HTTP/1.1" 200 584 "-" "Mozilla/5.0 (compatible; MJ12bot/v1.4.8; http://mj12bot.com/)"
185.250.36.30 - - [31/Dec/2024:14:34:22 -0500] "GET /documents/6370_Sanket/2020/g_july/receipt/?MD HTTP/1.1" 200 649 "-" "Mozilla/5.0 (compatible; MJ12bot/v1.4.8; http://mj12bot.com/)"
37.57.218.243 - - [31/Dec/2024:14:34:23 -0500] "GET /documents/9242_New/2020/a_january/sales/?SD HTTP/1.1" 200 646 "-" "Mozilla/5.0 (compatible; MJ12bot/v1.4.8; http://mj12bot.com/)"
37.57.218.243 - - [31/Dec/2024:14:34:25 -0500] "GET /documents/9242_New/2020/a_january/sales/recycle/?MA HTTP/1.1" 200 583 "-" "Mozilla/5.0 (compatible; MJ12bot/v1.4.8; http://mj12bot.com/)"
185.250.36.30 - - [31/Dec/2024:14:34:26 -0500] "GET /documents/6370_Sanket/2020/g_july/receipt/?SD HTTP/1.1" 200 649 "-" "Mozilla/5.0 (compatible; MJ12bot/v1.4.8; http://mj12bot.com/)"
37.57.218.243 - - [31/Dec/2024:14:34:27 -0500] "GET /documents/9242_New/2020/a_january/sales/recycle/?MD HTTP/1.1" 200 583 "-" "Mozilla/5.0 (compatible; MJ12bot/v1.4.8; http://mj12bot.com/)"
37.57.218.243 - - [31/Dec/2024:14:34:28 -0500] "GET /documents/9242_New/2020/a_january/sales/recycle/?NA HTTP/1.1" 200 578 "-" "Mozilla/5.0 (compatible; MJ12bot/v1.4.8; http://mj12bot.com/)"
185.250.36.30 - - [31/Dec/2024:14:34:29 -0500] "GET /documents/6370_Sanket/2020/g_july/receipt/recycle/?NA HTTP/1.1" 200 579 "-" "Mozilla/5.0 (compatible; MJ12bot/v1.4.8; http://mj12bot.com/)"
37.57.218.243 - - [31/Dec/2024:14:34:30 -0500] "GET /documents/9242_New/2020/a_january/sales/recycle/?ND HTTP/1.1" 200 577 "-" "Mozilla/5.0 (compatible; MJ12bot/v1.4.8; http://mj12bot.com/)"
37.57.218.243 - - [31/Dec/2024:14:34:32 -0500] "GET /documents/9242_New/2020/a_january/sales/recycle/?SA HTTP/1.1" 200 582 "-" "Mozilla/5.0 (compatible; MJ12bot/v1.4.8; http://mj12bot.com/)"
37.57.218.243 - - [31/Dec/2024:14:34:34 -0500] "GET /documents/9242_New/2020/a_january/sales/recycle/?SD HTTP/1.1" 200 581 "-" "Mozilla/5.0 (compatible; MJ12bot/v1.4.8; http://mj12bot.com/)"
185.250.36.30 - - [31/Dec/2024:14:34:34 -0500] "GET /documents/6370_Sanket/2020/g_july/receipt/recycle/?SA HTTP/1.1" 200 584 "-" "Mozilla/5.0 (compatible; MJ12bot/v1.4.8; http://mj12bot.com/)"
37.57.218.243 - - [31/Dec/2024:14:34:35 -0500] "GET /documents/9242_New/2020/b_february/?MA HTTP/1.1" 200 1128 "-" "Mozilla/5.0 (compatible; MJ12bot/v1.4.8; http://mj12bot.com/)"
37.57.218.243 - - [31/Dec/2024:14:34:37 -0500] "GET /documents/9242_New/2020/b_february/?MD HTTP/1.1" 200 1121 "-" "Mozilla/5.0 (compatible; MJ12bot/v1.4.8; http://mj12bot.com/)"
185.250.36.30 - - [31/Dec/2024:14:34:37 -0500] "GET /documents/6370_Sanket/2020/g_july/reports/?MD HTTP/1.1" 200 648 "-" "Mozilla/5.0 (compatible; MJ12bot/v1.4.8; http://mj12bot.com/)"
37.57.218.243 - - [31/Dec/2024:14:34:39 -0500] "GET /documents/9242_New/2020/b_february/?NA HTTP/1.1" 200 1125 "-" "Mozilla/5.0 (compatible; MJ12bot/v1.4.8; http://mj12bot.com/)"
37.57.218.243 - - [31/Dec/2024:14:34:40 -0500] "GET /documents/9242_New/2020/b_february/?SA HTTP/1.1" 200 1128 "-" "Mozilla/5.0 (compatible; MJ12bot/v1.4.8; http://mj12bot.com/)"
37.57.218.243 - - [31/Dec/2024:14:34:42 -0500] "GET /documents/9242_New/2020/b_february/contra/?MA HTTP/1.1" 200 648 "-" "Mozilla/5.0 (compatible; MJ12bot/v1.4.8; http://mj12bot.com/)"
37.57.218.243 - - [31/Dec/2024:14:34:44 -0500] "GET /documents/9242_New/2020/b_february/contra/?NA HTTP/1.1" 200 643 "-" "Mozilla/5.0 (compatible; MJ12bot/v1.4.8; http://mj12bot.com/)"
37.57.218.243 - - [31/Dec/2024:14:34:45 -0500] "GET /documents/9242_New/2020/b_february/contra/?ND HTTP/1.1" 200 641 "-" "Mozilla/5.0 (compatible; MJ12bot/v1.4.8; http://mj12bot.com/)"
185.250.36.30 - - [31/Dec/2024:14:34:46 -0500] "GET /documents/6370_Sanket/2020/g_july/reports/?ND HTTP/1.1" 200 641 "-" "Mozilla/5.0 (compatible; MJ12bot/v1.4.8; http://mj12bot.com/)"
37.57.218.243 - - [31/Dec/2024:14:34:47 -0500] "GET /documents/9242_New/2020/b_february/contra/?SA HTTP/1.1" 200 649 "-" "Mozilla/5.0 (compatible; MJ12bot/v1.4.8; http://mj12bot.com/)"
37.57.218.243 - - [31/Dec/2024:14:34:49 -0500] "GET /documents/9242_New/2020/b_february/contra/?SD HTTP/1.1" 200 647 "-" "Mozilla/5.0 (compatible; MJ12bot/v1.4.8; http://mj12bot.com/)"
37.57.218.243 - - [31/Dec/2024:14:34:50 -0500] "GET /documents/9242_New/2020/b_february/contra/recycle/?MA HTTP/1.1" 200 583 "-" "Mozilla/5.0 (compatible; MJ12bot/v1.4.8; http://mj12bot.com/)"
185.250.36.30 - - [31/Dec/2024:14:34:51 -0500] "GET /documents/6370_Sanket/2020/g_july/reports/?SD HTTP/1.1" 200 648 "-" "Mozilla/5.0 (compatible; MJ12bot/v1.4.8; http://mj12bot.com/)"
37.57.218.243 - - [31/Dec/2024:14:34:52 -0500] "GET /documents/9242_New/2020/b_february/contra/recycle/?NA HTTP/1.1" 200 579 "-" "Mozilla/5.0 (compatible; MJ12bot/v1.4.8; http://mj12bot.com/)"
37.57.218.243 - - [31/Dec/2024:14:34:54 -0500] "GET /documents/9242_New/2020/b_february/contra/recycle/?ND HTTP/1.1" 200 578 "-" "Mozilla/5.0 (compatible; MJ12bot/v1.4.8; http://mj12bot.com/)"
37.57.218.243 - - [31/Dec/2024:14:34:56 -0500] "GET /documents/9242_New/2020/b_february/contra/recycle/?SA HTTP/1.1" 200 583 "-" "Mozilla/5.0 (compatible; MJ12bot/v1.4.8; http://mj12bot.com/)"
185.250.36.30 - - [31/Dec/2024:14:34:57 -0500] "GET /documents/6370_Sanket/2020/g_july/sales/?MD HTTP/1.1" 200 647 "-" "Mozilla/5.0 (compatible; MJ12bot/v1.4.8; http://mj12bot.com/)"
37.57.218.243 - - [31/Dec/2024:14:34:57 -0500] "GET /documents/9242_New/2020/b_february/credit/?MD HTTP/1.1" 200 648 "-" "Mozilla/5.0 (compatible; MJ12bot/v1.4.8; http://mj12bot.com/)"
37.57.218.243 - - [31/Dec/2024:14:34:59 -0500] "GET /documents/9242_New/2020/b_february/journal/recycle/?MD HTTP/1.1" 200 583 "-" "Mozilla/5.0 (compatible; MJ12bot/v1.4.8; http://mj12bot.com/)"
185.250.36.30 - - [31/Dec/2024:14:35:00 -0500] "GET /documents/6370_Sanket/2020/g_july/sales/?NA HTTP/1.1" 200 641 "-" "Mozilla/5.0 (compatible; MJ12bot/v1.4.8; http://mj12bot.com/)"
37.57.218.243 - - [31/Dec/2024:14:35:01 -0500] "GET /documents/9242_New/2020/b_february/journal/recycle/?NA HTTP/1.1" 200 578 "-" "Mozilla/5.0 (compatible; MJ12bot/v1.4.8; http://mj12bot.com/)"
37.57.218.243 - - [31/Dec/2024:14:35:02 -0500] "GET /documents/9242_New/2020/b_february/journal/recycle/?ND HTTP/1.1" 200 577 "-" "Mozilla/5.0 (compatible; MJ12bot/v1.4.8; http://mj12bot.com/)"
37.57.218.243 - - [31/Dec/2024:14:35:04 -0500] "GET /documents/9242_New/2020/b_february/journal/recycle/?SD HTTP/1.1" 200 583 "-" "Mozilla/5.0 (compatible; MJ12bot/v1.4.8; http://mj12bot.com/)"
185.250.36.30 - - [31/Dec/2024:14:35:05 -0500] "GET /documents/6370_Sanket/2020/g_july/sales/?SD HTTP/1.1" 200 647 "-" "Mozilla/5.0 (compatible; MJ12bot/v1.4.8; http://mj12bot.com/)"
37.57.218.243 - - [31/Dec/2024:14:35:06 -0500] "GET /documents/9242_New/2020/b_february/others/?MA HTTP/1.1" 200 649 "-" "Mozilla/5.0 (compatible; MJ12bot/v1.4.8; http://mj12bot.com/)"
37.57.218.243 - - [31/Dec/2024:14:35:07 -0500] "GET /documents/9242_New/2020/b_february/others/?MD HTTP/1.1" 200 648 "-" "Mozilla/5.0 (compatible; MJ12bot/v1.4.8; http://mj12bot.com/)"
185.250.36.30 - - [31/Dec/2024:14:35:08 -0500] "GET /documents/6370_Sanket/2020/h_august/?MD HTTP/1.1" 200 1118 "-" "Mozilla/5.0 (compatible; MJ12bot/v1.4.8; http://mj12bot.com/)"
37.57.218.243 - - [31/Dec/2024:14:35:09 -0500] "GET /documents/9242_New/2020/b_february/others/?NA HTTP/1.1" 200 643 "-" "Mozilla/5.0 (compatible; MJ12bot/v1.4.8; http://mj12bot.com/)"
37.57.218.243 - - [31/Dec/2024:14:35:11 -0500] "GET /documents/9242_New/2020/b_february/others/?ND HTTP/1.1" 200 641 "-" "Mozilla/5.0 (compatible; MJ12bot/v1.4.8; http://mj12bot.com/)"
37.57.218.243 - - [31/Dec/2024:14:35:13 -0500] "GET /documents/9242_New/2020/b_february/others/?SA HTTP/1.1" 200 649 "-" "Mozilla/5.0 (compatible; MJ12bot/v1.4.8; http://mj12bot.com/)"
37.57.218.243 - - [31/Dec/2024:14:35:14 -0500] "GET /documents/9242_New/2020/b_february/others/?SD HTTP/1.1" 200 647 "-" "Mozilla/5.0 (compatible; MJ12bot/v1.4.8; http://mj12bot.com/)"
185.250.36.30 - - [31/Dec/2024:14:35:14 -0500] "GET /documents/6370_Sanket/2020/h_august/?SD HTTP/1.1" 200 1116 "-" "Mozilla/5.0 (compatible; MJ12bot/v1.4.8; http://mj12bot.com/)"
37.57.218.243 - - [31/Dec/2024:14:35:16 -0500] "GET /documents/9242_New/2020/b_february/others/recycle/?MA HTTP/1.1" 200 584 "-" "Mozilla/5.0 (compatible; MJ12bot/v1.4.8; http://mj12bot.com/)"
37.57.218.243 - - [31/Dec/2024:14:35:18 -0500] "GET /documents/9242_New/2020/b_february/others/recycle/?MD HTTP/1.1" 200 583 "-" "Mozilla/5.0 (compatible; MJ12bot/v1.4.8; http://mj12bot.com/)"
37.57.218.243 - - [31/Dec/2024:14:35:19 -0500] "GET /documents/9242_New/2020/b_february/others/recycle/?ND HTTP/1.1" 200 579 "-" "Mozilla/5.0 (compatible; MJ12bot/v1.4.8; http://mj12bot.com/)"
185.250.36.30 - - [31/Dec/2024:14:35:20 -0500] "GET /documents/6370_Sanket/2020/h_august/bank/?MD HTTP/1.1" 200 648 "-" "Mozilla/5.0 (compatible; MJ12bot/v1.4.8; http://mj12bot.com/)"
37.57.218.243 - - [31/Dec/2024:14:35:21 -0500] "GET /documents/9242_New/2020/b_february/others/recycle/?SA HTTP/1.1" 200 584 "-" "Mozilla/5.0 (compatible; MJ12bot/v1.4.8; http://mj12bot.com/)"
37.57.218.243 - - [31/Dec/2024:14:35:22 -0500] "GET /documents/9242_New/2020/b_february/payment/?MD HTTP/1.1" 200 642 "-" "Mozilla/5.0 (compatible; MJ12bot/v1.4.8; http://mj12bot.com/)"
185.250.36.30 - - [31/Dec/2024:14:35:23 -0500] "GET /documents/6370_Sanket/2020/h_august/bank/?NA HTTP/1.1" 200 642 "-" "Mozilla/5.0 (compatible; MJ12bot/v1.4.8; http://mj12bot.com/)"
37.57.218.243 - - [31/Dec/2024:14:35:24 -0500] "GET /documents/9242_New/2020/b_february/payment/?NA HTTP/1.1" 200 639 "-" "Mozilla/5.0 (compatible; MJ12bot/v1.4.8; http://mj12bot.com/)"
37.57.218.243 - - [31/Dec/2024:14:35:26 -0500] "GET /documents/9242_New/2020/b_february/payment/?ND HTTP/1.1" 200 637 "-" "Mozilla/5.0 (compatible; MJ12bot/v1.4.8; http://mj12bot.com/)"
37.57.218.243 - - [31/Dec/2024:14:35:27 -0500] "GET /documents/9242_New/2020/b_february/payment/recycle/?MA HTTP/1.1" 200 583 "-" "Mozilla/5.0 (compatible; MJ12bot/v1.4.8; http://mj12bot.com/)"
185.250.36.30 - - [31/Dec/2024:14:35:28 -0500] "GET /documents/6370_Sanket/2020/h_august/bank/?SD HTTP/1.1" 200 648 "-" "Mozilla/5.0 (compatible; MJ12bot/v1.4.8; http://mj12bot.com/)"
37.57.218.243 - - [31/Dec/2024:14:35:29 -0500] "GET /documents/9242_New/2020/b_february/payment/recycle/?MD HTTP/1.1" 200 583 "-" "Mozilla/5.0 (compatible; MJ12bot/v1.4.8; http://mj12bot.com/)"
37.57.218.243 - - [31/Dec/2024:14:35:31 -0500] "GET /documents/9242_New/2020/b_february/payment/recycle/?NA HTTP/1.1" 200 578 "-" "Mozilla/5.0 (compatible; MJ12bot/v1.4.8; http://mj12bot.com/)"
37.57.218.243 - - [31/Dec/2024:14:35:33 -0500] "GET /documents/9242_New/2020/b_february/payment/recycle/?ND HTTP/1.1" 200 577 "-" "Mozilla/5.0 (compatible; MJ12bot/v1.4.8; http://mj12bot.com/)"
37.57.218.243 - - [31/Dec/2024:14:35:34 -0500] "GET /documents/9242_New/2020/b_february/purchase/?NA HTTP/1.1" 200 639 "-" "Mozilla/5.0 (compatible; MJ12bot/v1.4.8; http://mj12bot.com/)"
37.57.218.243 - - [31/Dec/2024:14:35:36 -0500] "GET /documents/9242_New/2020/b_february/purchase/?SA HTTP/1.1" 200 644 "-" "Mozilla/5.0 (compatible; MJ12bot/v1.4.8; http://mj12bot.com/)"
185.250.36.30 - - [31/Dec/2024:14:35:36 -0500] "GET /documents/6370_Sanket/2020/h_august/bank/recycle/?ND HTTP/1.1" 200 577 "-" "Mozilla/5.0 (compatible; MJ12bot/v1.4.8; http://mj12bot.com/)"
37.57.218.243 - - [31/Dec/2024:14:35:38 -0500] "GET /documents/9242_New/2020/b_february/purchase/?SD HTTP/1.1" 200 646 "-" "Mozilla/5.0 (compatible; MJ12bot/v1.4.8; http://mj12bot.com/)"
37.57.218.243 - - [31/Dec/2024:14:35:39 -0500] "GET /documents/9242_New/2020/b_february/purchase/recycle/?MA HTTP/1.1" 200 583 "-" "Mozilla/5.0 (compatible; MJ12bot/v1.4.8; http://mj12bot.com/)"
185.250.36.30 - - [31/Dec/2024:14:35:41 -0500] "GET /documents/6370_Sanket/2020/h_august/bank/recycle/?SD HTTP/1.1" 200 582 "-" "Mozilla/5.0 (compatible; MJ12bot/v1.4.8; http://mj12bot.com/)"
37.57.218.243 - - [31/Dec/2024:14:35:41 -0500] "GET /documents/9242_New/2020/c_march/debit/recycle/ HTTP/1.1" 200 578 "-" "Mozilla/5.0 (compatible; MJ12bot/v1.4.8; http://mj12bot.com/)"
37.57.218.243 - - [31/Dec/2024:14:35:43 -0500] "GET /documents/9242_New/2020/d_april/others/recycle/ HTTP/1.1" 200 577 "-" "Mozilla/5.0 (compatible; MJ12bot/v1.4.8; http://mj12bot.com/)"
37.57.218.243 - - [31/Dec/2024:14:35:44 -0500] "GET /documents/9242_New/2020/d_april/reports/recycle/ HTTP/1.1" 200 575 "-" "Mozilla/5.0 (compatible; MJ12bot/v1.4.8; http://mj12bot.com/)"
37.57.218.243 - - [31/Dec/2024:14:35:46 -0500] "GET /documents/9242_New/2020/d_april/sales/recycle/ HTTP/1.1" 200 577 "-" "Mozilla/5.0 (compatible; MJ12bot/v1.4.8; http://mj12bot.com/)"
185.250.36.30 - - [31/Dec/2024:14:35:47 -0500] "GET /documents/6370_Sanket/2020/h_august/cheque_reg/?MA HTTP/1.1" 200 649 "-" "Mozilla/5.0 (compatible; MJ12bot/v1.4.8; http://mj12bot.com/)"
37.57.218.243 - - [31/Dec/2024:14:35:48 -0500] "GET /documents/9242_New/2020/e_may/credit/recycle/ HTTP/1.1" 200 576 "-" "Mozilla/5.0 (compatible; MJ12bot/v1.4.8; http://mj12bot.com/)"
37.57.218.243 - - [31/Dec/2024:14:35:49 -0500] "GET /documents/9242_New/2020/e_may/debit/recycle/ HTTP/1.1" 200 578 "-" "Mozilla/5.0 (compatible; MJ12bot/v1.4.8; http://mj12bot.com/)"
37.57.218.243 - - [31/Dec/2024:14:35:51 -0500] "GET /documents/9242_New/2020/e_may/journal/recycle/ HTTP/1.1" 200 641 "-" "Mozilla/5.0 (compatible; MJ12bot/v1.4.8; http://mj12bot.com/)"
66.249.77.196 - - [31/Dec/2024:14:35:51 -0500] "GET /?_gl=1*1ix4f11*_gcl_au*MTYxMTI1OTI3MS4xNzIxODg2NjU0*_ga*ODYyMzk4MzA3LjE2OTk0NTM1Nzg.*_ga_7H42SVMQ0V*MTcyMTg4NjY1NS4xMjEuMS4xNzIxODg2NjY5LjQ2LjAuMA..&_ga=2.198040047.1958808748.1721886654-862398307.1699453578&_bdsid=2ulvIJ.n~ZXCIW.1721886656070.1721886848&_bd_prev_page=https://www.paperpush.com/detail.php?btbzk/q113229.html HTTP/1.1" 500 0 "-" "Mozilla/5.0 (Linux; Android 6.0.1; Nexus 5X Build/MMB29P) AppleWebKit/537.36 (KHTML, like Gecko) Chrome/131.0.6778.139 Mobile Safari/537.36 (compatible; Googlebot/2.1; +http://www.google.com/bot.html)"
185.250.36.30 - - [31/Dec/2024:14:35:53 -0500] "GET /documents/6370_Sanket/2020/h_august/cheque_reg/?ND HTTP/1.1" 200 643 "-" "Mozilla/5.0 (compatible; MJ12bot/v1.4.8; http://mj12bot.com/)"
37.57.218.243 - - [31/Dec/2024:14:35:53 -0500] "GET /documents/9242_New/2020/e_may/journal/recycle/recycle/ HTTP/1.1" 200 0 "-" "Mozilla/5.0 (compatible; MJ12bot/v1.4.8; http://mj12bot.com/)"
37.57.218.243 - - [31/Dec/2024:14:35:54 -0500] "GET /documents/9242_New/2020/f_june/payment/recycle/ HTTP/1.1" 200 575 "-" "Mozilla/5.0 (compatible; MJ12bot/v1.4.8; http://mj12bot.com/)"
37.57.218.243 - - [31/Dec/2024:14:35:56 -0500] "GET /documents/9242_New/2020/f_june/receipt/recycle/ HTTP/1.1" 200 577 "-" "Mozilla/5.0 (compatible; MJ12bot/v1.4.8; http://mj12bot.com/)"
37.57.218.243 - - [31/Dec/2024:14:35:58 -0500] "GET /documents/9242_New/2020/h_august/bank/recycle/ HTTP/1.1" 200 576 "-" "Mozilla/5.0 (compatible; MJ12bot/v1.4.8; http://mj12bot.com/)"
185.250.36.30 - - [31/Dec/2024:14:35:58 -0500] "GET /documents/6370_Sanket/2020/h_august/cheque_reg/?SA HTTP/1.1" 200 649 "-" "Mozilla/5.0 (compatible; MJ12bot/v1.4.8; http://mj12bot.com/)"
37.57.218.243 - - [31/Dec/2024:14:35:59 -0500] "GET /documents/9242_New/2020/h_august/cheque_reg/recycle/ HTTP/1.1" 200 580 "-" "Mozilla/5.0 (compatible; MJ12bot/v1.4.8; http://mj12bot.com/)"
37.57.218.243 - - [31/Dec/2024:14:36:01 -0500] "GET /documents/9242_New/2020/h_august/contra/recycle/ HTTP/1.1" 200 577 "-" "Mozilla/5.0 (compatible; MJ12bot/v1.4.8; http://mj12bot.com/)"
37.57.218.243 - - [31/Dec/2024:14:36:03 -0500] "GET /documents/9242_New/2020/h_august/credit/recycle/ HTTP/1.1" 200 577 "-" "Mozilla/5.0 (compatible; MJ12bot/v1.4.8; http://mj12bot.com/)"
37.57.218.243 - - [31/Dec/2024:14:36:04 -0500] "GET /documents/9242_New/2020/h_august/debit/recycle/ HTTP/1.1" 200 577 "-" "Mozilla/5.0 (compatible; MJ12bot/v1.4.8; http://mj12bot.com/)"
185.250.36.30 - - [31/Dec/2024:14:36:05 -0500] "GET /documents/6370_Sanket/2020/h_august/cheque_reg/?SD HTTP/1.1" 200 649 "-" "Mozilla/5.0 (compatible; MJ12bot/v1.4.8; http://mj12bot.com/)"
37.57.218.243 - - [31/Dec/2024:14:36:06 -0500] "GET /documents/9242_New/2020/h_august/journal/recycle/ HTTP/1.1" 200 575 "-" "Mozilla/5.0 (compatible; MJ12bot/v1.4.8; http://mj12bot.com/)"
37.57.218.243 - - [31/Dec/2024:14:36:08 -0500] "GET /documents/9242_New/2020/h_august/others/recycle/ HTTP/1.1" 200 577 "-" "Mozilla/5.0 (compatible; MJ12bot/v1.4.8; http://mj12bot.com/)"
37.57.218.243 - - [31/Dec/2024:14:36:09 -0500] "GET /documents/9242_New/2020/i_september/bank/recycle/ HTTP/1.1" 200 578 "-" "Mozilla/5.0 (compatible; MJ12bot/v1.4.8; http://mj12bot.com/)"
185.250.36.30 - - [31/Dec/2024:14:36:10 -0500] "GET /documents/6370_Sanket/2020/h_august/cheque_reg/recycle/?MA HTTP/1.1" 200 586 "-" "Mozilla/5.0 (compatible; MJ12bot/v1.4.8; http://mj12bot.com/)"
37.57.218.243 - - [31/Dec/2024:14:36:11 -0500] "GET /documents/9242_New/2020/i_september/cheque_reg/recycle/ HTTP/1.1" 200 582 "-" "Mozilla/5.0 (compatible; MJ12bot/v1.4.8; http://mj12bot.com/)"
37.57.218.243 - - [31/Dec/2024:14:36:13 -0500] "GET /documents/9242_New/2020/i_september/contra/recycle/ HTTP/1.1" 200 579 "-" "Mozilla/5.0 (compatible; MJ12bot/v1.4.8; http://mj12bot.com/)"
185.250.36.30 - - [31/Dec/2024:14:36:13 -0500] "GET /documents/6370_Sanket/2020/h_august/cheque_reg/recycle/?MD HTTP/1.1" 200 588 "-" "Mozilla/5.0 (compatible; MJ12bot/v1.4.8; http://mj12bot.com/)"
37.57.218.243 - - [31/Dec/2024:14:36:14 -0500] "GET /documents/9242_New/2020/i_september/credit/recycle/ HTTP/1.1" 200 578 "-" "Mozilla/5.0 (compatible; MJ12bot/v1.4.8; http://mj12bot.com/)"
37.57.218.243 - - [31/Dec/2024:14:36:16 -0500] "GET /documents/9242_New/2020/i_september/debit/recycle/ HTTP/1.1" 200 579 "-" "Mozilla/5.0 (compatible; MJ12bot/v1.4.8; http://mj12bot.com/)"
37.57.218.243 - - [31/Dec/2024:14:36:18 -0500] "GET /documents/9242_New/2020/i_september/journal/recycle/ HTTP/1.1" 200 579 "-" "Mozilla/5.0 (compatible; MJ12bot/v1.4.8; http://mj12bot.com/)"
185.250.36.30 - - [31/Dec/2024:14:36:19 -0500] "GET /documents/6370_Sanket/2020/h_august/cheque_reg/recycle/?NA HTTP/1.1" 200 582 "-" "Mozilla/5.0 (compatible; MJ12bot/v1.4.8; http://mj12bot.com/)"
37.57.218.243 - - [31/Dec/2024:14:36:19 -0500] "GET /documents/9242_New/2020/k_november/reports/recycle/ HTTP/1.1" 200 576 "-" "Mozilla/5.0 (compatible; MJ12bot/v1.4.8; http://mj12bot.com/)"
121.98.92.159 - - [31/Dec/2024:14:36:20 -0500] "GET /documents/5764_Sanket/2020/g_july/contra/?d=%2Fopt%2Fimunify360%2Fvenv%2Flib%2Fpython3.11%2Fsite-packages%2Fsentry_sdk%2F__pycache__&f=sessions.cpython-311.pyc&x=c HTTP/1.1" 200 1538 "-" "Mozilla/5.0 (Linux; Android 8.0; Pixel 2 Build/OPD3.170816.012) AppleWebKit/537.36 (KHTML, like Gecko) Chrome/60.0.7042.1610 Mobile Safari/537.36"
37.57.218.243 - - [31/Dec/2024:14:36:21 -0500] "GET /plugins/ckeditor/adapters/ HTTP/1.1" 200 626 "-" "Mozilla/5.0 (compatible; MJ12bot/v1.4.8; http://mj12bot.com/)"
37.57.218.243 - - [31/Dec/2024:14:36:22 -0500] "GET /plugins/ckeditor/lang/ HTTP/1.1" 200 2084 "-" "Mozilla/5.0 (compatible; MJ12bot/v1.4.8; http://mj12bot.com/)"
185.250.36.30 - - [31/Dec/2024:14:36:23 -0500] "GET /documents/6370_Sanket/2020/h_august/cheque_reg/recycle/?ND HTTP/1.1" 200 581 "-" "Mozilla/5.0 (compatible; MJ12bot/v1.4.8; http://mj12bot.com/)"
37.57.218.243 - - [31/Dec/2024:14:36:24 -0500] "GET /plugins/ckeditor/plugins/a11yhelp/dialogs/lang/ HTTP/1.1" 200 1871 "-" "Mozilla/5.0 (compatible; MJ12bot/v1.4.8; http://mj12bot.com/)"
37.57.218.243 - - [31/Dec/2024:14:36:26 -0500] "GET /plugins/ckeditor/plugins/about/dialogs/hidpi/ HTTP/1.1" 200 643 "-" "Mozilla/5.0 (compatible; MJ12bot/v1.4.8; http://mj12bot.com/)"
185.250.36.30 - - [31/Dec/2024:14:36:26 -0500] "GET /documents/6370_Sanket/2020/h_august/cheque_reg/recycle/?SA HTTP/1.1" 200 588 "-" "Mozilla/5.0 (compatible; MJ12bot/v1.4.8; http://mj12bot.com/)"
37.57.218.243 - - [31/Dec/2024:14:36:27 -0500] "GET /plugins/ckeditor/plugins/div/dialogs/dialogs/ HTTP/1.1" 200 556 "-" "Mozilla/5.0 (compatible; MJ12bot/v1.4.8; http://mj12bot.com/)"
37.57.218.243 - - [31/Dec/2024:14:36:29 -0500] "GET /plugins/ckeditor/plugins/image/icons/hidpi/ HTTP/1.1" 200 633 "-" "Mozilla/5.0 (compatible; MJ12bot/v1.4.8; http://mj12bot.com/)"
185.250.36.30 - - [31/Dec/2024:14:36:29 -0500] "GET /documents/6370_Sanket/2020/h_august/cheque_reg/recycle/?SD HTTP/1.1" 200 588 "-" "Mozilla/5.0 (compatible; MJ12bot/v1.4.8; http://mj12bot.com/)"
37.57.218.243 - - [31/Dec/2024:14:36:31 -0500] "GET /plugins/ckeditor/plugins/showblocks/images/?MD HTTP/1.1" 200 1129 "-" "Mozilla/5.0 (compatible; MJ12bot/v1.4.8; http://mj12bot.com/)"
37.57.218.243 - - [31/Dec/2024:14:36:32 -0500] "GET /plugins/ckeditor/plugins/showblocks/images/?NA HTTP/1.1" 200 1109 "-" "Mozilla/5.0 (compatible; MJ12bot/v1.4.8; http://mj12bot.com/)"
185.250.36.30 - - [31/Dec/2024:14:36:34 -0500] "GET /documents/6370_Sanket/2020/h_august/contra/?MD HTTP/1.1" 200 643 "-" "Mozilla/5.0 (compatible; MJ12bot/v1.4.8; http://mj12bot.com/)"
37.57.218.243 - - [31/Dec/2024:14:36:34 -0500] "GET /plugins/ckeditor/plugins/showblocks/images/?SD HTTP/1.1" 200 1142 "-" "Mozilla/5.0 (compatible; MJ12bot/v1.4.8; http://mj12bot.com/)"
37.57.218.243 - - [31/Dec/2024:14:36:36 -0500] "GET /plugins/ckeditor/plugins/showblocks/images/images/?MD HTTP/1.1" 200 563 "-" "Mozilla/5.0 (compatible; MJ12bot/v1.4.8; http://mj12bot.com/)"
37.57.218.243 - - [31/Dec/2024:14:36:37 -0500] "GET /plugins/ckeditor/samples/old/toolbar/?ND HTTP/1.1" 200 558 "-" "Mozilla/5.0 (compatible; MJ12bot/v1.4.8; http://mj12bot.com/)"
37.57.218.243 - - [31/Dec/2024:14:36:39 -0500] "GET /plugins/ckeditor/samples/old/toolbar/?SD HTTP/1.1" 200 563 "-" "Mozilla/5.0 (compatible; MJ12bot/v1.4.8; http://mj12bot.com/)"
185.250.36.30 - - [31/Dec/2024:14:36:40 -0500] "GET /documents/6370_Sanket/2020/h_august/contra/?NA HTTP/1.1" 200 639 "-" "Mozilla/5.0 (compatible; MJ12bot/v1.4.8; http://mj12bot.com/)"
37.57.218.243 - - [31/Dec/2024:14:36:41 -0500] "GET /plugins/ckeditor/samples/old/wysiwygarea/?MD HTTP/1.1" 200 565 "-" "Mozilla/5.0 (compatible; MJ12bot/v1.4.8; http://mj12bot.com/)"
37.57.218.243 - - [31/Dec/2024:14:36:42 -0500] "GET /plugins/ckeditor/samples/old/wysiwygarea/?ND HTTP/1.1" 200 562 "-" "Mozilla/5.0 (compatible; MJ12bot/v1.4.8; http://mj12bot.com/)"
37.57.218.243 - - [31/Dec/2024:14:36:44 -0500] "GET /plugins/ckeditor/samples/toolbarconfigurator/lib/?MD HTTP/1.1" 200 646 "-" "Mozilla/5.0 (compatible; MJ12bot/v1.4.8; http://mj12bot.com/)"
185.250.36.30 - - [31/Dec/2024:14:36:45 -0500] "GET /documents/6370_Sanket/2020/h_august/contra/?SD HTTP/1.1" 200 644 "-" "Mozilla/5.0 (compatible; MJ12bot/v1.4.8; http://mj12bot.com/)"
37.57.218.243 - - [31/Dec/2024:14:36:45 -0500] "GET /plugins/ckeditor/samples/toolbarconfigurator/lib/codemirror/?SD HTTP/1.1" 200 1098 "-" "Mozilla/5.0 (compatible; MJ12bot/v1.4.8; http://mj12bot.com/)"
37.57.218.243 - - [31/Dec/2024:14:36:47 -0500] "GET /plugins/ckeditor/samples/toolbarconfigurator/lib/codemirror/LICENSE HTTP/1.1" 200 1094 "-" "Mozilla/5.0 (compatible; MJ12bot/v1.4.8; http://mj12bot.com/)"
37.57.218.243 - - [31/Dec/2024:14:36:49 -0500] "GET /plugins/ckeditor/samples/toolbarconfigurator/lib/codemirror/codemirror.css HTTP/1.1" 200 2196 "-" "Mozilla/5.0 (compatible; MJ12bot/v1.4.8; http://mj12bot.com/)"
37.57.218.243 - - [31/Dec/2024:14:36:50 -0500] "GET /plugins/ckeditor/samples/toolbarconfigurator/lib/codemirror/neo.css HTTP/1.1" 200 304 "-" "Mozilla/5.0 (compatible; MJ12bot/v1.4.8; http://mj12bot.com/)"
185.250.36.30 - - [31/Dec/2024:14:36:51 -0500] "GET /documents/6370_Sanket/2020/h_august/contra/recycle/?MD HTTP/1.1" 200 584 "-" "Mozilla/5.0 (compatible; MJ12bot/v1.4.8; http://mj12bot.com/)"
37.57.218.243 - - [31/Dec/2024:14:36:52 -0500] "GET /plugins/ckeditor/samples/toolbarconfigurator/lib/codemirror/show-hint.css HTTP/1.1" 200 274 "-" "Mozilla/5.0 (compatible; MJ12bot/v1.4.8; http://mj12bot.com/)"
37.57.218.243 - - [31/Dec/2024:14:36:54 -0500] "GET /plugins/datatables/extensions/?MA HTTP/1.1" 200 1119 "-" "Mozilla/5.0 (compatible; MJ12bot/v1.4.8; http://mj12bot.com/)"
185.250.36.30 - - [31/Dec/2024:14:36:55 -0500] "GET /documents/6370_Sanket/2020/h_august/contra/recycle/?ND HTTP/1.1" 200 577 "-" "Mozilla/5.0 (compatible; MJ12bot/v1.4.8; http://mj12bot.com/)"
37.57.218.243 - - [31/Dec/2024:14:36:55 -0500] "GET /plugins/datatables/extensions/?MD HTTP/1.1" 200 1117 "-" "Mozilla/5.0 (compatible; MJ12bot/v1.4.8; http://mj12bot.com/)"
37.57.218.243 - - [31/Dec/2024:14:36:57 -0500] "GET /plugins/datatables/extensions/?NA HTTP/1.1" 200 1113 "-" "Mozilla/5.0 (compatible; MJ12bot/v1.4.8; http://mj12bot.com/)"
185.250.36.30 - - [31/Dec/2024:14:36:59 -0500] "GET /documents/6370_Sanket/2020/h_august/credit/?ND HTTP/1.1" 200 638 "-" "Mozilla/5.0 (compatible; MJ12bot/v1.4.8; http://mj12bot.com/)"
37.57.218.243 - - [31/Dec/2024:14:36:59 -0500] "GET /plugins/datatables/extensions/?ND HTTP/1.1" 200 1117 "-" "Mozilla/5.0 (compatible; MJ12bot/v1.4.8; http://mj12bot.com/)"
