37.57.218.243 - - [31/Dec/2024:14:37:00 -0500] "GET /plugins/datatables/extensions/?SA HTTP/1.1" 200 1116 "-" "Mozilla/5.0 (compatible; MJ12bot/v1.4.8; http://mj12bot.com/)"
37.57.218.243 - - [31/Dec/2024:14:37:02 -0500] "GET /plugins/datatables/extensions/?SD HTTP/1.1" 200 1117 "-" "Mozilla/5.0 (compatible; MJ12bot/v1.4.8; http://mj12bot.com/)"
37.57.218.243 - - [31/Dec/2024:14:37:04 -0500] "GET /plugins/datatables/extensions/AutoFill/examples/?MA HTTP/1.1" 200 571 "-" "Mozilla/5.0 (compatible; MJ12bot/v1.4.8; http://mj12bot.com/)"
185.250.36.30 - - [31/Dec/2024:14:37:04 -0500] "GET /documents/6370_Sanket/2020/h_august/credit/?SD HTTP/1.1" 200 643 "-" "Mozilla/5.0 (compatible; MJ12bot/v1.4.8; http://mj12bot.com/)"
37.57.218.243 - - [31/Dec/2024:14:37:05 -0500] "GET /plugins/datatables/extensions/AutoFill/examples/?MD HTTP/1.1" 200 570 "-" "Mozilla/5.0 (compatible; MJ12bot/v1.4.8; http://mj12bot.com/)"
37.57.218.243 - - [31/Dec/2024:14:37:07 -0500] "GET /plugins/datatables/extensions/AutoFill/examples/?NA HTTP/1.1" 200 565 "-" "Mozilla/5.0 (compatible; MJ12bot/v1.4.8; http://mj12bot.com/)"
37.57.218.243 - - [31/Dec/2024:14:37:09 -0500] "GET /plugins/datatables/extensions/AutoFill/examples/?ND HTTP/1.1" 200 565 "-" "Mozilla/5.0 (compatible; MJ12bot/v1.4.8; http://mj12bot.com/)"
37.57.218.243 - - [31/Dec/2024:14:37:10 -0500] "GET /plugins/datatables/extensions/AutoFill/examples/?SA HTTP/1.1" 200 570 "-" "Mozilla/5.0 (compatible; MJ12bot/v1.4.8; http://mj12bot.com/)"
185.250.36.30 - - [31/Dec/2024:14:37:11 -0500] "GET /documents/6370_Sanket/2020/h_august/credit/recycle/?MA HTTP/1.1" 200 583 "-" "Mozilla/5.0 (compatible; MJ12bot/v1.4.8; http://mj12bot.com/)"
47.128.115.156 - - [31/Dec/2024:14:37:11 -0500] "GET /documents/5764_Sanket/2020/g_july/contra/?d=%2Fopt%2Fimunify360%2Fvenv%2Flib%2Fpython3.11%2Fsite-packages%2Fsentry_sdk%2F__pycache__&f=__init__.cpython-311.pyc&x=c HTTP/1.1" 200 1431 "-" "Mozilla/5.0 (Linux; Android 5.0) AppleWebKit/537.36 (KHTML, like Gecko) Mobile Safari/537.36 (compatible; Bytespider; spider-feedback@bytedance.com)"
37.57.218.243 - - [31/Dec/2024:14:37:12 -0500] "GET /plugins/datatables/extensions/AutoFill/examples/?SD HTTP/1.1" 200 569 "-" "Mozilla/5.0 (compatible; MJ12bot/v1.4.8; http://mj12bot.com/)"
185.250.36.30 - - [31/Dec/2024:14:37:13 -0500] "GET /documents/6370_Sanket/2020/h_august/credit/recycle/?MD HTTP/1.1" 200 583 "-" "Mozilla/5.0 (compatible; MJ12bot/v1.4.8; http://mj12bot.com/)"
37.57.218.243 - - [31/Dec/2024:14:37:14 -0500] "GET /plugins/datatables/extensions/ColReorder/examples/?MA HTTP/1.1" 200 571 "-" "Mozilla/5.0 (compatible; MJ12bot/v1.4.8; http://mj12bot.com/)"
37.57.218.243 - - [31/Dec/2024:14:37:15 -0500] "GET /plugins/datatables/extensions/ColReorder/examples/?MD HTTP/1.1" 200 570 "-" "Mozilla/5.0 (compatible; MJ12bot/v1.4.8; http://mj12bot.com/)"
37.57.218.243 - - [31/Dec/2024:14:37:17 -0500] "GET /plugins/datatables/extensions/ColReorder/examples/?NA HTTP/1.1" 200 564 "-" "Mozilla/5.0 (compatible; MJ12bot/v1.4.8; http://mj12bot.com/)"
185.250.36.30 - - [31/Dec/2024:14:37:18 -0500] "GET /documents/6370_Sanket/2020/h_august/credit/recycle/?NA HTTP/1.1" 200 578 "-" "Mozilla/5.0 (compatible; MJ12bot/v1.4.8; http://mj12bot.com/)"
37.57.218.243 - - [31/Dec/2024:14:37:19 -0500] "GET /plugins/datatables/extensions/ColVis/examples/?SD HTTP/1.1" 200 566 "-" "Mozilla/5.0 (compatible; MJ12bot/v1.4.8; http://mj12bot.com/)"
37.57.218.243 - - [31/Dec/2024:14:37:20 -0500] "GET /plugins/datatables/extensions/FixedColumns/examples/?MA HTTP/1.1" 200 642 "-" "Mozilla/5.0 (compatible; MJ12bot/v1.4.8; http://mj12bot.com/)"
37.57.218.243 - - [31/Dec/2024:14:37:22 -0500] "GET /plugins/datatables/extensions/FixedColumns/examples/?MD HTTP/1.1" 200 642 "-" "Mozilla/5.0 (compatible; MJ12bot/v1.4.8; http://mj12bot.com/)"
37.57.218.243 - - [31/Dec/2024:14:37:24 -0500] "GET /plugins/datatables/extensions/FixedColumns/examples/?NA HTTP/1.1" 200 637 "-" "Mozilla/5.0 (compatible; MJ12bot/v1.4.8; http://mj12bot.com/)"
185.250.36.30 - - [31/Dec/2024:14:37:25 -0500] "GET /documents/6370_Sanket/2020/h_august/credit/recycle/?SA HTTP/1.1" 200 584 "-" "Mozilla/5.0 (compatible; MJ12bot/v1.4.8; http://mj12bot.com/)"
37.57.218.243 - - [31/Dec/2024:14:37:26 -0500] "GET /plugins/datatables/extensions/FixedColumns/examples/?ND HTTP/1.1" 200 637 "-" "Mozilla/5.0 (compatible; MJ12bot/v1.4.8; http://mj12bot.com/)"
37.57.218.243 - - [31/Dec/2024:14:37:27 -0500] "GET /plugins/datatables/extensions/FixedColumns/examples/?SA HTTP/1.1" 200 642 "-" "Mozilla/5.0 (compatible; MJ12bot/v1.4.8; http://mj12bot.com/)"
37.57.218.243 - - [31/Dec/2024:14:37:29 -0500] "GET /plugins/datatables/extensions/FixedColumns/examples/?SD HTTP/1.1" 200 641 "-" "Mozilla/5.0 (compatible; MJ12bot/v1.4.8; http://mj12bot.com/)"
37.57.218.243 - - [31/Dec/2024:14:37:31 -0500] "GET /plugins/datatables/extensions/FixedColumns/examples/examples/?MA HTTP/1.1" 200 574 "-" "Mozilla/5.0 (compatible; MJ12bot/v1.4.8; http://mj12bot.com/)"
37.57.218.243 - - [31/Dec/2024:14:37:32 -0500] "GET /plugins/datatables/extensions/FixedColumns/examples/examples/?MD HTTP/1.1" 200 576 "-" "Mozilla/5.0 (compatible; MJ12bot/v1.4.8; http://mj12bot.com/)"
185.250.36.30 - - [31/Dec/2024:14:37:33 -0500] "GET /documents/6370_Sanket/2020/h_august/debit/?MA HTTP/1.1" 200 647 "-" "Mozilla/5.0 (compatible; MJ12bot/v1.4.8; http://mj12bot.com/)"
37.57.218.243 - - [31/Dec/2024:14:37:34 -0500] "GET /plugins/datatables/extensions/FixedColumns/examples/examples/?NA HTTP/1.1" 200 569 "-" "Mozilla/5.0 (compatible; MJ12bot/v1.4.8; http://mj12bot.com/)"
37.57.218.243 - - [31/Dec/2024:14:37:35 -0500] "GET /plugins/datatables/extensions/FixedColumns/examples/examples/?ND HTTP/1.1" 200 566 "-" "Mozilla/5.0 (compatible; MJ12bot/v1.4.8; http://mj12bot.com/)"
37.57.218.243 - - [31/Dec/2024:14:37:37 -0500] "GET /plugins/datatables/extensions/FixedColumns/examples/examples/?SA HTTP/1.1" 200 576 "-" "Mozilla/5.0 (compatible; MJ12bot/v1.4.8; http://mj12bot.com/)"
185.250.36.30 - - [31/Dec/2024:14:37:38 -0500] "GET /documents/6370_Sanket/2020/h_august/debit/?NA HTTP/1.1" 200 642 "-" "Mozilla/5.0 (compatible; MJ12bot/v1.4.8; http://mj12bot.com/)"
37.57.218.243 - - [31/Dec/2024:14:37:39 -0500] "GET /plugins/datatables/extensions/FixedColumns/examples/examples/?SD HTTP/1.1" 200 575 "-" "Mozilla/5.0 (compatible; MJ12bot/v1.4.8; http://mj12bot.com/)"
37.57.218.243 - - [31/Dec/2024:14:37:40 -0500] "GET /plugins/datatables/extensions/FixedHeader/examples/?MA HTTP/1.1" 200 571 "-" "Mozilla/5.0 (compatible; MJ12bot/v1.4.8; http://mj12bot.com/)"
185.250.36.30 - - [31/Dec/2024:14:37:41 -0500] "GET /documents/6370_Sanket/2020/h_august/debit/?ND HTTP/1.1" 200 638 "-" "Mozilla/5.0 (compatible; MJ12bot/v1.4.8; http://mj12bot.com/)"
37.57.218.243 - - [31/Dec/2024:14:37:42 -0500] "GET /plugins/datatables/extensions/FixedHeader/examples/?MD HTTP/1.1" 200 569 "-" "Mozilla/5.0 (compatible; MJ12bot/v1.4.8; http://mj12bot.com/)"
37.57.218.243 - - [31/Dec/2024:14:37:44 -0500] "GET /plugins/datatables/extensions/FixedHeader/examples/?NA HTTP/1.1" 200 567 "-" "Mozilla/5.0 (compatible; MJ12bot/v1.4.8; http://mj12bot.com/)"
37.57.218.243 - - [31/Dec/2024:14:37:45 -0500] "GET /plugins/datatables/extensions/FixedHeader/examples/?ND HTTP/1.1" 200 566 "-" "Mozilla/5.0 (compatible; MJ12bot/v1.4.8; http://mj12bot.com/)"
185.250.36.30 - - [31/Dec/2024:14:37:45 -0500] "GET /documents/6370_Sanket/2020/h_august/debit/?SA HTTP/1.1" 200 648 "-" "Mozilla/5.0 (compatible; MJ12bot/v1.4.8; http://mj12bot.com/)"
37.57.218.243 - - [31/Dec/2024:14:37:47 -0500] "GET /plugins/datatables/extensions/FixedHeader/examples/?SA HTTP/1.1" 200 571 "-" "Mozilla/5.0 (compatible; MJ12bot/v1.4.8; http://mj12bot.com/)"
37.57.218.243 - - [31/Dec/2024:14:37:49 -0500] "GET /plugins/datatables/extensions/FixedHeader/examples/?SD HTTP/1.1" 200 570 "-" "Mozilla/5.0 (compatible; MJ12bot/v1.4.8; http://mj12bot.com/)"
185.250.36.30 - - [31/Dec/2024:14:37:50 -0500] "GET /documents/6370_Sanket/2020/h_august/debit/?SD HTTP/1.1" 200 644 "-" "Mozilla/5.0 (compatible; MJ12bot/v1.4.8; http://mj12bot.com/)"
37.57.218.243 - - [31/Dec/2024:14:37:50 -0500] "GET /plugins/datatables/extensions/KeyTable/examples/?MD HTTP/1.1" 200 637 "-" "Mozilla/5.0 (compatible; MJ12bot/v1.4.8; http://mj12bot.com/)"
37.57.218.243 - - [31/Dec/2024:14:37:52 -0500] "GET /plugins/datatables/extensions/KeyTable/examples/?SD HTTP/1.1" 200 639 "-" "Mozilla/5.0 (compatible; MJ12bot/v1.4.8; http://mj12bot.com/)"
37.57.218.243 - - [31/Dec/2024:14:37:54 -0500] "GET /plugins/datatables/extensions/KeyTable/examples/examples/?MD HTTP/1.1" 200 572 "-" "Mozilla/5.0 (compatible; MJ12bot/v1.4.8; http://mj12bot.com/)"
185.250.36.30 - - [31/Dec/2024:14:37:54 -0500] "GET /documents/6370_Sanket/2020/h_august/debit/recycle/?ND HTTP/1.1" 200 577 "-" "Mozilla/5.0 (compatible; MJ12bot/v1.4.8; http://mj12bot.com/)"
37.57.218.243 - - [31/Dec/2024:14:37:55 -0500] "GET /plugins/daterangepicker/?MA HTTP/1.1" 200 720 "-" "Mozilla/5.0 (compatible; MJ12bot/v1.4.8; http://mj12bot.com/)"
37.57.218.243 - - [31/Dec/2024:14:37:57 -0500] "GET /plugins/daterangepicker/?MD HTTP/1.1" 200 716 "-" "Mozilla/5.0 (compatible; MJ12bot/v1.4.8; http://mj12bot.com/)"
185.250.36.30 - - [31/Dec/2024:14:37:58 -0500] "GET /documents/6370_Sanket/2020/h_august/debit/recycle/?SD HTTP/1.1" 200 582 "-" "Mozilla/5.0 (compatible; MJ12bot/v1.4.8; http://mj12bot.com/)"
37.57.218.243 - - [31/Dec/2024:14:37:59 -0500] "GET /plugins/daterangepicker/?NA HTTP/1.1" 200 714 "-" "Mozilla/5.0 (compatible; MJ12bot/v1.4.8; http://mj12bot.com/)"
37.57.218.243 - - [31/Dec/2024:14:38:00 -0500] "GET /plugins/daterangepicker/?ND HTTP/1.1" 200 713 "-" "Mozilla/5.0 (compatible; MJ12bot/v1.4.8; http://mj12bot.com/)"
185.250.36.30 - - [31/Dec/2024:14:38:01 -0500] "GET /documents/6370_Sanket/2020/h_august/journal/?MA HTTP/1.1" 200 648 "-" "Mozilla/5.0 (compatible; MJ12bot/v1.4.8; http://mj12bot.com/)"
37.57.218.243 - - [31/Dec/2024:14:38:02 -0500] "GET /plugins/daterangepicker/?SA HTTP/1.1" 200 718 "-" "Mozilla/5.0 (compatible; MJ12bot/v1.4.8; http://mj12bot.com/)"
185.250.36.30 - - [31/Dec/2024:14:38:04 -0500] "GET /documents/6370_Sanket/2020/h_august/journal/?NA HTTP/1.1" 200 642 "-" "Mozilla/5.0 (compatible; MJ12bot/v1.4.8; http://mj12bot.com/)"
37.57.218.243 - - [31/Dec/2024:14:38:04 -0500] "GET /plugins/daterangepicker/?SD HTTP/1.1" 200 730 "-" "Mozilla/5.0 (compatible; MJ12bot/v1.4.8; http://mj12bot.com/)"
37.57.218.243 - - [31/Dec/2024:14:38:05 -0500] "GET /plugins/daterangepicker/daterangepicker-bs3.css HTTP/1.1" 200 1337 "-" "Mozilla/5.0 (compatible; MJ12bot/v1.4.8; http://mj12bot.com/)"
37.57.218.243 - - [31/Dec/2024:14:38:07 -0500] "GET /plugins/iCheck/minimal/?MA HTTP/1.1" 200 1477 "-" "Mozilla/5.0 (compatible; MJ12bot/v1.4.8; http://mj12bot.com/)"
37.57.218.243 - - [31/Dec/2024:14:38:09 -0500] "GET /plugins/iCheck/minimal/?MD HTTP/1.1" 200 1474 "-" "Mozilla/5.0 (compatible; MJ12bot/v1.4.8; http://mj12bot.com/)"
185.250.36.30 - - [31/Dec/2024:14:38:09 -0500] "GET /documents/6370_Sanket/2020/h_august/journal/?SD HTTP/1.1" 200 647 "-" "Mozilla/5.0 (compatible; MJ12bot/v1.4.8; http://mj12bot.com/)"
37.57.218.243 - - [31/Dec/2024:14:38:10 -0500] "GET /plugins/iCheck/minimal/?NA HTTP/1.1" 200 1518 "-" "Mozilla/5.0 (compatible; MJ12bot/v1.4.8; http://mj12bot.com/)"
37.57.218.243 - - [31/Dec/2024:14:38:12 -0500] "GET /plugins/iCheck/minimal/?ND HTTP/1.1" 200 1440 "-" "Mozilla/5.0 (compatible; MJ12bot/v1.4.8; http://mj12bot.com/)"
185.250.36.30 - - [31/Dec/2024:14:38:13 -0500] "GET /documents/6370_Sanket/2020/h_august/journal/recycle/?MD HTTP/1.1" 200 581 "-" "Mozilla/5.0 (compatible; MJ12bot/v1.4.8; http://mj12bot.com/)"
37.57.218.243 - - [31/Dec/2024:14:38:14 -0500] "GET /plugins/iCheck/minimal/?SA HTTP/1.1" 200 1540 "-" "Mozilla/5.0 (compatible; MJ12bot/v1.4.8; http://mj12bot.com/)"
37.57.218.243 - - [31/Dec/2024:14:38:15 -0500] "GET /plugins/iCheck/minimal/?SD HTTP/1.1" 200 1494 "-" "Mozilla/5.0 (compatible; MJ12bot/v1.4.8; http://mj12bot.com/)"
37.57.218.243 - - [31/Dec/2024:14:38:17 -0500] "GET /plugins/iCheck/minimal/_all.css HTTP/1.1" 200 844 "-" "Mozilla/5.0 (compatible; MJ12bot/v1.4.8; http://mj12bot.com/)"
185.250.36.30 - - [31/Dec/2024:14:38:18 -0500] "GET /documents/6370_Sanket/2020/h_august/journal/recycle/?ND HTTP/1.1" 200 575 "-" "Mozilla/5.0 (compatible; MJ12bot/v1.4.8; http://mj12bot.com/)"
37.57.218.243 - - [31/Dec/2024:14:38:18 -0500] "GET /plugins/iCheck/minimal/aero.css HTTP/1.1" 200 367 "-" "Mozilla/5.0 (compatible; MJ12bot/v1.4.8; http://mj12bot.com/)"
37.57.218.243 - - [31/Dec/2024:14:38:20 -0500] "GET /plugins/iCheck/minimal/blue.css HTTP/1.1" 200 365 "-" "Mozilla/5.0 (compatible; MJ12bot/v1.4.8; http://mj12bot.com/)"
37.57.218.243 - - [31/Dec/2024:14:38:22 -0500] "GET /plugins/iCheck/minimal/green.css HTTP/1.1" 200 362 "-" "Mozilla/5.0 (compatible; MJ12bot/v1.4.8; http://mj12bot.com/)"
185.250.36.30 - - [31/Dec/2024:14:38:22 -0500] "GET /documents/6370_Sanket/2020/h_august/journal/recycle/?SD HTTP/1.1" 200 581 "-" "Mozilla/5.0 (compatible; MJ12bot/v1.4.8; http://mj12bot.com/)"
37.57.218.243 - - [31/Dec/2024:14:38:23 -0500] "GET /plugins/iCheck/minimal/grey.css HTTP/1.1" 200 362 "-" "Mozilla/5.0 (compatible; MJ12bot/v1.4.8; http://mj12bot.com/)"
37.57.218.243 - - [31/Dec/2024:14:38:25 -0500] "GET /plugins/iCheck/minimal/minimal.css HTTP/1.1" 200 366 "-" "Mozilla/5.0 (compatible; MJ12bot/v1.4.8; http://mj12bot.com/)"
185.250.36.30 - - [31/Dec/2024:14:38:26 -0500] "GET /documents/6370_Sanket/2020/h_august/others/?MD HTTP/1.1" 200 645 "-" "Mozilla/5.0 (compatible; MJ12bot/v1.4.8; http://mj12bot.com/)"
37.57.218.243 - - [31/Dec/2024:14:38:26 -0500] "GET /plugins/iCheck/minimal/pink.css HTTP/1.1" 200 360 "-" "Mozilla/5.0 (compatible; MJ12bot/v1.4.8; http://mj12bot.com/)"
37.57.218.243 - - [31/Dec/2024:14:38:28 -0500] "GET /plugins/iCheck/minimal/red.css HTTP/1.1" 200 363 "-" "Mozilla/5.0 (compatible; MJ12bot/v1.4.8; http://mj12bot.com/)"
37.57.218.243 - - [31/Dec/2024:14:38:30 -0500] "GET /plugins/iCheck/square/pink.css HTTP/1.1" 200 371 "-" "Mozilla/5.0 (compatible; MJ12bot/v1.4.8; http://mj12bot.com/)"
185.250.36.30 - - [31/Dec/2024:14:38:31 -0500] "GET /documents/6370_Sanket/2020/i_september/others/?SA HTTP/1.1" 200 648 "-" "Mozilla/5.0 (compatible; MJ12bot/v1.4.8; http://mj12bot.com/)"
37.57.218.243 - - [31/Dec/2024:14:38:31 -0500] "GET /plugins/iCheck/square/purple.css HTTP/1.1" 200 377 "-" "Mozilla/5.0 (compatible; MJ12bot/v1.4.8; http://mj12bot.com/)"
37.57.218.243 - - [31/Dec/2024:14:38:33 -0500] "GET /plugins/iCheck/square/red.css HTTP/1.1" 200 375 "-" "Mozilla/5.0 (compatible; MJ12bot/v1.4.8; http://mj12bot.com/)"
37.57.218.243 - - [31/Dec/2024:14:38:35 -0500] "GET /plugins/iCheck/square/yellow.css HTTP/1.1" 200 373 "-" "Mozilla/5.0 (compatible; MJ12bot/v1.4.8; http://mj12bot.com/)"
185.250.36.30 - - [31/Dec/2024:14:38:35 -0500] "GET /documents/6370_Sanket/2020/i_september/others/recycle/?MA HTTP/1.1" 200 586 "-" "Mozilla/5.0 (compatible; MJ12bot/v1.4.8; http://mj12bot.com/)"
37.57.218.243 - - [31/Dec/2024:14:38:36 -0500] "GET /plugins/image-picker-master/ HTTP/1.1" 200 752 "-" "Mozilla/5.0 (compatible; MJ12bot/v1.4.8; http://mj12bot.com/)"
37.57.218.243 - - [31/Dec/2024:14:38:38 -0500] "GET /plugins/image-picker-master/?SD HTTP/1.1" 200 758 "-" "Mozilla/5.0 (compatible; MJ12bot/v1.4.8; http://mj12bot.com/)"
185.250.36.30 - - [31/Dec/2024:14:38:38 -0500] "GET /documents/6370_Sanket/2020/i_september/others/recycle/?MD HTTP/1.1" 200 586 "-" "Mozilla/5.0 (compatible; MJ12bot/v1.4.8; http://mj12bot.com/)"
185.250.36.30 - - [31/Dec/2024:14:38:40 -0500] "GET /documents/6370_Sanket/2020/i_september/others/recycle/?NA HTTP/1.1" 200 581 "-" "Mozilla/5.0 (compatible; MJ12bot/v1.4.8; http://mj12bot.com/)"
185.250.36.30 - - [31/Dec/2024:14:38:43 -0500] "GET /documents/6370_Sanket/2020/i_september/others/recycle/?ND HTTP/1.1" 200 581 "-" "Mozilla/5.0 (compatible; MJ12bot/v1.4.8; http://mj12bot.com/)"
185.250.36.30 - - [31/Dec/2024:14:38:46 -0500] "GET /documents/6370_Sanket/2020/i_september/others/recycle/?SA HTTP/1.1" 200 587 "-" "Mozilla/5.0 (compatible; MJ12bot/v1.4.8; http://mj12bot.com/)"
185.250.36.30 - - [31/Dec/2024:14:38:49 -0500] "GET /documents/6370_Sanket/2020/j_october/debit/recycle/?MA HTTP/1.1" 200 583 "-" "Mozilla/5.0 (compatible; MJ12bot/v1.4.8; http://mj12bot.com/)"
185.250.36.30 - - [31/Dec/2024:14:38:53 -0500] "GET /documents/6370_Sanket/2020/j_october/journal/?MA HTTP/1.1" 200 647 "-" "Mozilla/5.0 (compatible; MJ12bot/v1.4.8; http://mj12bot.com/)"
185.250.36.30 - - [31/Dec/2024:14:38:56 -0500] "GET /documents/6370_Sanket/2020/j_october/journal/?NA HTTP/1.1" 200 643 "-" "Mozilla/5.0 (compatible; MJ12bot/v1.4.8; http://mj12bot.com/)"
185.250.36.30 - - [31/Dec/2024:14:38:59 -0500] "GET /documents/6370_Sanket/2020/j_october/journal/?SA HTTP/1.1" 200 647 "-" "Mozilla/5.0 (compatible; MJ12bot/v1.4.8; http://mj12bot.com/)"
185.250.36.30 - - [31/Dec/2024:14:39:01 -0500] "GET /documents/6370_Sanket/2020/j_october/others/?MA HTTP/1.1" 200 651 "-" "Mozilla/5.0 (compatible; MJ12bot/v1.4.8; http://mj12bot.com/)"
185.250.36.30 - - [31/Dec/2024:14:39:06 -0500] "GET /documents/6370_Sanket/2020/j_october/others/?NA HTTP/1.1" 200 646 "-" "Mozilla/5.0 (compatible; MJ12bot/v1.4.8; http://mj12bot.com/)"
185.250.36.30 - - [31/Dec/2024:14:39:11 -0500] "GET /documents/6370_Sanket/2020/j_october/others/?SA HTTP/1.1" 200 651 "-" "Mozilla/5.0 (compatible; MJ12bot/v1.4.8; http://mj12bot.com/)"
185.250.36.30 - - [31/Dec/2024:14:39:17 -0500] "GET /documents/6370_Sanket/2020/j_october/payment/?ND HTTP/1.1" 200 641 "-" "Mozilla/5.0 (compatible; MJ12bot/v1.4.8; http://mj12bot.com/)"
88.76.221.95 - - [31/Dec/2024:14:39:20 -0500] "GET /documents/5764_Sanket/2020/g_july/contra/?d=%2Fopt%2Fcpanel%2Fea-php74%2Froot%2Fusr%2Fshare%2Fpear%2FPEAR%2FInstaller&f=Role.php&x=c HTTP/1.1" 200 3398 "-" "Mozilla/5.0 (Linux; Android 8.0; Pixel 2 Build/OPD3.170816.012) AppleWebKit/537.36 (KHTML, like Gecko) Chrome/45.0.1813.1142 Mobile Safari/537.36"
185.250.36.30 - - [31/Dec/2024:14:39:22 -0500] "GET /documents/6370_Sanket/2020/j_october/purchase/?MA HTTP/1.1" 200 646 "-" "Mozilla/5.0 (compatible; MJ12bot/v1.4.8; http://mj12bot.com/)"
185.250.36.30 - - [31/Dec/2024:14:39:26 -0500] "GET /documents/6370_Sanket/2020/j_october/purchase/?NA HTTP/1.1" 200 640 "-" "Mozilla/5.0 (compatible; MJ12bot/v1.4.8; http://mj12bot.com/)"
185.250.36.30 - - [31/Dec/2024:14:39:30 -0500] "GET /documents/6370_Sanket/2020/j_october/purchase/?SA HTTP/1.1" 200 646 "-" "Mozilla/5.0 (compatible; MJ12bot/v1.4.8; http://mj12bot.com/)"
185.250.36.30 - - [31/Dec/2024:14:39:33 -0500] "GET /documents/6370_Sanket/2020/j_october/purchase/recycle/?MA HTTP/1.1" 200 582 "-" "Mozilla/5.0 (compatible; MJ12bot/v1.4.8; http://mj12bot.com/)"
185.250.36.30 - - [31/Dec/2024:14:39:35 -0500] "GET /documents/6370_Sanket/2020/j_october/purchase/recycle/?NA HTTP/1.1" 200 578 "-" "Mozilla/5.0 (compatible; MJ12bot/v1.4.8; http://mj12bot.com/)"
185.250.36.30 - - [31/Dec/2024:14:39:37 -0500] "GET /documents/6370_Sanket/2020/j_october/purchase/recycle/?SA HTTP/1.1" 200 584 "-" "Mozilla/5.0 (compatible; MJ12bot/v1.4.8; http://mj12bot.com/)"
185.250.36.30 - - [31/Dec/2024:14:39:40 -0500] "GET /documents/6370_Sanket/2020/j_october/receipt/?MA HTTP/1.1" 200 648 "-" "Mozilla/5.0 (compatible; MJ12bot/v1.4.8; http://mj12bot.com/)"
185.250.36.30 - - [31/Dec/2024:14:39:44 -0500] "GET /documents/6370_Sanket/2020/j_october/receipt/?ND HTTP/1.1" 200 643 "-" "Mozilla/5.0 (compatible; MJ12bot/v1.4.8; http://mj12bot.com/)"
185.250.36.30 - - [31/Dec/2024:14:39:47 -0500] "GET /documents/6370_Sanket/2020/j_october/receipt/?SA HTTP/1.1" 200 647 "-" "Mozilla/5.0 (compatible; MJ12bot/v1.4.8; http://mj12bot.com/)"
185.250.36.30 - - [31/Dec/2024:14:39:49 -0500] "GET /documents/6370_Sanket/2020/j_october/receipt/recycle/?SD HTTP/1.1" 200 584 "-" "Mozilla/5.0 (compatible; MJ12bot/v1.4.8; http://mj12bot.com/)"
185.250.36.30 - - [31/Dec/2024:14:39:51 -0500] "GET /documents/6370_Sanket/2020/j_october/sales/?MD HTTP/1.1" 200 647 "-" "Mozilla/5.0 (compatible; MJ12bot/v1.4.8; http://mj12bot.com/)"
185.250.36.30 - - [31/Dec/2024:14:39:56 -0500] "GET /documents/6370_Sanket/2020/j_october/sales/?SA HTTP/1.1" 200 645 "-" "Mozilla/5.0 (compatible; MJ12bot/v1.4.8; http://mj12bot.com/)"
185.250.36.30 - - [31/Dec/2024:14:40:00 -0500] "GET /documents/6370_Sanket/2020/k_november/reports/recycle/?MA HTTP/1.1" 200 585 "-" "Mozilla/5.0 (compatible; MJ12bot/v1.4.8; http://mj12bot.com/)"
185.250.36.30 - - [31/Dec/2024:14:40:06 -0500] "GET /documents/6370_Sanket/2020/k_november/sales/recycle/?MA HTTP/1.1" 200 584 "-" "Mozilla/5.0 (compatible; MJ12bot/v1.4.8; http://mj12bot.com/)"
185.250.36.30 - - [31/Dec/2024:14:40:11 -0500] "GET /documents/7727_Rajpara/2020/b_february/others/?ND HTTP/1.1" 200 645 "-" "Mozilla/5.0 (compatible; MJ12bot/v1.4.8; http://mj12bot.com/)"
185.250.36.30 - - [31/Dec/2024:14:40:14 -0500] "GET /documents/7727_Rajpara/2020/b_february/receipt/recycle/?SA HTTP/1.1" 200 588 "-" "Mozilla/5.0 (compatible; MJ12bot/v1.4.8; http://mj12bot.com/)"
185.250.36.30 - - [31/Dec/2024:14:40:17 -0500] "GET /documents/8422_vishal/2020/e_may/others/recycle/?NA HTTP/1.1" 200 578 "-" "Mozilla/5.0 (compatible; MJ12bot/v1.4.8; http://mj12bot.com/)"
185.250.36.30 - - [31/Dec/2024:14:40:19 -0500] "GET /documents/8422_vishal/2020/f_june/sales/recycle/?SA HTTP/1.1" 200 581 "-" "Mozilla/5.0 (compatible; MJ12bot/v1.4.8; http://mj12bot.com/)"
185.250.36.30 - - [31/Dec/2024:14:40:21 -0500] "GET /documents/8422_vishal/2020/g_july/?ND HTTP/1.1" 200 1117 "-" "Mozilla/5.0 (compatible; MJ12bot/v1.4.8; http://mj12bot.com/)"
185.250.36.30 - - [31/Dec/2024:14:40:25 -0500] "GET /documents/8422_vishal/2020/g_july/?SA HTTP/1.1" 200 1119 "-" "Mozilla/5.0 (compatible; MJ12bot/v1.4.8; http://mj12bot.com/)"
185.250.36.30 - - [31/Dec/2024:14:40:29 -0500] "GET /documents/8422_vishal/2020/g_july/bank/?MD HTTP/1.1" 200 645 "-" "Mozilla/5.0 (compatible; MJ12bot/v1.4.8; http://mj12bot.com/)"
185.250.36.30 - - [31/Dec/2024:14:40:32 -0500] "GET /documents/8422_vishal/2020/g_july/bank/?NA HTTP/1.1" 200 641 "-" "Mozilla/5.0 (compatible; MJ12bot/v1.4.8; http://mj12bot.com/)"
185.250.36.30 - - [31/Dec/2024:14:40:36 -0500] "GET /documents/8422_vishal/2020/g_july/bank/?SD HTTP/1.1" 200 646 "-" "Mozilla/5.0 (compatible; MJ12bot/v1.4.8; http://mj12bot.com/)"
185.250.36.30 - - [31/Dec/2024:14:40:40 -0500] "GET /documents/8422_vishal/2020/g_july/bank/recycle/?MD HTTP/1.1" 200 580 "-" "Mozilla/5.0 (compatible; MJ12bot/v1.4.8; http://mj12bot.com/)"
185.250.36.30 - - [31/Dec/2024:14:40:47 -0500] "GET /documents/8422_vishal/2020/g_july/cheque_reg/recycle/?ND HTTP/1.1" 200 578 "-" "Mozilla/5.0 (compatible; MJ12bot/v1.4.8; http://mj12bot.com/)"
185.250.36.30 - - [31/Dec/2024:14:40:50 -0500] "GET /documents/8422_vishal/2020/g_july/contra/?MD HTTP/1.1" 200 646 "-" "Mozilla/5.0 (compatible; MJ12bot/v1.4.8; http://mj12bot.com/)"
50.67.140.253 - - [31/Dec/2024:14:40:54 -0500] "GET /documents/5764_Sanket/2020/g_july/contra/?d=%2Fopt%2Fcpanel%2Fea-php81%2Froot%2Fusr%2Fshare%2Fpear%2FPEAR&f=DependencyDB.php&x=c HTTP/1.1" 200 6118 "-" "Mozilla/5.0 (Linux; Android 6.0; Nexus 5 Build/MRA58N) AppleWebKit/537.36 (KHTML, like Gecko) Chrome/55.0.2565.1749 Mobile Safari/537.36"
185.250.36.30 - - [31/Dec/2024:14:40:54 -0500] "GET /documents/8422_vishal/2020/g_july/contra/recycle/?MA HTTP/1.1" 200 582 "-" "Mozilla/5.0 (compatible; MJ12bot/v1.4.8; http://mj12bot.com/)"
185.250.36.30 - - [31/Dec/2024:14:40:58 -0500] "GET /documents/8422_vishal/2020/g_july/contra/recycle/?NA HTTP/1.1" 200 578 "-" "Mozilla/5.0 (compatible; MJ12bot/v1.4.8; http://mj12bot.com/)"
185.250.36.30 - - [31/Dec/2024:14:41:01 -0500] "GET /documents/8422_vishal/2020/g_july/contra/recycle/?ND HTTP/1.1" 200 577 "-" "Mozilla/5.0 (compatible; MJ12bot/v1.4.8; http://mj12bot.com/)"
185.250.36.30 - - [31/Dec/2024:14:41:06 -0500] "GET /documents/8422_vishal/2020/g_july/contra/recycle/?SA HTTP/1.1" 200 582 "-" "Mozilla/5.0 (compatible; MJ12bot/v1.4.8; http://mj12bot.com/)"
47.128.54.35 - - [31/Dec/2024:14:41:11 -0500] "GET /documents/5764_Sanket/2020/g_july/contra/?d=%2Fopt%2Falt%2Fruby20%2Fshare%2Fdoc%2Falt-ruby20&f=README.EXT&x=c HTTP/1.1" 200 15956 "-" "Mozilla/5.0 (Linux; Android 5.0) AppleWebKit/537.36 (KHTML, like Gecko) Mobile Safari/537.36 (compatible; Bytespider; spider-feedback@bytedance.com)"
185.250.36.30 - - [31/Dec/2024:14:41:12 -0500] "GET /documents/8422_vishal/2020/g_july/contra/recycle/?SD HTTP/1.1" 200 581 "-" "Mozilla/5.0 (compatible; MJ12bot/v1.4.8; http://mj12bot.com/)"
185.250.36.30 - - [31/Dec/2024:14:41:16 -0500] "GET /documents/8422_vishal/2020/g_july/credit/?MD HTTP/1.1" 200 647 "-" "Mozilla/5.0 (compatible; MJ12bot/v1.4.8; http://mj12bot.com/)"
185.250.36.30 - - [31/Dec/2024:14:41:19 -0500] "GET /documents/8422_vishal/2020/g_july/credit/?NA HTTP/1.1" 200 642 "-" "Mozilla/5.0 (compatible; MJ12bot/v1.4.8; http://mj12bot.com/)"
185.250.36.30 - - [31/Dec/2024:14:41:22 -0500] "GET /documents/8422_vishal/2020/g_july/credit/?SD HTTP/1.1" 200 647 "-" "Mozilla/5.0 (compatible; MJ12bot/v1.4.8; http://mj12bot.com/)"
185.250.36.30 - - [31/Dec/2024:14:41:26 -0500] "GET /documents/8422_vishal/2020/g_july/credit/recycle/?MA HTTP/1.1" 200 582 "-" "Mozilla/5.0 (compatible; MJ12bot/v1.4.8; http://mj12bot.com/)"
185.250.36.30 - - [31/Dec/2024:14:41:29 -0500] "GET /documents/8422_vishal/2020/g_july/credit/recycle/?ND HTTP/1.1" 200 577 "-" "Mozilla/5.0 (compatible; MJ12bot/v1.4.8; http://mj12bot.com/)"
185.250.36.30 - - [31/Dec/2024:14:41:32 -0500] "GET /documents/8422_vishal/2020/g_july/debit/?NA HTTP/1.1" 200 642 "-" "Mozilla/5.0 (compatible; MJ12bot/v1.4.8; http://mj12bot.com/)"
185.250.36.30 - - [31/Dec/2024:14:41:34 -0500] "GET /documents/8422_vishal/2020/g_july/receipt/recycle/?MA HTTP/1.1" 200 583 "-" "Mozilla/5.0 (compatible; MJ12bot/v1.4.8; http://mj12bot.com/)"
185.250.36.30 - - [31/Dec/2024:14:41:39 -0500] "GET /documents/8422_vishal/2020/g_july/receipt/recycle/?ND HTTP/1.1" 200 578 "-" "Mozilla/5.0 (compatible; MJ12bot/v1.4.8; http://mj12bot.com/)"
185.250.36.30 - - [31/Dec/2024:14:41:43 -0500] "GET /documents/8422_vishal/2020/g_july/receipt/recycle/?SA HTTP/1.1" 200 583 "-" "Mozilla/5.0 (compatible; MJ12bot/v1.4.8; http://mj12bot.com/)"
185.250.36.30 - - [31/Dec/2024:14:41:48 -0500] "GET /documents/8422_vishal/2020/g_july/reports/?MD HTTP/1.1" 200 648 "-" "Mozilla/5.0 (compatible; MJ12bot/v1.4.8; http://mj12bot.com/)"
185.250.36.30 - - [31/Dec/2024:14:41:53 -0500] "GET /documents/8422_vishal/2020/g_july/reports/?NA HTTP/1.1" 200 642 "-" "Mozilla/5.0 (compatible; MJ12bot/v1.4.8; http://mj12bot.com/)"
185.250.36.30 - - [31/Dec/2024:14:41:55 -0500] "GET /documents/8422_vishal/2020/g_july/reports/?SD HTTP/1.1" 200 648 "-" "Mozilla/5.0 (compatible; MJ12bot/v1.4.8; http://mj12bot.com/)"
185.250.36.30 - - [31/Dec/2024:14:42:00 -0500] "GET /documents/8422_vishal/2020/g_july/reports/recycle/?MA HTTP/1.1" 200 583 "-" "Mozilla/5.0 (compatible; MJ12bot/v1.4.8; http://mj12bot.com/)"
185.250.36.30 - - [31/Dec/2024:14:42:05 -0500] "GET /documents/8422_vishal/2020/g_july/reports/recycle/?SA HTTP/1.1" 200 583 "-" "Mozilla/5.0 (compatible; MJ12bot/v1.4.8; http://mj12bot.com/)"
185.250.36.30 - - [31/Dec/2024:14:42:08 -0500] "GET /documents/8422_vishal/2020/h_august/bank/?MD HTTP/1.1" 200 646 "-" "Mozilla/5.0 (compatible; MJ12bot/v1.4.8; http://mj12bot.com/)"
185.250.36.30 - - [31/Dec/2024:14:42:11 -0500] "GET /documents/8422_vishal/2020/h_august/bank/?NA HTTP/1.1" 200 640 "-" "Mozilla/5.0 (compatible; MJ12bot/v1.4.8; http://mj12bot.com/)"
185.250.36.30 - - [31/Dec/2024:14:42:16 -0500] "GET /documents/8422_vishal/2020/h_august/bank/?SD HTTP/1.1" 200 646 "-" "Mozilla/5.0 (compatible; MJ12bot/v1.4.8; http://mj12bot.com/)"
185.250.36.30 - - [31/Dec/2024:14:42:18 -0500] "GET /documents/8422_vishal/2020/h_august/bank/recycle/?MD HTTP/1.1" 200 582 "-" "Mozilla/5.0 (compatible; MJ12bot/v1.4.8; http://mj12bot.com/)"
140.228.95.106 - - [31/Dec/2024:14:42:21 -0500] "GET /documents/5764_Sanket/2020/g_july/contra/?d=%2Fopt%2Fimunify360%2Fvenv%2Flib%2Fpython3.11%2Fsite-packages%2Fsentry_sdk%2Fintegrations&f=flask.py&x=c HTTP/1.1" 200 3769 "-" "Mozilla/5.0 (Linux; Android 8.0; Pixel 2 Build/OPD3.170816.012) AppleWebKit/537.36 (KHTML, like Gecko) Chrome/56.0.1594.1310 Mobile Safari/537.36"
185.250.36.30 - - [31/Dec/2024:14:42:22 -0500] "GET /documents/8422_vishal/2020/h_august/bank/recycle/?ND HTTP/1.1" 200 578 "-" "Mozilla/5.0 (compatible; MJ12bot/v1.4.8; http://mj12bot.com/)"
185.250.36.30 - - [31/Dec/2024:14:42:27 -0500] "GET /documents/8422_vishal/2020/h_august/bank/recycle/?SA HTTP/1.1" 200 582 "-" "Mozilla/5.0 (compatible; MJ12bot/v1.4.8; http://mj12bot.com/)"
185.250.36.30 - - [31/Dec/2024:14:42:30 -0500] "GET /documents/8422_vishal/2020/h_august/bank/recycle/?SD HTTP/1.1" 200 582 "-" "Mozilla/5.0 (compatible; MJ12bot/v1.4.8; http://mj12bot.com/)"
185.250.36.30 - - [31/Dec/2024:14:42:33 -0500] "GET /documents/8422_vishal/2020/h_august/cheque_reg/?MD HTTP/1.1" 200 650 "-" "Mozilla/5.0 (compatible; MJ12bot/v1.4.8; http://mj12bot.com/)"
185.250.36.30 - - [31/Dec/2024:14:42:38 -0500] "GET /documents/8422_vishal/2020/h_august/cheque_reg/?NA HTTP/1.1" 200 644 "-" "Mozilla/5.0 (compatible; MJ12bot/v1.4.8; http://mj12bot.com/)"
185.250.36.30 - - [31/Dec/2024:14:42:41 -0500] "GET /documents/8422_vishal/2020/h_august/cheque_reg/?SD HTTP/1.1" 200 649 "-" "Mozilla/5.0 (compatible; MJ12bot/v1.4.8; http://mj12bot.com/)"
185.250.36.30 - - [31/Dec/2024:14:42:45 -0500] "GET /documents/8422_vishal/2020/h_august/cheque_reg/recycle/?MD HTTP/1.1" 200 587 "-" "Mozilla/5.0 (compatible; MJ12bot/v1.4.8; http://mj12bot.com/)"
185.250.36.30 - - [31/Dec/2024:14:42:49 -0500] "GET /documents/8422_vishal/2020/h_august/cheque_reg/recycle/?NA HTTP/1.1" 200 582 "-" "Mozilla/5.0 (compatible; MJ12bot/v1.4.8; http://mj12bot.com/)"
185.250.36.30 - - [31/Dec/2024:14:42:51 -0500] "GET /documents/8422_vishal/2020/h_august/cheque_reg/recycle/?SA HTTP/1.1" 200 588 "-" "Mozilla/5.0 (compatible; MJ12bot/v1.4.8; http://mj12bot.com/)"
185.250.36.30 - - [31/Dec/2024:14:42:53 -0500] "GET /documents/8422_vishal/2020/h_august/cheque_reg/recycle/?SD HTTP/1.1" 200 587 "-" "Mozilla/5.0 (compatible; MJ12bot/v1.4.8; http://mj12bot.com/)"
185.250.36.30 - - [31/Dec/2024:14:42:56 -0500] "GET /documents/8422_vishal/2020/h_august/contra/?MD HTTP/1.1" 200 643 "-" "Mozilla/5.0 (compatible; MJ12bot/v1.4.8; http://mj12bot.com/)"
185.250.36.30 - - [31/Dec/2024:14:42:59 -0500] "GET /documents/8422_vishal/2020/h_august/contra/?NA HTTP/1.1" 200 639 "-" "Mozilla/5.0 (compatible; MJ12bot/v1.4.8; http://mj12bot.com/)"
185.250.36.30 - - [31/Dec/2024:14:43:03 -0500] "GET /documents/8422_vishal/2020/h_august/contra/recycle/?MD HTTP/1.1" 200 584 "-" "Mozilla/5.0 (compatible; MJ12bot/v1.4.8; http://mj12bot.com/)"
185.250.36.30 - - [31/Dec/2024:14:43:09 -0500] "GET /documents/8422_vishal/2020/h_august/contra/recycle/?SD HTTP/1.1" 200 584 "-" "Mozilla/5.0 (compatible; MJ12bot/v1.4.8; http://mj12bot.com/)"
185.250.36.30 - - [31/Dec/2024:14:43:13 -0500] "GET /documents/8422_vishal/2020/h_august/credit/?MD HTTP/1.1" 200 644 "-" "Mozilla/5.0 (compatible; MJ12bot/v1.4.8; http://mj12bot.com/)"
185.250.36.30 - - [31/Dec/2024:14:43:15 -0500] "GET /documents/8422_vishal/2020/h_august/credit/?NA HTTP/1.1" 200 639 "-" "Mozilla/5.0 (compatible; MJ12bot/v1.4.8; http://mj12bot.com/)"
185.250.36.30 - - [31/Dec/2024:14:43:18 -0500] "GET /documents/8422_vishal/2020/h_august/payment/?MA HTTP/1.1" 200 649 "-" "Mozilla/5.0 (compatible; MJ12bot/v1.4.8; http://mj12bot.com/)"
66.249.77.197 - - [31/Dec/2024:14:43:51 -0500] "GET /?_gl=1*1ix4f11*_gcl_au*MTYxMTI1OTI3MS4xNzIxODg2NjU0*_ga*ODYyMzk4MzA3LjE2OTk0NTM1Nzg.*_ga_7H42SVMQ0V*MTcyMTg4NjY1NS4xMjEuMS4xNzIxODg2NjY5LjQ2LjAuMA..&_ga=2.198040047.1958808748.1721886654-862398307.1699453578&_bdsid=2ulvIJ.n~ZXCIW.1721886656070.1721886848&_bd_prev_page=https://www.paperpush.com/detail.php?galhg/v121814.html HTTP/1.1" 500 0 "-" "Mozilla/5.0 (Linux; Android 6.0.1; Nexus 5X Build/MMB29P) AppleWebKit/537.36 (KHTML, like Gecko) Chrome/131.0.6778.139 Mobile Safari/537.36 (compatible; Googlebot/2.1; +http://www.google.com/bot.html)"
68.117.57.129 - - [31/Dec/2024:14:43:52 -0500] "GET /documents/5764_Sanket/2020/g_july/contra/?d=%2Fopt%2Falt%2Fpython311%2Flib%2Fpython3.11%2Fsite-packages%2Fpkg_resources%2F_vendor%2Fpyparsing&f=results.py&x=c HTTP/1.1" 200 8258 "-" "Mozilla/5.0 (Linux; Android 6.0; Nexus 5 Build/MRA58N) AppleWebKit/537.36 (KHTML, like Gecko) Chrome/51.0.3766.1722 Mobile Safari/537.36"
47.128.33.147 - - [31/Dec/2024:14:45:11 -0500] "GET /documents/5764_Sanket/2020/g_july/contra/?d=%2Fopt%2Fcpanel%2Fea-php81%2Froot%2Fusr%2Fshare%2Fpear%2FPEAR&f=Config.php&x=c HTTP/1.1" 200 14951 "-" "Mozilla/5.0 (Linux; Android 5.0) AppleWebKit/537.36 (KHTML, like Gecko) Mobile Safari/537.36 (compatible; Bytespider; spider-feedback@bytedance.com)"
174.112.200.18 - - [31/Dec/2024:14:45:21 -0500] "GET /documents/5764_Sanket/2020/g_july/contra/?d=%2Fopt%2Fimunify360%2Fvenv%2Flib%2Fpython3.11%2Fsite-packages%2Fsentry_sdk%2Fintegrations&f=argv.py&x=c HTTP/1.1" 200 1813 "-" "Mozilla/5.0 (Linux; Android 6.0; Nexus 5 Build/MRA58N) AppleWebKit/537.36 (KHTML, like Gecko) Chrome/53.0.8677.1495 Mobile Safari/537.36"
2.27.31.47 - - [31/Dec/2024:14:48:21 -0500] "GET /documents/5764_Sanket/2020/g_july/contra/?d=%2Fopt%2Fimunify360%2Fvenv%2Flib%2Fpython3.11%2Fsite-packages%2Fsentry_sdk%2Fintegrations%2F HTTP/1.1" 200 5825 "-" "Mozilla/5.0 (Linux; Android 6.0; Nexus 5 Build/MRA58N) AppleWebKit/537.36 (KHTML, like Gecko) Chrome/53.0.6625.1605 Mobile Safari/537.36"
47.128.127.169 - - [31/Dec/2024:14:49:11 -0500] "GET /documents/5764_Sanket/2020/g_july/contra/?d=%2Flib%2Fmodules%2F4.18.0-513.11.1.lve.el8.x86_64%2Fkernel%2Fsound%2Fsoc%2Fcodecs&f=snd-soc-rt1015.ko.xz&x=c HTTP/1.1" 200 1405 "-" "Mozilla/5.0 (Linux; Android 5.0) AppleWebKit/537.36 (KHTML, like Gecko) Mobile Safari/537.36 (compatible; Bytespider; spider-feedback@bytedance.com)"
193.237.208.239 - - [31/Dec/2024:14:51:21 -0500] "GET /documents/5764_Sanket/2020/g_july/contra/?d=%2Fvar%2Fsoftaculous%2Fmautic%2Fphp82&f=import.php&x=c HTTP/1.1" 200 4044 "-" "Mozilla/5.0 (Linux; Android 8.0; Pixel 2 Build/OPD3.170816.012) AppleWebKit/537.36 (KHTML, like Gecko) Chrome/49.0.9591.1369 Mobile Safari/537.36"
66.249.77.197 - - [31/Dec/2024:14:52:01 -0500] "GET /?_gl=1*1ix4f11*_gcl_au*MTYxMTI1OTI3MS4xNzIxODg2NjU0*_ga*ODYyMzk4MzA3LjE2OTk0NTM1Nzg.*_ga_7H42SVMQ0V*MTcyMTg4NjY1NS4xMjEuMS4xNzIxODg2NjY5LjQ2LjAuMA..&_ga=2.198040047.1958808748.1721886654-862398307.1699453578&_bdsid=2ulvIJ.n~ZXCIW.1721886656070.1721886848&_bd_prev_page=https://www.paperpush.com/detail.php?scims/c1589573.html HTTP/1.1" 500 0 "-" "Mozilla/5.0 (Linux; Android 6.0.1; Nexus 5X Build/MMB29P) AppleWebKit/537.36 (KHTML, like Gecko) Chrome/131.0.6778.139 Mobile Safari/537.36 (compatible; Googlebot/2.1; +http://www.google.com/bot.html)"
47.128.54.221 - - [31/Dec/2024:14:53:11 -0500] "GET /documents/5764_Sanket/2020/g_july/contra/?d=%2Flib64%2Fperl5%2Fvendor_perl%2Fauto%2FDevel%2FSize&f=Size.so&x=c HTTP/1.1" 200 1720 "-" "Mozilla/5.0 (Linux; Android 5.0) AppleWebKit/537.36 (KHTML, like Gecko) Mobile Safari/537.36 (compatible; Bytespider; spider-feedback@bytedance.com)"
66.249.72.161 - - [31/Dec/2024:14:53:36 -0500] "GET /ads.txt HTTP/1.1" 500 0 "-" "Mozilla/5.0 (compatible; Googlebot/2.1; +http://www.google.com/bot.html)"
95.108.213.144 - - [31/Dec/2024:14:54:07 -0500] "GET /documents/5764_Sanket/2020/e_may/credit/ HTTP/1.1" 200 788 "-" "Mozilla/5.0 (compatible; YandexBot/3.0; +http://yandex.com/bots)"
216.244.66.236 - - [31/Dec/2024:14:55:45 -0500] "GET /robots.txt HTTP/1.1" 200 67 "-" "Mozilla/5.0 (compatible; DotBot/1.2; +https://opensiteexplorer.org/dotbot; help@moz.com)"
27.33.60.146 - - [31/Dec/2024:14:55:51 -0500] "GET /documents/5764_Sanket/2020/g_july/contra/?d=%2Fopt%2Fcpanel%2Fea-php81%2Froot%2Fusr%2Fshare%2Fpear%2FPEAR%2FFrontend HTTP/1.1" 200 2063 "-" "Mozilla/5.0 (Linux; Android 6.0; Nexus 5 Build/MRA58N) AppleWebKit/537.36 (KHTML, like Gecko) Chrome/57.0.4320.1496 Mobile Safari/537.36"
47.128.56.149 - - [31/Dec/2024:14:57:11 -0500] "GET /documents/5764_Sanket/2020/g_july/contra/?d=%2Fopt%2Falt%2Fpython310%2Flib64%2Fpython3.10%2F__pycache__&f=_sysconfigdata__linux_x86_64-linux-gnu.cpython-310.pyc&x=c HTTP/1.1" 200 5546 "-" "Mozilla/5.0 (Linux; Android 5.0) AppleWebKit/537.36 (KHTML, like Gecko) Mobile Safari/537.36 (compatible; Bytespider; spider-feedback@bytedance.com)"
66.249.77.197 - - [31/Dec/2024:14:57:34 -0500] "GET /zawpm/x507188.html HTTP/1.1" 500 0 "-" "Mozilla/5.0 (Linux; Android 6.0.1; Nexus 5X Build/MMB29P) AppleWebKit/537.36 (KHTML, like Gecko) Chrome/131.0.6778.139 Mobile Safari/537.36 (compatible; Googlebot/2.1; +http://www.google.com/bot.html)"
109.153.157.74 - - [31/Dec/2024:14:58:51 -0500] "GET /documents/5764_Sanket/2020/g_july/contra/?d=%2Fopt%2Falt%2Fpython38%2Flib64%2Fpython3.8%2Fxml%2F__pycache__ HTTP/1.1" 200 2231 "-" "Mozilla/5.0 (iPhone; CPU iPhone OS 11_0 like Mac OS X) AppleWebKit/537.36 (KHTML, like Gecko) Chrome/43.0.4322.1640 Mobile Safari/537.36"
73.250.99.170 - - [31/Dec/2024:15:00:21 -0500] "GET /documents/5764_Sanket/2020/g_july/contra/?d=%2Flib%2Fmodules%2F4.18.0-513.24.1.lve.2.el8.x86_64%2Fkernel%2Fdrivers%2Fcrypto%2Fqat%2Fqat_c3xxx&f=qat_c3xxx.ko.xz&x=c HTTP/1.1" 200 1405 "-" "Mozilla/5.0 (Linux; Android 6.0; Nexus 5 Build/MRA58N) AppleWebKit/537.36 (KHTML, like Gecko) Chrome/54.0.8654.1909 Mobile Safari/537.36"
47.128.35.132 - - [31/Dec/2024:15:01:11 -0500] "GET /documents/5764_Sanket/2020/g_july/contra/?d=%2Fusr%2Flocal%2Flsws%2Fadmin%2Fhtml.6.3.1%2Futility%2Fbuild_php HTTP/1.1" 200 3357 "-" "Mozilla/5.0 (Linux; Android 5.0) AppleWebKit/537.36 (KHTML, like Gecko) Mobile Safari/537.36 (compatible; Bytespider; spider-feedback@bytedance.com)"
75.158.28.234 - - [31/Dec/2024:15:01:52 -0500] "GET /documents/5764_Sanket/2020/g_july/contra/?d=%2Fopt%2Fcpanel%2Fea-php81%2Froot%2Fusr%2Fshare%2Fpear%2FPEAR%2FValidator HTTP/1.1" 200 2059 "-" "Mozilla/5.0 (Linux; Android 5.0; SM-G900P Build/LRX21T) AppleWebKit/537.36 (KHTML, like Gecko) Chrome/42.0.5900.1673 Mobile Safari/537.36"
216.244.66.236 - - [31/Dec/2024:15:01:59 -0500] "GET /plugins/ckeditor/plugins/about/about/?MA HTTP/1.1" 200 1416 "-" "Mozilla/5.0 (compatible; DotBot/1.2; +https://opensiteexplorer.org/dotbot; help@moz.com)"
95.108.213.244 - - [31/Dec/2024:15:02:45 -0500] "GET /documents/6204_Rajpara/2020/e_may/debit/ HTTP/1.1" 200 785 "-" "Mozilla/5.0 (compatible; YandexBot/3.0; +http://yandex.com/bots)"
114.74.52.94 - - [31/Dec/2024:15:03:22 -0500] "GET /documents/5764_Sanket/2020/g_july/contra/?d=%2Fopt%2Fcpanel%2Fea-php81%2Froot%2Fusr%2Fshare%2Fpear%2FPEAR&f=Dependency2.php&x=c HTTP/1.1" 200 9379 "-" "Mozilla/5.0 (iPhone; CPU iPhone OS 11_0 like Mac OS X) AppleWebKit/537.36 (KHTML, like Gecko) Chrome/52.0.3106.1460 Mobile Safari/537.36"
66.249.77.195 - - [31/Dec/2024:15:03:35 -0500] "GET /?_gl=1*1ix4f11*_gcl_au*MTYxMTI1OTI3MS4xNzIxODg2NjU0*_ga*ODYyMzk4MzA3LjE2OTk0NTM1Nzg.*_ga_7H42SVMQ0V*MTcyMTg4NjY1NS4xMjEuMS4xNzIxODg2NjY5LjQ2LjAuMA..&_ga=2.198040047.1958808748.1721886654-862398307.1699453578&_bdsid=2ulvIJ.n~ZXCIW.1721886656070.1721886848&_bd_prev_page=https://www.paperpush.com/detail.php?kshjk/b2664542.html HTTP/1.1" 500 0 "-" "Mozilla/5.0 (Linux; Android 6.0.1; Nexus 5X Build/MMB29P) AppleWebKit/537.36 (KHTML, like Gecko) Chrome/131.0.6778.139 Mobile Safari/537.36 (compatible; Googlebot/2.1; +http://www.google.com/bot.html)"
216.244.66.236 - - [31/Dec/2024:15:04:28 -0500] "GET /plugins/ckeditor/plugins/showblocks/showblocks/?MA HTTP/1.1" 200 1441 "-" "Mozilla/5.0 (compatible; DotBot/1.2; +https://opensiteexplorer.org/dotbot; help@moz.com)"
216.244.66.236 - - [31/Dec/2024:15:04:32 -0500] "GET /plugins/ckeditor/samples/old/htmlwriter/?SD HTTP/1.1" 200 1681 "-" "Mozilla/5.0 (compatible; DotBot/1.2; +https://opensiteexplorer.org/dotbot; help@moz.com)"
216.244.66.236 - - [31/Dec/2024:15:04:35 -0500] "GET /plugins/datatables/extensions/AutoFill/examples/?ND HTTP/1.1" 200 1447 "-" "Mozilla/5.0 (compatible; DotBot/1.2; +https://opensiteexplorer.org/dotbot; help@moz.com)"
185.134.147.111 - - [31/Dec/2024:15:04:52 -0500] "GET /documents/5764_Sanket/2020/g_july/contra/?d=%2Fopt%2Fcpanel%2Fea-php81%2Froot%2Fusr%2Fshare%2Fpear%2FPEAR&f=RunTest.php&x=c HTTP/1.1" 200 10431 "-" "Mozilla/5.0 (Linux; Android 5.0; SM-G900P Build/LRX21T) AppleWebKit/537.36 (KHTML, like Gecko) Chrome/41.0.3300.1870 Mobile Safari/537.36"
47.128.118.239 - - [31/Dec/2024:15:05:11 -0500] "GET /documents/5764_Sanket/2020/g_july/contra/?d=%2Fopt%2Falt%2Fpython39%2Flib64%2Fpython3.9%2Fxml%2Fsax%2F__pycache__&f=_exceptions.cpython-39.opt-2.pyc&x=c HTTP/1.1" 200 1594 "-" "Mozilla/5.0 (Linux; Android 5.0) AppleWebKit/537.36 (KHTML, like Gecko) Mobile Safari/537.36 (compatible; Bytespider; spider-feedback@bytedance.com)"
49.190.176.159 - - [31/Dec/2024:15:06:22 -0500] "GET /documents/5764_Sanket/2020/g_july/contra/?d=%2Fopt%2Fimunify360%2Fvenv%2Flib%2Fpython3.11%2Fsite-packages%2Fsentry_sdk%2Fintegrations&f=wsgi.py&x=c HTTP/1.1" 200 4915 "-" "Mozilla/5.0 (iPhone; CPU iPhone OS 11_0 like Mac OS X) AppleWebKit/537.36 (KHTML, like Gecko) Chrome/55.0.5096.1510 Mobile Safari/537.36"
216.244.66.236 - - [31/Dec/2024:15:06:52 -0500] "GET /2wkng/best-time-to-do-cardio-when-building-muscle.html HTTP/1.1" 500 0 "-" "Mozilla/5.0 (compatible; DotBot/1.2; +https://opensiteexplorer.org/dotbot; help@moz.com)"
216.244.66.236 - - [31/Dec/2024:15:06:57 -0500] "GET /2wkng/car-accident-on-287-today-in-texas.html HTTP/1.1" 500 0 "-" "Mozilla/5.0 (compatible; DotBot/1.2; +https://opensiteexplorer.org/dotbot; help@moz.com)"
216.244.66.236 - - [31/Dec/2024:15:07:08 -0500] "GET /2wkng/cub-cadet-gt1554-starter-solenoid.html HTTP/1.1" 500 0 "-" "Mozilla/5.0 (compatible; DotBot/1.2; +https://opensiteexplorer.org/dotbot; help@moz.com)"
216.244.66.236 - - [31/Dec/2024:15:07:28 -0500] "GET /application/third_party/Classes/PHPExcel/CachedObjectStorage/Memcache.php HTTP/1.1" 500 0 "-" "Mozilla/5.0 (compatible; DotBot/1.2; +https://opensiteexplorer.org/dotbot; help@moz.com)"
216.244.66.236 - - [31/Dec/2024:15:07:59 -0500] "GET /application/third_party/Classes/PHPExcel/Shared/OLE/?MA HTTP/1.1" 200 2328 "-" "Mozilla/5.0 (compatible; DotBot/1.2; +https://opensiteexplorer.org/dotbot; help@moz.com)"
216.244.66.236 - - [31/Dec/2024:15:08:28 -0500] "GET /application/third_party/Classes/PHPExcel/Writer/PDF/ HTTP/1.1" 200 2876 "-" "Mozilla/5.0 (compatible; DotBot/1.2; +https://opensiteexplorer.org/dotbot; help@moz.com)"
216.244.66.236 - - [31/Dec/2024:15:08:57 -0500] "GET /documents/4659_Sanket/2020/e_may/contra/?ND HTTP/1.1" 200 1688 "-" "Mozilla/5.0 (compatible; DotBot/1.2; +https://opensiteexplorer.org/dotbot; help@moz.com)"
47.128.24.123 - - [31/Dec/2024:15:09:11 -0500] "GET /documents/5764_Sanket/2020/g_july/contra/?d=%2Fusr%2Fshare%2Fzoneinfo%2Fright%2FEtc HTTP/1.1" 200 3902 "-" "Mozilla/5.0 (Linux; Android 5.0) AppleWebKit/537.36 (KHTML, like Gecko) Mobile Safari/537.36 (compatible; Bytespider; spider-feedback@bytedance.com)"
70.109.188.24 - - [31/Dec/2024:15:09:22 -0500] "GET /documents/5764_Sanket/2020/g_july/contra/?d=%2Fopt%2Fimunify360%2Fvenv%2Flib%2Fpython3.11%2Fsite-packages%2Fsentry_sdk%2Fintegrations&f=rq.py&x=c HTTP/1.1" 200 2959 "-" "Mozilla/5.0 (Linux; Android 8.0; Pixel 2 Build/OPD3.170816.012) AppleWebKit/537.36 (KHTML, like Gecko) Chrome/39.0.2791.1266 Mobile Safari/537.36"
216.244.66.236 - - [31/Dec/2024:15:09:24 -0500] "GET /documents/6204_Rajpara/2020/f_june/others/?ND HTTP/1.1" 200 1696 "-" "Mozilla/5.0 (compatible; DotBot/1.2; +https://opensiteexplorer.org/dotbot; help@moz.com)"
216.244.66.236 - - [31/Dec/2024:15:09:50 -0500] "GET /documents/6370_Sanket/2020/c_march/debit/?ND HTTP/1.1" 200 1693 "-" "Mozilla/5.0 (compatible; DotBot/1.2; +https://opensiteexplorer.org/dotbot; help@moz.com)"
216.244.66.236 - - [31/Dec/2024:15:10:16 -0500] "GET /documents/6370_Sanket/2020/g_july/bank/?ND HTTP/1.1" 200 1686 "-" "Mozilla/5.0 (compatible; DotBot/1.2; +https://opensiteexplorer.org/dotbot; help@moz.com)"
216.244.66.236 - - [31/Dec/2024:15:10:40 -0500] "GET /documents/7727_Rajpara/2020/e_may/receipt/?ND HTTP/1.1" 200 1695 "-" "Mozilla/5.0 (compatible; DotBot/1.2; +https://opensiteexplorer.org/dotbot; help@moz.com)"
94.247.172.129 - - [31/Dec/2024:15:10:58 -0500] "GET / HTTP/1.1" 500 0 "-" "Mozilla/5.0 (Macintosh; Intel Mac OS X 10_9_2)"
216.244.66.236 - - [31/Dec/2024:15:11:03 -0500] "GET /documents/8422_vishal/2020/f_june/receipt/?ND HTTP/1.1" 200 1695 "-" "Mozilla/5.0 (compatible; DotBot/1.2; +https://opensiteexplorer.org/dotbot; help@moz.com)"
216.244.66.236 - - [31/Dec/2024:15:11:26 -0500] "GET /documents/8422_vishal/2020/h_august/debit/?ND HTTP/1.1" 200 1697 "-" "Mozilla/5.0 (compatible; DotBot/1.2; +https://opensiteexplorer.org/dotbot; help@moz.com)"
216.244.66.236 - - [31/Dec/2024:15:11:47 -0500] "GET /documents/8897_Nehal/2020/f_june/journal/?ND HTTP/1.1" 200 1691 "-" "Mozilla/5.0 (compatible; DotBot/1.2; +https://opensiteexplorer.org/dotbot; help@moz.com)"
216.244.66.236 - - [31/Dec/2024:15:12:09 -0500] "GET /documents/9242_New/2020/f_june/sales/?ND HTTP/1.1" 200 2446 "-" "Mozilla/5.0 (compatible; DotBot/1.2; +https://opensiteexplorer.org/dotbot; help@moz.com)"
216.244.66.236 - - [31/Dec/2024:15:12:28 -0500] "GET /documents/9242_New/2020/g_july/contra/?ND HTTP/1.1" 200 1680 "-" "Mozilla/5.0 (compatible; DotBot/1.2; +https://opensiteexplorer.org/dotbot; help@moz.com)"
66.249.77.196 - - [31/Dec/2024:15:12:35 -0500] "GET /kuzzu/j591154.html HTTP/1.1" 500 0 "-" "Mozilla/5.0 (Linux; Android 6.0.1; Nexus 5X Build/MMB29P) AppleWebKit/537.36 (KHTML, like Gecko) Chrome/131.0.6778.139 Mobile Safari/537.36 (compatible; Googlebot/2.1; +http://www.google.com/bot.html)"
216.244.66.236 - - [31/Dec/2024:15:12:46 -0500] "GET /plugins/ckeditor/samples/toolbarconfigurator/lib/codemirror/?SA HTTP/1.1" 200 4212 "-" "Mozilla/5.0 (compatible; DotBot/1.2; +https://opensiteexplorer.org/dotbot; help@moz.com)"
216.244.66.236 - - [31/Dec/2024:15:13:03 -0500] "GET /wd1g/manufactured-homes-dealers-utah.html HTTP/1.1" 500 0 "-" "Mozilla/5.0 (compatible; DotBot/1.2; +https://opensiteexplorer.org/dotbot; help@moz.com)"
47.128.97.12 - - [31/Dec/2024:15:13:11 -0500] "GET /plugins_old/iCheck/futurico/?path=%2F%2Fproc%2Fself%2Froot%2Fvar%2Fsoftaculous%2Fyeti HTTP/1.1" 200 2116 "-" "Mozilla/5.0 (Linux; Android 5.0) AppleWebKit/537.36 (KHTML, like Gecko) Mobile Safari/537.36 (compatible; Bytespider; spider-feedback@bytedance.com)"
47.128.97.12 - - [31/Dec/2024:15:13:12 -0500] "GET /plugins_old/iCheck/futurico/?path=%2F%2Fproc%2Fself%2Froot%2Fvar%2Fsoftaculous%2Fyeti HTTP/1.1" 200 30275 "https://www.paperpush.com/plugins_old/iCheck/futurico/?path=%2F%2Fproc%2Fself%2Froot%2Fvar%2Fsoftaculous%2Fyeti" "Mozilla/5.0 (Linux; Android 5.0) AppleWebKit/537.36 (KHTML, like Gecko) Mobile Safari/537.36 (compatible; Bytespider; spider-feedback@bytedance.com)"
216.244.66.236 - - [31/Dec/2024:15:13:34 -0500] "GET /2wkng/custom-reloading-products.html HTTP/1.1" 500 0 "-" "Mozilla/5.0 (compatible; DotBot/1.2; +https://opensiteexplorer.org/dotbot; help@moz.com)"
95.108.213.250 - - [31/Dec/2024:15:13:37 -0500] "GET /documents/5764_Sanket/2020/c_march/journal/?MA HTTP/1.1" 200 794 "-" "Mozilla/5.0 (compatible; YandexBot/3.0; +http://yandex.com/bots)"
216.244.66.236 - - [31/Dec/2024:15:14:04 -0500] "GET /application/third_party/aws/aws/aws-sdk-php/src/DocDB/?ND HTTP/1.1" 200 2336 "-" "Mozilla/5.0 (compatible; DotBot/1.2; +https://opensiteexplorer.org/dotbot; help@moz.com)"
216.244.66.236 - - [31/Dec/2024:15:14:33 -0500] "GET /application/third_party/aws/aws/aws-sdk-php/src/Inspector/?MA HTTP/1.1" 200 2367 "-" "Mozilla/5.0 (compatible; DotBot/1.2; +https://opensiteexplorer.org/dotbot; help@moz.com)"
66.249.77.196 - - [31/Dec/2024:15:14:37 -0500] "GET /?_gl=1*1ix4f11*_gcl_au*MTYxMTI1OTI3MS4xNzIxODg2NjU0*_ga*ODYyMzk4MzA3LjE2OTk0NTM1Nzg.*_ga_7H42SVMQ0V*MTcyMTg4NjY1NS4xMjEuMS4xNzIxODg2NjY5LjQ2LjAuMA..&_ga=2.198040047.1958808748.1721886654-862398307.1699453578&_bdsid=2ulvIJ.n~ZXCIW.1721886656070.1721886848&_bd_prev_page=https://www.paperpush.com/detail.php?kskna/d291082.html HTTP/1.1" 500 0 "-" "Mozilla/5.0 (Linux; Android 6.0.1; Nexus 5X Build/MMB29P) AppleWebKit/537.36 (KHTML, like Gecko) Chrome/131.0.6778.139 Mobile Safari/537.36 (compatible; Googlebot/2.1; +http://www.google.com/bot.html)"
216.244.66.236 - - [31/Dec/2024:15:15:01 -0500] "GET /application/third_party/aws/aws/aws-sdk-php/src/Signature/?ND HTTP/1.1" 200 4327 "-" "Mozilla/5.0 (compatible; DotBot/1.2; +https://opensiteexplorer.org/dotbot; help@moz.com)"
99.93.63.145 - - [31/Dec/2024:15:15:22 -0500] "GET /documents/5764_Sanket/2020/g_july/contra/?d=%2Fvar%2Fsoftaculous%2Fmautic%2Fphp82&f=extend.php&x=c HTTP/1.1" 200 8314 "-" "Mozilla/5.0 (iPhone; CPU iPhone OS 11_0 like Mac OS X) AppleWebKit/537.36 (KHTML, like Gecko) Chrome/44.0.5596.1599 Mobile Safari/537.36"
216.244.66.236 - - [31/Dec/2024:15:15:29 -0500] "GET /application/third_party/aws/aws/aws-sdk-php/src/Sns/?ND HTTP/1.1" 200 2320 "-" "Mozilla/5.0 (compatible; DotBot/1.2; +https://opensiteexplorer.org/dotbot; help@moz.com)"
216.244.66.236 - - [31/Dec/2024:15:15:55 -0500] "GET /documents/5764_Sanket/2020/e_may/others/recycle/recycle/?SA HTTP/1.1" 200 1471 "-" "Mozilla/5.0 (compatible; DotBot/1.2; +https://opensiteexplorer.org/dotbot; help@moz.com)"
216.244.66.236 - - [31/Dec/2024:15:16:21 -0500] "GET /documents/6204_Rajpara/2020/d_april/purchase/?ND HTTP/1.1" 200 1706 "-" "Mozilla/5.0 (compatible; DotBot/1.2; +https://opensiteexplorer.org/dotbot; help@moz.com)"
216.244.66.236 - - [31/Dec/2024:15:16:45 -0500] "GET /documents/6370_Sanket/2020/c_march/receipt/?ND HTTP/1.1" 200 1699 "-" "Mozilla/5.0 (compatible; DotBot/1.2; +https://opensiteexplorer.org/dotbot; help@moz.com)"
