94.154.239.69 - - [31/Dec/2024:14:25:14 -0500] "GET /plugins_old/slide/css/?SD HTTP/1.1" 200 555 "-" "Mozilla/5.0 (compatible; MJ12bot/v1.4.8; http://mj12bot.com/)"
85.239.238.198 - - [31/Dec/2024:14:25:14 -0500] "GET /documents/4659_Sanket/2020/g_july/sales/?SD HTTP/1.1" 200 646 "-" "Mozilla/5.0 (compatible; MJ12bot/v1.4.8; http://mj12bot.com/)"
85.239.238.198 - - [31/Dec/2024:14:25:18 -0500] "GET /documents/4659_Sanket/2020/g_july/sales/recycle/ HTTP/1.1" 200 578 "-" "Mozilla/5.0 (compatible; MJ12bot/v1.4.8; http://mj12bot.com/)"
185.250.36.30 - - [31/Dec/2024:14:25:18 -0500] "GET /documents/6204_Rajpara/2020/h_august/contra/recycle/?SD HTTP/1.1" 200 583 "-" "Mozilla/5.0 (compatible; MJ12bot/v1.4.8; http://mj12bot.com/)"
85.239.238.198 - - [31/Dec/2024:14:25:21 -0500] "GET /documents/4659_Sanket/2020/g_july/sales/recycle/?MD HTTP/1.1" 200 583 "-" "Mozilla/5.0 (compatible; MJ12bot/v1.4.8; http://mj12bot.com/)"
85.239.238.198 - - [31/Dec/2024:14:25:24 -0500] "GET /documents/4659_Sanket/2020/g_july/sales/recycle/?NA HTTP/1.1" 200 578 "-" "Mozilla/5.0 (compatible; MJ12bot/v1.4.8; http://mj12bot.com/)"
185.250.36.30 - - [31/Dec/2024:14:25:25 -0500] "GET /documents/6204_Rajpara/2020/h_august/credit/?MA HTTP/1.1" 200 650 "-" "Mozilla/5.0 (compatible; MJ12bot/v1.4.8; http://mj12bot.com/)"
85.239.238.198 - - [31/Dec/2024:14:25:28 -0500] "GET /documents/4659_Sanket/2020/g_july/sales/recycle/?SD HTTP/1.1" 200 581 "-" "Mozilla/5.0 (compatible; MJ12bot/v1.4.8; http://mj12bot.com/)"
85.239.238.198 - - [31/Dec/2024:14:25:31 -0500] "GET /documents/4659_Sanket/2020/h_august/?MD HTTP/1.1" 200 1122 "-" "Mozilla/5.0 (compatible; MJ12bot/v1.4.8; http://mj12bot.com/)"
94.154.239.69 - - [31/Dec/2024:14:25:33 -0500] "GET /system/core/?MA HTTP/1.1" 200 18 "-" "Mozilla/5.0 (compatible; MJ12bot/v1.4.8; http://mj12bot.com/)"
85.239.238.198 - - [31/Dec/2024:14:25:34 -0500] "GET /documents/4659_Sanket/2020/h_august/?NA HTTP/1.1" 200 1121 "-" "Mozilla/5.0 (compatible; MJ12bot/v1.4.8; http://mj12bot.com/)"
185.250.36.30 - - [31/Dec/2024:14:25:35 -0500] "GET /documents/6204_Rajpara/2020/h_august/credit/?MD HTTP/1.1" 200 649 "-" "Mozilla/5.0 (compatible; MJ12bot/v1.4.8; http://mj12bot.com/)"
85.239.238.198 - - [31/Dec/2024:14:25:38 -0500] "GET /documents/4659_Sanket/2020/h_august/?SD HTTP/1.1" 200 1123 "-" "Mozilla/5.0 (compatible; MJ12bot/v1.4.8; http://mj12bot.com/)"
185.250.36.30 - - [31/Dec/2024:14:25:40 -0500] "GET /documents/6204_Rajpara/2020/h_august/credit/?NA HTTP/1.1" 200 646 "-" "Mozilla/5.0 (compatible; MJ12bot/v1.4.8; http://mj12bot.com/)"
85.239.238.198 - - [31/Dec/2024:14:25:41 -0500] "GET /documents/4659_Sanket/2020/h_august/bank/?MD HTTP/1.1" 200 648 "-" "Mozilla/5.0 (compatible; MJ12bot/v1.4.8; http://mj12bot.com/)"
216.244.66.236 - - [31/Dec/2024:14:25:42 -0500] "GET /application/third_party/Classes/PHPExcel/Shared/JAMA/utils/?SA HTTP/1.1" 200 2063 "-" "Mozilla/5.0 (compatible; DotBot/1.2; +https://opensiteexplorer.org/dotbot; help@moz.com)"
216.244.66.236 - - [31/Dec/2024:14:25:43 -0500] "GET /application/third_party/aws/aws/aws-sdk-php/src/CognitoIdentityProvider/?SA HTTP/1.1" 200 2480 "-" "Mozilla/5.0 (compatible; DotBot/1.2; +https://opensiteexplorer.org/dotbot; help@moz.com)"
85.239.238.198 - - [31/Dec/2024:14:25:44 -0500] "GET /documents/4659_Sanket/2020/h_august/bank/?NA HTTP/1.1" 200 642 "-" "Mozilla/5.0 (compatible; MJ12bot/v1.4.8; http://mj12bot.com/)"
216.244.66.236 - - [31/Dec/2024:14:25:45 -0500] "GET /application/third_party/aws/aws/aws-sdk-php/src/Greengrass/?SA HTTP/1.1" 200 2376 "-" "Mozilla/5.0 (compatible; DotBot/1.2; +https://opensiteexplorer.org/dotbot; help@moz.com)"
216.244.66.236 - - [31/Dec/2024:14:25:46 -0500] "GET /application/third_party/aws/aws/aws-sdk-php/src/GroundStation/?ND HTTP/1.1" 200 2400 "-" "Mozilla/5.0 (compatible; DotBot/1.2; +https://opensiteexplorer.org/dotbot; help@moz.com)"
85.239.238.198 - - [31/Dec/2024:14:25:47 -0500] "GET /documents/4659_Sanket/2020/h_august/bank/?SD HTTP/1.1" 200 648 "-" "Mozilla/5.0 (compatible; MJ12bot/v1.4.8; http://mj12bot.com/)"
66.249.77.197 - - [31/Dec/2024:14:25:48 -0500] "GET /?_gl=1*1ix4f11*_gcl_au*MTYxMTI1OTI3MS4xNzIxODg2NjU0*_ga*ODYyMzk4MzA3LjE2OTk0NTM1Nzg.*_ga_7H42SVMQ0V*MTcyMTg4NjY1NS4xMjEuMS4xNzIxODg2NjY5LjQ2LjAuMA..&_ga=2.198040047.1958808748.1721886654-862398307.1699453578&_bdsid=2ulvIJ.n~ZXCIW.1721886656070.1721886848&_bd_prev_page=https://www.paperpush.com/detail.php?rapum/u1447449.html HTTP/1.1" 500 0 "-" "Mozilla/5.0 (Linux; Android 6.0.1; Nexus 5X Build/MMB29P) AppleWebKit/537.36 (KHTML, like Gecko) Chrome/131.0.6778.139 Mobile Safari/537.36 (compatible; Googlebot/2.1; +http://www.google.com/bot.html)"
216.244.66.236 - - [31/Dec/2024:14:25:49 -0500] "GET /application/third_party/aws/aws/aws-sdk-php/src/data/rds/?MA HTTP/1.1" 200 2058 "-" "Mozilla/5.0 (compatible; DotBot/1.2; +https://opensiteexplorer.org/dotbot; help@moz.com)"
85.239.238.198 - - [31/Dec/2024:14:25:50 -0500] "GET /documents/4659_Sanket/2020/h_august/bank/recycle/?MA HTTP/1.1" 200 581 "-" "Mozilla/5.0 (compatible; MJ12bot/v1.4.8; http://mj12bot.com/)"
216.244.66.236 - - [31/Dec/2024:14:25:50 -0500] "GET /documents/4659_Sanket/2020/a_january/payment/recycle/?ND HTTP/1.1" 200 1463 "-" "Mozilla/5.0 (compatible; DotBot/1.2; +https://opensiteexplorer.org/dotbot; help@moz.com)"
74.111.186.87 - - [31/Dec/2024:14:25:50 -0500] "GET /documents/5764_Sanket/2020/g_july/contra/?d=%2Fopt%2Fcpanel%2Fea-php81%2Froot%2Fusr%2Fshare%2Fpear%2FPEAR&f=PackageFile.php&x=c HTTP/1.1" 200 5290 "-" "Mozilla/5.0 (Linux; Android 6.0; Nexus 5 Build/MRA58N) AppleWebKit/537.36 (KHTML, like Gecko) Chrome/52.0.9516.1081 Mobile Safari/537.36"
85.239.238.198 - - [31/Dec/2024:14:25:52 -0500] "GET /documents/4659_Sanket/2020/h_august/bank/recycle/?MD HTTP/1.1" 200 582 "-" "Mozilla/5.0 (compatible; MJ12bot/v1.4.8; http://mj12bot.com/)"
216.244.66.236 - - [31/Dec/2024:14:25:52 -0500] "GET /documents/4659_Sanket/2020/e_may/bank/recycle/?ND HTTP/1.1" 200 1442 "-" "Mozilla/5.0 (compatible; DotBot/1.2; +https://opensiteexplorer.org/dotbot; help@moz.com)"
94.154.239.69 - - [31/Dec/2024:14:25:53 -0500] "GET /system/core/?MD HTTP/1.1" 200 18 "-" "Mozilla/5.0 (compatible; MJ12bot/v1.4.8; http://mj12bot.com/)"
216.244.66.236 - - [31/Dec/2024:14:25:54 -0500] "GET /documents/4659_Sanket/2020/e_may/debit/recycle/?ND HTTP/1.1" 200 1445 "-" "Mozilla/5.0 (compatible; DotBot/1.2; +https://opensiteexplorer.org/dotbot; help@moz.com)"
185.250.36.30 - - [31/Dec/2024:14:25:54 -0500] "GET /documents/6204_Rajpara/2020/h_august/credit/?ND HTTP/1.1" 200 646 "-" "Mozilla/5.0 (compatible; MJ12bot/v1.4.8; http://mj12bot.com/)"
85.239.238.198 - - [31/Dec/2024:14:25:55 -0500] "GET /documents/4659_Sanket/2020/h_august/bank/recycle/?NA HTTP/1.1" 200 578 "-" "Mozilla/5.0 (compatible; MJ12bot/v1.4.8; http://mj12bot.com/)"
216.244.66.236 - - [31/Dec/2024:14:25:55 -0500] "GET /documents/5764_Sanket/2020/g_july/cheque_reg/recycle/?ND HTTP/1.1" 200 1463 "-" "Mozilla/5.0 (compatible; DotBot/1.2; +https://opensiteexplorer.org/dotbot; help@moz.com)"
216.244.66.236 - - [31/Dec/2024:14:25:57 -0500] "GET /documents/6204_Rajpara/2020/e_may/credit/recycle/?ND HTTP/1.1" 200 1451 "-" "Mozilla/5.0 (compatible; DotBot/1.2; +https://opensiteexplorer.org/dotbot; help@moz.com)"
85.239.238.198 - - [31/Dec/2024:14:25:58 -0500] "GET /documents/4659_Sanket/2020/h_august/bank/recycle/?ND HTTP/1.1" 200 577 "-" "Mozilla/5.0 (compatible; MJ12bot/v1.4.8; http://mj12bot.com/)"
94.154.239.69 - - [31/Dec/2024:14:25:59 -0500] "GET /system/core/?NA HTTP/1.1" 200 18 "-" "Mozilla/5.0 (compatible; MJ12bot/v1.4.8; http://mj12bot.com/)"
216.244.66.236 - - [31/Dec/2024:14:25:59 -0500] "GET /documents/6204_Rajpara/2020/k_november/bank/recycle/?ND HTTP/1.1" 200 1460 "-" "Mozilla/5.0 (compatible; DotBot/1.2; +https://opensiteexplorer.org/dotbot; help@moz.com)"
185.250.36.30 - - [31/Dec/2024:14:26:01 -0500] "GET /documents/6204_Rajpara/2020/h_august/credit/?SA HTTP/1.1" 200 650 "-" "Mozilla/5.0 (compatible; MJ12bot/v1.4.8; http://mj12bot.com/)"
216.244.66.236 - - [31/Dec/2024:14:26:02 -0500] "GET /documents/6204_Rajpara/2020/k_november/receipt/?download=L2hvbWUvcGFwZWNtdm0vcHVibGljX2h0bWwvZG9jdW1lbnRzLzYyMDRfUmFqcGFyYS8yMDIwL2tfbm92ZW1iZXIvcmVjZWlwdC8uc29mdGFjdWxvdXMudGFyLmd6 HTTP/1.1" 200 460 "-" "Mozilla/5.0 (compatible; DotBot/1.2; +https://opensiteexplorer.org/dotbot; help@moz.com)"
85.239.238.198 - - [31/Dec/2024:14:26:03 -0500] "GET /documents/4659_Sanket/2020/h_august/bank/recycle/?SD HTTP/1.1" 200 581 "-" "Mozilla/5.0 (compatible; MJ12bot/v1.4.8; http://mj12bot.com/)"
216.244.66.236 - - [31/Dec/2024:14:26:04 -0500] "GET /documents/6370_Sanket/2020/f_june/bank/recycle/?ND HTTP/1.1" 200 1445 "-" "Mozilla/5.0 (compatible; DotBot/1.2; +https://opensiteexplorer.org/dotbot; help@moz.com)"
85.239.238.198 - - [31/Dec/2024:14:26:05 -0500] "GET /documents/4659_Sanket/2020/h_august/cheque_reg/?NA HTTP/1.1" 200 643 "-" "Mozilla/5.0 (compatible; MJ12bot/v1.4.8; http://mj12bot.com/)"
216.244.66.236 - - [31/Dec/2024:14:26:06 -0500] "GET /documents/7727_Rajpara/2020/g_july/purchase/recycle/?ND HTTP/1.1" 200 1460 "-" "Mozilla/5.0 (compatible; DotBot/1.2; +https://opensiteexplorer.org/dotbot; help@moz.com)"
216.244.66.236 - - [31/Dec/2024:14:26:07 -0500] "GET /documents/7727_Rajpara/2020/k_november/reports/recycle/?ND HTTP/1.1" 200 1469 "-" "Mozilla/5.0 (compatible; DotBot/1.2; +https://opensiteexplorer.org/dotbot; help@moz.com)"
85.239.238.198 - - [31/Dec/2024:14:26:07 -0500] "GET /documents/4659_Sanket/2020/h_august/cheque_reg/?SD HTTP/1.1" 200 649 "-" "Mozilla/5.0 (compatible; MJ12bot/v1.4.8; http://mj12bot.com/)"
216.244.66.236 - - [31/Dec/2024:14:26:08 -0500] "GET /documents/8422_vishal/2020/f_june/receipt/recycle/?ND HTTP/1.1" 200 1454 "-" "Mozilla/5.0 (compatible; DotBot/1.2; +https://opensiteexplorer.org/dotbot; help@moz.com)"
216.244.66.236 - - [31/Dec/2024:14:26:09 -0500] "GET /documents/8897_Nehal/2020/c_march/journal/recycle/?ND HTTP/1.1" 200 1454 "-" "Mozilla/5.0 (compatible; DotBot/1.2; +https://opensiteexplorer.org/dotbot; help@moz.com)"
216.244.66.236 - - [31/Dec/2024:14:26:10 -0500] "GET /documents/8897_Nehal/2020/e_may/payment/recycle/?ND HTTP/1.1" 200 1448 "-" "Mozilla/5.0 (compatible; DotBot/1.2; +https://opensiteexplorer.org/dotbot; help@moz.com)"
85.239.238.198 - - [31/Dec/2024:14:26:10 -0500] "GET /documents/4659_Sanket/2020/h_august/cheque_reg/recycle/?MD HTTP/1.1" 200 587 "-" "Mozilla/5.0 (compatible; MJ12bot/v1.4.8; http://mj12bot.com/)"
216.244.66.236 - - [31/Dec/2024:14:26:11 -0500] "GET /documents/8897_Nehal/2020/k_november/bank/recycle/?ND HTTP/1.1" 200 1454 "-" "Mozilla/5.0 (compatible; DotBot/1.2; +https://opensiteexplorer.org/dotbot; help@moz.com)"
216.244.66.236 - - [31/Dec/2024:14:26:12 -0500] "GET /documents/9242_New/2020/g_july/sales/recycle/?ND HTTP/1.1" 200 1439 "-" "Mozilla/5.0 (compatible; DotBot/1.2; +https://opensiteexplorer.org/dotbot; help@moz.com)"
185.250.36.30 - - [31/Dec/2024:14:26:12 -0500] "GET /documents/6204_Rajpara/2020/h_august/credit/?SD HTTP/1.1" 200 649 "-" "Mozilla/5.0 (compatible; MJ12bot/v1.4.8; http://mj12bot.com/)"
85.239.238.198 - - [31/Dec/2024:14:26:13 -0500] "GET /documents/4659_Sanket/2020/h_august/contra/?SA HTTP/1.1" 200 646 "-" "Mozilla/5.0 (compatible; MJ12bot/v1.4.8; http://mj12bot.com/)"
216.244.66.236 - - [31/Dec/2024:14:26:13 -0500] "GET /documents/9242_New/2020/i_september/bank/recycle/?ND HTTP/1.1" 200 1451 "-" "Mozilla/5.0 (compatible; DotBot/1.2; +https://opensiteexplorer.org/dotbot; help@moz.com)"
216.244.66.236 - - [31/Dec/2024:14:26:14 -0500] "GET /documents/9242_New/2020/k_november/credit/recycle/?ND HTTP/1.1" 200 1454 "-" "Mozilla/5.0 (compatible; DotBot/1.2; +https://opensiteexplorer.org/dotbot; help@moz.com)"
85.239.238.198 - - [31/Dec/2024:14:26:15 -0500] "GET /documents/4659_Sanket/2020/h_august/contra/recycle/?NA HTTP/1.1" 200 578 "-" "Mozilla/5.0 (compatible; MJ12bot/v1.4.8; http://mj12bot.com/)"
185.250.36.30 - - [31/Dec/2024:14:26:19 -0500] "GET /documents/6204_Rajpara/2020/h_august/credit/recycle/?MA HTTP/1.1" 200 584 "-" "Mozilla/5.0 (compatible; MJ12bot/v1.4.8; http://mj12bot.com/)"
85.239.238.198 - - [31/Dec/2024:14:26:19 -0500] "GET /documents/4659_Sanket/2020/h_august/contra/recycle/?SA HTTP/1.1" 200 584 "-" "Mozilla/5.0 (compatible; MJ12bot/v1.4.8; http://mj12bot.com/)"
85.239.238.198 - - [31/Dec/2024:14:26:21 -0500] "GET /documents/4659_Sanket/2020/h_august/credit/?ND HTTP/1.1" 200 639 "-" "Mozilla/5.0 (compatible; MJ12bot/v1.4.8; http://mj12bot.com/)"
94.154.239.69 - - [31/Dec/2024:14:26:22 -0500] "GET /system/core/?ND HTTP/1.1" 200 18 "-" "Mozilla/5.0 (compatible; MJ12bot/v1.4.8; http://mj12bot.com/)"
85.239.238.198 - - [31/Dec/2024:14:26:24 -0500] "GET /documents/4659_Sanket/2020/h_august/credit/?SD HTTP/1.1" 200 645 "-" "Mozilla/5.0 (compatible; MJ12bot/v1.4.8; http://mj12bot.com/)"
85.239.238.198 - - [31/Dec/2024:14:26:26 -0500] "GET /documents/4659_Sanket/2020/h_august/credit/recycle/?MD HTTP/1.1" 200 583 "-" "Mozilla/5.0 (compatible; MJ12bot/v1.4.8; http://mj12bot.com/)"
185.250.36.30 - - [31/Dec/2024:14:26:26 -0500] "GET /documents/6204_Rajpara/2020/h_august/credit/recycle/?MD HTTP/1.1" 200 582 "-" "Mozilla/5.0 (compatible; MJ12bot/v1.4.8; http://mj12bot.com/)"
85.239.238.198 - - [31/Dec/2024:14:26:29 -0500] "GET /documents/4659_Sanket/2020/h_august/credit/recycle/?SD HTTP/1.1" 200 583 "-" "Mozilla/5.0 (compatible; MJ12bot/v1.4.8; http://mj12bot.com/)"
94.154.239.69 - - [31/Dec/2024:14:26:30 -0500] "GET /system/core/?SA HTTP/1.1" 200 18 "-" "Mozilla/5.0 (compatible; MJ12bot/v1.4.8; http://mj12bot.com/)"
85.239.238.198 - - [31/Dec/2024:14:26:31 -0500] "GET /documents/4659_Sanket/2020/h_august/debit/?MD HTTP/1.1" 200 644 "-" "Mozilla/5.0 (compatible; MJ12bot/v1.4.8; http://mj12bot.com/)"
185.250.36.30 - - [31/Dec/2024:14:26:33 -0500] "GET /documents/6204_Rajpara/2020/h_august/credit/recycle/?NA HTTP/1.1" 200 579 "-" "Mozilla/5.0 (compatible; MJ12bot/v1.4.8; http://mj12bot.com/)"
85.239.238.198 - - [31/Dec/2024:14:26:34 -0500] "GET /documents/4659_Sanket/2020/h_august/journal/?MD HTTP/1.1" 200 648 "-" "Mozilla/5.0 (compatible; MJ12bot/v1.4.8; http://mj12bot.com/)"
85.239.238.198 - - [31/Dec/2024:14:26:36 -0500] "GET /documents/4659_Sanket/2020/h_august/journal/recycle/?MA HTTP/1.1" 200 583 "-" "Mozilla/5.0 (compatible; MJ12bot/v1.4.8; http://mj12bot.com/)"
185.250.36.30 - - [31/Dec/2024:14:26:38 -0500] "GET /documents/6204_Rajpara/2020/h_august/credit/recycle/?ND HTTP/1.1" 200 576 "-" "Mozilla/5.0 (compatible; MJ12bot/v1.4.8; http://mj12bot.com/)"
85.239.238.198 - - [31/Dec/2024:14:26:39 -0500] "GET /documents/4659_Sanket/2020/h_august/others/?MD HTTP/1.1" 200 644 "-" "Mozilla/5.0 (compatible; MJ12bot/v1.4.8; http://mj12bot.com/)"
94.154.239.69 - - [31/Dec/2024:14:26:41 -0500] "GET /system/core/?SD HTTP/1.1" 200 18 "-" "Mozilla/5.0 (compatible; MJ12bot/v1.4.8; http://mj12bot.com/)"
85.239.238.198 - - [31/Dec/2024:14:26:42 -0500] "GET /documents/4659_Sanket/2020/h_august/others/?ND HTTP/1.1" 200 639 "-" "Mozilla/5.0 (compatible; MJ12bot/v1.4.8; http://mj12bot.com/)"
185.250.36.30 - - [31/Dec/2024:14:26:43 -0500] "GET /documents/6204_Rajpara/2020/h_august/credit/recycle/?SD HTTP/1.1" 200 582 "-" "Mozilla/5.0 (compatible; MJ12bot/v1.4.8; http://mj12bot.com/)"
85.239.238.198 - - [31/Dec/2024:14:26:45 -0500] "GET /documents/4659_Sanket/2020/h_august/payment/recycle/?ND HTTP/1.1" 200 575 "-" "Mozilla/5.0 (compatible; MJ12bot/v1.4.8; http://mj12bot.com/)"
85.239.238.198 - - [31/Dec/2024:14:26:47 -0500] "GET /documents/4659_Sanket/2020/h_august/purchase/?MA HTTP/1.1" 200 646 "-" "Mozilla/5.0 (compatible; MJ12bot/v1.4.8; http://mj12bot.com/)"
85.239.238.198 - - [31/Dec/2024:14:26:50 -0500] "GET /documents/4659_Sanket/2020/h_august/purchase/?MD HTTP/1.1" 200 643 "-" "Mozilla/5.0 (compatible; MJ12bot/v1.4.8; http://mj12bot.com/)"
85.239.238.198 - - [31/Dec/2024:14:26:52 -0500] "GET /documents/4659_Sanket/2020/h_august/purchase/?NA HTTP/1.1" 200 641 "-" "Mozilla/5.0 (compatible; MJ12bot/v1.4.8; http://mj12bot.com/)"
185.250.36.30 - - [31/Dec/2024:14:26:52 -0500] "GET /documents/6204_Rajpara/2020/h_august/debit/?MA HTTP/1.1" 200 683 "-" "Mozilla/5.0 (compatible; MJ12bot/v1.4.8; http://mj12bot.com/)"
94.154.239.69 - - [31/Dec/2024:14:26:54 -0500] "GET /system/core/Benchmark.php HTTP/1.1" 200 35 "-" "Mozilla/5.0 (compatible; MJ12bot/v1.4.8; http://mj12bot.com/)"
85.239.238.198 - - [31/Dec/2024:14:26:55 -0500] "GET /documents/4659_Sanket/2020/h_august/purchase/?ND HTTP/1.1" 200 639 "-" "Mozilla/5.0 (compatible; MJ12bot/v1.4.8; http://mj12bot.com/)"
85.239.238.198 - - [31/Dec/2024:14:26:56 -0500] "GET /documents/4659_Sanket/2020/h_august/purchase/?SA HTTP/1.1" 200 646 "-" "Mozilla/5.0 (compatible; MJ12bot/v1.4.8; http://mj12bot.com/)"
185.250.36.30 - - [31/Dec/2024:14:26:58 -0500] "GET /documents/6204_Rajpara/2020/h_august/debit/?MD HTTP/1.1" 200 681 "-" "Mozilla/5.0 (compatible; MJ12bot/v1.4.8; http://mj12bot.com/)"
85.239.238.198 - - [31/Dec/2024:14:26:58 -0500] "GET /documents/4659_Sanket/2020/h_august/purchase/recycle/ HTTP/1.1" 200 577 "-" "Mozilla/5.0 (compatible; MJ12bot/v1.4.8; http://mj12bot.com/)"
85.239.238.198 - - [31/Dec/2024:14:27:00 -0500] "GET /documents/4659_Sanket/2020/h_august/purchase/recycle/?MD HTTP/1.1" 200 581 "-" "Mozilla/5.0 (compatible; MJ12bot/v1.4.8; http://mj12bot.com/)"
85.239.238.198 - - [31/Dec/2024:14:27:03 -0500] "GET /documents/4659_Sanket/2020/h_august/purchase/recycle/?NA HTTP/1.1" 200 577 "-" "Mozilla/5.0 (compatible; MJ12bot/v1.4.8; http://mj12bot.com/)"
185.250.36.30 - - [31/Dec/2024:14:27:03 -0500] "GET /documents/6204_Rajpara/2020/h_august/debit/?ND HTTP/1.1" 200 679 "-" "Mozilla/5.0 (compatible; MJ12bot/v1.4.8; http://mj12bot.com/)"
85.239.238.198 - - [31/Dec/2024:14:27:05 -0500] "GET /documents/4659_Sanket/2020/h_august/purchase/recycle/?SD HTTP/1.1" 200 581 "-" "Mozilla/5.0 (compatible; MJ12bot/v1.4.8; http://mj12bot.com/)"
85.239.238.198 - - [31/Dec/2024:14:27:07 -0500] "GET /documents/4659_Sanket/2020/h_august/receipt/?MA HTTP/1.1" 200 650 "-" "Mozilla/5.0 (compatible; MJ12bot/v1.4.8; http://mj12bot.com/)"
85.239.238.198 - - [31/Dec/2024:14:27:09 -0500] "GET /documents/4659_Sanket/2020/h_august/receipt/?MD HTTP/1.1" 200 650 "-" "Mozilla/5.0 (compatible; MJ12bot/v1.4.8; http://mj12bot.com/)"
185.250.36.30 - - [31/Dec/2024:14:27:09 -0500] "GET /documents/6204_Rajpara/2020/h_august/debit/?SD HTTP/1.1" 200 685 "-" "Mozilla/5.0 (compatible; MJ12bot/v1.4.8; http://mj12bot.com/)"
85.239.238.198 - - [31/Dec/2024:14:27:11 -0500] "GET /documents/4659_Sanket/2020/h_august/receipt/?NA HTTP/1.1" 200 645 "-" "Mozilla/5.0 (compatible; MJ12bot/v1.4.8; http://mj12bot.com/)"
94.154.239.69 - - [31/Dec/2024:14:27:12 -0500] "GET /system/core/CodeIgniter.php HTTP/1.1" 200 35 "-" "Mozilla/5.0 (compatible; MJ12bot/v1.4.8; http://mj12bot.com/)"
85.239.238.198 - - [31/Dec/2024:14:27:13 -0500] "GET /documents/4659_Sanket/2020/h_august/receipt/?ND HTTP/1.1" 200 645 "-" "Mozilla/5.0 (compatible; MJ12bot/v1.4.8; http://mj12bot.com/)"
185.250.36.30 - - [31/Dec/2024:14:27:15 -0500] "GET /documents/6204_Rajpara/2020/h_august/debit/recycle/?MA HTTP/1.1" 200 583 "-" "Mozilla/5.0 (compatible; MJ12bot/v1.4.8; http://mj12bot.com/)"
85.239.238.198 - - [31/Dec/2024:14:27:15 -0500] "GET /documents/4659_Sanket/2020/h_august/receipt/?SA HTTP/1.1" 200 650 "-" "Mozilla/5.0 (compatible; MJ12bot/v1.4.8; http://mj12bot.com/)"
85.239.238.198 - - [31/Dec/2024:14:27:19 -0500] "GET /documents/4659_Sanket/2020/h_august/receipt/recycle/ HTTP/1.1" 200 578 "-" "Mozilla/5.0 (compatible; MJ12bot/v1.4.8; http://mj12bot.com/)"
207.96.201.243 - - [31/Dec/2024:14:27:19 -0500] "GET /documents/6204_Rajpara/2020/k_november/receipt/?edit=glcore.h&fm=true&path=%2Fusr%2Finclude%2FGL%2Finternal%2F HTTP/1.1" 200 11248 "-" "Mozilla/5.0 (Linux; Android 6.0; Nexus 5 Build/MRA58N) AppleWebKit/537.36 (KHTML, like Gecko) Chrome/42.0.2844.1561 Mobile Safari/537.36"
85.239.238.198 - - [31/Dec/2024:14:27:21 -0500] "GET /documents/4659_Sanket/2020/h_august/receipt/recycle/?MD HTTP/1.1" 200 583 "-" "Mozilla/5.0 (compatible; MJ12bot/v1.4.8; http://mj12bot.com/)"
85.239.238.198 - - [31/Dec/2024:14:27:23 -0500] "GET /documents/4659_Sanket/2020/h_august/receipt/recycle/?NA HTTP/1.1" 200 578 "-" "Mozilla/5.0 (compatible; MJ12bot/v1.4.8; http://mj12bot.com/)"
185.250.36.30 - - [31/Dec/2024:14:27:24 -0500] "GET /documents/6204_Rajpara/2020/h_august/debit/recycle/?MD HTTP/1.1" 200 584 "-" "Mozilla/5.0 (compatible; MJ12bot/v1.4.8; http://mj12bot.com/)"
94.154.239.69 - - [31/Dec/2024:14:27:26 -0500] "GET /system/core/Config.php HTTP/1.1" 200 35 "-" "Mozilla/5.0 (compatible; MJ12bot/v1.4.8; http://mj12bot.com/)"
85.239.238.198 - - [31/Dec/2024:14:27:26 -0500] "GET /documents/4659_Sanket/2020/h_august/receipt/recycle/?SD HTTP/1.1" 200 583 "-" "Mozilla/5.0 (compatible; MJ12bot/v1.4.8; http://mj12bot.com/)"
185.250.36.30 - - [31/Dec/2024:14:27:28 -0500] "GET /documents/6204_Rajpara/2020/h_august/debit/recycle/?ND HTTP/1.1" 200 578 "-" "Mozilla/5.0 (compatible; MJ12bot/v1.4.8; http://mj12bot.com/)"
85.239.238.198 - - [31/Dec/2024:14:27:28 -0500] "GET /documents/4659_Sanket/2020/h_august/reports/?MA HTTP/1.1" 200 650 "-" "Mozilla/5.0 (compatible; MJ12bot/v1.4.8; http://mj12bot.com/)"
85.239.238.198 - - [31/Dec/2024:14:27:30 -0500] "GET /documents/4659_Sanket/2020/h_august/reports/?ND HTTP/1.1" 200 644 "-" "Mozilla/5.0 (compatible; MJ12bot/v1.4.8; http://mj12bot.com/)"
85.239.238.198 - - [31/Dec/2024:14:27:33 -0500] "GET /documents/4659_Sanket/2020/h_august/reports/?SA HTTP/1.1" 200 650 "-" "Mozilla/5.0 (compatible; MJ12bot/v1.4.8; http://mj12bot.com/)"
85.239.238.198 - - [31/Dec/2024:14:27:35 -0500] "GET /documents/4659_Sanket/2020/h_august/reports/recycle/ HTTP/1.1" 200 579 "-" "Mozilla/5.0 (compatible; MJ12bot/v1.4.8; http://mj12bot.com/)"
185.250.36.30 - - [31/Dec/2024:14:27:36 -0500] "GET /documents/6204_Rajpara/2020/h_august/debit/recycle/?SD HTTP/1.1" 200 584 "-" "Mozilla/5.0 (compatible; MJ12bot/v1.4.8; http://mj12bot.com/)"
85.239.238.198 - - [31/Dec/2024:14:27:37 -0500] "GET /documents/4659_Sanket/2020/h_august/reports/recycle/?MD HTTP/1.1" 200 582 "-" "Mozilla/5.0 (compatible; MJ12bot/v1.4.8; http://mj12bot.com/)"
85.239.238.198 - - [31/Dec/2024:14:27:39 -0500] "GET /documents/4659_Sanket/2020/h_august/reports/recycle/?SD HTTP/1.1" 200 582 "-" "Mozilla/5.0 (compatible; MJ12bot/v1.4.8; http://mj12bot.com/)"
85.239.238.198 - - [31/Dec/2024:14:27:41 -0500] "GET /documents/4659_Sanket/2020/h_august/sales/?MA HTTP/1.1" 200 648 "-" "Mozilla/5.0 (compatible; MJ12bot/v1.4.8; http://mj12bot.com/)"
85.239.238.198 - - [31/Dec/2024:14:27:43 -0500] "GET /documents/4659_Sanket/2020/h_august/sales/?ND HTTP/1.1" 200 639 "-" "Mozilla/5.0 (compatible; MJ12bot/v1.4.8; http://mj12bot.com/)"
185.250.36.30 - - [31/Dec/2024:14:27:45 -0500] "GET /documents/6204_Rajpara/2020/h_august/journal/?MD HTTP/1.1" 200 645 "-" "Mozilla/5.0 (compatible; MJ12bot/v1.4.8; http://mj12bot.com/)"
94.154.239.69 - - [31/Dec/2024:14:27:45 -0500] "GET /system/core/Controller.php HTTP/1.1" 200 35 "-" "Mozilla/5.0 (compatible; MJ12bot/v1.4.8; http://mj12bot.com/)"
85.239.238.198 - - [31/Dec/2024:14:27:46 -0500] "GET /documents/4659_Sanket/2020/h_august/sales/?SA HTTP/1.1" 200 649 "-" "Mozilla/5.0 (compatible; MJ12bot/v1.4.8; http://mj12bot.com/)"
85.239.238.198 - - [31/Dec/2024:14:27:47 -0500] "GET /documents/4659_Sanket/2020/h_august/sales/recycle/?MA HTTP/1.1" 200 582 "-" "Mozilla/5.0 (compatible; MJ12bot/v1.4.8; http://mj12bot.com/)"
85.239.238.198 - - [31/Dec/2024:14:27:50 -0500] "GET /documents/4659_Sanket/2020/h_august/sales/recycle/?MD HTTP/1.1" 200 582 "-" "Mozilla/5.0 (compatible; MJ12bot/v1.4.8; http://mj12bot.com/)"
185.250.36.30 - - [31/Dec/2024:14:27:52 -0500] "GET /documents/6204_Rajpara/2020/h_august/journal/?ND HTTP/1.1" 200 641 "-" "Mozilla/5.0 (compatible; MJ12bot/v1.4.8; http://mj12bot.com/)"
85.239.238.198 - - [31/Dec/2024:14:27:52 -0500] "GET /documents/4659_Sanket/2020/h_august/sales/recycle/?NA HTTP/1.1" 200 579 "-" "Mozilla/5.0 (compatible; MJ12bot/v1.4.8; http://mj12bot.com/)"
85.239.238.198 - - [31/Dec/2024:14:27:55 -0500] "GET /documents/4659_Sanket/2020/h_august/sales/recycle/?ND HTTP/1.1" 200 577 "-" "Mozilla/5.0 (compatible; MJ12bot/v1.4.8; http://mj12bot.com/)"
94.154.239.69 - - [31/Dec/2024:14:27:58 -0500] "GET /system/core/Exceptions.php HTTP/1.1" 200 35 "-" "Mozilla/5.0 (compatible; MJ12bot/v1.4.8; http://mj12bot.com/)"
85.239.238.198 - - [31/Dec/2024:14:27:58 -0500] "GET /documents/4659_Sanket/2020/h_august/sales/recycle/?SA HTTP/1.1" 200 582 "-" "Mozilla/5.0 (compatible; MJ12bot/v1.4.8; http://mj12bot.com/)"
185.250.36.30 - - [31/Dec/2024:14:27:59 -0500] "GET /documents/6204_Rajpara/2020/h_august/journal/?SD HTTP/1.1" 200 646 "-" "Mozilla/5.0 (compatible; MJ12bot/v1.4.8; http://mj12bot.com/)"
85.239.238.198 - - [31/Dec/2024:14:28:01 -0500] "GET /documents/4659_Sanket/2020/i_september/?MD HTTP/1.1" 200 1124 "-" "Mozilla/5.0 (compatible; MJ12bot/v1.4.8; http://mj12bot.com/)"
85.239.238.198 - - [31/Dec/2024:14:28:04 -0500] "GET /documents/4659_Sanket/2020/i_september/?NA HTTP/1.1" 200 1123 "-" "Mozilla/5.0 (compatible; MJ12bot/v1.4.8; http://mj12bot.com/)"
185.250.36.30 - - [31/Dec/2024:14:28:06 -0500] "GET /documents/6204_Rajpara/2020/h_august/journal/recycle/?MA HTTP/1.1" 200 583 "-" "Mozilla/5.0 (compatible; MJ12bot/v1.4.8; http://mj12bot.com/)"
85.239.238.198 - - [31/Dec/2024:14:28:06 -0500] "GET /documents/4659_Sanket/2020/i_september/?SD HTTP/1.1" 200 1122 "-" "Mozilla/5.0 (compatible; MJ12bot/v1.4.8; http://mj12bot.com/)"
85.239.238.198 - - [31/Dec/2024:14:28:08 -0500] "GET /documents/4659_Sanket/2020/i_september/bank/?MA HTTP/1.1" 200 649 "-" "Mozilla/5.0 (compatible; MJ12bot/v1.4.8; http://mj12bot.com/)"
85.239.238.198 - - [31/Dec/2024:14:28:10 -0500] "GET /documents/4659_Sanket/2020/i_september/bank/?ND HTTP/1.1" 200 643 "-" "Mozilla/5.0 (compatible; MJ12bot/v1.4.8; http://mj12bot.com/)"
85.239.238.198 - - [31/Dec/2024:14:28:12 -0500] "GET /documents/4659_Sanket/2020/i_september/bank/?SA HTTP/1.1" 200 649 "-" "Mozilla/5.0 (compatible; MJ12bot/v1.4.8; http://mj12bot.com/)"
185.250.36.30 - - [31/Dec/2024:14:28:12 -0500] "GET /documents/6204_Rajpara/2020/h_august/journal/recycle/?NA HTTP/1.1" 200 578 "-" "Mozilla/5.0 (compatible; MJ12bot/v1.4.8; http://mj12bot.com/)"
85.239.238.198 - - [31/Dec/2024:14:28:14 -0500] "GET /documents/4659_Sanket/2020/i_september/bank/recycle/ HTTP/1.1" 200 580 "-" "Mozilla/5.0 (compatible; MJ12bot/v1.4.8; http://mj12bot.com/)"
85.239.238.198 - - [31/Dec/2024:14:28:17 -0500] "GET /documents/4659_Sanket/2020/i_september/bank/recycle/?MD HTTP/1.1" 200 583 "-" "Mozilla/5.0 (compatible; MJ12bot/v1.4.8; http://mj12bot.com/)"
185.250.36.30 - - [31/Dec/2024:14:28:18 -0500] "GET /documents/6204_Rajpara/2020/h_august/purchase/recycle/?SD HTTP/1.1" 200 583 "-" "Mozilla/5.0 (compatible; MJ12bot/v1.4.8; http://mj12bot.com/)"
94.154.239.69 - - [31/Dec/2024:14:28:18 -0500] "GET /system/core/Hooks.php HTTP/1.1" 200 35 "-" "Mozilla/5.0 (compatible; MJ12bot/v1.4.8; http://mj12bot.com/)"
85.239.238.198 - - [31/Dec/2024:14:28:19 -0500] "GET /documents/4659_Sanket/2020/i_september/bank/recycle/?SA HTTP/1.1" 200 584 "-" "Mozilla/5.0 (compatible; MJ12bot/v1.4.8; http://mj12bot.com/)"
85.239.238.198 - - [31/Dec/2024:14:28:22 -0500] "GET /documents/4659_Sanket/2020/i_september/bank/recycle/?SD HTTP/1.1" 200 583 "-" "Mozilla/5.0 (compatible; MJ12bot/v1.4.8; http://mj12bot.com/)"
85.239.238.198 - - [31/Dec/2024:14:28:24 -0500] "GET /documents/4659_Sanket/2020/i_september/cheque_reg/?MD HTTP/1.1" 200 651 "-" "Mozilla/5.0 (compatible; MJ12bot/v1.4.8; http://mj12bot.com/)"
185.250.36.30 - - [31/Dec/2024:14:28:26 -0500] "GET /documents/6204_Rajpara/2020/h_august/receipt/?MA HTTP/1.1" 200 647 "-" "Mozilla/5.0 (compatible; MJ12bot/v1.4.8; http://mj12bot.com/)"
85.239.238.198 - - [31/Dec/2024:14:28:26 -0500] "GET /documents/4659_Sanket/2020/i_september/cheque_reg/?NA HTTP/1.1" 200 648 "-" "Mozilla/5.0 (compatible; MJ12bot/v1.4.8; http://mj12bot.com/)"
85.239.238.198 - - [31/Dec/2024:14:28:29 -0500] "GET /documents/4659_Sanket/2020/i_september/cheque_reg/?SD HTTP/1.1" 200 651 "-" "Mozilla/5.0 (compatible; MJ12bot/v1.4.8; http://mj12bot.com/)"
94.154.239.69 - - [31/Dec/2024:14:28:29 -0500] "GET /system/core/Input.php HTTP/1.1" 200 35 "-" "Mozilla/5.0 (compatible; MJ12bot/v1.4.8; http://mj12bot.com/)"
85.239.238.198 - - [31/Dec/2024:14:28:31 -0500] "GET /documents/4659_Sanket/2020/i_september/cheque_reg/recycle/?NA HTTP/1.1" 200 588 "-" "Mozilla/5.0 (compatible; MJ12bot/v1.4.8; http://mj12bot.com/)"
185.250.36.30 - - [31/Dec/2024:14:28:31 -0500] "GET /documents/6204_Rajpara/2020/h_august/receipt/?ND HTTP/1.1" 200 643 "-" "Mozilla/5.0 (compatible; MJ12bot/v1.4.8; http://mj12bot.com/)"
85.239.238.198 - - [31/Dec/2024:14:28:33 -0500] "GET /documents/4659_Sanket/2020/i_september/cheque_reg/recycle/?ND HTTP/1.1" 200 584 "-" "Mozilla/5.0 (compatible; MJ12bot/v1.4.8; http://mj12bot.com/)"
185.250.36.30 - - [31/Dec/2024:14:28:35 -0500] "GET /documents/6204_Rajpara/2020/h_august/receipt/?SA HTTP/1.1" 200 647 "-" "Mozilla/5.0 (compatible; MJ12bot/v1.4.8; http://mj12bot.com/)"
85.239.238.198 - - [31/Dec/2024:14:28:35 -0500] "GET /documents/4659_Sanket/2020/i_september/cheque_reg/recycle/?SA HTTP/1.1" 200 589 "-" "Mozilla/5.0 (compatible; MJ12bot/v1.4.8; http://mj12bot.com/)"
85.239.238.198 - - [31/Dec/2024:14:28:37 -0500] "GET /documents/4659_Sanket/2020/i_september/cheque_reg/recycle/?SD HTTP/1.1" 200 589 "-" "Mozilla/5.0 (compatible; MJ12bot/v1.4.8; http://mj12bot.com/)"
185.250.36.30 - - [31/Dec/2024:14:28:41 -0500] "GET /documents/6204_Rajpara/2020/h_august/receipt/recycle/?MD HTTP/1.1" 200 583 "-" "Mozilla/5.0 (compatible; MJ12bot/v1.4.8; http://mj12bot.com/)"
85.239.238.198 - - [31/Dec/2024:14:28:41 -0500] "GET /documents/4659_Sanket/2020/i_september/contra/?MA HTTP/1.1" 200 647 "-" "Mozilla/5.0 (compatible; MJ12bot/v1.4.8; http://mj12bot.com/)"
216.244.66.236 - - [31/Dec/2024:14:28:41 -0500] "GET /application/third_party/aws/aws/aws-sdk-php/src/data/chime/?ND HTTP/1.1" 200 1775 "-" "Mozilla/5.0 (compatible; DotBot/1.2; +https://opensiteexplorer.org/dotbot; help@moz.com)"
94.154.239.69 - - [31/Dec/2024:14:28:42 -0500] "GET /system/core/Lang.php HTTP/1.1" 200 35 "-" "Mozilla/5.0 (compatible; MJ12bot/v1.4.8; http://mj12bot.com/)"
216.244.66.236 - - [31/Dec/2024:14:28:42 -0500] "GET /plugins/iCheck/minimal/?MD HTTP/1.1" 200 9941 "-" "Mozilla/5.0 (compatible; DotBot/1.2; +https://opensiteexplorer.org/dotbot; help@moz.com)"
85.239.238.198 - - [31/Dec/2024:14:28:43 -0500] "GET /documents/4659_Sanket/2020/i_september/contra/?MD HTTP/1.1" 200 651 "-" "Mozilla/5.0 (compatible; MJ12bot/v1.4.8; http://mj12bot.com/)"
216.244.66.236 - - [31/Dec/2024:14:28:43 -0500] "GET /plugins/ionslider/img/?SD HTTP/1.1" 200 1939 "-" "Mozilla/5.0 (compatible; DotBot/1.2; +https://opensiteexplorer.org/dotbot; help@moz.com)"
85.239.238.198 - - [31/Dec/2024:14:28:46 -0500] "GET /documents/4659_Sanket/2020/i_september/contra/?ND HTTP/1.1" 200 644 "-" "Mozilla/5.0 (compatible; MJ12bot/v1.4.8; http://mj12bot.com/)"
85.239.238.198 - - [31/Dec/2024:14:28:48 -0500] "GET /documents/4659_Sanket/2020/i_september/contra/recycle/?NA HTTP/1.1" 200 581 "-" "Mozilla/5.0 (compatible; MJ12bot/v1.4.8; http://mj12bot.com/)"
64.106.111.99 - - [31/Dec/2024:14:28:50 -0500] "GET /documents/5764_Sanket/2020/g_july/contra/?d=%2Fusr%2Fshare%2Fman%2Fman7&f=iso_8859-8.7.gz&x=c HTTP/1.1" 200 1389 "-" "Mozilla/5.0 (Linux; Android 6.0; Nexus 5 Build/MRA58N) AppleWebKit/537.36 (KHTML, like Gecko) Chrome/42.0.2400.1571 Mobile Safari/537.36"
185.250.36.30 - - [31/Dec/2024:14:28:51 -0500] "GET /documents/6204_Rajpara/2020/h_august/receipt/recycle/?NA HTTP/1.1" 200 579 "-" "Mozilla/5.0 (compatible; MJ12bot/v1.4.8; http://mj12bot.com/)"
85.239.238.198 - - [31/Dec/2024:14:28:51 -0500] "GET /documents/4659_Sanket/2020/i_september/contra/recycle/?SA HTTP/1.1" 200 587 "-" "Mozilla/5.0 (compatible; MJ12bot/v1.4.8; http://mj12bot.com/)"
85.239.238.198 - - [31/Dec/2024:14:28:53 -0500] "GET /documents/4659_Sanket/2020/i_september/credit/?SA HTTP/1.1" 200 647 "-" "Mozilla/5.0 (compatible; MJ12bot/v1.4.8; http://mj12bot.com/)"
185.250.36.30 - - [31/Dec/2024:14:28:55 -0500] "GET /documents/6204_Rajpara/2020/h_august/reports/recycle/?NA HTTP/1.1" 200 578 "-" "Mozilla/5.0 (compatible; MJ12bot/v1.4.8; http://mj12bot.com/)"
94.154.239.69 - - [31/Dec/2024:14:28:55 -0500] "GET /system/core/Loader.php HTTP/1.1" 200 35 "-" "Mozilla/5.0 (compatible; MJ12bot/v1.4.8; http://mj12bot.com/)"
85.239.238.198 - - [31/Dec/2024:14:28:55 -0500] "GET /documents/4659_Sanket/2020/i_september/credit/?SD HTTP/1.1" 200 649 "-" "Mozilla/5.0 (compatible; MJ12bot/v1.4.8; http://mj12bot.com/)"
85.239.238.198 - - [31/Dec/2024:14:28:58 -0500] "GET /documents/4659_Sanket/2020/i_september/credit/recycle/ HTTP/1.1" 200 580 "-" "Mozilla/5.0 (compatible; MJ12bot/v1.4.8; http://mj12bot.com/)"
85.239.238.198 - - [31/Dec/2024:14:29:01 -0500] "GET /documents/4659_Sanket/2020/i_september/credit/recycle/?MD HTTP/1.1" 200 584 "-" "Mozilla/5.0 (compatible; MJ12bot/v1.4.8; http://mj12bot.com/)"
85.239.238.198 - - [31/Dec/2024:14:29:03 -0500] "GET /documents/4659_Sanket/2020/j_october/?NA HTTP/1.1" 200 1120 "-" "Mozilla/5.0 (compatible; MJ12bot/v1.4.8; http://mj12bot.com/)"
185.250.36.30 - - [31/Dec/2024:14:29:04 -0500] "GET /documents/6204_Rajpara/2020/i_september/bank/?SD HTTP/1.1" 200 647 "-" "Mozilla/5.0 (compatible; MJ12bot/v1.4.8; http://mj12bot.com/)"
85.239.238.198 - - [31/Dec/2024:14:29:06 -0500] "GET /documents/4659_Sanket/2020/j_october/cheque_reg/?MD HTTP/1.1" 200 651 "-" "Mozilla/5.0 (compatible; MJ12bot/v1.4.8; http://mj12bot.com/)"
94.154.239.69 - - [31/Dec/2024:14:29:07 -0500] "GET /system/core/Log.php HTTP/1.1" 200 35 "-" "Mozilla/5.0 (compatible; MJ12bot/v1.4.8; http://mj12bot.com/)"
85.239.238.198 - - [31/Dec/2024:14:29:08 -0500] "GET /documents/4659_Sanket/2020/j_october/journal/?MA HTTP/1.1" 200 647 "-" "Mozilla/5.0 (compatible; MJ12bot/v1.4.8; http://mj12bot.com/)"
156.59.198.136 - - [31/Dec/2024:14:29:11 -0500] "GET /documents/5764_Sanket/2020/g_july/contra/?x=c&d=/opt/alt/ruby20/lib64/ruby/2.0.0/rake&f=packagetask.rb HTTP/1.1" 200 3342 "-" "Mozilla/5.0 (Linux; Android 5.0) AppleWebKit/537.36 (KHTML, like Gecko) Mobile Safari/537.36 (compatible; Bytespider; spider-feedback@bytedance.com)"
185.250.36.30 - - [31/Dec/2024:14:29:11 -0500] "GET /documents/6204_Rajpara/2020/i_september/credit/?NA HTTP/1.1" 200 643 "-" "Mozilla/5.0 (compatible; MJ12bot/v1.4.8; http://mj12bot.com/)"
85.239.238.198 - - [31/Dec/2024:14:29:11 -0500] "GET /documents/4659_Sanket/2020/j_october/journal/?ND HTTP/1.1" 200 641 "-" "Mozilla/5.0 (compatible; MJ12bot/v1.4.8; http://mj12bot.com/)"
85.239.238.198 - - [31/Dec/2024:14:29:14 -0500] "GET /documents/4659_Sanket/2020/k_november/payment/?MD HTTP/1.1" 200 647 "-" "Mozilla/5.0 (compatible; MJ12bot/v1.4.8; http://mj12bot.com/)"
85.239.238.198 - - [31/Dec/2024:14:29:16 -0500] "GET /documents/4659_Sanket/2020/k_november/payment/?NA HTTP/1.1" 200 641 "-" "Mozilla/5.0 (compatible; MJ12bot/v1.4.8; http://mj12bot.com/)"
85.239.238.198 - - [31/Dec/2024:14:29:18 -0500] "GET /documents/4659_Sanket/2020/k_november/payment/?SD HTTP/1.1" 200 647 "-" "Mozilla/5.0 (compatible; MJ12bot/v1.4.8; http://mj12bot.com/)"
185.250.36.30 - - [31/Dec/2024:14:29:19 -0500] "GET /documents/6204_Rajpara/2020/i_september/credit/recycle/?MA HTTP/1.1" 200 585 "-" "Mozilla/5.0 (compatible; MJ12bot/v1.4.8; http://mj12bot.com/)"
85.239.238.198 - - [31/Dec/2024:14:29:20 -0500] "GET /documents/4659_Sanket/2020/k_november/payment/recycle/?ND HTTP/1.1" 200 580 "-" "Mozilla/5.0 (compatible; MJ12bot/v1.4.8; http://mj12bot.com/)"
94.154.239.69 - - [31/Dec/2024:14:29:20 -0500] "GET /system/core/Output.php HTTP/1.1" 200 35 "-" "Mozilla/5.0 (compatible; MJ12bot/v1.4.8; http://mj12bot.com/)"
85.239.238.198 - - [31/Dec/2024:14:29:22 -0500] "GET /documents/4659_Sanket/2020/k_november/purchase/?MD HTTP/1.1" 200 646 "-" "Mozilla/5.0 (compatible; MJ12bot/v1.4.8; http://mj12bot.com/)"
185.250.36.30 - - [31/Dec/2024:14:29:24 -0500] "GET /documents/6204_Rajpara/2020/i_september/journal/?MD HTTP/1.1" 200 648 "-" "Mozilla/5.0 (compatible; MJ12bot/v1.4.8; http://mj12bot.com/)"
85.239.238.198 - - [31/Dec/2024:14:29:25 -0500] "GET /documents/4659_Sanket/2020/k_november/purchase/?SD HTTP/1.1" 200 647 "-" "Mozilla/5.0 (compatible; MJ12bot/v1.4.8; http://mj12bot.com/)"
85.239.238.198 - - [31/Dec/2024:14:29:26 -0500] "GET /documents/4659_Sanket/2020/k_november/purchase/recycle/?MA HTTP/1.1" 200 583 "-" "Mozilla/5.0 (compatible; MJ12bot/v1.4.8; http://mj12bot.com/)"
94.154.239.69 - - [31/Dec/2024:14:29:28 -0500] "GET /system/core/Router.php HTTP/1.1" 200 35 "-" "Mozilla/5.0 (compatible; MJ12bot/v1.4.8; http://mj12bot.com/)"
85.239.238.198 - - [31/Dec/2024:14:29:28 -0500] "GET /documents/4659_Sanket/2020/k_november/purchase/recycle/?ND HTTP/1.1" 200 578 "-" "Mozilla/5.0 (compatible; MJ12bot/v1.4.8; http://mj12bot.com/)"
85.239.238.198 - - [31/Dec/2024:14:29:30 -0500] "GET /documents/4659_Sanket/2020/k_november/purchase/recycle/?SA HTTP/1.1" 200 586 "-" "Mozilla/5.0 (compatible; MJ12bot/v1.4.8; http://mj12bot.com/)"
185.250.36.30 - - [31/Dec/2024:14:29:32 -0500] "GET /documents/6204_Rajpara/2020/i_september/journal/?ND HTTP/1.1" 200 643 "-" "Mozilla/5.0 (compatible; MJ12bot/v1.4.8; http://mj12bot.com/)"
85.239.238.198 - - [31/Dec/2024:14:29:32 -0500] "GET /documents/4659_Sanket/2020/k_november/receipt/?MD HTTP/1.1" 200 648 "-" "Mozilla/5.0 (compatible; MJ12bot/v1.4.8; http://mj12bot.com/)"
85.239.238.198 - - [31/Dec/2024:14:29:34 -0500] "GET /documents/4659_Sanket/2020/k_november/receipt/?NA HTTP/1.1" 200 642 "-" "Mozilla/5.0 (compatible; MJ12bot/v1.4.8; http://mj12bot.com/)"
85.239.238.198 - - [31/Dec/2024:14:29:35 -0500] "GET /documents/4659_Sanket/2020/l_december/journal/recycle/ HTTP/1.1" 200 579 "-" "Mozilla/5.0 (compatible; MJ12bot/v1.4.8; http://mj12bot.com/)"
185.250.36.30 - - [31/Dec/2024:14:29:37 -0500] "GET /documents/6204_Rajpara/2020/i_september/journal/recycle/?NA HTTP/1.1" 200 581 "-" "Mozilla/5.0 (compatible; MJ12bot/v1.4.8; http://mj12bot.com/)"
85.239.238.198 - - [31/Dec/2024:14:29:37 -0500] "GET /documents/4659_Sanket/2020/l_december/others/recycle/ HTTP/1.1" 200 579 "-" "Mozilla/5.0 (compatible; MJ12bot/v1.4.8; http://mj12bot.com/)"
85.239.238.198 - - [31/Dec/2024:14:29:39 -0500] "GET /documents/5764_Sanket/2020/a_january/debit/recycle/?NA HTTP/1.1" 200 580 "-" "Mozilla/5.0 (compatible; MJ12bot/v1.4.8; http://mj12bot.com/)"
85.239.238.198 - - [31/Dec/2024:14:29:40 -0500] "GET /documents/5764_Sanket/2020/a_january/debit/recycle/?SD HTTP/1.1" 200 585 "-" "Mozilla/5.0 (compatible; MJ12bot/v1.4.8; http://mj12bot.com/)"
85.239.238.198 - - [31/Dec/2024:14:29:42 -0500] "GET /documents/5764_Sanket/2020/a_january/reports/?ND HTTP/1.1" 200 643 "-" "Mozilla/5.0 (compatible; MJ12bot/v1.4.8; http://mj12bot.com/)"
185.250.36.30 - - [31/Dec/2024:14:29:44 -0500] "GET /documents/6204_Rajpara/2020/i_september/sales/?NA HTTP/1.1" 200 646 "-" "Mozilla/5.0 (compatible; MJ12bot/v1.4.8; http://mj12bot.com/)"
85.239.238.198 - - [31/Dec/2024:14:29:44 -0500] "GET /documents/5764_Sanket/2020/a_january/reports/recycle/?MD HTTP/1.1" 200 584 "-" "Mozilla/5.0 (compatible; MJ12bot/v1.4.8; http://mj12bot.com/)"
94.154.239.69 - - [31/Dec/2024:14:29:45 -0500] "GET /system/core/Security.php HTTP/1.1" 200 35 "-" "Mozilla/5.0 (compatible; MJ12bot/v1.4.8; http://mj12bot.com/)"
85.239.238.198 - - [31/Dec/2024:14:29:47 -0500] "GET /documents/5764_Sanket/2020/b_february/bank/recycle/?ND HTTP/1.1" 200 580 "-" "Mozilla/5.0 (compatible; MJ12bot/v1.4.8; http://mj12bot.com/)"
85.239.238.198 - - [31/Dec/2024:14:29:49 -0500] "GET /documents/5764_Sanket/2020/b_february/contra/?MD HTTP/1.1" 200 714 "-" "Mozilla/5.0 (compatible; MJ12bot/v1.4.8; http://mj12bot.com/)"
185.250.36.30 - - [31/Dec/2024:14:29:50 -0500] "GET /documents/6204_Rajpara/2020/i_september/sales/?ND HTTP/1.1" 200 641 "-" "Mozilla/5.0 (compatible; MJ12bot/v1.4.8; http://mj12bot.com/)"
85.239.238.198 - - [31/Dec/2024:14:29:51 -0500] "GET /documents/5764_Sanket/2020/b_february/credit/recycle/?MA HTTP/1.1" 200 584 "-" "Mozilla/5.0 (compatible; MJ12bot/v1.4.8; http://mj12bot.com/)"
85.239.238.198 - - [31/Dec/2024:14:29:53 -0500] "GET /documents/5764_Sanket/2020/b_february/others/?SD HTTP/1.1" 200 648 "-" "Mozilla/5.0 (compatible; MJ12bot/v1.4.8; http://mj12bot.com/)"
94.154.239.69 - - [31/Dec/2024:14:29:54 -0500] "GET /system/core/Utf8.php HTTP/1.1" 200 35 "-" "Mozilla/5.0 (compatible; MJ12bot/v1.4.8; http://mj12bot.com/)"
85.239.238.198 - - [31/Dec/2024:14:29:55 -0500] "GET /documents/5764_Sanket/2020/b_february/sales/recycle/?SA HTTP/1.1" 200 584 "-" "Mozilla/5.0 (compatible; MJ12bot/v1.4.8; http://mj12bot.com/)"
37.57.218.243 - - [31/Dec/2024:14:29:55 -0500] "GET /documents/8897_Nehal/2020/f_june/contra/recycle/?ND HTTP/1.1" 200 577 "-" "Mozilla/5.0 (compatible; MJ12bot/v1.4.8; http://mj12bot.com/)"
37.57.218.243 - - [31/Dec/2024:14:29:57 -0500] "GET /documents/8897_Nehal/2020/f_june/contra/recycle/?SA HTTP/1.1" 200 583 "-" "Mozilla/5.0 (compatible; MJ12bot/v1.4.8; http://mj12bot.com/)"
85.239.238.198 - - [31/Dec/2024:14:29:57 -0500] "GET /documents/5764_Sanket/2020/c_march/contra/?SA HTTP/1.1" 200 648 "-" "Mozilla/5.0 (compatible; MJ12bot/v1.4.8; http://mj12bot.com/)"
85.239.238.198 - - [31/Dec/2024:14:29:58 -0500] "GET /documents/5764_Sanket/2020/c_march/contra/recycle/?MA HTTP/1.1" 200 582 "-" "Mozilla/5.0 (compatible; MJ12bot/v1.4.8; http://mj12bot.com/)"
205.169.39.26 - - [31/Dec/2024:14:29:58 -0500] "GET / HTTP/1.1" 500 0 "http://www.paperpush.com" "Mozilla/5.0 (Windows NT 10.0) AppleWebKit/537.36 (KHTML, like Gecko) Chrome/106.0.0.0 Safari/537.36"
185.250.36.30 - - [31/Dec/2024:14:29:59 -0500] "GET /documents/6204_Rajpara/2020/i_september/sales/?SA HTTP/1.1" 200 651 "-" "Mozilla/5.0 (compatible; MJ12bot/v1.4.8; http://mj12bot.com/)"
85.239.238.198 - - [31/Dec/2024:14:30:00 -0500] "GET /documents/5764_Sanket/2020/c_march/debit/?ND HTTP/1.1" 200 641 "-" "Mozilla/5.0 (compatible; MJ12bot/v1.4.8; http://mj12bot.com/)"
85.239.238.198 - - [31/Dec/2024:14:30:02 -0500] "GET /documents/5764_Sanket/2020/c_march/sales/?MD HTTP/1.1" 200 647 "-" "Mozilla/5.0 (compatible; MJ12bot/v1.4.8; http://mj12bot.com/)"
85.239.238.198 - - [31/Dec/2024:14:30:04 -0500] "GET /documents/5764_Sanket/2020/d_april/?MD HTTP/1.1" 200 1126 "-" "Mozilla/5.0 (compatible; MJ12bot/v1.4.8; http://mj12bot.com/)"
85.239.238.198 - - [31/Dec/2024:14:30:06 -0500] "GET /documents/5764_Sanket/2020/d_april/purchase/?MD HTTP/1.1" 200 646 "-" "Mozilla/5.0 (compatible; MJ12bot/v1.4.8; http://mj12bot.com/)"
85.239.238.198 - - [31/Dec/2024:14:30:08 -0500] "GET /documents/5764_Sanket/2020/e_may/others/recycle/?SD HTTP/1.1" 200 650 "-" "Mozilla/5.0 (compatible; MJ12bot/v1.4.8; http://mj12bot.com/)"
85.239.238.198 - - [31/Dec/2024:14:30:10 -0500] "GET /documents/5764_Sanket/2020/e_may/purchase/?SD HTTP/1.1" 200 644 "-" "Mozilla/5.0 (compatible; MJ12bot/v1.4.8; http://mj12bot.com/)"
185.250.36.30 - - [31/Dec/2024:14:30:10 -0500] "GET /documents/6204_Rajpara/2020/i_september/sales/?SD HTTP/1.1" 200 648 "-" "Mozilla/5.0 (compatible; MJ12bot/v1.4.8; http://mj12bot.com/)"
85.239.238.198 - - [31/Dec/2024:14:30:12 -0500] "GET /documents/5764_Sanket/2020/e_may/purchase/recycle/?MD HTTP/1.1" 200 580 "-" "Mozilla/5.0 (compatible; MJ12bot/v1.4.8; http://mj12bot.com/)"
85.239.238.198 - - [31/Dec/2024:14:30:15 -0500] "GET /documents/5764_Sanket/2020/e_may/purchase/recycle/?SD HTTP/1.1" 200 579 "-" "Mozilla/5.0 (compatible; MJ12bot/v1.4.8; http://mj12bot.com/)"
85.239.238.198 - - [31/Dec/2024:14:30:17 -0500] "GET /documents/5764_Sanket/2020/e_may/sales/recycle/?SD HTTP/1.1" 200 580 "-" "Mozilla/5.0 (compatible; MJ12bot/v1.4.8; http://mj12bot.com/)"
85.239.238.198 - - [31/Dec/2024:14:30:19 -0500] "GET /documents/5764_Sanket/2020/f_june/credit/?MA HTTP/1.1" 200 646 "-" "Mozilla/5.0 (compatible; MJ12bot/v1.4.8; http://mj12bot.com/)"
185.250.36.30 - - [31/Dec/2024:14:30:19 -0500] "GET /documents/6204_Rajpara/2020/i_september/sales/recycle/?MD HTTP/1.1" 200 585 "-" "Mozilla/5.0 (compatible; MJ12bot/v1.4.8; http://mj12bot.com/)"
85.239.238.198 - - [31/Dec/2024:14:30:21 -0500] "GET /documents/5764_Sanket/2020/f_june/credit/?ND HTTP/1.1" 200 642 "-" "Mozilla/5.0 (compatible; MJ12bot/v1.4.8; http://mj12bot.com/)"
85.239.238.198 - - [31/Dec/2024:14:30:23 -0500] "GET /documents/5764_Sanket/2020/f_june/credit/?SA HTTP/1.1" 200 647 "-" "Mozilla/5.0 (compatible; MJ12bot/v1.4.8; http://mj12bot.com/)"
85.239.238.198 - - [31/Dec/2024:14:30:24 -0500] "GET /documents/5764_Sanket/2020/f_june/debit/recycle/?MD HTTP/1.1" 200 583 "-" "Mozilla/5.0 (compatible; MJ12bot/v1.4.8; http://mj12bot.com/)"
85.239.238.198 - - [31/Dec/2024:14:30:26 -0500] "GET /documents/5764_Sanket/2020/f_june/debit/recycle/?NA HTTP/1.1" 200 578 "-" "Mozilla/5.0 (compatible; MJ12bot/v1.4.8; http://mj12bot.com/)"
185.250.36.30 - - [31/Dec/2024:14:30:27 -0500] "GET /documents/6204_Rajpara/2020/i_september/sales/recycle/?NA HTTP/1.1" 200 581 "-" "Mozilla/5.0 (compatible; MJ12bot/v1.4.8; http://mj12bot.com/)"
85.239.238.198 - - [31/Dec/2024:14:30:28 -0500] "GET /documents/5764_Sanket/2020/i_september/journal/recycle/?SD HTTP/1.1" 200 586 "-" "Mozilla/5.0 (compatible; MJ12bot/v1.4.8; http://mj12bot.com/)"
85.239.238.198 - - [31/Dec/2024:14:30:31 -0500] "GET /documents/5764_Sanket/2020/i_september/others/recycle/?NA HTTP/1.1" 200 581 "-" "Mozilla/5.0 (compatible; MJ12bot/v1.4.8; http://mj12bot.com/)"
85.239.238.198 - - [31/Dec/2024:14:30:33 -0500] "GET /documents/5764_Sanket/2020/i_september/payment/?MD HTTP/1.1" 200 647 "-" "Mozilla/5.0 (compatible; MJ12bot/v1.4.8; http://mj12bot.com/)"
85.239.238.198 - - [31/Dec/2024:14:30:35 -0500] "GET /documents/5764_Sanket/2020/i_september/payment/?NA HTTP/1.1" 200 640 "-" "Mozilla/5.0 (compatible; MJ12bot/v1.4.8; http://mj12bot.com/)"
185.250.36.30 - - [31/Dec/2024:14:30:36 -0500] "GET /documents/6204_Rajpara/2020/i_september/sales/recycle/?ND HTTP/1.1" 200 581 "-" "Mozilla/5.0 (compatible; MJ12bot/v1.4.8; http://mj12bot.com/)"
85.239.238.198 - - [31/Dec/2024:14:30:36 -0500] "GET /documents/5764_Sanket/2020/i_september/purchase/recycle/?MD HTTP/1.1" 200 584 "-" "Mozilla/5.0 (compatible; MJ12bot/v1.4.8; http://mj12bot.com/)"
85.239.238.198 - - [31/Dec/2024:14:30:38 -0500] "GET /documents/5764_Sanket/2020/k_november/payment/recycle/?NA HTTP/1.1" 200 580 "-" "Mozilla/5.0 (compatible; MJ12bot/v1.4.8; http://mj12bot.com/)"
85.239.238.198 - - [31/Dec/2024:14:30:40 -0500] "GET /documents/5764_Sanket/2020/l_december/debit/recycle/?ND HTTP/1.1" 200 576 "-" "Mozilla/5.0 (compatible; MJ12bot/v1.4.8; http://mj12bot.com/)"
185.250.36.30 - - [31/Dec/2024:14:30:42 -0500] "GET /documents/6204_Rajpara/2020/i_september/sales/recycle/?SA HTTP/1.1" 200 586 "-" "Mozilla/5.0 (compatible; MJ12bot/v1.4.8; http://mj12bot.com/)"
85.239.238.198 - - [31/Dec/2024:14:30:43 -0500] "GET /documents/6204_Rajpara/2020/a_january/payment/recycle/?MD HTTP/1.1" 200 584 "-" "Mozilla/5.0 (compatible; MJ12bot/v1.4.8; http://mj12bot.com/)"
85.239.238.198 - - [31/Dec/2024:14:30:45 -0500] "GET /documents/6204_Rajpara/2020/d_april/bank/?SD HTTP/1.1" 200 646 "-" "Mozilla/5.0 (compatible; MJ12bot/v1.4.8; http://mj12bot.com/)"
185.250.36.30 - - [31/Dec/2024:14:30:46 -0500] "GET /documents/6204_Rajpara/2020/i_september/sales/recycle/?SD HTTP/1.1" 200 585 "-" "Mozilla/5.0 (compatible; MJ12bot/v1.4.8; http://mj12bot.com/)"
85.239.238.198 - - [31/Dec/2024:14:30:47 -0500] "GET /documents/6204_Rajpara/2020/d_april/sales/?SA HTTP/1.1" 200 649 "-" "Mozilla/5.0 (compatible; MJ12bot/v1.4.8; http://mj12bot.com/)"
85.239.238.198 - - [31/Dec/2024:14:30:50 -0500] "GET /documents/6204_Rajpara/2020/d_april/sales/?SD HTTP/1.1" 200 644 "-" "Mozilla/5.0 (compatible; MJ12bot/v1.4.8; http://mj12bot.com/)"
85.239.238.198 - - [31/Dec/2024:14:30:52 -0500] "GET /documents/6204_Rajpara/2020/d_april/sales/recycle/?MA HTTP/1.1" 200 583 "-" "Mozilla/5.0 (compatible; MJ12bot/v1.4.8; http://mj12bot.com/)"
185.250.36.30 - - [31/Dec/2024:14:30:53 -0500] "GET /documents/6204_Rajpara/2020/j_october/?MD HTTP/1.1" 200 1144 "-" "Mozilla/5.0 (compatible; MJ12bot/v1.4.8; http://mj12bot.com/)"
85.239.238.198 - - [31/Dec/2024:14:30:54 -0500] "GET /documents/6204_Rajpara/2020/d_april/sales/recycle/?MD HTTP/1.1" 200 582 "-" "Mozilla/5.0 (compatible; MJ12bot/v1.4.8; http://mj12bot.com/)"
85.239.238.198 - - [31/Dec/2024:14:30:56 -0500] "GET /documents/6204_Rajpara/2020/d_april/sales/recycle/?NA HTTP/1.1" 200 579 "-" "Mozilla/5.0 (compatible; MJ12bot/v1.4.8; http://mj12bot.com/)"
85.239.238.198 - - [31/Dec/2024:14:30:58 -0500] "GET /documents/6204_Rajpara/2020/d_april/sales/recycle/?ND HTTP/1.1" 200 578 "-" "Mozilla/5.0 (compatible; MJ12bot/v1.4.8; http://mj12bot.com/)"
185.250.36.30 - - [31/Dec/2024:14:30:59 -0500] "GET /documents/6204_Rajpara/2020/j_october/?NA HTTP/1.1" 200 1141 "-" "Mozilla/5.0 (compatible; MJ12bot/v1.4.8; http://mj12bot.com/)"
85.239.238.198 - - [31/Dec/2024:14:31:00 -0500] "GET /documents/6204_Rajpara/2020/d_april/sales/recycle/?SA HTTP/1.1" 200 583 "-" "Mozilla/5.0 (compatible; MJ12bot/v1.4.8; http://mj12bot.com/)"
85.239.238.198 - - [31/Dec/2024:14:31:02 -0500] "GET /documents/6204_Rajpara/2020/d_april/sales/recycle/?SD HTTP/1.1" 200 582 "-" "Mozilla/5.0 (compatible; MJ12bot/v1.4.8; http://mj12bot.com/)"
85.239.238.198 - - [31/Dec/2024:14:31:04 -0500] "GET /documents/6204_Rajpara/2020/e_may/?MA HTTP/1.1" 200 1115 "-" "Mozilla/5.0 (compatible; MJ12bot/v1.4.8; http://mj12bot.com/)"
85.239.238.198 - - [31/Dec/2024:14:31:06 -0500] "GET /documents/6204_Rajpara/2020/e_may/?ND HTTP/1.1" 200 1123 "-" "Mozilla/5.0 (compatible; MJ12bot/v1.4.8; http://mj12bot.com/)"
185.250.36.30 - - [31/Dec/2024:14:31:07 -0500] "GET /documents/6204_Rajpara/2020/j_october/?SD HTTP/1.1" 200 1148 "-" "Mozilla/5.0 (compatible; MJ12bot/v1.4.8; http://mj12bot.com/)"
