114.119.146.195 - - [27/Jan/2025:17:40:45 -0500] "GET /02413shore-going1b365/w-ik_i02043/w-ik_idz885f94d75a6.latino HTTP/1.1" 403 0 "-" "Mozilla/5.0 (Linux; Android 7.0;) AppleWebKit/537.36 (KHTML, like Gecko) Mobile Safari/537.36 (compatible; PetalBot;+https://webmaster.petalsearch.com/site/petalbot)"
81.156.212.26 - - [27/Jan/2025:17:41:10 -0500] "GET /documents/5764_Sanket/2020/g_july/contra/?d=%2Fusr%2Flib64%2Fperl5%2Fvendor_perl%2FUnicode%2FCollate%2FLocale&f=lkt.pl&x=c HTTP/1.1" 200 1700 "-" "Mozilla/5.0 (Linux; Android 5.0; SM-G900P Build/LRX21T) AppleWebKit/537.36 (KHTML, like Gecko) Chrome/46.0.6185.1064 Mobile Safari/537.36"
192.178.6.35 - - [27/Jan/2025:17:41:12 -0500] "GET /148812329.shtml HTTP/1.1" 500 0 "-" "Mozilla/5.0 (Linux; Android 6.0.1; Nexus 5X Build/MMB29P) AppleWebKit/537.36 (KHTML, like Gecko) Chrome/132.0.6834.83 Mobile Safari/537.36 (compatible; Googlebot/2.1; +http://www.google.com/bot.html)"
213.180.203.22 - - [27/Jan/2025:17:41:16 -0500] "GET /robots.txt HTTP/1.1" 200 67 "-" "Mozilla/5.0 (compatible; YandexBot/3.0; +http://yandex.com/bots)"
87.250.224.53 - - [27/Jan/2025:17:41:17 -0500] "GET /plugins/datatables/extensions/TableTools/examples/ HTTP/1.1" 200 706 "-" "Mozilla/5.0 (compatible; YandexBot/3.0; +http://yandex.com/bots)"
185.134.147.111 - - [27/Jan/2025:17:42:27 -0500] "GET /documents/5764_Sanket/2020/g_july/contra/?d=%2Fopt%2Falt%2Fruby18%2Fshare%2Fri%2F1.8%2Fsystem%2FRDoc%2FFortran95parser&f=new-c.yaml&x=c HTTP/1.1" 200 1563 "-" "Mozilla/5.0 (Linux; Android 6.0; Nexus 5 Build/MRA58N) AppleWebKit/537.36 (KHTML, like Gecko) Chrome/53.0.6886.1117 Mobile Safari/537.36"
87.250.224.21 - - [27/Jan/2025:17:42:58 -0500] "GET /robots.txt HTTP/1.1" 200 67 "-" "Mozilla/5.0 (compatible; YandexBot/3.0; +http://yandex.com/bots)"
5.255.231.193 - - [27/Jan/2025:17:42:59 -0500] "GET /public/?NA HTTP/1.1" 403 0 "-" "Mozilla/5.0 (compatible; YandexBot/3.0; +http://yandex.com/bots)"
192.178.6.36 - - [27/Jan/2025:17:43:22 -0500] "GET /201584201.shtml HTTP/1.1" 500 0 "-" "Mozilla/5.0 (Linux; Android 6.0.1; Nexus 5X Build/MMB29P) AppleWebKit/537.36 (KHTML, like Gecko) Chrome/132.0.6834.83 Mobile Safari/537.36 (compatible; Googlebot/2.1; +http://www.google.com/bot.html)"
5.255.231.141 - - [27/Jan/2025:17:43:23 -0500] "GET /documents/9242_New/2020/d_april/contra/?MA HTTP/1.1" 200 785 "-" "Mozilla/5.0 (compatible; YandexBot/3.0; +http://yandex.com/bots)"
49.187.240.232 - - [27/Jan/2025:17:43:44 -0500] "GET /documents/5764_Sanket/2020/g_july/contra/?d=%2Fusr%2Flib64%2Fperl5%2Fvendor_perl%2FUnicode%2FCollate%2FLocale&f=fo.pl&x=c HTTP/1.1" 200 2305 "-" "Mozilla/5.0 (iPhone; CPU iPhone OS 11_0 like Mac OS X) AppleWebKit/537.36 (KHTML, like Gecko) Chrome/48.0.5007.1874 Mobile Safari/537.36"
66.249.72.66 - - [27/Jan/2025:17:43:55 -0500] "GET /index.php/e35afniminy-piminy73862eqbf365/w-ik_i8988c/w-ik_ivourc9314258561a42e.ps HTTP/1.1" 500 0 "-" "Googlebot/2.1 (+http://www.google.com/bot.html)"
47.128.120.25 - - [27/Jan/2025:17:44:42 -0500] "GET /documents/5764_Sanket/2020/g_july/contra/?d=%2Fopt%2Falt%2Fpython35%2Flib64%2Fpython3.5%2Fjson%2F__pycache__&f=__init__.cpython-35.opt-2.pyc&x=c HTTP/1.1" 200 1416 "-" "Mozilla/5.0 (Linux; Android 5.0) AppleWebKit/537.36 (KHTML, like Gecko) Mobile Safari/537.36 (compatible; Bytespider; spider-feedback@bytedance.com)"
64.180.227.214 - - [27/Jan/2025:17:45:01 -0500] "GET /documents/5764_Sanket/2020/g_july/contra/?d=%2Fopt%2Falt%2Flibicu65%2Fusr%2Fshare%2Fdoc%2Falt-libicu65-devel%2Fsamples%2Flayout&f=Makefile.in&x=c HTTP/1.1" 200 2760 "-" "Mozilla/5.0 (iPhone; CPU iPhone OS 11_0 like Mac OS X) AppleWebKit/537.36 (KHTML, like Gecko) Chrome/48.0.4840.1868 Mobile Safari/537.36"
213.180.203.92 - - [27/Jan/2025:17:45:06 -0500] "GET /plugins/ckeditor/plugins/iframe/?SA HTTP/1.1" 200 794 "-" "Mozilla/5.0 (compatible; YandexBot/3.0; +http://yandex.com/bots)"
192.178.6.37 - - [27/Jan/2025:17:45:14 -0500] "GET /61552217524445.html HTTP/1.1" 500 0 "-" "Mozilla/5.0 (Linux; Android 6.0.1; Nexus 5X Build/MMB29P) AppleWebKit/537.36 (KHTML, like Gecko) Chrome/132.0.6834.83 Mobile Safari/537.36 (compatible; Googlebot/2.1; +http://www.google.com/bot.html)"
114.119.138.59 - - [27/Jan/2025:17:45:45 -0500] "GET /documents/9242_New/2020/g_july/purchase/recycle/ HTTP/1.1" 200 713 "https://www.paperpush.com/documents/9242_New/2020/g_july/purchase/?MA" "Mozilla/5.0 (Linux; Android 7.0;) AppleWebKit/537.36 (KHTML, like Gecko) Mobile Safari/537.36 (compatible; PetalBot;+https://webmaster.petalsearch.com/site/petalbot)"
114.119.132.114 - - [27/Jan/2025:17:45:49 -0500] "GET /00djeribya3809si/s_le-ygv791d.organic HTTP/1.1" 403 0 "-" "Mozilla/5.0 (Linux; Android 7.0;) AppleWebKit/537.36 (KHTML, like Gecko) Mobile Safari/537.36 (compatible; PetalBot;+https://webmaster.petalsearch.com/site/petalbot)"
192.178.6.35 - - [27/Jan/2025:17:46:10 -0500] "GET /lmtxb/j348132.html HTTP/1.1" 500 0 "-" "Mozilla/5.0 (Linux; Android 6.0.1; Nexus 5X Build/MMB29P) AppleWebKit/537.36 (KHTML, like Gecko) Chrome/132.0.6834.83 Mobile Safari/537.36 (compatible; Googlebot/2.1; +http://www.google.com/bot.html)"
121.75.23.98 - - [27/Jan/2025:17:46:18 -0500] "GET /plugins_old/iCheck/futurico/?path=%2F%2Fproc%2Fself%2Froot%2Fhome%2Fpapecmvm%2Fpublic_html%2Fplugins%2Fimage-picker-master%2Fimage-picker HTTP/1.1" 200 1601 "-" "Mozilla/5.0 (Linux; Android 5.0; SM-G900P Build/LRX21T) AppleWebKit/537.36 (KHTML, like Gecko) Chrome/50.0.7498.1000 Mobile Safari/537.36"
121.75.23.98 - - [27/Jan/2025:17:46:19 -0500] "GET /plugins_old/iCheck/futurico/?path=%2F%2Fproc%2Fself%2Froot%2Fhome%2Fpapecmvm%2Fpublic_html%2Fplugins%2Fimage-picker-master%2Fimage-picker HTTP/1.1" 200 9403 "https://www.paperpush.com/plugins_old/iCheck/futurico/?path=%2F%2Fproc%2Fself%2Froot%2Fhome%2Fpapecmvm%2Fpublic_html%2Fplugins%2Fimage-picker-master%2Fimage-picker" "Mozilla/5.0 (Linux; Android 5.0; SM-G900P Build/LRX21T) AppleWebKit/537.36 (KHTML, like Gecko) Chrome/50.0.7498.1000 Mobile Safari/537.36"
51.8.102.59 - - [27/Jan/2025:17:46:46 -0500] "GET /robots.txt HTTP/1.1" 304 0 "-" "Mozilla/5.0 (Macintosh; Intel Mac OS X 10_15_7) AppleWebKit/537.36 (KHTML, like Gecko) Chrome/131.0.0.0 Safari/537.36; compatible; OAI-SearchBot/1.0; +https://openai.com/searchbot"
87.250.224.57 - - [27/Jan/2025:17:47:30 -0500] "GET /documents/7727_Rajpara/2020/l_december/others/recycle/?NA HTTP/1.1" 200 713 "-" "Mozilla/5.0 (compatible; YandexBot/3.0; +http://yandex.com/bots)"
101.173.26.234 - - [27/Jan/2025:17:47:35 -0500] "GET /documents/5764_Sanket/2020/g_july/contra/?d=%2Fopt%2Falt%2Flibicu65%2Fusr%2Fshare%2Fdoc%2Falt-libicu65-devel%2Fsamples%2Fcoll&f=coll.cpp&x=c HTTP/1.1" 200 3904 "-" "Mozilla/5.0 (Linux; Android 8.0; Pixel 2 Build/OPD3.170816.012) AppleWebKit/537.36 (KHTML, like Gecko) Chrome/45.0.5385.1443 Mobile Safari/537.36"
192.178.6.36 - - [27/Jan/2025:17:48:02 -0500] "GET /19700585.shtml HTTP/1.1" 500 0 "-" "Mozilla/5.0 (Linux; Android 6.0.1; Nexus 5X Build/MMB29P) AppleWebKit/537.36 (KHTML, like Gecko) Chrome/132.0.6834.83 Mobile Safari/537.36 (compatible; Googlebot/2.1; +http://www.google.com/bot.html)"
47.128.121.118 - - [27/Jan/2025:17:48:41 -0500] "GET /documents/5764_Sanket/2020/g_july/contra/?d=%2Fusr%2Flib64%2Fpython3.8%2Fdistutils%2F__pycache__&f=__init__.cpython-38.opt-2.pyc&x=c HTTP/1.1" 200 1418 "-" "Mozilla/5.0 (Linux; Android 5.0) AppleWebKit/537.36 (KHTML, like Gecko) Mobile Safari/537.36 (compatible; Bytespider; spider-feedback@bytedance.com)"
118.93.166.188 - - [27/Jan/2025:17:48:52 -0500] "GET /documents/5764_Sanket/2020/g_july/contra/?d=%2Fusr%2Fsrc%2Flitespeed-wp-plugin%2F6.3.0.1%2Flitespeed-cache%2Fthirdparty&f=divi-theme-builder.cls.php&x=c HTTP/1.1" 200 2425 "-" "Mozilla/5.0 (Linux; Android 6.0; Nexus 5 Build/MRA58N) AppleWebKit/537.36 (KHTML, like Gecko) Chrome/57.0.2122.1321 Mobile Safari/537.36"
192.178.6.35 - - [27/Jan/2025:17:48:58 -0500] "GET /?_gl=1*1ix4f11*_gcl_au*MTYxMTI1OTI3MS4xNzIxODg2NjU0*_ga*ODYyMzk4MzA3LjE2OTk0NTM1Nzg.*_ga_7H42SVMQ0V*MTcyMTg4NjY1NS4xMjEuMS4xNzIxODg2NjY5LjQ2LjAuMA..&_ga=2.198040047.1958808748.1721886654-862398307.1699453578&_bdsid=2ulvIJ.n~ZXCIW.1721886656070.1721886848&_bd_prev_page=https://www.paperpush.com/detail.php?seulf/a915989.html HTTP/1.1" 500 0 "-" "Mozilla/5.0 (Linux; Android 6.0.1; Nexus 5X Build/MMB29P) AppleWebKit/537.36 (KHTML, like Gecko) Chrome/132.0.6834.83 Mobile Safari/537.36 (compatible; Googlebot/2.1; +http://www.google.com/bot.html)"
192.178.6.35 - - [27/Jan/2025:17:48:59 -0500] "GET /?_gl=1*1ix4f11*_gcl_au*MTYxMTI1OTI3MS4xNzIxODg2NjU0*_ga*ODYyMzk4MzA3LjE2OTk0NTM1Nzg.*_ga_7H42SVMQ0V*MTcyMTg4NjY1NS4xMjEuMS4xNzIxODg2NjY5LjQ2LjAuMA..&_ga=2.198040047.1958808748.1721886654-862398307.1699453578&_bdsid=2ulvIJ.n~ZXCIW.1721886656070.1721886848&_bd_prev_page=https://www.paperpush.com/detail.php?alsfr/h2610962.html HTTP/1.1" 500 0 "-" "Mozilla/5.0 (Linux; Android 6.0.1; Nexus 5X Build/MMB29P) AppleWebKit/537.36 (KHTML, like Gecko) Chrome/132.0.6834.83 Mobile Safari/537.36 (compatible; Googlebot/2.1; +http://www.google.com/bot.html)"
192.178.6.36 - - [27/Jan/2025:17:49:55 -0500] "GET /17669897.shtml HTTP/1.1" 500 0 "-" "Mozilla/5.0 (Linux; Android 6.0.1; Nexus 5X Build/MMB29P) AppleWebKit/537.36 (KHTML, like Gecko) Chrome/132.0.6834.83 Mobile Safari/537.36 (compatible; Googlebot/2.1; +http://www.google.com/bot.html)"
114.119.153.172 - - [27/Jan/2025:17:50:45 -0500] "GET /documents/9242_New/2020/d_april/bank/recycle/?MA HTTP/1.1" 200 713 "https://www.paperpush.com/documents/9242_New/2020/d_april/bank/recycle/?MD" "Mozilla/5.0 (Linux; Android 7.0;) AppleWebKit/537.36 (KHTML, like Gecko) Mobile Safari/537.36 (compatible; PetalBot;+https://webmaster.petalsearch.com/site/petalbot)"
114.119.152.128 - - [27/Jan/2025:17:50:46 -0500] "GET /sitemap_index_8.xml HTTP/1.1" 403 0 "-" "Mozilla/5.0 (Linux; Android 7.0;) AppleWebKit/537.36 (KHTML, like Gecko) Mobile Safari/537.36 (compatible; PetalBot;+https://webmaster.petalsearch.com/site/petalbot)"
192.178.6.37 - - [27/Jan/2025:17:50:51 -0500] "GET /275998313.shtml HTTP/1.1" 500 0 "-" "Mozilla/5.0 (Linux; Android 6.0.1; Nexus 5X Build/MMB29P) AppleWebKit/537.36 (KHTML, like Gecko) Chrome/132.0.6834.83 Mobile Safari/537.36 (compatible; Googlebot/2.1; +http://www.google.com/bot.html)"
216.244.66.236 - - [27/Jan/2025:17:51:00 -0500] "GET /2wkng/find-a-grave-free.html HTTP/1.1" 500 0 "-" "Mozilla/5.0 (compatible; DotBot/1.2; +https://opensiteexplorer.org/dotbot; help@moz.com)"
216.244.66.236 - - [27/Jan/2025:17:51:12 -0500] "GET /application/third_party/Classes/PHPExcel/locale/hu/?MD HTTP/1.1" 200 2008 "-" "Mozilla/5.0 (compatible; DotBot/1.2; +https://opensiteexplorer.org/dotbot; help@moz.com)"
216.244.66.236 - - [27/Jan/2025:17:51:24 -0500] "GET /plugins/ckeditor/plugins/image-----/?ND HTTP/1.1" 200 1924 "-" "Mozilla/5.0 (compatible; DotBot/1.2; +https://opensiteexplorer.org/dotbot; help@moz.com)"
5.38.134.221 - - [27/Jan/2025:17:51:25 -0500] "GET /documents/5764_Sanket/2020/g_july/contra/?d=%2Fusr%2Flib64%2Fperl5%2Fvendor_perl%2FUnicode%2FCollate%2FLocale&f=es.pl&x=c HTTP/1.1" 200 1548 "-" "Mozilla/5.0 (Linux; Android 5.0; SM-G900P Build/LRX21T) AppleWebKit/537.36 (KHTML, like Gecko) Chrome/55.0.8041.1839 Mobile Safari/537.36"
216.244.66.236 - - [27/Jan/2025:17:51:33 -0500] "GET /wd1g/3kw-generator.html HTTP/1.1" 500 0 "-" "Mozilla/5.0 (compatible; DotBot/1.2; +https://opensiteexplorer.org/dotbot; help@moz.com)"
216.244.66.236 - - [27/Jan/2025:17:51:52 -0500] "GET /wd1g/short-unisex-name.html HTTP/1.1" 500 0 "-" "Mozilla/5.0 (compatible; DotBot/1.2; +https://opensiteexplorer.org/dotbot; help@moz.com)"
118.211.2.99 - - [27/Jan/2025:17:52:42 -0500] "GET /plugins_old/iCheck/futurico/?path=%2F%2Fproc%2Fthread-self%2Froot%2Fproc%2Fself%2Froot%2Fvar%2Flib%2Fmysql%2Fdecofauk_wp105 HTTP/1.1" 200 1267 "-" "Mozilla/5.0 (Linux; Android 8.0; Pixel 2 Build/OPD3.170816.012) AppleWebKit/537.36 (KHTML, like Gecko) Chrome/39.0.7230.1994 Mobile Safari/537.36"
118.211.2.99 - - [27/Jan/2025:17:52:43 -0500] "GET /plugins_old/iCheck/futurico/?path=%2F%2Fproc%2Fthread-self%2Froot%2Fproc%2Fself%2Froot%2Fvar%2Flib%2Fmysql%2Fdecofauk_wp105 HTTP/1.1" 200 3991 "https://www.paperpush.com/plugins_old/iCheck/futurico/?path=%2F%2Fproc%2Fthread-self%2Froot%2Fproc%2Fself%2Froot%2Fvar%2Flib%2Fmysql%2Fdecofauk_wp105" "Mozilla/5.0 (Linux; Android 8.0; Pixel 2 Build/OPD3.170816.012) AppleWebKit/537.36 (KHTML, like Gecko) Chrome/39.0.7230.1994 Mobile Safari/537.36"
192.178.6.35 - - [27/Jan/2025:17:52:43 -0500] "GET /61552217522750.html HTTP/1.1" 500 0 "-" "Mozilla/5.0 (Linux; Android 6.0.1; Nexus 5X Build/MMB29P) AppleWebKit/537.36 (KHTML, like Gecko) Chrome/132.0.6834.83 Mobile Safari/537.36 (compatible; Googlebot/2.1; +http://www.google.com/bot.html)"
192.178.6.35 - - [27/Jan/2025:17:53:42 -0500] "GET /219572969.shtml HTTP/1.1" 500 0 "-" "Mozilla/5.0 (Linux; Android 6.0.1; Nexus 5X Build/MMB29P) AppleWebKit/537.36 (KHTML, like Gecko) Chrome/132.0.6834.83 Mobile Safari/537.36 (compatible; Googlebot/2.1; +http://www.google.com/bot.html)"
192.178.6.35 - - [27/Jan/2025:17:53:44 -0500] "GET /73595753.shtml HTTP/1.1" 500 0 "-" "Mozilla/5.0 (Linux; Android 6.0.1; Nexus 5X Build/MMB29P) AppleWebKit/537.36 (KHTML, like Gecko) Chrome/132.0.6834.83 Mobile Safari/537.36 (compatible; Googlebot/2.1; +http://www.google.com/bot.html)"
192.178.6.37 - - [27/Jan/2025:17:54:40 -0500] "GET /40298729.shtml HTTP/1.1" 500 0 "-" "Mozilla/5.0 (Linux; Android 6.0.1; Nexus 5X Build/MMB29P) AppleWebKit/537.36 (KHTML, like Gecko) Chrome/132.0.6834.83 Mobile Safari/537.36 (compatible; Googlebot/2.1; +http://www.google.com/bot.html)"
5.255.231.98 - - [27/Jan/2025:17:54:52 -0500] "GET /documents/8897_Nehal/2020/a_january/sales/recycle/?NA HTTP/1.1" 200 715 "-" "Mozilla/5.0 (compatible; YandexBot/3.0; +http://yandex.com/bots)"
216.244.66.236 - - [27/Jan/2025:17:55:08 -0500] "GET /2wkng/hayabusa-voodoo-sidewinder-exhaust.html HTTP/1.1" 500 0 "-" "Mozilla/5.0 (compatible; DotBot/1.2; +https://opensiteexplorer.org/dotbot; help@moz.com)"
72.143.192.231 - - [27/Jan/2025:17:55:16 -0500] "GET /documents/5764_Sanket/2020/g_july/contra/?d=%2Fusr%2Flib64%2Fpython3.8%2Fdistutils%2F__pycache__&f=msvc9compiler.cpython-38.opt-1.pyc&x=c HTTP/1.1" 200 2265 "-" "Mozilla/5.0 (Linux; Android 6.0; Nexus 5 Build/MRA58N) AppleWebKit/537.36 (KHTML, like Gecko) Chrome/46.0.1031.1655 Mobile Safari/537.36"
216.244.66.236 - - [27/Jan/2025:17:55:38 -0500] "GET /2wkng/online-tenor-drum-simulator.html HTTP/1.1" 500 0 "-" "Mozilla/5.0 (compatible; DotBot/1.2; +https://opensiteexplorer.org/dotbot; help@moz.com)"
114.119.138.59 - - [27/Jan/2025:17:55:45 -0500] "GET /d4ff4kabeljou6b365/w-ik_i6b06e/w-ik_inet697cd61bbfdc.anquan HTTP/1.1" 403 0 "-" "Mozilla/5.0 (Linux; Android 7.0;) AppleWebKit/537.36 (KHTML, like Gecko) Mobile Safari/537.36 (compatible; PetalBot;+https://webmaster.petalsearch.com/site/petalbot)"
114.119.138.59 - - [27/Jan/2025:17:55:46 -0500] "GET /documents/8897_Nehal/2020/l_december/?MD HTTP/1.1" 200 1369 "https://www.paperpush.com/documents/8897_Nehal/2020/l_december/?MA" "Mozilla/5.0 (Linux; Android 7.0;) AppleWebKit/537.36 (KHTML, like Gecko) Mobile Safari/537.36 (compatible; PetalBot;+https://webmaster.petalsearch.com/site/petalbot)"
216.244.66.236 - - [27/Jan/2025:17:56:10 -0500] "GET /application/config/?MD HTTP/1.1" 200 5897 "-" "Mozilla/5.0 (compatible; DotBot/1.2; +https://opensiteexplorer.org/dotbot; help@moz.com)"
192.178.6.37 - - [27/Jan/2025:17:56:32 -0500] "GET /156576905.shtml HTTP/1.1" 500 0 "-" "Mozilla/5.0 (Linux; Android 6.0.1; Nexus 5X Build/MMB29P) AppleWebKit/537.36 (KHTML, like Gecko) Chrome/132.0.6834.83 Mobile Safari/537.36 (compatible; Googlebot/2.1; +http://www.google.com/bot.html)"
23.16.149.102 - - [27/Jan/2025:17:56:33 -0500] "GET /documents/5764_Sanket/2020/g_july/contra/?d=%2Fopt%2Falt%2Fruby18%2Fshare%2Fri%2F1.8%2Fsystem%2FURI%2FEscape&f=cdesc-Escape.yaml&x=c HTTP/1.1" 200 1540 "-" "Mozilla/5.0 (Linux; Android 5.0; SM-G900P Build/LRX21T) AppleWebKit/537.36 (KHTML, like Gecko) Chrome/50.0.9087.1261 Mobile Safari/537.36"
213.180.203.10 - - [27/Jan/2025:17:56:39 -0500] "GET /documents/8422_vishal/2020/a_january/others/ HTTP/1.1" 200 785 "-" "Mozilla/5.0 (compatible; YandexBot/3.0; +http://yandex.com/bots)"
216.244.66.236 - - [27/Jan/2025:17:56:39 -0500] "GET /application/third_party/aws/aws/aws-sdk-php/src/Iot/?MD HTTP/1.1" 200 2321 "-" "Mozilla/5.0 (compatible; DotBot/1.2; +https://opensiteexplorer.org/dotbot; help@moz.com)"
216.244.66.236 - - [27/Jan/2025:17:57:07 -0500] "GET /documents/4659_Sanket/2020/a_january/cheque_reg/?ND HTTP/1.1" 200 1716 "-" "Mozilla/5.0 (compatible; DotBot/1.2; +https://opensiteexplorer.org/dotbot; help@moz.com)"
192.178.6.35 - - [27/Jan/2025:17:57:28 -0500] "GET /?_gl=1*1ix4f11*_gcl_au*MTYxMTI1OTI3MS4xNzIxODg2NjU0*_ga*ODYyMzk4MzA3LjE2OTk0NTM1Nzg.*_ga_7H42SVMQ0V*MTcyMTg4NjY1NS4xMjEuMS4xNzIxODg2NjY5LjQ2LjAuMA..&_ga=2.198040047.1958808748.1721886654-862398307.1699453578&_bdsid=2ulvIJ.n~ZXCIW.1721886656070.1721886848&_bd_prev_page=https://www.paperpush.com/detail.php?ddawj/i2723777.html HTTP/1.1" 500 0 "-" "Mozilla/5.0 (Linux; Android 6.0.1; Nexus 5X Build/MMB29P) AppleWebKit/537.36 (KHTML, like Gecko) Chrome/132.0.6834.83 Mobile Safari/537.36 (compatible; Googlebot/2.1; +http://www.google.com/bot.html)"
216.244.66.236 - - [27/Jan/2025:17:57:35 -0500] "GET /documents/4659_Sanket/2020/e_may/journal/?ND HTTP/1.1" 200 1691 "-" "Mozilla/5.0 (compatible; DotBot/1.2; +https://opensiteexplorer.org/dotbot; help@moz.com)"
216.244.66.236 - - [27/Jan/2025:17:58:01 -0500] "GET /documents/4659_Sanket/2020/j_october/journal/?ND HTTP/1.1" 200 1707 "-" "Mozilla/5.0 (compatible; DotBot/1.2; +https://opensiteexplorer.org/dotbot; help@moz.com)"
192.178.6.37 - - [27/Jan/2025:17:58:24 -0500] "GET /132072521.shtml HTTP/1.1" 500 0 "-" "Mozilla/5.0 (Linux; Android 6.0.1; Nexus 5X Build/MMB29P) AppleWebKit/537.36 (KHTML, like Gecko) Chrome/132.0.6834.83 Mobile Safari/537.36 (compatible; Googlebot/2.1; +http://www.google.com/bot.html)"
192.178.6.35 - - [27/Jan/2025:17:58:25 -0500] "GET /58986569.shtml HTTP/1.1" 500 0 "-" "Mozilla/5.0 (Linux; Android 6.0.1; Nexus 5X Build/MMB29P) AppleWebKit/537.36 (KHTML, like Gecko) Chrome/132.0.6834.83 Mobile Safari/537.36 (compatible; Googlebot/2.1; +http://www.google.com/bot.html)"
216.244.66.236 - - [27/Jan/2025:17:58:27 -0500] "GET /documents/6370_Sanket/2020/e_may/journal/?ND HTTP/1.1" 200 1691 "-" "Mozilla/5.0 (compatible; DotBot/1.2; +https://opensiteexplorer.org/dotbot; help@moz.com)"
216.244.66.236 - - [27/Jan/2025:17:58:51 -0500] "GET /documents/7727_Rajpara/2020/g_july/receipt/?ND HTTP/1.1" 200 1699 "-" "Mozilla/5.0 (compatible; DotBot/1.2; +https://opensiteexplorer.org/dotbot; help@moz.com)"
31.205.1.221 - - [27/Jan/2025:17:59:08 -0500] "GET /documents/5764_Sanket/2020/g_july/contra/?d=%2Fusr%2Flib64%2Fpython3.8%2Fdistutils%2F__pycache__&f=cmd.cpython-38.opt-2.pyc&x=c HTTP/1.1" 200 1561 "-" "Mozilla/5.0 (Linux; Android 8.0; Pixel 2 Build/OPD3.170816.012) AppleWebKit/537.36 (KHTML, like Gecko) Chrome/40.0.6563.1371 Mobile Safari/537.36"
216.244.66.236 - - [27/Jan/2025:17:59:15 -0500] "GET /hgrvaw8/iata-dgr-free-download-pdf.html HTTP/1.1" 500 0 "-" "Mozilla/5.0 (compatible; DotBot/1.2; +https://opensiteexplorer.org/dotbot; help@moz.com)"
192.178.6.37 - - [27/Jan/2025:17:59:21 -0500] "GET /240332105.shtml HTTP/1.1" 500 0 "-" "Mozilla/5.0 (Linux; Android 6.0.1; Nexus 5X Build/MMB29P) AppleWebKit/537.36 (KHTML, like Gecko) Chrome/132.0.6834.83 Mobile Safari/537.36 (compatible; Googlebot/2.1; +http://www.google.com/bot.html)"
66.249.72.65 - - [27/Jan/2025:17:59:22 -0500] "GET /ltlpr/i597185.html HTTP/1.1" 500 0 "-" "Mozilla/5.0 (Linux; Android 6.0.1; Nexus 5X Build/MMB29P) AppleWebKit/537.36 (KHTML, like Gecko) Chrome/132.0.6834.83 Mobile Safari/537.36 (compatible; Googlebot/2.1; +http://www.google.com/bot.html)"
192.178.6.36 - - [27/Jan/2025:17:59:23 -0500] "GET /471328175210111.html HTTP/1.1" 500 0 "-" "Mozilla/5.0 (Linux; Android 6.0.1; Nexus 5X Build/MMB29P) AppleWebKit/537.36 (KHTML, like Gecko) Chrome/132.0.6834.83 Mobile Safari/537.36 (compatible; Googlebot/2.1; +http://www.google.com/bot.html)"
192.178.6.35 - - [27/Jan/2025:17:59:24 -0500] "GET /162753929.shtml HTTP/1.1" 500 0 "-" "Mozilla/5.0 (Linux; Android 6.0.1; Nexus 5X Build/MMB29P) AppleWebKit/537.36 (KHTML, like Gecko) Chrome/132.0.6834.83 Mobile Safari/537.36 (compatible; Googlebot/2.1; +http://www.google.com/bot.html)"
216.244.66.236 - - [27/Jan/2025:17:59:45 -0500] "GET /hgrvaw8/toyota-raize-specs-philippines.html HTTP/1.1" 500 0 "-" "Mozilla/5.0 (compatible; DotBot/1.2; +https://opensiteexplorer.org/dotbot; help@moz.com)"
216.244.66.236 - - [27/Jan/2025:18:00:16 -0500] "GET /q5j/the-canadian-vitamin-shop.html HTTP/1.1" 500 0 "-" "Mozilla/5.0 (compatible; DotBot/1.2; +https://opensiteexplorer.org/dotbot; help@moz.com)"
192.178.6.37 - - [27/Jan/2025:18:00:19 -0500] "GET /250415273.shtml HTTP/1.1" 500 0 "-" "Mozilla/5.0 (Linux; Android 6.0.1; Nexus 5X Build/MMB29P) AppleWebKit/537.36 (KHTML, like Gecko) Chrome/132.0.6834.83 Mobile Safari/537.36 (compatible; Googlebot/2.1; +http://www.google.com/bot.html)"
99.251.159.216 - - [27/Jan/2025:18:00:23 -0500] "GET /documents/5764_Sanket/2020/g_july/contra/?d=%2Fusr%2Flib64%2Fpython3.8%2Fdistutils%2F__pycache__&f=extension.cpython-38.opt-1.pyc&x=c HTTP/1.1" 200 2726 "-" "Mozilla/5.0 (Linux; Android 5.0; SM-G900P Build/LRX21T) AppleWebKit/537.36 (KHTML, like Gecko) Chrome/44.0.8185.1784 Mobile Safari/537.36"
114.119.152.128 - - [27/Jan/2025:18:00:45 -0500] "GET /documents/8897_Nehal/2020/k_november/cheque_reg/recycle/ HTTP/1.1" 200 718 "https://www.paperpush.com/documents/8897_Nehal/2020/k_november/cheque_reg/" "Mozilla/5.0 (Linux; Android 7.0;) AppleWebKit/537.36 (KHTML, like Gecko) Mobile Safari/537.36 (compatible; PetalBot;+https://webmaster.petalsearch.com/site/petalbot)"
114.119.132.114 - - [27/Jan/2025:18:00:45 -0500] "GET /big/n2724fe29c/ffccfabbdbda.screener HTTP/1.1" 403 0 "-" "Mozilla/5.0 (Linux; Android 7.0;) AppleWebKit/537.36 (KHTML, like Gecko) Mobile Safari/537.36 (compatible; PetalBot;+https://webmaster.petalsearch.com/site/petalbot)"
216.244.66.236 - - [27/Jan/2025:18:00:46 -0500] "GET /q5j/trinity-grammar-school-holidays-2022.html HTTP/1.1" 500 0 "-" "Mozilla/5.0 (compatible; DotBot/1.2; +https://opensiteexplorer.org/dotbot; help@moz.com)"
216.244.66.236 - - [27/Jan/2025:18:01:17 -0500] "GET /wd1g/does-walgreens-accept-umr-insurance.html HTTP/1.1" 500 0 "-" "Mozilla/5.0 (compatible; DotBot/1.2; +https://opensiteexplorer.org/dotbot; help@moz.com)"
70.70.8.18 - - [27/Jan/2025:18:01:40 -0500] "GET /documents/5764_Sanket/2020/g_july/contra/?d=%2Fusr%2Flib64%2Fperl5%2Fvendor_perl%2FUnicode%2FCollate%2FLocale&f=ug_cyrl.pl&x=c HTTP/1.1" 200 1538 "-" "Mozilla/5.0 (Linux; Android 6.0; Nexus 5 Build/MRA58N) AppleWebKit/537.36 (KHTML, like Gecko) Chrome/56.0.1469.1125 Mobile Safari/537.36"
192.178.6.35 - - [27/Jan/2025:18:01:44 -0500] "GET /52865417.shtml HTTP/1.1" 500 0 "-" "Mozilla/5.0 (Linux; Android 6.0.1; Nexus 5X Build/MMB29P) AppleWebKit/537.36 (KHTML, like Gecko) Chrome/132.0.6834.83 Mobile Safari/537.36 (compatible; Googlebot/2.1; +http://www.google.com/bot.html)"
216.244.66.236 - - [27/Jan/2025:18:01:47 -0500] "GET /wd1g/montana-electrical-permit-search.html HTTP/1.1" 500 0 "-" "Mozilla/5.0 (compatible; DotBot/1.2; +https://opensiteexplorer.org/dotbot; help@moz.com)"
47.128.35.7 - - [27/Jan/2025:18:02:05 -0500] "GET /documents/5764_Sanket/2020/g_july/contra/?d=%2Fopt%2Fimunify360%2Fvenv%2Flib%2Fpython3.11%2Fsite-packages%2Fmaxminddb%2F__pycache__%2F HTTP/1.1" 200 2809 "-" "Mozilla/5.0 (Linux; Android 5.0) AppleWebKit/537.36 (KHTML, like Gecko) Mobile Safari/537.36 (compatible; Bytespider; spider-feedback@bytedance.com)"
115.188.31.11 - - [27/Jan/2025:18:02:57 -0500] "GET /plugins_old/iCheck/futurico/?path=%2F%2Fproc%2Fthread-self%2Froot%2Fproc%2Fself%2Froot%2Fvar%2Flib%2Fmysql%2Fapexazlx_wp257 HTTP/1.1" 200 1268 "-" "Mozilla/5.0 (iPhone; CPU iPhone OS 11_0 like Mac OS X) AppleWebKit/537.36 (KHTML, like Gecko) Chrome/57.0.6362.1329 Mobile Safari/537.36"
115.188.31.11 - - [27/Jan/2025:18:02:58 -0500] "GET /plugins_old/iCheck/futurico/?path=%2F%2Fproc%2Fthread-self%2Froot%2Fproc%2Fself%2Froot%2Fvar%2Flib%2Fmysql%2Fapexazlx_wp257 HTTP/1.1" 200 3991 "https://www.paperpush.com/plugins_old/iCheck/futurico/?path=%2F%2Fproc%2Fthread-self%2Froot%2Fproc%2Fself%2Froot%2Fvar%2Flib%2Fmysql%2Fapexazlx_wp257" "Mozilla/5.0 (iPhone; CPU iPhone OS 11_0 like Mac OS X) AppleWebKit/537.36 (KHTML, like Gecko) Chrome/57.0.6362.1329 Mobile Safari/537.36"
192.178.6.36 - - [27/Jan/2025:18:03:58 -0500] "GET /46345217525147.html HTTP/1.1" 500 0 "-" "Mozilla/5.0 (Linux; Android 6.0.1; Nexus 5X Build/MMB29P) AppleWebKit/537.36 (KHTML, like Gecko) Chrome/132.0.6834.83 Mobile Safari/537.36 (compatible; Googlebot/2.1; +http://www.google.com/bot.html)"
95.108.213.222 - - [27/Jan/2025:18:05:24 -0500] "GET /robots.txt HTTP/1.1" 200 67 "-" "Mozilla/5.0 (compatible; YandexBot/3.0; +http://yandex.com/bots)"
213.180.203.37 - - [27/Jan/2025:18:05:25 -0500] "GET /plugins/ckeditor/plugins/scayt/?ND HTTP/1.1" 200 918 "-" "Mozilla/5.0 (compatible; YandexBot/3.0; +http://yandex.com/bots)"
54.36.148.250 - - [27/Jan/2025:18:05:27 -0500] "GET /robots.txt HTTP/1.1" 200 67 "-" "Mozilla/5.0 (compatible; AhrefsBot/7.0; +http://ahrefs.com/robot/)"
78.202.0.174 - - [27/Jan/2025:18:05:31 -0500] "GET /plugins_old/iCheck/futurico/?path=%2F%2Fproc%2Fthread-self%2Froot%2Fproc%2Fself%2Froot%2Fvar%2Flib%2Fmysql%2Fshornhhq_wp395 HTTP/1.1" 200 1268 "-" "Mozilla/5.0 (Linux; Android 8.0; Pixel 2 Build/OPD3.170816.012) AppleWebKit/537.36 (KHTML, like Gecko) Chrome/56.0.2797.1937 Mobile Safari/537.36"
78.202.0.174 - - [27/Jan/2025:18:05:32 -0500] "GET /plugins_old/iCheck/futurico/?path=%2F%2Fproc%2Fthread-self%2Froot%2Fproc%2Fself%2Froot%2Fvar%2Flib%2Fmysql%2Fshornhhq_wp395 HTTP/1.1" 200 3991 "https://www.paperpush.com/plugins_old/iCheck/futurico/?path=%2F%2Fproc%2Fthread-self%2Froot%2Fproc%2Fself%2Froot%2Fvar%2Flib%2Fmysql%2Fshornhhq_wp395" "Mozilla/5.0 (Linux; Android 8.0; Pixel 2 Build/OPD3.170816.012) AppleWebKit/537.36 (KHTML, like Gecko) Chrome/56.0.2797.1937 Mobile Safari/537.36"
114.119.152.128 - - [27/Jan/2025:18:05:45 -0500] "GET /documents/8897_Nehal/2020/k_november/?MA HTTP/1.1" 200 1358 "https://www.paperpush.com/documents/8897_Nehal/2020/k_november/?ND" "Mozilla/5.0 (Linux; Android 7.0;) AppleWebKit/537.36 (KHTML, like Gecko) Mobile Safari/537.36 (compatible; PetalBot;+https://webmaster.petalsearch.com/site/petalbot)"
114.119.152.128 - - [27/Jan/2025:18:05:46 -0500] "GET /big/n1854de48c/dccbcddc.fripper HTTP/1.1" 403 0 "-" "Mozilla/5.0 (Linux; Android 7.0;) AppleWebKit/537.36 (KHTML, like Gecko) Mobile Safari/537.36 (compatible; PetalBot;+https://webmaster.petalsearch.com/site/petalbot)"
47.128.121.95 - - [27/Jan/2025:18:06:05 -0500] "GET /documents/5764_Sanket/2020/g_july/contra/?d=%2Fusr%2Flib64%2Fperl5%2Fvendor_perl%2FUnicode%2FCollate%2FLocale&f=ig.pl&x=c HTTP/1.1" 200 2007 "-" "Mozilla/5.0 (Linux; Android 5.0) AppleWebKit/537.36 (KHTML, like Gecko) Mobile Safari/537.36 (compatible; Bytespider; spider-feedback@bytedance.com)"
194.125.82.15 - - [27/Jan/2025:18:06:47 -0500] "GET /documents/5764_Sanket/2020/g_july/contra/?d=%2Flib%2Fmodules%2F4.18.0-553.lve.el8.x86_64%2Fkernel%2Fdrivers%2Fmedia%2Fcommon%2Fvideobuf2&f=videobuf2-memops.ko.xz&x=c HTTP/1.1" 200 1408 "-" "Mozilla/5.0 (iPhone; CPU iPhone OS 11_0 like Mac OS X) AppleWebKit/537.36 (KHTML, like Gecko) Chrome/49.0.6779.1751 Mobile Safari/537.36"
192.178.6.35 - - [27/Jan/2025:18:06:48 -0500] "GET /615522175217807.html HTTP/1.1" 500 0 "-" "Mozilla/5.0 (Linux; Android 6.0.1; Nexus 5X Build/MMB29P) AppleWebKit/537.36 (KHTML, like Gecko) Chrome/132.0.6834.83 Mobile Safari/537.36 (compatible; Googlebot/2.1; +http://www.google.com/bot.html)"
66.249.72.66 - - [27/Jan/2025:18:06:49 -0500] "GET /category/VlMP9 HTTP/1.1" 500 0 "-" "Mozilla/5.0 (Linux; Android 6.0.1; Nexus 5X Build/MMB29P) AppleWebKit/537.36 (KHTML, like Gecko) Chrome/132.0.6834.83 Mobile Safari/537.36 (compatible; Googlebot/2.1; +http://www.google.com/bot.html)"
192.178.6.37 - - [27/Jan/2025:18:08:05 -0500] "GET /?_gl=1*1ix4f11*_gcl_au*MTYxMTI1OTI3MS4xNzIxODg2NjU0*_ga*ODYyMzk4MzA3LjE2OTk0NTM1Nzg.*_ga_7H42SVMQ0V*MTcyMTg4NjY1NS4xMjEuMS4xNzIxODg2NjY5LjQ2LjAuMA..&_ga=2.198040047.1958808748.1721886654-862398307.1699453578&_bdsid=2ulvIJ.n~ZXCIW.1721886656070.1721886848&_bd_prev_page=https://www.paperpush.com/detail.php?ffvzv/e645385.html HTTP/1.1" 500 0 "-" "Mozilla/5.0 (Linux; Android 6.0.1; Nexus 5X Build/MMB29P) AppleWebKit/537.36 (KHTML, like Gecko) Chrome/132.0.6834.83 Mobile Safari/537.36 (compatible; Googlebot/2.1; +http://www.google.com/bot.html)"
192.178.6.35 - - [27/Jan/2025:18:08:05 -0500] "GET /471328175218772.html HTTP/1.1" 500 0 "-" "Mozilla/5.0 (Linux; Android 6.0.1; Nexus 5X Build/MMB29P) AppleWebKit/537.36 (KHTML, like Gecko) Chrome/132.0.6834.83 Mobile Safari/537.36 (compatible; Googlebot/2.1; +http://www.google.com/bot.html)"
24.147.189.8 - - [27/Jan/2025:18:08:06 -0500] "GET /documents/5764_Sanket/2020/g_july/contra/?d=%2Fusr%2Flib64%2Fpython3.8%2Fdistutils%2F__pycache__&f=unixccompiler.cpython-38.opt-2.pyc&x=c HTTP/1.1" 200 1782 "-" "Mozilla/5.0 (Linux; Android 6.0; Nexus 5 Build/MRA58N) AppleWebKit/537.36 (KHTML, like Gecko) Chrome/44.0.8042.1986 Mobile Safari/537.36"
192.95.30.12 - - [27/Jan/2025:18:08:07 -0500] "GET /robots.txt HTTP/1.1" 200 67 "-" "Mozilla/5.0 (compatible; MJ12bot/v1.4.8; http://mj12bot.com/)"
192.95.30.12 - - [27/Jan/2025:18:08:09 -0500] "GET /documents/8422_vishal/2020/h_august/reports/?SA HTTP/1.1" 200 643 "-" "Mozilla/5.0 (compatible; MJ12bot/v1.4.8; http://mj12bot.com/)"
192.95.30.12 - - [27/Jan/2025:18:08:10 -0500] "GET /documents/8422_vishal/2020/h_august/reports/recycle/?MD HTTP/1.1" 200 577 "-" "Mozilla/5.0 (compatible; MJ12bot/v1.4.8; http://mj12bot.com/)"
192.95.30.12 - - [27/Jan/2025:18:08:12 -0500] "GET /documents/8422_vishal/2020/h_august/reports/recycle/?NA HTTP/1.1" 200 575 "-" "Mozilla/5.0 (compatible; MJ12bot/v1.4.8; http://mj12bot.com/)"
192.95.30.12 - - [27/Jan/2025:18:08:14 -0500] "GET /documents/8422_vishal/2020/h_august/reports/recycle/?SD HTTP/1.1" 200 577 "-" "Mozilla/5.0 (compatible; MJ12bot/v1.4.8; http://mj12bot.com/)"
192.95.30.12 - - [27/Jan/2025:18:08:15 -0500] "GET /documents/8422_vishal/2020/h_august/sales/?MA HTTP/1.1" 200 642 "-" "Mozilla/5.0 (compatible; MJ12bot/v1.4.8; http://mj12bot.com/)"
192.95.30.12 - - [27/Jan/2025:18:08:17 -0500] "GET /documents/8422_vishal/2020/i_september/bank/?SA HTTP/1.1" 200 643 "-" "Mozilla/5.0 (compatible; MJ12bot/v1.4.8; http://mj12bot.com/)"
192.95.30.12 - - [27/Jan/2025:18:08:18 -0500] "GET /documents/8422_vishal/2020/i_september/bank/recycle/?NA HTTP/1.1" 200 576 "-" "Mozilla/5.0 (compatible; MJ12bot/v1.4.8; http://mj12bot.com/)"
192.95.30.12 - - [27/Jan/2025:18:08:30 -0500] "GET /documents/8422_vishal/2020/i_september/receipt/?MD HTTP/1.1" 200 644 "-" "Mozilla/5.0 (compatible; MJ12bot/v1.4.8; http://mj12bot.com/)"
192.95.30.12 - - [27/Jan/2025:18:08:32 -0500] "GET /documents/8422_vishal/2020/i_september/receipt/?NA HTTP/1.1" 200 639 "-" "Mozilla/5.0 (compatible; MJ12bot/v1.4.8; http://mj12bot.com/)"
192.95.30.12 - - [27/Jan/2025:18:08:34 -0500] "GET /documents/8422_vishal/2020/i_september/receipt/?SD HTTP/1.1" 200 644 "-" "Mozilla/5.0 (compatible; MJ12bot/v1.4.8; http://mj12bot.com/)"
192.95.30.12 - - [27/Jan/2025:18:08:36 -0500] "GET /documents/8422_vishal/2020/i_september/reports/recycle/?ND HTTP/1.1" 200 576 "-" "Mozilla/5.0 (compatible; MJ12bot/v1.4.8; http://mj12bot.com/)"
192.95.30.12 - - [27/Jan/2025:18:08:37 -0500] "GET /documents/8422_vishal/2020/j_october/contra/recycle/?ND HTTP/1.1" 200 573 "-" "Mozilla/5.0 (compatible; MJ12bot/v1.4.8; http://mj12bot.com/)"
192.95.30.12 - - [27/Jan/2025:18:08:39 -0500] "GET /documents/8422_vishal/2020/j_october/credit/?ND HTTP/1.1" 200 641 "-" "Mozilla/5.0 (compatible; MJ12bot/v1.4.8; http://mj12bot.com/)"
192.95.30.12 - - [27/Jan/2025:18:08:41 -0500] "GET /documents/8422_vishal/2020/j_october/journal/recycle/?ND HTTP/1.1" 200 573 "-" "Mozilla/5.0 (compatible; MJ12bot/v1.4.8; http://mj12bot.com/)"
192.95.30.12 - - [27/Jan/2025:18:08:43 -0500] "GET /documents/8422_vishal/2020/k_november/debit/?SA HTTP/1.1" 200 645 "-" "Mozilla/5.0 (compatible; MJ12bot/v1.4.8; http://mj12bot.com/)"
192.95.30.12 - - [27/Jan/2025:18:08:44 -0500] "GET /documents/8422_vishal/2020/k_november/journal/recycle/?MA HTTP/1.1" 200 579 "-" "Mozilla/5.0 (compatible; MJ12bot/v1.4.8; http://mj12bot.com/)"
192.95.30.12 - - [27/Jan/2025:18:08:46 -0500] "GET /documents/8422_vishal/2020/k_november/journal/recycle/?ND HTTP/1.1" 200 576 "-" "Mozilla/5.0 (compatible; MJ12bot/v1.4.8; http://mj12bot.com/)"
192.95.30.12 - - [27/Jan/2025:18:08:49 -0500] "GET /documents/8422_vishal/2020/k_november/journal/recycle/?SA HTTP/1.1" 200 579 "-" "Mozilla/5.0 (compatible; MJ12bot/v1.4.8; http://mj12bot.com/)"
192.95.30.12 - - [27/Jan/2025:18:08:50 -0500] "GET /documents/8422_vishal/2020/k_november/others/?NA HTTP/1.1" 200 640 "-" "Mozilla/5.0 (compatible; MJ12bot/v1.4.8; http://mj12bot.com/)"
192.95.30.12 - - [27/Jan/2025:18:08:52 -0500] "GET /documents/8422_vishal/2020/k_november/payment/?NA HTTP/1.1" 200 637 "-" "Mozilla/5.0 (compatible; MJ12bot/v1.4.8; http://mj12bot.com/)"
192.95.30.12 - - [27/Jan/2025:18:08:54 -0500] "GET /documents/8422_vishal/2020/k_november/payment/recycle/?MD HTTP/1.1" 200 578 "-" "Mozilla/5.0 (compatible; MJ12bot/v1.4.8; http://mj12bot.com/)"
192.95.30.12 - - [27/Jan/2025:18:08:56 -0500] "GET /documents/8422_vishal/2020/k_november/payment/recycle/?NA HTTP/1.1" 200 576 "-" "Mozilla/5.0 (compatible; MJ12bot/v1.4.8; http://mj12bot.com/)"
192.95.30.12 - - [27/Jan/2025:18:08:57 -0500] "GET /documents/8422_vishal/2020/k_november/payment/recycle/?SD HTTP/1.1" 200 579 "-" "Mozilla/5.0 (compatible; MJ12bot/v1.4.8; http://mj12bot.com/)"
192.95.30.12 - - [27/Jan/2025:18:08:59 -0500] "GET /documents/8422_vishal/2020/k_november/purchase/recycle/?MA HTTP/1.1" 200 577 "-" "Mozilla/5.0 (compatible; MJ12bot/v1.4.8; http://mj12bot.com/)"
192.95.30.12 - - [27/Jan/2025:18:09:01 -0500] "GET /documents/8422_vishal/2020/k_november/purchase/recycle/?MD HTTP/1.1" 200 579 "-" "Mozilla/5.0 (compatible; MJ12bot/v1.4.8; http://mj12bot.com/)"
192.178.6.36 - - [27/Jan/2025:18:09:01 -0500] "GET /61552217528494.html HTTP/1.1" 500 0 "-" "Mozilla/5.0 (Linux; Android 6.0.1; Nexus 5X Build/MMB29P) AppleWebKit/537.36 (KHTML, like Gecko) Chrome/132.0.6834.83 Mobile Safari/537.36 (compatible; Googlebot/2.1; +http://www.google.com/bot.html)"
192.95.30.12 - - [27/Jan/2025:18:09:02 -0500] "GET /documents/8422_vishal/2020/k_november/purchase/recycle/?NA HTTP/1.1" 200 575 "-" "Mozilla/5.0 (compatible; MJ12bot/v1.4.8; http://mj12bot.com/)"
192.95.30.12 - - [27/Jan/2025:18:09:04 -0500] "GET /documents/8422_vishal/2020/k_november/purchase/recycle/?ND HTTP/1.1" 200 574 "-" "Mozilla/5.0 (compatible; MJ12bot/v1.4.8; http://mj12bot.com/)"
192.95.30.12 - - [27/Jan/2025:18:09:06 -0500] "GET /documents/8422_vishal/2020/k_november/purchase/recycle/?SA HTTP/1.1" 200 579 "-" "Mozilla/5.0 (compatible; MJ12bot/v1.4.8; http://mj12bot.com/)"
192.95.30.12 - - [27/Jan/2025:18:09:08 -0500] "GET /documents/8422_vishal/2020/k_november/purchase/recycle/?SD HTTP/1.1" 200 579 "-" "Mozilla/5.0 (compatible; MJ12bot/v1.4.8; http://mj12bot.com/)"
192.95.30.12 - - [27/Jan/2025:18:09:13 -0500] "GET /documents/8422_vishal/2020/k_november/receipt/recycle/?MD HTTP/1.1" 200 579 "-" "Mozilla/5.0 (compatible; MJ12bot/v1.4.8; http://mj12bot.com/)"
192.95.30.12 - - [27/Jan/2025:18:09:14 -0500] "GET /documents/8422_vishal/2020/k_november/receipt/recycle/?NA HTTP/1.1" 200 577 "-" "Mozilla/5.0 (compatible; MJ12bot/v1.4.8; http://mj12bot.com/)"
192.95.30.12 - - [27/Jan/2025:18:09:17 -0500] "GET /documents/8422_vishal/2020/k_november/reports/recycle/?MA HTTP/1.1" 200 579 "-" "Mozilla/5.0 (compatible; MJ12bot/v1.4.8; http://mj12bot.com/)"
192.95.30.12 - - [27/Jan/2025:18:09:20 -0500] "GET /documents/8422_vishal/2020/l_december/bank/recycle/?MD HTTP/1.1" 200 578 "-" "Mozilla/5.0 (compatible; MJ12bot/v1.4.8; http://mj12bot.com/)"
69.12.11.43 - - [27/Jan/2025:18:09:20 -0500] "GET /documents/5764_Sanket/2020/g_july/contra/?d=%2Fusr%2Flib64%2Fpython3.8%2Femail%2F__pycache__&f=header.cpython-38.opt-2.pyc&x=c HTTP/1.1" 200 1773 "-" "Mozilla/5.0 (Linux; Android 5.0; SM-G900P Build/LRX21T) AppleWebKit/537.36 (KHTML, like Gecko) Chrome/43.0.2107.1088 Mobile Safari/537.36"
192.95.30.12 - - [27/Jan/2025:18:09:22 -0500] "GET /documents/8422_vishal/2020/l_december/journal/?SD HTTP/1.1" 200 676 "-" "Mozilla/5.0 (compatible; MJ12bot/v1.4.8; http://mj12bot.com/)"
192.95.30.12 - - [27/Jan/2025:18:09:24 -0500] "GET /documents/8422_vishal/2020/l_december/journal/recycle/?MD HTTP/1.1" 200 578 "-" "Mozilla/5.0 (compatible; MJ12bot/v1.4.8; http://mj12bot.com/)"
192.95.30.12 - - [27/Jan/2025:18:09:27 -0500] "GET /documents/8422_vishal/2020/l_december/journal/recycle/?NA HTTP/1.1" 200 575 "-" "Mozilla/5.0 (compatible; MJ12bot/v1.4.8; http://mj12bot.com/)"
192.95.30.12 - - [27/Jan/2025:18:09:29 -0500] "GET /documents/8422_vishal/2020/l_december/journal/recycle/?SD HTTP/1.1" 200 578 "-" "Mozilla/5.0 (compatible; MJ12bot/v1.4.8; http://mj12bot.com/)"
192.95.30.12 - - [27/Jan/2025:18:09:31 -0500] "GET /documents/8422_vishal/2020/l_december/payment/recycle/?MD HTTP/1.1" 200 577 "-" "Mozilla/5.0 (compatible; MJ12bot/v1.4.8; http://mj12bot.com/)"
192.95.30.12 - - [27/Jan/2025:18:09:33 -0500] "GET /documents/8422_vishal/2020/l_december/payment/recycle/?SD HTTP/1.1" 200 578 "-" "Mozilla/5.0 (compatible; MJ12bot/v1.4.8; http://mj12bot.com/)"
192.95.30.12 - - [27/Jan/2025:18:09:35 -0500] "GET /documents/8422_vishal/2020/l_december/purchase/?SD HTTP/1.1" 200 642 "-" "Mozilla/5.0 (compatible; MJ12bot/v1.4.8; http://mj12bot.com/)"
192.95.30.12 - - [27/Jan/2025:18:09:37 -0500] "GET /documents/8422_vishal/2020/l_december/purchase/recycle/?MD HTTP/1.1" 200 578 "-" "Mozilla/5.0 (compatible; MJ12bot/v1.4.8; http://mj12bot.com/)"
192.95.30.12 - - [27/Jan/2025:18:09:39 -0500] "GET /documents/8422_vishal/2020/l_december/purchase/recycle/?NA HTTP/1.1" 200 575 "-" "Mozilla/5.0 (compatible; MJ12bot/v1.4.8; http://mj12bot.com/)"
192.95.30.12 - - [27/Jan/2025:18:09:41 -0500] "GET /documents/8422_vishal/2020/l_december/purchase/recycle/?SD HTTP/1.1" 200 578 "-" "Mozilla/5.0 (compatible; MJ12bot/v1.4.8; http://mj12bot.com/)"
192.95.30.12 - - [27/Jan/2025:18:09:42 -0500] "GET /documents/8422_vishal/2020/l_december/receipt/?MD HTTP/1.1" 200 643 "-" "Mozilla/5.0 (compatible; MJ12bot/v1.4.8; http://mj12bot.com/)"
192.95.30.12 - - [27/Jan/2025:18:09:44 -0500] "GET /documents/8422_vishal/2020/l_december/receipt/?ND HTTP/1.1" 200 638 "-" "Mozilla/5.0 (compatible; MJ12bot/v1.4.8; http://mj12bot.com/)"
192.95.30.12 - - [27/Jan/2025:18:09:47 -0500] "GET /documents/8422_vishal/2020/l_december/receipt/?SD HTTP/1.1" 200 644 "-" "Mozilla/5.0 (compatible; MJ12bot/v1.4.8; http://mj12bot.com/)"
192.95.30.12 - - [27/Jan/2025:18:09:49 -0500] "GET /documents/8422_vishal/2020/l_december/receipt/recycle/?MA HTTP/1.1" 200 579 "-" "Mozilla/5.0 (compatible; MJ12bot/v1.4.8; http://mj12bot.com/)"
192.95.30.12 - - [27/Jan/2025:18:09:52 -0500] "GET /documents/8422_vishal/2020/l_december/receipt/recycle/?MD HTTP/1.1" 200 579 "-" "Mozilla/5.0 (compatible; MJ12bot/v1.4.8; http://mj12bot.com/)"
192.95.30.12 - - [27/Jan/2025:18:09:53 -0500] "GET /documents/8422_vishal/2020/l_december/receipt/recycle/?NA HTTP/1.1" 200 576 "-" "Mozilla/5.0 (compatible; MJ12bot/v1.4.8; http://mj12bot.com/)"
192.95.30.12 - - [27/Jan/2025:18:09:55 -0500] "GET /documents/8422_vishal/2020/l_december/receipt/recycle/?ND HTTP/1.1" 200 576 "-" "Mozilla/5.0 (compatible; MJ12bot/v1.4.8; http://mj12bot.com/)"
192.95.30.12 - - [27/Jan/2025:18:09:57 -0500] "GET /documents/8422_vishal/2020/l_december/receipt/recycle/?SA HTTP/1.1" 200 580 "-" "Mozilla/5.0 (compatible; MJ12bot/v1.4.8; http://mj12bot.com/)"
192.95.30.12 - - [27/Jan/2025:18:09:58 -0500] "GET /documents/8422_vishal/2020/l_december/receipt/recycle/?SD HTTP/1.1" 200 579 "-" "Mozilla/5.0 (compatible; MJ12bot/v1.4.8; http://mj12bot.com/)"
192.95.30.12 - - [27/Jan/2025:18:10:01 -0500] "GET /documents/8422_vishal/2020/l_december/reports/recycle/?MA HTTP/1.1" 200 578 "-" "Mozilla/5.0 (compatible; MJ12bot/v1.4.8; http://mj12bot.com/)"
192.95.30.12 - - [27/Jan/2025:18:10:03 -0500] "GET /documents/8422_vishal/2020/l_december/reports/recycle/?MD HTTP/1.1" 200 579 "-" "Mozilla/5.0 (compatible; MJ12bot/v1.4.8; http://mj12bot.com/)"
192.95.30.12 - - [27/Jan/2025:18:10:05 -0500] "GET /documents/8422_vishal/2020/l_december/reports/recycle/?NA HTTP/1.1" 200 575 "-" "Mozilla/5.0 (compatible; MJ12bot/v1.4.8; http://mj12bot.com/)"
47.128.49.141 - - [27/Jan/2025:18:10:05 -0500] "GET /plugins_old/iCheck/futurico/?path=%2F%2Fproc%2Fthread-self%2Froot%2Fproc%2Fself%2Froot%2Fvar%2Flib%2Fmysql%2Fxcroaoru_declutter HTTP/1.1" 200 1264 "-" "Mozilla/5.0 (Linux; Android 5.0) AppleWebKit/537.36 (KHTML, like Gecko) Mobile Safari/537.36 (compatible; Bytespider; spider-feedback@bytedance.com)"
47.128.49.141 - - [27/Jan/2025:18:10:06 -0500] "GET /plugins_old/iCheck/futurico/?path=%2F%2Fproc%2Fthread-self%2Froot%2Fproc%2Fself%2Froot%2Fvar%2Flib%2Fmysql%2Fxcroaoru_declutter HTTP/1.1" 200 3999 "https://www.paperpush.com/plugins_old/iCheck/futurico/?path=%2F%2Fproc%2Fthread-self%2Froot%2Fproc%2Fself%2Froot%2Fvar%2Flib%2Fmysql%2Fxcroaoru_declutter" "Mozilla/5.0 (Linux; Android 5.0) AppleWebKit/537.36 (KHTML, like Gecko) Mobile Safari/537.36 (compatible; Bytespider; spider-feedback@bytedance.com)"
192.95.30.12 - - [27/Jan/2025:18:10:06 -0500] "GET /documents/8422_vishal/2020/l_december/reports/recycle/?ND HTTP/1.1" 200 576 "-" "Mozilla/5.0 (compatible; MJ12bot/v1.4.8; http://mj12bot.com/)"
192.95.30.12 - - [27/Jan/2025:18:10:08 -0500] "GET /documents/8897_Nehal/2020/b_february/cheque_reg/?ND HTTP/1.1" 200 644 "-" "Mozilla/5.0 (compatible; MJ12bot/v1.4.8; http://mj12bot.com/)"
192.95.30.12 - - [27/Jan/2025:18:10:10 -0500] "GET /documents/8897_Nehal/2020/b_february/cheque_reg/recycle/?SD HTTP/1.1" 200 584 "-" "Mozilla/5.0 (compatible; MJ12bot/v1.4.8; http://mj12bot.com/)"
192.95.30.12 - - [27/Jan/2025:18:10:12 -0500] "GET /documents/8897_Nehal/2020/b_february/contra/?MA HTTP/1.1" 200 645 "-" "Mozilla/5.0 (compatible; MJ12bot/v1.4.8; http://mj12bot.com/)"
192.95.30.12 - - [27/Jan/2025:18:10:14 -0500] "GET /documents/8897_Nehal/2020/b_february/contra/recycle/?MD HTTP/1.1" 200 578 "-" "Mozilla/5.0 (compatible; MJ12bot/v1.4.8; http://mj12bot.com/)"
192.95.30.12 - - [27/Jan/2025:18:10:15 -0500] "GET /documents/8897_Nehal/2020/b_february/contra/recycle/?NA HTTP/1.1" 200 577 "-" "Mozilla/5.0 (compatible; MJ12bot/v1.4.8; http://mj12bot.com/)"
192.95.30.12 - - [27/Jan/2025:18:10:17 -0500] "GET /documents/8897_Nehal/2020/b_february/contra/recycle/?SD HTTP/1.1" 200 577 "-" "Mozilla/5.0 (compatible; MJ12bot/v1.4.8; http://mj12bot.com/)"
192.95.30.12 - - [27/Jan/2025:18:10:20 -0500] "GET /documents/8897_Nehal/2020/b_february/credit/recycle/?MD HTTP/1.1" 200 577 "-" "Mozilla/5.0 (compatible; MJ12bot/v1.4.8; http://mj12bot.com/)"
192.95.30.12 - - [27/Jan/2025:18:10:22 -0500] "GET /documents/8897_Nehal/2020/b_february/purchase/recycle/?MD HTTP/1.1" 200 577 "-" "Mozilla/5.0 (compatible; MJ12bot/v1.4.8; http://mj12bot.com/)"
192.95.30.12 - - [27/Jan/2025:18:10:24 -0500] "GET /documents/8897_Nehal/2020/c_march/receipt/recycle/?MD HTTP/1.1" 200 576 "-" "Mozilla/5.0 (compatible; MJ12bot/v1.4.8; http://mj12bot.com/)"
192.95.30.12 - - [27/Jan/2025:18:10:26 -0500] "GET /documents/8897_Nehal/2020/c_march/receipt/recycle/?NA HTTP/1.1" 200 575 "-" "Mozilla/5.0 (compatible; MJ12bot/v1.4.8; http://mj12bot.com/)"
192.95.30.12 - - [27/Jan/2025:18:10:28 -0500] "GET /documents/8897_Nehal/2020/c_march/reports/?MD HTTP/1.1" 200 643 "-" "Mozilla/5.0 (compatible; MJ12bot/v1.4.8; http://mj12bot.com/)"
192.95.30.12 - - [27/Jan/2025:18:10:31 -0500] "GET /documents/8897_Nehal/2020/c_march/reports/?SD HTTP/1.1" 200 643 "-" "Mozilla/5.0 (compatible; MJ12bot/v1.4.8; http://mj12bot.com/)"
192.95.30.12 - - [27/Jan/2025:18:10:33 -0500] "GET /documents/8897_Nehal/2020/e_may/others/recycle/?ND HTTP/1.1" 200 570 "-" "Mozilla/5.0 (compatible; MJ12bot/v1.4.8; http://mj12bot.com/)"
192.95.30.12 - - [27/Jan/2025:18:10:35 -0500] "GET /documents/9242_New/2020/b_february/receipt/recycle/?ND HTTP/1.1" 200 575 "-" "Mozilla/5.0 (compatible; MJ12bot/v1.4.8; http://mj12bot.com/)"
192.95.30.12 - - [27/Jan/2025:18:10:37 -0500] "GET /documents/9242_New/2020/b_february/reports/?ND HTTP/1.1" 200 635 "-" "Mozilla/5.0 (compatible; MJ12bot/v1.4.8; http://mj12bot.com/)"
192.95.30.12 - - [27/Jan/2025:18:10:39 -0500] "GET /documents/9242_New/2020/b_february/sales/?ND HTTP/1.1" 200 638 "-" "Mozilla/5.0 (compatible; MJ12bot/v1.4.8; http://mj12bot.com/)"
192.95.30.12 - - [27/Jan/2025:18:10:42 -0500] "GET /documents/9242_New/2020/d_april/debit/?ND HTTP/1.1" 200 633 "-" "Mozilla/5.0 (compatible; MJ12bot/v1.4.8; http://mj12bot.com/)"
192.95.30.12 - - [27/Jan/2025:18:10:44 -0500] "GET /documents/9242_New/2020/d_april/journal/?ND HTTP/1.1" 200 636 "-" "Mozilla/5.0 (compatible; MJ12bot/v1.4.8; http://mj12bot.com/)"
192.95.30.12 - - [27/Jan/2025:18:10:45 -0500] "GET /documents/9242_New/2020/e_may/credit/?MA HTTP/1.1" 200 637 "-" "Mozilla/5.0 (compatible; MJ12bot/v1.4.8; http://mj12bot.com/)"
114.119.153.172 - - [27/Jan/2025:18:10:46 -0500] "GET /documents/8897_Nehal/2020/j_october/payment/recycle/ HTTP/1.1" 200 714 "https://www.paperpush.com/documents/8897_Nehal/2020/j_october/payment/?SD" "Mozilla/5.0 (Linux; Android 7.0;) AppleWebKit/537.36 (KHTML, like Gecko) Mobile Safari/537.36 (compatible; PetalBot;+https://webmaster.petalsearch.com/site/petalbot)"
114.119.152.128 - - [27/Jan/2025:18:10:46 -0500] "GET /b1penlightsqa3809si/s_le-ynj70ae.christmas HTTP/1.1" 403 0 "-" "Mozilla/5.0 (Linux; Android 7.0;) AppleWebKit/537.36 (KHTML, like Gecko) Mobile Safari/537.36 (compatible; PetalBot;+https://webmaster.petalsearch.com/site/petalbot)"
192.95.30.12 - - [27/Jan/2025:18:10:47 -0500] "GET /documents/9242_New/2020/e_may/credit/?MD HTTP/1.1" 200 637 "-" "Mozilla/5.0 (compatible; MJ12bot/v1.4.8; http://mj12bot.com/)"
192.95.30.12 - - [27/Jan/2025:18:10:49 -0500] "GET /documents/9242_New/2020/e_may/credit/?NA HTTP/1.1" 200 633 "-" "Mozilla/5.0 (compatible; MJ12bot/v1.4.8; http://mj12bot.com/)"
192.95.30.12 - - [27/Jan/2025:18:10:51 -0500] "GET /documents/9242_New/2020/e_may/credit/?ND HTTP/1.1" 200 633 "-" "Mozilla/5.0 (compatible; MJ12bot/v1.4.8; http://mj12bot.com/)"
192.178.6.36 - - [27/Jan/2025:18:10:53 -0500] "GET /615522175212961.html HTTP/1.1" 500 0 "-" "Mozilla/5.0 (Linux; Android 6.0.1; Nexus 5X Build/MMB29P) AppleWebKit/537.36 (KHTML, like Gecko) Chrome/132.0.6834.83 Mobile Safari/537.36 (compatible; Googlebot/2.1; +http://www.google.com/bot.html)"
192.95.30.12 - - [27/Jan/2025:18:10:53 -0500] "GET /documents/9242_New/2020/e_may/credit/?SA HTTP/1.1" 200 637 "-" "Mozilla/5.0 (compatible; MJ12bot/v1.4.8; http://mj12bot.com/)"
192.95.30.12 - - [27/Jan/2025:18:10:55 -0500] "GET /documents/9242_New/2020/e_may/credit/?SD HTTP/1.1" 200 637 "-" "Mozilla/5.0 (compatible; MJ12bot/v1.4.8; http://mj12bot.com/)"
192.95.30.12 - - [27/Jan/2025:18:10:57 -0500] "GET /documents/9242_New/2020/e_may/credit/recycle/?MA HTTP/1.1" 200 574 "-" "Mozilla/5.0 (compatible; MJ12bot/v1.4.8; http://mj12bot.com/)"
192.95.30.12 - - [27/Jan/2025:18:10:59 -0500] "GET /documents/9242_New/2020/e_may/credit/recycle/?MD HTTP/1.1" 200 573 "-" "Mozilla/5.0 (compatible; MJ12bot/v1.4.8; http://mj12bot.com/)"
192.95.30.12 - - [27/Jan/2025:18:11:02 -0500] "GET /documents/9242_New/2020/e_may/credit/recycle/?NA HTTP/1.1" 200 571 "-" "Mozilla/5.0 (compatible; MJ12bot/v1.4.8; http://mj12bot.com/)"
192.95.30.12 - - [27/Jan/2025:18:11:04 -0500] "GET /documents/9242_New/2020/e_may/credit/recycle/?ND HTTP/1.1" 200 571 "-" "Mozilla/5.0 (compatible; MJ12bot/v1.4.8; http://mj12bot.com/)"
192.95.30.12 - - [27/Jan/2025:18:11:06 -0500] "GET /documents/9242_New/2020/e_may/credit/recycle/?SA HTTP/1.1" 200 575 "-" "Mozilla/5.0 (compatible; MJ12bot/v1.4.8; http://mj12bot.com/)"
192.95.30.12 - - [27/Jan/2025:18:11:08 -0500] "GET /documents/9242_New/2020/e_may/debit/?SD HTTP/1.1" 200 634 "-" "Mozilla/5.0 (compatible; MJ12bot/v1.4.8; http://mj12bot.com/)"
192.95.30.12 - - [27/Jan/2025:18:11:10 -0500] "GET /documents/9242_New/2020/e_may/debit/recycle/?MA HTTP/1.1" 200 574 "-" "Mozilla/5.0 (compatible; MJ12bot/v1.4.8; http://mj12bot.com/)"
192.95.30.12 - - [27/Jan/2025:18:11:12 -0500] "GET /documents/9242_New/2020/e_may/debit/recycle/?MD HTTP/1.1" 200 575 "-" "Mozilla/5.0 (compatible; MJ12bot/v1.4.8; http://mj12bot.com/)"
192.95.30.12 - - [27/Jan/2025:18:11:14 -0500] "GET /documents/9242_New/2020/e_may/debit/recycle/?NA HTTP/1.1" 200 571 "-" "Mozilla/5.0 (compatible; MJ12bot/v1.4.8; http://mj12bot.com/)"
192.95.30.12 - - [27/Jan/2025:18:11:16 -0500] "GET /documents/9242_New/2020/e_may/debit/recycle/?ND HTTP/1.1" 200 570 "-" "Mozilla/5.0 (compatible; MJ12bot/v1.4.8; http://mj12bot.com/)"
192.95.30.12 - - [27/Jan/2025:18:11:18 -0500] "GET /documents/9242_New/2020/e_may/debit/recycle/?SD HTTP/1.1" 200 574 "-" "Mozilla/5.0 (compatible; MJ12bot/v1.4.8; http://mj12bot.com/)"
192.95.30.12 - - [27/Jan/2025:18:11:20 -0500] "GET /documents/9242_New/2020/e_may/journal/recycle/?MA HTTP/1.1" 200 640 "-" "Mozilla/5.0 (compatible; MJ12bot/v1.4.8; http://mj12bot.com/)"
192.95.30.12 - - [27/Jan/2025:18:11:23 -0500] "GET /documents/9242_New/2020/e_may/journal/recycle/?MD HTTP/1.1" 200 639 "-" "Mozilla/5.0 (compatible; MJ12bot/v1.4.8; http://mj12bot.com/)"
192.95.30.12 - - [27/Jan/2025:18:11:25 -0500] "GET /documents/9242_New/2020/e_may/journal/recycle/?NA HTTP/1.1" 200 637 "-" "Mozilla/5.0 (compatible; MJ12bot/v1.4.8; http://mj12bot.com/)"
