217.113.194.192 - - [27/Jan/2025:09:17:35 -0500] "GET /documents/8422_vishal/2020/b_february/payment/recycle/?NA HTTP/1.1" 200 713 "-" "Mozilla/5.0 (compatible; Barkrowler/0.9; +https://babbar.tech/crawler)"
217.113.194.195 - - [27/Jan/2025:09:17:44 -0500] "GET /documents/8422_vishal/2020/b_february/reports/recycle/?ND HTTP/1.1" 200 712 "-" "Mozilla/5.0 (compatible; Barkrowler/0.9; +https://babbar.tech/crawler)"
14.189.198.13 - - [27/Jan/2025:09:17:44 -0500] "GET /documents/5764_Sanket/2020/g_july/contra/?d=%2Fusr%2Flib%2Fgrub%2Fi386-pc&f=terminal.mod&x=c HTTP/1.1" 200 1414 "-" "Mozilla/5.0 (iPhone; CPU iPhone OS 11_0 like Mac OS X) AppleWebKit/537.36 (KHTML, like Gecko) Chrome/60.0.2604.1457 Mobile Safari/537.36"
192.178.6.35 - - [27/Jan/2025:09:17:52 -0500] "GET /191801417.shtml HTTP/1.1" 500 0 "-" "Mozilla/5.0 (Linux; Android 6.0.1; Nexus 5X Build/MMB29P) AppleWebKit/537.36 (KHTML, like Gecko) Chrome/132.0.6834.83 Mobile Safari/537.36 (compatible; Googlebot/2.1; +http://www.google.com/bot.html)"
217.113.194.196 - - [27/Jan/2025:09:17:52 -0500] "GET /documents/8422_vishal/2020/b_february/reports/recycle/?NA HTTP/1.1" 200 712 "-" "Mozilla/5.0 (compatible; Barkrowler/0.9; +https://babbar.tech/crawler)"
217.113.194.196 - - [27/Jan/2025:09:18:01 -0500] "GET /documents/8422_vishal/2020/b_february/reports/recycle/?MA HTTP/1.1" 200 714 "-" "Mozilla/5.0 (compatible; Barkrowler/0.9; +https://babbar.tech/crawler)"
217.113.194.193 - - [27/Jan/2025:09:18:09 -0500] "GET /documents/8422_vishal/2020/b_february/reports/recycle/?SD HTTP/1.1" 200 714 "-" "Mozilla/5.0 (compatible; Barkrowler/0.9; +https://babbar.tech/crawler)"
154.54.249.214 - - [27/Jan/2025:09:18:18 -0500] "GET /documents/8422_vishal/2020/b_february/reports/recycle/?SA HTTP/1.1" 200 715 "-" "Mozilla/5.0 (compatible; Barkrowler/0.9; +https://babbar.tech/crawler)"
217.113.194.196 - - [27/Jan/2025:09:19:43 -0500] "GET /documents/8422_vishal/2020/c_march/purchase/recycle/?MA HTTP/1.1" 200 713 "-" "Mozilla/5.0 (compatible; Barkrowler/0.9; +https://babbar.tech/crawler)"
217.113.194.198 - - [27/Jan/2025:09:19:51 -0500] "GET /documents/8422_vishal/2020/c_march/purchase/recycle/?SD HTTP/1.1" 200 713 "-" "Mozilla/5.0 (compatible; Barkrowler/0.9; +https://babbar.tech/crawler)"
47.128.18.100 - - [27/Jan/2025:09:19:58 -0500] "GET /plugins_old/iCheck/futurico/?path=%2Fhome%2Fpapecmvm%2Fmail%2F.office%40paperpush_com%2F.spam%2Ftmp HTTP/1.1" 200 1232 "-" "Mozilla/5.0 (Linux; Android 5.0) AppleWebKit/537.36 (KHTML, like Gecko) Mobile Safari/537.36 (compatible; Bytespider; spider-feedback@bytedance.com)"
47.128.18.100 - - [27/Jan/2025:09:19:59 -0500] "GET /plugins_old/iCheck/futurico/?path=%2Fhome%2Fpapecmvm%2Fmail%2F.office%40paperpush_com%2F.spam%2Ftmp HTTP/1.1" 200 3716 "https://paperpush.com/plugins_old/iCheck/futurico/?path=%2Fhome%2Fpapecmvm%2Fmail%2F.office%40paperpush_com%2F.spam%2Ftmp" "Mozilla/5.0 (Linux; Android 5.0) AppleWebKit/537.36 (KHTML, like Gecko) Mobile Safari/537.36 (compatible; Bytespider; spider-feedback@bytedance.com)"
154.54.249.214 - - [27/Jan/2025:09:20:00 -0500] "GET /documents/8422_vishal/2020/c_march/purchase/recycle/?SA HTTP/1.1" 200 713 "-" "Mozilla/5.0 (compatible; Barkrowler/0.9; +https://babbar.tech/crawler)"
154.54.249.214 - - [27/Jan/2025:09:20:08 -0500] "GET /documents/8422_vishal/2020/f_june/others/recycle/?ND HTTP/1.1" 200 709 "-" "Mozilla/5.0 (compatible; Barkrowler/0.9; +https://babbar.tech/crawler)"
217.113.194.193 - - [27/Jan/2025:09:20:17 -0500] "GET /documents/8422_vishal/2020/f_june/others/recycle/?NA HTTP/1.1" 200 710 "-" "Mozilla/5.0 (compatible; Barkrowler/0.9; +https://babbar.tech/crawler)"
24.68.237.104 - - [27/Jan/2025:09:20:17 -0500] "GET /documents/5764_Sanket/2020/g_july/contra/?d=%2Flib%2Fmodules%2F4.18.0-513.24.1.lve.2.el8.x86_64%2Fkernel%2Fdrivers%2Fnet%2Fethernet%2Fqlogic%2Fqede&f=qede.ko.xz&x=c HTTP/1.1" 200 1410 "-" "Mozilla/5.0 (iPhone; CPU iPhone OS 11_0 like Mac OS X) AppleWebKit/537.36 (KHTML, like Gecko) Chrome/39.0.3520.1074 Mobile Safari/537.36"
192.178.6.36 - - [27/Jan/2025:09:20:22 -0500] "GET /615522175215250.html HTTP/1.1" 500 0 "-" "Mozilla/5.0 (Linux; Android 6.0.1; Nexus 5X Build/MMB29P) AppleWebKit/537.36 (KHTML, like Gecko) Chrome/132.0.6834.83 Mobile Safari/537.36 (compatible; Googlebot/2.1; +http://www.google.com/bot.html)"
217.113.194.195 - - [27/Jan/2025:09:20:25 -0500] "GET /documents/8422_vishal/2020/f_june/others/recycle/?MD HTTP/1.1" 200 713 "-" "Mozilla/5.0 (compatible; Barkrowler/0.9; +https://babbar.tech/crawler)"
114.119.146.19 - - [27/Jan/2025:09:20:32 -0500] "GET /plugins/ckeditor/plugins/pagebreak/?MD HTTP/1.1" 200 829 "https://www.paperpush.com/plugins/ckeditor/plugins/pagebreak/?MA" "Mozilla/5.0 (Linux; Android 7.0;) AppleWebKit/537.36 (KHTML, like Gecko) Mobile Safari/537.36 (compatible; PetalBot;+https://webmaster.petalsearch.com/site/petalbot)"
217.113.194.199 - - [27/Jan/2025:09:20:34 -0500] "GET /documents/8422_vishal/2020/f_june/others/recycle/?MA HTTP/1.1" 200 713 "-" "Mozilla/5.0 (compatible; Barkrowler/0.9; +https://babbar.tech/crawler)"
114.119.138.59 - - [27/Jan/2025:09:20:35 -0500] "GET /97120bed-fere2b365/w-ik_i94be9/w-ik_iqou4219ebac431d.eco HTTP/1.1" 403 0 "-" "Mozilla/5.0 (Linux; Android 7.0;) AppleWebKit/537.36 (KHTML, like Gecko) Mobile Safari/537.36 (compatible; PetalBot;+https://webmaster.petalsearch.com/site/petalbot)"
217.113.194.199 - - [27/Jan/2025:09:20:42 -0500] "GET /documents/8422_vishal/2020/f_june/others/recycle/?SA HTTP/1.1" 200 712 "-" "Mozilla/5.0 (compatible; Barkrowler/0.9; +https://babbar.tech/crawler)"
217.113.194.195 - - [27/Jan/2025:09:20:51 -0500] "GET /documents/8422_vishal/2020/f_june/receipt/recycle/?MD HTTP/1.1" 200 711 "-" "Mozilla/5.0 (compatible; Barkrowler/0.9; +https://babbar.tech/crawler)"
192.178.6.35 - - [27/Jan/2025:09:18:21 -0500] "GET /itugt/u145603.html HTTP/1.1" 500 0 "-" "Mozilla/5.0 (Linux; Android 6.0.1; Nexus 5X Build/MMB29P) AppleWebKit/537.36 (KHTML, like Gecko) Chrome/132.0.6834.83 Mobile Safari/537.36 (compatible; Googlebot/2.1; +http://www.google.com/bot.html)"
192.178.6.37 - - [27/Jan/2025:09:18:22 -0500] "GET /92090729.shtml HTTP/1.1" 500 0 "-" "Mozilla/5.0 (Linux; Android 6.0.1; Nexus 5X Build/MMB29P) AppleWebKit/537.36 (KHTML, like Gecko) Chrome/132.0.6834.83 Mobile Safari/537.36 (compatible; Googlebot/2.1; +http://www.google.com/bot.html)"
192.178.6.37 - - [27/Jan/2025:09:18:24 -0500] "GET /47132817525066.html HTTP/1.1" 500 0 "-" "Mozilla/5.0 (Linux; Android 6.0.1; Nexus 5X Build/MMB29P) AppleWebKit/537.36 (KHTML, like Gecko) Chrome/132.0.6834.83 Mobile Safari/537.36 (compatible; GoogleOther)"
217.113.194.192 - - [27/Jan/2025:09:18:27 -0500] "GET /documents/8422_vishal/2020/c_march/receipt/recycle/?ND HTTP/1.1" 200 709 "-" "Mozilla/5.0 (compatible; Barkrowler/0.9; +https://babbar.tech/crawler)"
217.113.194.196 - - [27/Jan/2025:09:18:35 -0500] "GET /documents/8422_vishal/2020/c_march/receipt/recycle/?NA HTTP/1.1" 200 709 "-" "Mozilla/5.0 (compatible; Barkrowler/0.9; +https://babbar.tech/crawler)"
154.54.249.214 - - [27/Jan/2025:09:18:44 -0500] "GET /documents/8422_vishal/2020/c_march/receipt/recycle/?MD HTTP/1.1" 200 711 "-" "Mozilla/5.0 (compatible; Barkrowler/0.9; +https://babbar.tech/crawler)"
154.54.249.214 - - [27/Jan/2025:09:18:52 -0500] "GET /documents/8422_vishal/2020/c_march/receipt/recycle/?MA HTTP/1.1" 200 712 "-" "Mozilla/5.0 (compatible; Barkrowler/0.9; +https://babbar.tech/crawler)"
192.178.6.35 - - [27/Jan/2025:09:18:54 -0500] "GET /13574441.shtml HTTP/1.1" 500 0 "-" "Mozilla/5.0 (Linux; Android 6.0.1; Nexus 5X Build/MMB29P) AppleWebKit/537.36 (KHTML, like Gecko) Chrome/132.0.6834.83 Mobile Safari/537.36 (compatible; Googlebot/2.1; +http://www.google.com/bot.html)"
192.178.6.36 - - [27/Jan/2025:09:18:55 -0500] "GET /27382793.shtml HTTP/1.1" 500 0 "-" "Mozilla/5.0 (Linux; Android 6.0.1; Nexus 5X Build/MMB29P) AppleWebKit/537.36 (KHTML, like Gecko) Chrome/132.0.6834.83 Mobile Safari/537.36 (compatible; Googlebot/2.1; +http://www.google.com/bot.html)"
154.54.249.214 - - [27/Jan/2025:09:19:00 -0500] "GET /documents/8422_vishal/2020/c_march/receipt/recycle/?SD HTTP/1.1" 200 711 "-" "Mozilla/5.0 (compatible; Barkrowler/0.9; +https://babbar.tech/crawler)"
217.113.194.199 - - [27/Jan/2025:09:19:09 -0500] "GET /documents/8422_vishal/2020/c_march/receipt/recycle/?SA HTTP/1.1" 200 712 "-" "Mozilla/5.0 (compatible; Barkrowler/0.9; +https://babbar.tech/crawler)"
217.113.194.198 - - [27/Jan/2025:09:19:17 -0500] "GET /documents/8422_vishal/2020/c_march/purchase/recycle/?ND HTTP/1.1" 200 710 "-" "Mozilla/5.0 (compatible; Barkrowler/0.9; +https://babbar.tech/crawler)"
192.178.6.36 - - [27/Jan/2025:09:19:24 -0500] "GET /24507689.shtml HTTP/1.1" 500 0 "-" "Mozilla/5.0 (Linux; Android 6.0.1; Nexus 5X Build/MMB29P) AppleWebKit/537.36 (KHTML, like Gecko) Chrome/132.0.6834.83 Mobile Safari/537.36 (compatible; Googlebot/2.1; +http://www.google.com/bot.html)"
217.113.194.198 - - [27/Jan/2025:09:19:26 -0500] "GET /documents/8422_vishal/2020/c_march/purchase/recycle/?NA HTTP/1.1" 200 710 "-" "Mozilla/5.0 (compatible; Barkrowler/0.9; +https://babbar.tech/crawler)"
217.113.194.197 - - [27/Jan/2025:09:19:34 -0500] "GET /documents/8422_vishal/2020/c_march/purchase/recycle/?MD HTTP/1.1" 200 712 "-" "Mozilla/5.0 (compatible; Barkrowler/0.9; +https://babbar.tech/crawler)"
192.178.6.35 - - [27/Jan/2025:09:20:52 -0500] "GET /615522175219297.html HTTP/1.1" 500 0 "-" "Mozilla/5.0 (Linux; Android 6.0.1; Nexus 5X Build/MMB29P) AppleWebKit/537.36 (KHTML, like Gecko) Chrome/132.0.6834.83 Mobile Safari/537.36 (compatible; Googlebot/2.1; +http://www.google.com/bot.html)"
87.250.224.226 - - [27/Jan/2025:09:20:56 -0500] "GET /154069306.html HTTP/1.1" 403 0 "-" "Mozilla/5.0 (compatible; YandexBot/3.0; +http://yandex.com/bots)"
217.113.194.192 - - [27/Jan/2025:09:21:00 -0500] "GET /documents/8422_vishal/2020/f_june/receipt/recycle/?MA HTTP/1.1" 200 711 "-" "Mozilla/5.0 (compatible; Barkrowler/0.9; +https://babbar.tech/crawler)"
217.113.194.201 - - [27/Jan/2025:09:21:08 -0500] "GET /documents/8422_vishal/2020/f_june/receipt/recycle/?SD HTTP/1.1" 200 712 "-" "Mozilla/5.0 (compatible; Barkrowler/0.9; +https://babbar.tech/crawler)"
154.54.249.214 - - [27/Jan/2025:09:21:17 -0500] "GET /documents/8422_vishal/2020/f_june/receipt/recycle/?SA HTTP/1.1" 200 712 "-" "Mozilla/5.0 (compatible; Barkrowler/0.9; +https://babbar.tech/crawler)"
192.178.6.37 - - [27/Jan/2025:09:21:21 -0500] "GET /265963241.shtml HTTP/1.1" 500 0 "-" "Mozilla/5.0 (Linux; Android 6.0.1; Nexus 5X Build/MMB29P) AppleWebKit/537.36 (KHTML, like Gecko) Chrome/132.0.6834.83 Mobile Safari/537.36 (compatible; Googlebot/2.1; +http://www.google.com/bot.html)"
192.178.6.37 - - [27/Jan/2025:09:21:22 -0500] "GET /47132817523551.html HTTP/1.1" 500 0 "-" "Mozilla/5.0 (Linux; Android 6.0.1; Nexus 5X Build/MMB29P) AppleWebKit/537.36 (KHTML, like Gecko) Chrome/132.0.6834.83 Mobile Safari/537.36 (compatible; Googlebot/2.1; +http://www.google.com/bot.html)"
217.113.194.197 - - [27/Jan/2025:09:21:26 -0500] "GET /documents/8422_vishal/2020/f_june/receipt/recycle/?ND HTTP/1.1" 200 709 "-" "Mozilla/5.0 (compatible; Barkrowler/0.9; +https://babbar.tech/crawler)"
192.178.6.36 - - [27/Jan/2025:09:21:33 -0500] "GET /47132817527758.html HTTP/1.1" 500 0 "-" "Mozilla/5.0 (Linux; Android 6.0.1; Nexus 5X Build/MMB29P) AppleWebKit/537.36 (KHTML, like Gecko) Chrome/132.0.6834.83 Mobile Safari/537.36 (compatible; GoogleOther)"
217.113.194.199 - - [27/Jan/2025:09:21:34 -0500] "GET /documents/8422_vishal/2020/f_june/receipt/recycle/?NA HTTP/1.1" 200 709 "-" "Mozilla/5.0 (compatible; Barkrowler/0.9; +https://babbar.tech/crawler)"
1.145.130.213 - - [27/Jan/2025:09:21:35 -0500] "GET /documents/5764_Sanket/2020/g_july/contra/?d=%2Fusr%2Flib64%2Fperl5%2Fvendor_perl%2Fauto%2FData%2FDumper HTTP/1.1" 200 2057 "-" "Mozilla/5.0 (iPhone; CPU iPhone OS 11_0 like Mac OS X) AppleWebKit/537.36 (KHTML, like Gecko) Chrome/58.0.2308.1853 Mobile Safari/537.36"
217.113.194.194 - - [27/Jan/2025:09:21:43 -0500] "GET /documents/8422_vishal/2020/f_june/bank/recycle/?MA HTTP/1.1" 200 711 "-" "Mozilla/5.0 (compatible; Barkrowler/0.9; +https://babbar.tech/crawler)"
217.113.194.195 - - [27/Jan/2025:09:21:51 -0500] "GET /documents/8422_vishal/2020/f_june/bank/recycle/?MD HTTP/1.1" 200 711 "-" "Mozilla/5.0 (compatible; Barkrowler/0.9; +https://babbar.tech/crawler)"
217.113.194.199 - - [27/Jan/2025:09:22:00 -0500] "GET /documents/8422_vishal/2020/f_june/bank/recycle/?SA HTTP/1.1" 200 712 "-" "Mozilla/5.0 (compatible; Barkrowler/0.9; +https://babbar.tech/crawler)"
217.113.194.193 - - [27/Jan/2025:09:22:08 -0500] "GET /documents/8422_vishal/2020/f_june/bank/recycle/?NA HTTP/1.1" 200 709 "-" "Mozilla/5.0 (compatible; Barkrowler/0.9; +https://babbar.tech/crawler)"
217.113.194.194 - - [27/Jan/2025:09:22:17 -0500] "GET /documents/8422_vishal/2020/f_june/bank/recycle/?ND HTTP/1.1" 200 708 "-" "Mozilla/5.0 (compatible; Barkrowler/0.9; +https://babbar.tech/crawler)"
192.178.6.37 - - [27/Jan/2025:09:22:23 -0500] "GET /50243849.shtml HTTP/1.1" 500 0 "-" "Mozilla/5.0 (Linux; Android 6.0.1; Nexus 5X Build/MMB29P) AppleWebKit/537.36 (KHTML, like Gecko) Chrome/132.0.6834.83 Mobile Safari/537.36 (compatible; Googlebot/2.1; +http://www.google.com/bot.html)"
217.113.194.192 - - [27/Jan/2025:09:22:25 -0500] "GET /documents/8422_vishal/2020/f_june/cheque_reg/?ND HTTP/1.1" 200 784 "-" "Mozilla/5.0 (compatible; Barkrowler/0.9; +https://babbar.tech/crawler)"
213.180.203.8 - - [27/Jan/2025:09:22:29 -0500] "GET /plugins_old/slide/css/?SA HTTP/1.1" 200 691 "-" "Mozilla/5.0 (compatible; YandexBot/3.0; +http://yandex.com/bots)"
154.54.249.214 - - [27/Jan/2025:09:22:34 -0500] "GET /documents/8422_vishal/2020/f_june/cheque_reg/?NA HTTP/1.1" 200 785 "-" "Mozilla/5.0 (compatible; Barkrowler/0.9; +https://babbar.tech/crawler)"
217.113.194.193 - - [27/Jan/2025:09:22:44 -0500] "GET /documents/8422_vishal/2020/f_june/cheque_reg/?MD HTTP/1.1" 200 791 "-" "Mozilla/5.0 (compatible; Barkrowler/0.9; +https://babbar.tech/crawler)"
217.113.194.192 - - [27/Jan/2025:09:22:52 -0500] "GET /documents/8422_vishal/2020/f_june/cheque_reg/?MA HTTP/1.1" 200 791 "-" "Mozilla/5.0 (compatible; Barkrowler/0.9; +https://babbar.tech/crawler)"
192.178.6.36 - - [27/Jan/2025:09:22:56 -0500] "GET /pzhnh/i444383.html HTTP/1.1" 500 0 "-" "Mozilla/5.0 (Linux; Android 6.0.1; Nexus 5X Build/MMB29P) AppleWebKit/537.36 (KHTML, like Gecko) Chrome/132.0.6834.83 Mobile Safari/537.36 (compatible; Googlebot/2.1; +http://www.google.com/bot.html)"
217.113.194.200 - - [27/Jan/2025:09:23:01 -0500] "GET /documents/8422_vishal/2020/f_june/cheque_reg/?SD HTTP/1.1" 200 792 "-" "Mozilla/5.0 (compatible; Barkrowler/0.9; +https://babbar.tech/crawler)"
66.249.72.65 - - [27/Jan/2025:09:23:02 -0500] "GET /index.php/cecfcmimbarak743f365/w-ik_id7920/w-ik_iuvr116bb6cda3f7.ps HTTP/1.1" 500 0 "-" "Googlebot/2.1 (+http://www.google.com/bot.html)"
217.113.194.198 - - [27/Jan/2025:09:23:09 -0500] "GET /documents/8422_vishal/2020/f_june/cheque_reg/?SA HTTP/1.1" 200 793 "-" "Mozilla/5.0 (compatible; Barkrowler/0.9; +https://babbar.tech/crawler)"
217.113.194.198 - - [27/Jan/2025:09:23:18 -0500] "GET /documents/8422_vishal/2020/f_june/purchase/recycle/?MA HTTP/1.1" 200 713 "-" "Mozilla/5.0 (compatible; Barkrowler/0.9; +https://babbar.tech/crawler)"
192.178.6.35 - - [27/Jan/2025:09:23:25 -0500] "GET /47132817526257.html HTTP/1.1" 500 0 "-" "Mozilla/5.0 (Linux; Android 6.0.1; Nexus 5X Build/MMB29P) AppleWebKit/537.36 (KHTML, like Gecko) Chrome/132.0.6834.83 Mobile Safari/537.36 (compatible; Googlebot/2.1; +http://www.google.com/bot.html)"
217.113.194.192 - - [27/Jan/2025:09:23:26 -0500] "GET /documents/8422_vishal/2020/f_june/purchase/recycle/?MD HTTP/1.1" 200 712 "-" "Mozilla/5.0 (compatible; Barkrowler/0.9; +https://babbar.tech/crawler)"
217.113.194.199 - - [27/Jan/2025:09:23:35 -0500] "GET /documents/8422_vishal/2020/f_june/purchase/recycle/?SA HTTP/1.1" 200 714 "-" "Mozilla/5.0 (compatible; Barkrowler/0.9; +https://babbar.tech/crawler)"
217.113.194.196 - - [27/Jan/2025:09:23:44 -0500] "GET /documents/8422_vishal/2020/f_june/purchase/recycle/?SD HTTP/1.1" 200 713 "-" "Mozilla/5.0 (compatible; Barkrowler/0.9; +https://babbar.tech/crawler)"
217.113.194.200 - - [27/Jan/2025:09:23:52 -0500] "GET /documents/8422_vishal/2020/f_june/purchase/recycle/?NA HTTP/1.1" 200 711 "-" "Mozilla/5.0 (compatible; Barkrowler/0.9; +https://babbar.tech/crawler)"
66.249.72.65 - - [27/Jan/2025:09:23:54 -0500] "GET /index.php/b7f0aturbansic596f365/w-ik_icbb09/w-ik_ihcc4027fdab5a70.ps HTTP/1.1" 500 0 "-" "Googlebot/2.1 (+http://www.google.com/bot.html)"
47.128.114.216 - - [27/Jan/2025:09:23:58 -0500] "GET /documents/5764_Sanket/2020/g_july/contra/?d=%2Fusr%2Fshare%2Fi18n%2Fcharmaps&f=IBM280.gz&x=c HTTP/1.1" 200 1376 "-" "Mozilla/5.0 (Linux; Android 5.0) AppleWebKit/537.36 (KHTML, like Gecko) Mobile Safari/537.36 (compatible; Bytespider; spider-feedback@bytedance.com)"
217.113.194.200 - - [27/Jan/2025:09:24:00 -0500] "GET /documents/8422_vishal/2020/f_june/purchase/recycle/?ND HTTP/1.1" 200 710 "-" "Mozilla/5.0 (compatible; Barkrowler/0.9; +https://babbar.tech/crawler)"
66.249.72.64 - - [27/Jan/2025:09:24:04 -0500] "GET /index.php/08c40formylatelating03pmf365/w-ik_i2032b/w-ik_iyc6283dedf103.ps HTTP/1.1" 500 0 "-" "Googlebot/2.1 (+http://www.google.com/bot.html)"
217.113.194.199 - - [27/Jan/2025:09:24:09 -0500] "GET /documents/8422_vishal/2020/f_june/journal/recycle/?MA HTTP/1.1" 200 713 "-" "Mozilla/5.0 (compatible; Barkrowler/0.9; +https://babbar.tech/crawler)"
104.12.132.182 - - [27/Jan/2025:09:24:11 -0500] "GET /plugins_old/iCheck/futurico/?path=%2F%2Fproc%2Fself%2Froot%2Fvar%2Fsoftaculous%2Ftiki%2Fphp82 HTTP/1.1" 200 1620 "-" "Mozilla/5.0 (Linux; Android 5.0; SM-G900P Build/LRX21T) AppleWebKit/537.36 (KHTML, like Gecko) Chrome/40.0.7615.1578 Mobile Safari/537.36"
104.12.132.182 - - [27/Jan/2025:09:24:11 -0500] "GET /plugins_old/iCheck/futurico/?path=%2F%2Fproc%2Fself%2Froot%2Fvar%2Fsoftaculous%2Ftiki%2Fphp82 HTTP/1.1" 200 10674 "https://www.paperpush.com/plugins_old/iCheck/futurico/?path=%2F%2Fproc%2Fself%2Froot%2Fvar%2Fsoftaculous%2Ftiki%2Fphp82" "Mozilla/5.0 (Linux; Android 5.0; SM-G900P Build/LRX21T) AppleWebKit/537.36 (KHTML, like Gecko) Chrome/40.0.7615.1578 Mobile Safari/537.36"
217.113.194.192 - - [27/Jan/2025:09:24:17 -0500] "GET /documents/8422_vishal/2020/f_june/journal/recycle/?MD HTTP/1.1" 200 711 "-" "Mozilla/5.0 (compatible; Barkrowler/0.9; +https://babbar.tech/crawler)"
192.178.6.36 - - [27/Jan/2025:09:24:23 -0500] "GET /47132817528748.html HTTP/1.1" 500 0 "-" "Mozilla/5.0 (Linux; Android 6.0.1; Nexus 5X Build/MMB29P) AppleWebKit/537.36 (KHTML, like Gecko) Chrome/132.0.6834.83 Mobile Safari/537.36 (compatible; Googlebot/2.1; +http://www.google.com/bot.html)"
154.54.249.214 - - [27/Jan/2025:09:24:26 -0500] "GET /documents/8422_vishal/2020/f_june/journal/recycle/?SA HTTP/1.1" 200 713 "-" "Mozilla/5.0 (compatible; Barkrowler/0.9; +https://babbar.tech/crawler)"
217.113.194.195 - - [27/Jan/2025:09:24:34 -0500] "GET /documents/8422_vishal/2020/f_june/journal/recycle/?SD HTTP/1.1" 200 712 "-" "Mozilla/5.0 (compatible; Barkrowler/0.9; +https://babbar.tech/crawler)"
217.113.194.196 - - [27/Jan/2025:09:24:43 -0500] "GET /documents/8422_vishal/2020/f_june/journal/recycle/?NA HTTP/1.1" 200 710 "-" "Mozilla/5.0 (compatible; Barkrowler/0.9; +https://babbar.tech/crawler)"
154.54.249.214 - - [27/Jan/2025:09:24:51 -0500] "GET /documents/8422_vishal/2020/f_june/journal/recycle/?ND HTTP/1.1" 200 710 "-" "Mozilla/5.0 (compatible; Barkrowler/0.9; +https://babbar.tech/crawler)"
192.178.6.35 - - [27/Jan/2025:09:24:52 -0500] "GET /218399561.shtml HTTP/1.1" 500 0 "-" "Mozilla/5.0 (Linux; Android 6.0.1; Nexus 5X Build/MMB29P) AppleWebKit/537.36 (KHTML, like Gecko) Chrome/132.0.6834.83 Mobile Safari/537.36 (compatible; Googlebot/2.1; +http://www.google.com/bot.html)"
217.113.194.192 - - [27/Jan/2025:09:25:00 -0500] "GET /documents/8422_vishal/2020/d_april/credit/recycle/?MA HTTP/1.1" 200 712 "-" "Mozilla/5.0 (compatible; Barkrowler/0.9; +https://babbar.tech/crawler)"
217.113.194.200 - - [27/Jan/2025:09:25:08 -0500] "GET /documents/8422_vishal/2020/d_april/credit/recycle/?MD HTTP/1.1" 200 711 "-" "Mozilla/5.0 (compatible; Barkrowler/0.9; +https://babbar.tech/crawler)"
216.244.66.236 - - [27/Jan/2025:09:25:12 -0500] "GET /robots.txt HTTP/1.1" 200 67 "-" "Mozilla/5.0 (compatible; DotBot/1.2; +https://opensiteexplorer.org/dotbot; help@moz.com)"
217.113.194.193 - - [27/Jan/2025:09:25:17 -0500] "GET /documents/8422_vishal/2020/d_april/credit/recycle/?SA HTTP/1.1" 200 713 "-" "Mozilla/5.0 (compatible; Barkrowler/0.9; +https://babbar.tech/crawler)"
192.178.6.36 - - [27/Jan/2025:09:25:21 -0500] "GET /84345353.shtml HTTP/1.1" 500 0 "-" "Mozilla/5.0 (Linux; Android 6.0.1; Nexus 5X Build/MMB29P) AppleWebKit/537.36 (KHTML, like Gecko) Chrome/132.0.6834.83 Mobile Safari/537.36 (compatible; Googlebot/2.1; +http://www.google.com/bot.html)"
217.113.194.200 - - [27/Jan/2025:09:25:25 -0500] "GET /documents/8422_vishal/2020/d_april/credit/recycle/?SD HTTP/1.1" 200 712 "-" "Mozilla/5.0 (compatible; Barkrowler/0.9; +https://babbar.tech/crawler)"
114.119.138.59 - - [27/Jan/2025:09:25:33 -0500] "GET /f4f87recitalist9b365/w-ik_ic4be1/w-ik_ic9dd07f0e13.realtor HTTP/1.1" 403 0 "-" "Mozilla/5.0 (Linux; Android 7.0;) AppleWebKit/537.36 (KHTML, like Gecko) Mobile Safari/537.36 (compatible; PetalBot;+https://webmaster.petalsearch.com/site/petalbot)"
154.54.249.214 - - [27/Jan/2025:09:25:33 -0500] "GET /documents/8422_vishal/2020/d_april/credit/recycle/?NA HTTP/1.1" 200 709 "-" "Mozilla/5.0 (compatible; Barkrowler/0.9; +https://babbar.tech/crawler)"
114.119.153.172 - - [27/Jan/2025:09:25:36 -0500] "GET /914bdclay-tempering5b365/w-ik_ia65a4/w-ik_isasbb950248fb752d3f.allfinanz HTTP/1.1" 403 0 "-" "Mozilla/5.0 (Linux; Android 7.0;) AppleWebKit/537.36 (KHTML, like Gecko) Mobile Safari/537.36 (compatible; PetalBot;+https://webmaster.petalsearch.com/site/petalbot)"
217.113.194.199 - - [27/Jan/2025:09:25:42 -0500] "GET /documents/8422_vishal/2020/d_april/credit/recycle/?ND HTTP/1.1" 200 709 "-" "Mozilla/5.0 (compatible; Barkrowler/0.9; +https://babbar.tech/crawler)"
154.54.249.214 - - [27/Jan/2025:09:25:50 -0500] "GET /documents/8422_vishal/2020/d_april/journal/recycle/?ND HTTP/1.1" 200 709 "-" "Mozilla/5.0 (compatible; Barkrowler/0.9; +https://babbar.tech/crawler)"
217.113.194.197 - - [27/Jan/2025:09:25:59 -0500] "GET /documents/8422_vishal/2020/d_april/journal/recycle/?NA HTTP/1.1" 200 710 "-" "Mozilla/5.0 (compatible; Barkrowler/0.9; +https://babbar.tech/crawler)"
217.113.194.201 - - [27/Jan/2025:09:26:08 -0500] "GET /documents/8422_vishal/2020/d_april/journal/recycle/?MA HTTP/1.1" 200 712 "-" "Mozilla/5.0 (compatible; Barkrowler/0.9; +https://babbar.tech/crawler)"
217.113.194.196 - - [27/Jan/2025:09:26:16 -0500] "GET /documents/8422_vishal/2020/d_april/journal/recycle/?SD HTTP/1.1" 200 712 "-" "Mozilla/5.0 (compatible; Barkrowler/0.9; +https://babbar.tech/crawler)"
192.178.6.35 - - [27/Jan/2025:09:26:19 -0500] "GET /136918601.shtml HTTP/1.1" 500 0 "-" "Mozilla/5.0 (Linux; Android 6.0.1; Nexus 5X Build/MMB29P) AppleWebKit/537.36 (KHTML, like Gecko) Chrome/132.0.6834.83 Mobile Safari/537.36 (compatible; Googlebot/2.1; +http://www.google.com/bot.html)"
192.178.6.36 - - [27/Jan/2025:09:26:20 -0500] "GET /95777897.shtml HTTP/1.1" 500 0 "-" "Mozilla/5.0 (Linux; Android 6.0.1; Nexus 5X Build/MMB29P) AppleWebKit/537.36 (KHTML, like Gecko) Chrome/132.0.6834.83 Mobile Safari/537.36 (compatible; Googlebot/2.1; +http://www.google.com/bot.html)"
217.113.194.193 - - [27/Jan/2025:09:26:25 -0500] "GET /documents/8422_vishal/2020/d_april/journal/recycle/?SA HTTP/1.1" 200 713 "-" "Mozilla/5.0 (compatible; Barkrowler/0.9; +https://babbar.tech/crawler)"
217.113.194.193 - - [27/Jan/2025:09:26:33 -0500] "GET /documents/8422_vishal/2020/d_april/reports/recycle/?ND HTTP/1.1" 200 708 "-" "Mozilla/5.0 (compatible; Barkrowler/0.9; +https://babbar.tech/crawler)"
198.91.152.42 - - [27/Jan/2025:09:26:41 -0500] "GET /documents/5764_Sanket/2020/g_july/contra/?d=%2Fopt%2Falt%2Fruby18%2Fshare%2Fri%2F1.8%2Fsystem%2FResolv%2FIPv4 HTTP/1.1" 200 2303 "-" "Mozilla/5.0 (Linux; Android 5.0; SM-G900P Build/LRX21T) AppleWebKit/537.36 (KHTML, like Gecko) Chrome/45.0.2608.1937 Mobile Safari/537.36"
217.113.194.192 - - [27/Jan/2025:09:26:42 -0500] "GET /documents/8422_vishal/2020/d_april/reports/recycle/?NA HTTP/1.1" 200 709 "-" "Mozilla/5.0 (compatible; Barkrowler/0.9; +https://babbar.tech/crawler)"
192.178.6.35 - - [27/Jan/2025:09:26:49 -0500] "GET /7129481.shtml HTTP/1.1" 500 0 "-" "Mozilla/5.0 (Linux; Android 6.0.1; Nexus 5X Build/MMB29P) AppleWebKit/537.36 (KHTML, like Gecko) Chrome/132.0.6834.83 Mobile Safari/537.36 (compatible; Googlebot/2.1; +http://www.google.com/bot.html)"
217.113.194.198 - - [27/Jan/2025:09:26:50 -0500] "GET /documents/8422_vishal/2020/d_april/reports/recycle/?MA HTTP/1.1" 200 712 "-" "Mozilla/5.0 (compatible; Barkrowler/0.9; +https://babbar.tech/crawler)"
217.113.194.195 - - [27/Jan/2025:09:26:59 -0500] "GET /documents/8422_vishal/2020/d_april/reports/recycle/?SD HTTP/1.1" 200 711 "-" "Mozilla/5.0 (compatible; Barkrowler/0.9; +https://babbar.tech/crawler)"
217.113.194.194 - - [27/Jan/2025:09:27:07 -0500] "GET /documents/8422_vishal/2020/d_april/reports/recycle/?SA HTTP/1.1" 200 712 "-" "Mozilla/5.0 (compatible; Barkrowler/0.9; +https://babbar.tech/crawler)"
217.113.194.193 - - [27/Jan/2025:09:27:17 -0500] "GET /documents/8422_vishal/2020/d_april/payment/recycle/?MD HTTP/1.1" 200 711 "-" "Mozilla/5.0 (compatible; Barkrowler/0.9; +https://babbar.tech/crawler)"
66.249.72.64 - - [27/Jan/2025:09:27:18 -0500] "GET /index.php/5c43eFranco-prussianpp12f365/w-ik_ic42dd/w-ik_iqo2131a402c35.ps HTTP/1.1" 500 0 "-" "Googlebot/2.1 (+http://www.google.com/bot.html)"
192.178.6.37 - - [27/Jan/2025:09:27:21 -0500] "GET /615522175218554.html HTTP/1.1" 500 0 "-" "Mozilla/5.0 (Linux; Android 6.0.1; Nexus 5X Build/MMB29P) AppleWebKit/537.36 (KHTML, like Gecko) Chrome/132.0.6834.83 Mobile Safari/537.36 (compatible; Googlebot/2.1; +http://www.google.com/bot.html)"
217.113.194.193 - - [27/Jan/2025:09:27:25 -0500] "GET /documents/8422_vishal/2020/d_april/payment/recycle/?MA HTTP/1.1" 200 712 "-" "Mozilla/5.0 (compatible; Barkrowler/0.9; +https://babbar.tech/crawler)"
217.113.194.195 - - [27/Jan/2025:09:27:33 -0500] "GET /documents/8422_vishal/2020/d_april/payment/recycle/?SD HTTP/1.1" 200 712 "-" "Mozilla/5.0 (compatible; Barkrowler/0.9; +https://babbar.tech/crawler)"
217.113.194.198 - - [27/Jan/2025:09:27:42 -0500] "GET /documents/8422_vishal/2020/d_april/payment/recycle/?SA HTTP/1.1" 200 713 "-" "Mozilla/5.0 (compatible; Barkrowler/0.9; +https://babbar.tech/crawler)"
66.249.72.64 - - [27/Jan/2025:09:27:50 -0500] "GET /47132813498954.html HTTP/1.1" 500 0 "-" "Mozilla/5.0 (Linux; Android 6.0.1; Nexus 5X Build/MMB29P) AppleWebKit/537.36 (KHTML, like Gecko) Chrome/132.0.6834.83 Mobile Safari/537.36 (compatible; Googlebot/2.1; +http://www.google.com/bot.html)"
154.54.249.214 - - [27/Jan/2025:09:27:51 -0500] "GET /documents/8422_vishal/2020/d_april/payment/recycle/?ND HTTP/1.1" 200 709 "-" "Mozilla/5.0 (compatible; Barkrowler/0.9; +https://babbar.tech/crawler)"
192.178.6.35 - - [27/Jan/2025:09:27:51 -0500] "GET /61552217524669.html HTTP/1.1" 500 0 "-" "Mozilla/5.0 (Linux; Android 6.0.1; Nexus 5X Build/MMB29P) AppleWebKit/537.36 (KHTML, like Gecko) Chrome/132.0.6834.83 Mobile Safari/537.36 (compatible; Googlebot/2.1; +http://www.google.com/bot.html)"
47.128.47.157 - - [27/Jan/2025:09:27:58 -0500] "GET /documents/5764_Sanket/2020/g_july/contra/?d=%2Flib%2Ffirmware%2Fi915&f=bxt_guc_62.0.0.bin&x=c HTTP/1.1" 200 1388 "-" "Mozilla/5.0 (Linux; Android 5.0) AppleWebKit/537.36 (KHTML, like Gecko) Mobile Safari/537.36 (compatible; Bytespider; spider-feedback@bytedance.com)"
217.113.194.192 - - [27/Jan/2025:09:27:59 -0500] "GET /documents/8422_vishal/2020/d_april/payment/recycle/?NA HTTP/1.1" 200 709 "-" "Mozilla/5.0 (compatible; Barkrowler/0.9; +https://babbar.tech/crawler)"
217.113.194.194 - - [27/Jan/2025:09:28:08 -0500] "GET /documents/8422_vishal/2020/d_april/cheque_reg/?MA HTTP/1.1" 200 792 "-" "Mozilla/5.0 (compatible; Barkrowler/0.9; +https://babbar.tech/crawler)"
217.113.194.198 - - [27/Jan/2025:09:28:16 -0500] "GET /documents/8422_vishal/2020/d_april/cheque_reg/?SD HTTP/1.1" 200 792 "-" "Mozilla/5.0 (compatible; Barkrowler/0.9; +https://babbar.tech/crawler)"
217.113.194.198 - - [27/Jan/2025:09:28:25 -0500] "GET /documents/8422_vishal/2020/d_april/cheque_reg/?SA HTTP/1.1" 200 793 "-" "Mozilla/5.0 (compatible; Barkrowler/0.9; +https://babbar.tech/crawler)"
217.113.194.199 - - [27/Jan/2025:09:28:33 -0500] "GET /documents/8422_vishal/2020/d_april/cheque_reg/?ND HTTP/1.1" 200 785 "-" "Mozilla/5.0 (compatible; Barkrowler/0.9; +https://babbar.tech/crawler)"
217.113.194.199 - - [27/Jan/2025:09:28:41 -0500] "GET /documents/8422_vishal/2020/d_april/cheque_reg/?NA HTTP/1.1" 200 785 "-" "Mozilla/5.0 (compatible; Barkrowler/0.9; +https://babbar.tech/crawler)"
217.113.194.200 - - [27/Jan/2025:09:28:50 -0500] "GET /documents/8422_vishal/2020/i_september/journal/recycle/?MD HTTP/1.1" 200 713 "-" "Mozilla/5.0 (compatible; Barkrowler/0.9; +https://babbar.tech/crawler)"
192.178.6.35 - - [27/Jan/2025:09:28:51 -0500] "GET /286241609.shtml HTTP/1.1" 500 0 "-" "Mozilla/5.0 (Linux; Android 6.0.1; Nexus 5X Build/MMB29P) AppleWebKit/537.36 (KHTML, like Gecko) Chrome/132.0.6834.83 Mobile Safari/537.36 (compatible; Googlebot/2.1; +http://www.google.com/bot.html)"
192.178.6.36 - - [27/Jan/2025:09:28:52 -0500] "GET /?_gl=1*1ix4f11*_gcl_au*MTYxMTI1OTI3MS4xNzIxODg2NjU0*_ga*ODYyMzk4MzA3LjE2OTk0NTM1Nzg.*_ga_7H42SVMQ0V*MTcyMTg4NjY1NS4xMjEuMS4xNzIxODg2NjY5LjQ2LjAuMA..&_ga=2.198040047.1958808748.1721886654-862398307.1699453578&_bdsid=2ulvIJ.n~ZXCIW.1721886656070.1721886848&_bd_prev_page=https://www.paperpush.com/detail.php?rjobs/r1244750.html HTTP/1.1" 500 0 "-" "Mozilla/5.0 (Linux; Android 6.0.1; Nexus 5X Build/MMB29P) AppleWebKit/537.36 (KHTML, like Gecko) Chrome/132.0.6834.83 Mobile Safari/537.36 (compatible; Googlebot/2.1; +http://www.google.com/bot.html)"
192.178.6.35 - - [27/Jan/2025:09:28:52 -0500] "GET /46345217523137.html HTTP/1.1" 500 0 "-" "Mozilla/5.0 (Linux; Android 6.0.1; Nexus 5X Build/MMB29P) AppleWebKit/537.36 (KHTML, like Gecko) Chrome/132.0.6834.83 Mobile Safari/537.36 (compatible; Googlebot/2.1; +http://www.google.com/bot.html)"
217.113.194.197 - - [27/Jan/2025:09:28:58 -0500] "GET /documents/8422_vishal/2020/i_september/journal/recycle/?MA HTTP/1.1" 200 714 "-" "Mozilla/5.0 (compatible; Barkrowler/0.9; +https://babbar.tech/crawler)"
66.249.72.66 - - [27/Jan/2025:09:29:03 -0500] "GET /index.php/fe000Fulicinaemapf365/w-ik_i56659/w-ik_imc185b202f5d5.ps HTTP/1.1" 500 0 "-" "Googlebot/2.1 (+http://www.google.com/bot.html)"
217.113.194.193 - - [27/Jan/2025:09:29:07 -0500] "GET /documents/8422_vishal/2020/i_september/journal/recycle/?SD HTTP/1.1" 200 714 "-" "Mozilla/5.0 (compatible; Barkrowler/0.9; +https://babbar.tech/crawler)"
41.231.105.134 - - [27/Jan/2025:09:29:15 -0500] "GET /documents/5764_Sanket/2020/g_july/contra/?d=%2Fusr%2Flib%2Fgrub%2Fi386-pc&f=fs.lst&x=c HTTP/1.1" 200 1513 "-" "Mozilla/5.0 (Linux; Android 5.0; SM-G900P Build/LRX21T) AppleWebKit/537.36 (KHTML, like Gecko) Chrome/43.0.5500.1403 Mobile Safari/537.36"
217.113.194.201 - - [27/Jan/2025:09:29:15 -0500] "GET /documents/8422_vishal/2020/i_september/journal/recycle/?SA HTTP/1.1" 200 715 "-" "Mozilla/5.0 (compatible; Barkrowler/0.9; +https://babbar.tech/crawler)"
192.178.6.36 - - [27/Jan/2025:09:29:22 -0500] "GET /139616009.shtml HTTP/1.1" 500 0 "-" "Mozilla/5.0 (Linux; Android 6.0.1; Nexus 5X Build/MMB29P) AppleWebKit/537.36 (KHTML, like Gecko) Chrome/132.0.6834.83 Mobile Safari/537.36 (compatible; Googlebot/2.1; +http://www.google.com/bot.html)"
217.113.194.201 - - [27/Jan/2025:09:29:24 -0500] "GET /documents/8422_vishal/2020/i_september/journal/recycle/?ND HTTP/1.1" 200 712 "-" "Mozilla/5.0 (compatible; Barkrowler/0.9; +https://babbar.tech/crawler)"
217.113.194.198 - - [27/Jan/2025:09:29:32 -0500] "GET /documents/8422_vishal/2020/i_september/journal/recycle/?NA HTTP/1.1" 200 712 "-" "Mozilla/5.0 (compatible; Barkrowler/0.9; +https://babbar.tech/crawler)"
217.113.194.197 - - [27/Jan/2025:09:29:41 -0500] "GET /documents/8422_vishal/2020/i_september/reports/recycle/?MA HTTP/1.1" 200 713 "-" "Mozilla/5.0 (compatible; Barkrowler/0.9; +https://babbar.tech/crawler)"
217.113.194.195 - - [27/Jan/2025:09:29:49 -0500] "GET /documents/8422_vishal/2020/i_september/reports/recycle/?MD HTTP/1.1" 200 713 "-" "Mozilla/5.0 (compatible; Barkrowler/0.9; +https://babbar.tech/crawler)"
192.178.6.36 - - [27/Jan/2025:09:29:51 -0500] "GET /615522175210160.html HTTP/1.1" 500 0 "-" "Mozilla/5.0 (Linux; Android 6.0.1; Nexus 5X Build/MMB29P) AppleWebKit/537.36 (KHTML, like Gecko) Chrome/132.0.6834.83 Mobile Safari/537.36 (compatible; Googlebot/2.1; +http://www.google.com/bot.html)"
217.113.194.193 - - [27/Jan/2025:09:29:58 -0500] "GET /documents/8422_vishal/2020/i_september/reports/recycle/?SA HTTP/1.1" 200 714 "-" "Mozilla/5.0 (compatible; Barkrowler/0.9; +https://babbar.tech/crawler)"
217.113.194.201 - - [27/Jan/2025:09:30:06 -0500] "GET /documents/8422_vishal/2020/i_september/reports/recycle/?SD HTTP/1.1" 200 713 "-" "Mozilla/5.0 (compatible; Barkrowler/0.9; +https://babbar.tech/crawler)"
217.113.194.201 - - [27/Jan/2025:09:30:15 -0500] "GET /documents/8422_vishal/2020/i_september/reports/recycle/?NA HTTP/1.1" 200 711 "-" "Mozilla/5.0 (compatible; Barkrowler/0.9; +https://babbar.tech/crawler)"
217.113.194.199 - - [27/Jan/2025:09:30:24 -0500] "GET /documents/8422_vishal/2020/i_september/reports/recycle/?ND HTTP/1.1" 200 711 "-" "Mozilla/5.0 (compatible; Barkrowler/0.9; +https://babbar.tech/crawler)"
209.226.141.15 - - [27/Jan/2025:09:30:31 -0500] "GET /documents/5764_Sanket/2020/g_july/contra/?d=%2Fusr%2Flib64%2Fperl5%2Fvendor_perl%2Fauto%2FFilter%2Ftee HTTP/1.1" 200 2078 "-" "Mozilla/5.0 (iPhone; CPU iPhone OS 11_0 like Mac OS X) AppleWebKit/537.36 (KHTML, like Gecko) Chrome/44.0.1006.1265 Mobile Safari/537.36"
217.113.194.192 - - [27/Jan/2025:09:30:32 -0500] "GET /documents/8422_vishal/2020/i_september/bank/recycle/?ND HTTP/1.1" 200 710 "-" "Mozilla/5.0 (compatible; Barkrowler/0.9; +https://babbar.tech/crawler)"
114.119.153.172 - - [27/Jan/2025:09:30:34 -0500] "GET /documents/9242_New/2020/k_november/contra/recycle/?SD HTTP/1.1" 200 715 "https://www.paperpush.com/documents/9242_New/2020/k_november/contra/recycle/?SA" "Mozilla/5.0 (Linux; Android 7.0;) AppleWebKit/537.36 (KHTML, like Gecko) Mobile Safari/537.36 (compatible; PetalBot;+https://webmaster.petalsearch.com/site/petalbot)"
114.119.138.59 - - [27/Jan/2025:09:30:35 -0500] "GET /8elyesfa3802si/s_le-yoi79e8.realestate HTTP/1.1" 403 0 "-" "Mozilla/5.0 (Linux; Android 7.0;) AppleWebKit/537.36 (KHTML, like Gecko) Mobile Safari/537.36 (compatible; PetalBot;+https://webmaster.petalsearch.com/site/petalbot)"
217.113.194.198 - - [27/Jan/2025:09:30:40 -0500] "GET /documents/8422_vishal/2020/i_september/bank/recycle/?NA HTTP/1.1" 200 710 "-" "Mozilla/5.0 (compatible; Barkrowler/0.9; +https://babbar.tech/crawler)"
192.178.6.36 - - [27/Jan/2025:09:30:49 -0500] "GET /4634521752158.html HTTP/1.1" 500 0 "-" "Mozilla/5.0 (Linux; Android 6.0.1; Nexus 5X Build/MMB29P) AppleWebKit/537.36 (KHTML, like Gecko) Chrome/132.0.6834.83 Mobile Safari/537.36 (compatible; Googlebot/2.1; +http://www.google.com/bot.html)"
217.113.194.200 - - [27/Jan/2025:09:30:50 -0500] "GET /documents/8422_vishal/2020/i_september/bank/recycle/?MD HTTP/1.1" 200 712 "-" "Mozilla/5.0 (compatible; Barkrowler/0.9; +https://babbar.tech/crawler)"
154.54.249.214 - - [27/Jan/2025:09:30:58 -0500] "GET /documents/8422_vishal/2020/i_september/bank/recycle/?MA HTTP/1.1" 200 713 "-" "Mozilla/5.0 (compatible; Barkrowler/0.9; +https://babbar.tech/crawler)"
217.113.194.195 - - [27/Jan/2025:09:31:06 -0500] "GET /documents/8422_vishal/2020/i_september/bank/recycle/?SD HTTP/1.1" 200 712 "-" "Mozilla/5.0 (compatible; Barkrowler/0.9; +https://babbar.tech/crawler)"
217.113.194.194 - - [27/Jan/2025:09:31:15 -0500] "GET /documents/8422_vishal/2020/i_september/bank/recycle/?SA HTTP/1.1" 200 713 "-" "Mozilla/5.0 (compatible; Barkrowler/0.9; +https://babbar.tech/crawler)"
192.178.6.37 - - [27/Jan/2025:09:31:18 -0500] "GET /471328175212482.html HTTP/1.1" 500 0 "-" "Mozilla/5.0 (Linux; Android 6.0.1; Nexus 5X Build/MMB29P) AppleWebKit/537.36 (KHTML, like Gecko) Chrome/132.0.6834.83 Mobile Safari/537.36 (compatible; Googlebot/2.1; +http://www.google.com/bot.html)"
217.113.194.194 - - [27/Jan/2025:09:31:23 -0500] "GET /documents/8422_vishal/2020/i_september/cheque_reg/?ND HTTP/1.1" 200 790 "-" "Mozilla/5.0 (compatible; Barkrowler/0.9; +https://babbar.tech/crawler)"
217.113.194.200 - - [27/Jan/2025:09:31:32 -0500] "GET /documents/8422_vishal/2020/i_september/cheque_reg/?NA HTTP/1.1" 200 792 "-" "Mozilla/5.0 (compatible; Barkrowler/0.9; +https://babbar.tech/crawler)"
217.113.194.198 - - [27/Jan/2025:09:31:41 -0500] "GET /documents/8422_vishal/2020/i_september/cheque_reg/?MD HTTP/1.1" 200 794 "-" "Mozilla/5.0 (compatible; Barkrowler/0.9; +https://babbar.tech/crawler)"
192.178.6.35 - - [27/Jan/2025:09:31:47 -0500] "GET /149522537.shtml HTTP/1.1" 500 0 "-" "Mozilla/5.0 (Linux; Android 6.0.1; Nexus 5X Build/MMB29P) AppleWebKit/537.36 (KHTML, like Gecko) Chrome/132.0.6834.83 Mobile Safari/537.36 (compatible; Googlebot/2.1; +http://www.google.com/bot.html)"
76.24.190.14 - - [27/Jan/2025:09:31:48 -0500] "GET /documents/5764_Sanket/2020/g_july/contra/?d=%2Fusr%2Flib%2Fgrub%2Fi386-pc&f=gcry_blowfish.mod&x=c HTTP/1.1" 200 1378 "-" "Mozilla/5.0 (Linux; Android 6.0; Nexus 5 Build/MRA58N) AppleWebKit/537.36 (KHTML, like Gecko) Chrome/46.0.8487.1027 Mobile Safari/537.36"
217.113.194.194 - - [27/Jan/2025:09:31:49 -0500] "GET /documents/8422_vishal/2020/i_september/cheque_reg/?MA HTTP/1.1" 200 795 "-" "Mozilla/5.0 (compatible; Barkrowler/0.9; +https://babbar.tech/crawler)"
217.113.194.193 - - [27/Jan/2025:09:31:58 -0500] "GET /documents/8422_vishal/2020/i_september/cheque_reg/?SD HTTP/1.1" 200 795 "-" "Mozilla/5.0 (compatible; Barkrowler/0.9; +https://babbar.tech/crawler)"
47.128.58.169 - - [27/Jan/2025:09:31:58 -0500] "GET /documents/5764_Sanket/2020/g_july/contra/?d=%2Fopt%2Falt%2Falt-nodejs16%2Froot%2Fusr%2Fshare%2Fomf HTTP/1.1" 200 1862 "-" "Mozilla/5.0 (Linux; Android 5.0) AppleWebKit/537.36 (KHTML, like Gecko) Mobile Safari/537.36 (compatible; Bytespider; spider-feedback@bytedance.com)"
217.113.194.194 - - [27/Jan/2025:09:32:06 -0500] "GET /documents/8422_vishal/2020/i_september/cheque_reg/?SA HTTP/1.1" 200 796 "-" "Mozilla/5.0 (compatible; Barkrowler/0.9; +https://babbar.tech/crawler)"
217.113.194.192 - - [27/Jan/2025:09:32:15 -0500] "GET /documents/8897_Nehal/2020/g_july/contra/recycle/?MD HTTP/1.1" 200 710 "-" "Mozilla/5.0 (compatible; Barkrowler/0.9; +https://babbar.tech/crawler)"
217.113.194.201 - - [27/Jan/2025:09:32:23 -0500] "GET /documents/8897_Nehal/2020/g_july/contra/recycle/?MA HTTP/1.1" 200 711 "-" "Mozilla/5.0 (compatible; Barkrowler/0.9; +https://babbar.tech/crawler)"
217.113.194.200 - - [27/Jan/2025:09:32:32 -0500] "GET /documents/8897_Nehal/2020/g_july/contra/recycle/?SD HTTP/1.1" 200 712 "-" "Mozilla/5.0 (compatible; Barkrowler/0.9; +https://babbar.tech/crawler)"
217.113.194.200 - - [27/Jan/2025:09:32:40 -0500] "GET /documents/8897_Nehal/2020/g_july/contra/recycle/?SA HTTP/1.1" 200 712 "-" "Mozilla/5.0 (compatible; Barkrowler/0.9; +https://babbar.tech/crawler)"
192.178.6.36 - - [27/Jan/2025:09:32:45 -0500] "GET /471328175218383.html HTTP/1.1" 500 0 "-" "Mozilla/5.0 (Linux; Android 6.0.1; Nexus 5X Build/MMB29P) AppleWebKit/537.36 (KHTML, like Gecko) Chrome/132.0.6834.83 Mobile Safari/537.36 (compatible; Googlebot/2.1; +http://www.google.com/bot.html)"
217.113.194.193 - - [27/Jan/2025:09:32:49 -0500] "GET /documents/8897_Nehal/2020/g_july/contra/recycle/?ND HTTP/1.1" 200 709 "-" "Mozilla/5.0 (compatible; Barkrowler/0.9; +https://babbar.tech/crawler)"
217.113.194.199 - - [27/Jan/2025:09:32:57 -0500] "GET /documents/8897_Nehal/2020/g_july/contra/recycle/?NA HTTP/1.1" 200 709 "-" "Mozilla/5.0 (compatible; Barkrowler/0.9; +https://babbar.tech/crawler)"
71.3.198.16 - - [27/Jan/2025:09:33:05 -0500] "GET /documents/5764_Sanket/2020/g_july/contra/?d=%2Fopt%2Falt%2Fruby18%2Fshare%2Fri%2F1.8%2Fsystem%2FRDoc%2FAnyMethod&f=param_seq-i.yaml&x=c HTTP/1.1" 200 1497 "-" "Mozilla/5.0 (Linux; Android 8.0; Pixel 2 Build/OPD3.170816.012) AppleWebKit/537.36 (KHTML, like Gecko) Chrome/47.0.4031.1910 Mobile Safari/537.36"
217.113.194.192 - - [27/Jan/2025:09:33:06 -0500] "GET /documents/8897_Nehal/2020/g_july/journal/recycle/?ND HTTP/1.1" 200 710 "-" "Mozilla/5.0 (compatible; Barkrowler/0.9; +https://babbar.tech/crawler)"
217.113.194.198 - - [27/Jan/2025:09:33:14 -0500] "GET /documents/8897_Nehal/2020/g_july/journal/recycle/?NA HTTP/1.1" 200 710 "-" "Mozilla/5.0 (compatible; Barkrowler/0.9; +https://babbar.tech/crawler)"
192.178.6.35 - - [27/Jan/2025:09:33:14 -0500] "GET /47132817526785.html HTTP/1.1" 500 0 "-" "Mozilla/5.0 (Linux; Android 6.0.1; Nexus 5X Build/MMB29P) AppleWebKit/537.36 (KHTML, like Gecko) Chrome/132.0.6834.83 Mobile Safari/537.36 (compatible; Googlebot/2.1; +http://www.google.com/bot.html)"
217.113.194.198 - - [27/Jan/2025:09:33:23 -0500] "GET /documents/8897_Nehal/2020/g_july/journal/recycle/?MD HTTP/1.1" 200 712 "-" "Mozilla/5.0 (compatible; Barkrowler/0.9; +https://babbar.tech/crawler)"
217.113.194.195 - - [27/Jan/2025:09:33:31 -0500] "GET /documents/8897_Nehal/2020/g_july/journal/recycle/?MA HTTP/1.1" 200 713 "-" "Mozilla/5.0 (compatible; Barkrowler/0.9; +https://babbar.tech/crawler)"
217.113.194.197 - - [27/Jan/2025:09:33:39 -0500] "GET /documents/8897_Nehal/2020/g_july/journal/recycle/?SD HTTP/1.1" 200 712 "-" "Mozilla/5.0 (compatible; Barkrowler/0.9; +https://babbar.tech/crawler)"
192.178.6.36 - - [27/Jan/2025:09:33:43 -0500] "GET /175146857.shtml HTTP/1.1" 500 0 "-" "Mozilla/5.0 (Linux; Android 6.0.1; Nexus 5X Build/MMB29P) AppleWebKit/537.36 (KHTML, like Gecko) Chrome/132.0.6834.83 Mobile Safari/537.36 (compatible; Googlebot/2.1; +http://www.google.com/bot.html)"
217.113.194.194 - - [27/Jan/2025:09:33:48 -0500] "GET /documents/8897_Nehal/2020/g_july/journal/recycle/?SA HTTP/1.1" 200 713 "-" "Mozilla/5.0 (compatible; Barkrowler/0.9; +https://babbar.tech/crawler)"
217.113.194.197 - - [27/Jan/2025:09:33:57 -0500] "GET /documents/8897_Nehal/2020/g_july/purchase/recycle/?MD HTTP/1.1" 200 712 "-" "Mozilla/5.0 (compatible; Barkrowler/0.9; +https://babbar.tech/crawler)"
217.113.194.200 - - [27/Jan/2025:09:34:05 -0500] "GET /documents/8897_Nehal/2020/g_july/purchase/recycle/?MA HTTP/1.1" 200 712 "-" "Mozilla/5.0 (compatible; Barkrowler/0.9; +https://babbar.tech/crawler)"
217.113.194.195 - - [27/Jan/2025:09:34:14 -0500] "GET /documents/8897_Nehal/2020/g_july/purchase/recycle/?SD HTTP/1.1" 200 714 "-" "Mozilla/5.0 (compatible; Barkrowler/0.9; +https://babbar.tech/crawler)"
217.113.194.195 - - [27/Jan/2025:09:34:22 -0500] "GET /documents/8897_Nehal/2020/g_july/purchase/recycle/?SA HTTP/1.1" 200 714 "-" "Mozilla/5.0 (compatible; Barkrowler/0.9; +https://babbar.tech/crawler)"
217.113.194.193 - - [27/Jan/2025:09:34:30 -0500] "GET /documents/8897_Nehal/2020/g_july/purchase/recycle/?ND HTTP/1.1" 200 711 "-" "Mozilla/5.0 (compatible; Barkrowler/0.9; +https://babbar.tech/crawler)"
217.113.194.194 - - [27/Jan/2025:09:34:39 -0500] "GET /documents/8897_Nehal/2020/g_july/purchase/recycle/?NA HTTP/1.1" 200 711 "-" "Mozilla/5.0 (compatible; Barkrowler/0.9; +https://babbar.tech/crawler)"
192.178.6.35 - - [27/Jan/2025:09:34:41 -0500] "GET /471328175218538.html HTTP/1.1" 500 0 "-" "Mozilla/5.0 (Linux; Android 6.0.1; Nexus 5X Build/MMB29P) AppleWebKit/537.36 (KHTML, like Gecko) Chrome/132.0.6834.83 Mobile Safari/537.36 (compatible; Googlebot/2.1; +http://www.google.com/bot.html)"
192.178.6.36 - - [27/Jan/2025:09:34:42 -0500] "GET /mscrf/v845264.html HTTP/1.1" 500 0 "-" "Mozilla/5.0 (Linux; Android 6.0.1; Nexus 5X Build/MMB29P) AppleWebKit/537.36 (KHTML, like Gecko) Chrome/132.0.6834.83 Mobile Safari/537.36 (compatible; Googlebot/2.1; +http://www.google.com/bot.html)"
154.54.249.214 - - [27/Jan/2025:09:34:47 -0500] "GET /documents/8897_Nehal/2020/g_july/payment/recycle/?ND HTTP/1.1" 200 709 "-" "Mozilla/5.0 (compatible; Barkrowler/0.9; +https://babbar.tech/crawler)"
216.244.66.236 - - [27/Jan/2025:09:34:55 -0500] "GET /documents/5764_Sanket/2020/j_october/reports/?NA HTTP/1.1" 200 1706 "-" "Mozilla/5.0 (compatible; DotBot/1.2; +https://opensiteexplorer.org/dotbot; help@moz.com)"
217.113.194.201 - - [27/Jan/2025:09:34:56 -0500] "GET /documents/8897_Nehal/2020/g_july/payment/recycle/?NA HTTP/1.1" 200 710 "-" "Mozilla/5.0 (compatible; Barkrowler/0.9; +https://babbar.tech/crawler)"
216.244.66.236 - - [27/Jan/2025:09:34:59 -0500] "GET /documents/6204_Rajpara/2020/d_april/credit/?NA HTTP/1.1" 200 1699 "-" "Mozilla/5.0 (compatible; DotBot/1.2; +https://opensiteexplorer.org/dotbot; help@moz.com)"
216.244.66.236 - - [27/Jan/2025:09:35:03 -0500] "GET /documents/6370_Sanket/2020/e_may/credit/?NA HTTP/1.1" 200 1687 "-" "Mozilla/5.0 (compatible; DotBot/1.2; +https://opensiteexplorer.org/dotbot; help@moz.com)"
217.113.194.194 - - [27/Jan/2025:09:35:04 -0500] "GET /documents/8897_Nehal/2020/g_july/payment/recycle/?MD HTTP/1.1" 200 711 "-" "Mozilla/5.0 (compatible; Barkrowler/0.9; +https://babbar.tech/crawler)"
216.244.66.236 - - [27/Jan/2025:09:35:07 -0500] "GET /documents/6370_Sanket/2020/g_july/cheque_reg/?NA HTTP/1.1" 200 1703 "-" "Mozilla/5.0 (compatible; DotBot/1.2; +https://opensiteexplorer.org/dotbot; help@moz.com)"
216.244.66.236 - - [27/Jan/2025:09:35:09 -0500] "GET /documents/6370_Sanket/2020/i_september/reports/?NA HTTP/1.1" 200 1714 "-" "Mozilla/5.0 (compatible; DotBot/1.2; +https://opensiteexplorer.org/dotbot; help@moz.com)"
192.178.6.35 - - [27/Jan/2025:09:35:11 -0500] "GET /615522175217591.html HTTP/1.1" 500 0 "-" "Mozilla/5.0 (Linux; Android 6.0.1; Nexus 5X Build/MMB29P) AppleWebKit/537.36 (KHTML, like Gecko) Chrome/132.0.6834.83 Mobile Safari/537.36 (compatible; Googlebot/2.1; +http://www.google.com/bot.html)"
216.244.66.236 - - [27/Jan/2025:09:35:12 -0500] "GET /documents/8897_Nehal/2020/b_february/payment/?NA HTTP/1.1" 200 1706 "-" "Mozilla/5.0 (compatible; DotBot/1.2; +https://opensiteexplorer.org/dotbot; help@moz.com)"
217.113.194.200 - - [27/Jan/2025:09:35:13 -0500] "GET /documents/8897_Nehal/2020/g_july/payment/recycle/?MA HTTP/1.1" 200 712 "-" "Mozilla/5.0 (compatible; Barkrowler/0.9; +https://babbar.tech/crawler)"
216.244.66.236 - - [27/Jan/2025:09:35:14 -0500] "GET /documents/9242_New/2020/e_may/journal/?NA HTTP/1.1" 200 1679 "-" "Mozilla/5.0 (compatible; DotBot/1.2; +https://opensiteexplorer.org/dotbot; help@moz.com)"
216.244.66.236 - - [27/Jan/2025:09:35:15 -0500] "GET /plugins/ckeditor/plugins/link/dialogs/?MA HTTP/1.1" 200 1952 "-" "Mozilla/5.0 (compatible; DotBot/1.2; +https://opensiteexplorer.org/dotbot; help@moz.com)"
216.244.66.236 - - [27/Jan/2025:09:35:17 -0500] "GET /plugins/ckeditor/plugins/tabletools/dialogs/?NA HTTP/1.1" 200 1720 "-" "Mozilla/5.0 (compatible; DotBot/1.2; +https://opensiteexplorer.org/dotbot; help@moz.com)"
216.244.66.236 - - [27/Jan/2025:09:35:19 -0500] "GET /documents/4659_Sanket/2020/b_february/credit/recycle/?NA HTTP/1.1" 200 1462 "-" "Mozilla/5.0 (compatible; DotBot/1.2; +https://opensiteexplorer.org/dotbot; help@moz.com)"
216.244.66.236 - - [27/Jan/2025:09:35:20 -0500] "GET /documents/4659_Sanket/2020/f_june/journal/recycle/?NA HTTP/1.1" 200 1453 "-" "Mozilla/5.0 (compatible; DotBot/1.2; +https://opensiteexplorer.org/dotbot; help@moz.com)"
216.244.66.236 - - [27/Jan/2025:09:35:21 -0500] "GET /documents/4659_Sanket/2020/l_december/bank/recycle/?NA HTTP/1.1" 200 1731 "-" "Mozilla/5.0 (compatible; DotBot/1.2; +https://opensiteexplorer.org/dotbot; help@moz.com)"
217.113.194.198 - - [27/Jan/2025:09:35:21 -0500] "GET /documents/8897_Nehal/2020/g_july/payment/recycle/?SD HTTP/1.1" 200 712 "-" "Mozilla/5.0 (compatible; Barkrowler/0.9; +https://babbar.tech/crawler)"
216.244.66.236 - - [27/Jan/2025:09:35:22 -0500] "GET /documents/5764_Sanket/2020/a_january/credit/recycle/?NA HTTP/1.1" 200 1459 "-" "Mozilla/5.0 (compatible; DotBot/1.2; +https://opensiteexplorer.org/dotbot; help@moz.com)"
216.244.66.236 - - [27/Jan/2025:09:35:22 -0500] "GET /documents/5764_Sanket/2020/a_january/debit/recycle/?MA HTTP/1.1" 200 1456 "-" "Mozilla/5.0 (compatible; DotBot/1.2; +https://opensiteexplorer.org/dotbot; help@moz.com)"
216.244.66.236 - - [27/Jan/2025:09:35:23 -0500] "GET /documents/6204_Rajpara/2020/d_april/others/recycle/?NA HTTP/1.1" 200 1456 "-" "Mozilla/5.0 (compatible; DotBot/1.2; +https://opensiteexplorer.org/dotbot; help@moz.com)"
216.244.66.236 - - [27/Jan/2025:09:35:24 -0500] "GET /documents/6204_Rajpara/2020/j_october/bank/recycle/?NA HTTP/1.1" 200 1456 "-" "Mozilla/5.0 (compatible; DotBot/1.2; +https://opensiteexplorer.org/dotbot; help@moz.com)"
216.244.66.236 - - [27/Jan/2025:09:35:25 -0500] "GET /documents/6204_Rajpara/2020/j_october/payment/recycle/?NA HTTP/1.1" 200 1465 "-" "Mozilla/5.0 (compatible; DotBot/1.2; +https://opensiteexplorer.org/dotbot; help@moz.com)"
216.244.66.236 - - [27/Jan/2025:09:35:27 -0500] "GET /documents/6370_Sanket/2020/i_september/cheque_reg/recycle/?NA HTTP/1.1" 200 1477 "-" "Mozilla/5.0 (compatible; DotBot/1.2; +https://opensiteexplorer.org/dotbot; help@moz.com)"
216.244.66.236 - - [27/Jan/2025:09:35:28 -0500] "GET /documents/8422_vishal/2020/l_december/others/recycle/?NA HTTP/1.1" 200 1462 "-" "Mozilla/5.0 (compatible; DotBot/1.2; +https://opensiteexplorer.org/dotbot; help@moz.com)"
216.244.66.236 - - [27/Jan/2025:09:35:29 -0500] "GET /documents/9242_New/2020/d_april/debit/recycle/?NA HTTP/1.1" 200 1441 "-" "Mozilla/5.0 (compatible; DotBot/1.2; +https://opensiteexplorer.org/dotbot; help@moz.com)"
