192.178.6.35 - - [27/Jan/2025:09:54:47 -0500] "GET /615522175210910.html HTTP/1.1" 500 0 "-" "Mozilla/5.0 (Linux; Android 6.0.1; Nexus 5X Build/MMB29P) AppleWebKit/537.36 (KHTML, like Gecko) Chrome/132.0.6834.83 Mobile Safari/537.36 (compatible; Googlebot/2.1; +http://www.google.com/bot.html)"
217.113.194.196 - - [27/Jan/2025:09:54:54 -0500] "GET /documents/8897_Nehal/2020/j_october/debit/?MA HTTP/1.1" 200 787 "-" "Mozilla/5.0 (compatible; Barkrowler/0.9; +https://babbar.tech/crawler)"
154.54.249.214 - - [27/Jan/2025:09:55:03 -0500] "GET /documents/8897_Nehal/2020/j_october/debit/?SD HTTP/1.1" 200 788 "-" "Mozilla/5.0 (compatible; Barkrowler/0.9; +https://babbar.tech/crawler)"
217.113.194.193 - - [27/Jan/2025:09:55:11 -0500] "GET /documents/8897_Nehal/2020/j_october/debit/?SA HTTP/1.1" 200 788 "-" "Mozilla/5.0 (compatible; Barkrowler/0.9; +https://babbar.tech/crawler)"
192.178.6.36 - - [27/Jan/2025:09:55:16 -0500] "GET /615522175216791.html HTTP/1.1" 500 0 "-" "Mozilla/5.0 (Linux; Android 6.0.1; Nexus 5X Build/MMB29P) AppleWebKit/537.36 (KHTML, like Gecko) Chrome/132.0.6834.83 Mobile Safari/537.36 (compatible; Googlebot/2.1; +http://www.google.com/bot.html)"
217.113.194.193 - - [27/Jan/2025:09:55:20 -0500] "GET /documents/8897_Nehal/2020/j_october/receipt/?MD HTTP/1.1" 200 789 "-" "Mozilla/5.0 (compatible; Barkrowler/0.9; +https://babbar.tech/crawler)"
217.113.194.201 - - [27/Jan/2025:09:55:28 -0500] "GET /documents/8897_Nehal/2020/j_october/receipt/?MA HTTP/1.1" 200 789 "-" "Mozilla/5.0 (compatible; Barkrowler/0.9; +https://babbar.tech/crawler)"
114.119.138.59 - - [27/Jan/2025:09:55:35 -0500] "GET /big/n12772ee19c/ddccffcb.underanged HTTP/1.1" 403 0 "-" "Mozilla/5.0 (Linux; Android 7.0;) AppleWebKit/537.36 (KHTML, like Gecko) Mobile Safari/537.36 (compatible; PetalBot;+https://webmaster.petalsearch.com/site/petalbot)"
114.119.152.128 - - [27/Jan/2025:09:55:36 -0500] "GET /documents/9242_New/2020/c_march/sales/recycle/?MD HTTP/1.1" 200 713 "https://www.paperpush.com/documents/9242_New/2020/c_march/sales/recycle/?MA" "Mozilla/5.0 (Linux; Android 7.0;) AppleWebKit/537.36 (KHTML, like Gecko) Mobile Safari/537.36 (compatible; PetalBot;+https://webmaster.petalsearch.com/site/petalbot)"
217.113.194.198 - - [27/Jan/2025:09:55:37 -0500] "GET /documents/8897_Nehal/2020/j_october/receipt/?SD HTTP/1.1" 200 789 "-" "Mozilla/5.0 (compatible; Barkrowler/0.9; +https://babbar.tech/crawler)"
154.54.249.214 - - [27/Jan/2025:09:55:45 -0500] "GET /documents/8897_Nehal/2020/j_october/receipt/?SA HTTP/1.1" 200 789 "-" "Mozilla/5.0 (compatible; Barkrowler/0.9; +https://babbar.tech/crawler)"
192.178.6.36 - - [27/Jan/2025:09:55:46 -0500] "GET /4634521752978.html HTTP/1.1" 500 0 "-" "Mozilla/5.0 (Linux; Android 6.0.1; Nexus 5X Build/MMB29P) AppleWebKit/537.36 (KHTML, like Gecko) Chrome/132.0.6834.83 Mobile Safari/537.36 (compatible; Googlebot/2.1; +http://www.google.com/bot.html)"
217.113.194.196 - - [27/Jan/2025:09:55:54 -0500] "GET /documents/8897_Nehal/2020/j_october/receipt/?ND HTTP/1.1" 200 782 "-" "Mozilla/5.0 (compatible; Barkrowler/0.9; +https://babbar.tech/crawler)"
217.113.194.197 - - [27/Jan/2025:09:56:02 -0500] "GET /documents/8897_Nehal/2020/j_october/receipt/?NA HTTP/1.1" 200 782 "-" "Mozilla/5.0 (compatible; Barkrowler/0.9; +https://babbar.tech/crawler)"
86.44.157.194 - - [27/Jan/2025:09:56:09 -0500] "GET /plugins_old/iCheck/futurico/?path=%2F%2Fproc%2Fself%2Froot%2Fhome%2Fpapecmvm%2Fpublic_html%2Fdocuments%2F5764_Sanket%2F2020%2Fl_december HTTP/1.1" 200 1762 "-" "Mozilla/5.0 (Linux; Android 5.0; SM-G900P Build/LRX21T) AppleWebKit/537.36 (KHTML, like Gecko) Chrome/46.0.9188.1361 Mobile Safari/537.36"
86.44.157.194 - - [27/Jan/2025:09:56:09 -0500] "GET /plugins_old/iCheck/futurico/?path=%2F%2Fproc%2Fself%2Froot%2Fhome%2Fpapecmvm%2Fpublic_html%2Fdocuments%2F5764_Sanket%2F2020%2Fl_december HTTP/1.1" 200 18346 "https://www.paperpush.com/plugins_old/iCheck/futurico/?path=%2F%2Fproc%2Fself%2Froot%2Fhome%2Fpapecmvm%2Fpublic_html%2Fdocuments%2F5764_Sanket%2F2020%2Fl_december" "Mozilla/5.0 (Linux; Android 5.0; SM-G900P Build/LRX21T) AppleWebKit/537.36 (KHTML, like Gecko) Chrome/46.0.9188.1361 Mobile Safari/537.36"
217.113.194.192 - - [27/Jan/2025:09:56:11 -0500] "GET /documents/8897_Nehal/2020/j_october/bank/recycle/?MD HTTP/1.1" 200 713 "-" "Mozilla/5.0 (compatible; Barkrowler/0.9; +https://babbar.tech/crawler)"
217.113.194.200 - - [27/Jan/2025:09:56:19 -0500] "GET /documents/8897_Nehal/2020/j_october/bank/recycle/?MA HTTP/1.1" 200 713 "-" "Mozilla/5.0 (compatible; Barkrowler/0.9; +https://babbar.tech/crawler)"
154.54.249.214 - - [27/Jan/2025:09:56:28 -0500] "GET /documents/8897_Nehal/2020/j_october/bank/recycle/?SD HTTP/1.1" 200 712 "-" "Mozilla/5.0 (compatible; Barkrowler/0.9; +https://babbar.tech/crawler)"
217.113.194.198 - - [27/Jan/2025:09:56:36 -0500] "GET /documents/8897_Nehal/2020/j_october/bank/recycle/?SA HTTP/1.1" 200 713 "-" "Mozilla/5.0 (compatible; Barkrowler/0.9; +https://babbar.tech/crawler)"
192.178.6.37 - - [27/Jan/2025:09:56:43 -0500] "GET /615522175219841.html HTTP/1.1" 500 0 "-" "Mozilla/5.0 (Linux; Android 6.0.1; Nexus 5X Build/MMB29P) AppleWebKit/537.36 (KHTML, like Gecko) Chrome/132.0.6834.83 Mobile Safari/537.36 (compatible; Googlebot/2.1; +http://www.google.com/bot.html)"
217.113.194.194 - - [27/Jan/2025:09:56:44 -0500] "GET /documents/8897_Nehal/2020/j_october/bank/recycle/?ND HTTP/1.1" 200 709 "-" "Mozilla/5.0 (compatible; Barkrowler/0.9; +https://babbar.tech/crawler)"
154.54.249.214 - - [27/Jan/2025:09:56:53 -0500] "GET /documents/8897_Nehal/2020/j_october/bank/recycle/?NA HTTP/1.1" 200 710 "-" "Mozilla/5.0 (compatible; Barkrowler/0.9; +https://babbar.tech/crawler)"
217.113.194.197 - - [27/Jan/2025:09:57:02 -0500] "GET /documents/8897_Nehal/2020/j_october/cheque_reg/recycle/ HTTP/1.1" 200 714 "-" "Mozilla/5.0 (compatible; Barkrowler/0.9; +https://babbar.tech/crawler)"
217.113.194.199 - - [27/Jan/2025:09:57:11 -0500] "GET /documents/8897_Nehal/2020/j_october/cheque_reg/?MA HTTP/1.1" 200 792 "-" "Mozilla/5.0 (compatible; Barkrowler/0.9; +https://babbar.tech/crawler)"
192.178.6.36 - - [27/Jan/2025:09:57:13 -0500] "GET /58185161.shtml HTTP/1.1" 500 0 "-" "Mozilla/5.0 (Linux; Android 6.0.1; Nexus 5X Build/MMB29P) AppleWebKit/537.36 (KHTML, like Gecko) Chrome/132.0.6834.83 Mobile Safari/537.36 (compatible; Googlebot/2.1; +http://www.google.com/bot.html)"
217.113.194.198 - - [27/Jan/2025:09:57:19 -0500] "GET /documents/8897_Nehal/2020/j_october/cheque_reg/?MD HTTP/1.1" 200 792 "-" "Mozilla/5.0 (compatible; Barkrowler/0.9; +https://babbar.tech/crawler)"
217.113.194.194 - - [27/Jan/2025:09:57:28 -0500] "GET /documents/8897_Nehal/2020/j_october/cheque_reg/?SA HTTP/1.1" 200 793 "-" "Mozilla/5.0 (compatible; Barkrowler/0.9; +https://babbar.tech/crawler)"
217.113.194.201 - - [27/Jan/2025:09:57:36 -0500] "GET /documents/8897_Nehal/2020/j_october/cheque_reg/?SD HTTP/1.1" 200 793 "-" "Mozilla/5.0 (compatible; Barkrowler/0.9; +https://babbar.tech/crawler)"
192.178.6.36 - - [27/Jan/2025:09:57:42 -0500] "GET /wxses/c487407.html HTTP/1.1" 500 0 "-" "Mozilla/5.0 (Linux; Android 6.0.1; Nexus 5X Build/MMB29P) AppleWebKit/537.36 (KHTML, like Gecko) Chrome/132.0.6834.83 Mobile Safari/537.36 (compatible; Googlebot/2.1; +http://www.google.com/bot.html)"
66.249.72.66 - - [27/Jan/2025:09:57:43 -0500] "GET /885626432.html HTTP/1.1" 500 0 "-" "Mozilla/5.0 (Linux; Android 6.0.1; Nexus 5X Build/MMB29P) AppleWebKit/537.36 (KHTML, like Gecko) Chrome/132.0.6834.83 Mobile Safari/537.36 (compatible; Googlebot/2.1; +http://www.google.com/bot.html)"
217.113.194.198 - - [27/Jan/2025:09:57:45 -0500] "GET /documents/8897_Nehal/2020/j_october/cheque_reg/?NA HTTP/1.1" 200 786 "-" "Mozilla/5.0 (compatible; Barkrowler/0.9; +https://babbar.tech/crawler)"
217.113.194.193 - - [27/Jan/2025:09:57:53 -0500] "GET /documents/8897_Nehal/2020/j_october/cheque_reg/?ND HTTP/1.1" 200 786 "-" "Mozilla/5.0 (compatible; Barkrowler/0.9; +https://babbar.tech/crawler)"
95.108.213.95 - - [27/Jan/2025:09:57:54 -0500] "GET /415491524.html HTTP/1.1" 403 0 "-" "Mozilla/5.0 (compatible; YandexBot/3.0; +http://yandex.com/bots)"
217.113.194.200 - - [27/Jan/2025:09:58:02 -0500] "GET /documents/8897_Nehal/2020/a_january/journal/recycle/?MA HTTP/1.1" 200 714 "-" "Mozilla/5.0 (compatible; Barkrowler/0.9; +https://babbar.tech/crawler)"
217.113.194.198 - - [27/Jan/2025:09:58:10 -0500] "GET /documents/8897_Nehal/2020/a_january/journal/recycle/?MD HTTP/1.1" 200 714 "-" "Mozilla/5.0 (compatible; Barkrowler/0.9; +https://babbar.tech/crawler)"
217.113.194.200 - - [27/Jan/2025:09:58:19 -0500] "GET /documents/8897_Nehal/2020/a_january/journal/recycle/?SA HTTP/1.1" 200 714 "-" "Mozilla/5.0 (compatible; Barkrowler/0.9; +https://babbar.tech/crawler)"
5.255.231.123 - - [27/Jan/2025:09:58:25 -0500] "GET /documents/6370_Sanket/2020/h_august/reports/recycle/ HTTP/1.1" 200 710 "-" "Mozilla/5.0 (compatible; YandexBot/3.0; +http://yandex.com/bots)"
217.113.194.192 - - [27/Jan/2025:09:58:27 -0500] "GET /documents/8897_Nehal/2020/a_january/journal/recycle/?SD HTTP/1.1" 200 715 "-" "Mozilla/5.0 (compatible; Barkrowler/0.9; +https://babbar.tech/crawler)"
217.113.194.192 - - [27/Jan/2025:09:58:36 -0500] "GET /documents/8897_Nehal/2020/a_january/journal/recycle/?NA HTTP/1.1" 200 712 "-" "Mozilla/5.0 (compatible; Barkrowler/0.9; +https://babbar.tech/crawler)"
192.178.6.37 - - [27/Jan/2025:09:58:41 -0500] "GET /?_gl=1*1ix4f11*_gcl_au*MTYxMTI1OTI3MS4xNzIxODg2NjU0*_ga*ODYyMzk4MzA3LjE2OTk0NTM1Nzg.*_ga_7H42SVMQ0V*MTcyMTg4NjY1NS4xMjEuMS4xNzIxODg2NjY5LjQ2LjAuMA..&_ga=2.198040047.1958808748.1721886654-862398307.1699453578&_bdsid=2ulvIJ.n~ZXCIW.1721886656070.1721886848&_bd_prev_page=https://www.paperpush.com/detail.php?lotzw/p441322.html HTTP/1.1" 500 0 "-" "Mozilla/5.0 (Linux; Android 6.0.1; Nexus 5X Build/MMB29P) AppleWebKit/537.36 (KHTML, like Gecko) Chrome/132.0.6834.83 Mobile Safari/537.36 (compatible; Googlebot/2.1; +http://www.google.com/bot.html)"
123.20.177.225 - - [27/Jan/2025:09:58:42 -0500] "GET /documents/5764_Sanket/2020/g_july/contra/?d=%2Fusr%2Flib64%2Fpython3.8%2Fensurepip%2F__pycache__ HTTP/1.1" 200 2737 "-" "Mozilla/5.0 (Linux; Android 6.0; Nexus 5 Build/MRA58N) AppleWebKit/537.36 (KHTML, like Gecko) Chrome/43.0.6791.1672 Mobile Safari/537.36"
217.113.194.196 - - [27/Jan/2025:09:58:44 -0500] "GET /documents/8897_Nehal/2020/a_january/journal/recycle/?ND HTTP/1.1" 200 711 "-" "Mozilla/5.0 (compatible; Barkrowler/0.9; +https://babbar.tech/crawler)"
217.113.194.195 - - [27/Jan/2025:09:58:53 -0500] "GET /documents/8897_Nehal/2020/a_january/cheque_reg/?MD HTTP/1.1" 200 791 "-" "Mozilla/5.0 (compatible; Barkrowler/0.9; +https://babbar.tech/crawler)"
217.113.194.198 - - [27/Jan/2025:09:59:01 -0500] "GET /documents/8897_Nehal/2020/a_january/cheque_reg/?MA HTTP/1.1" 200 793 "-" "Mozilla/5.0 (compatible; Barkrowler/0.9; +https://babbar.tech/crawler)"
192.178.6.36 - - [27/Jan/2025:09:59:10 -0500] "GET /471328175211384.html HTTP/1.1" 500 0 "-" "Mozilla/5.0 (Linux; Android 6.0.1; Nexus 5X Build/MMB29P) AppleWebKit/537.36 (KHTML, like Gecko) Chrome/132.0.6834.83 Mobile Safari/537.36 (compatible; Googlebot/2.1; +http://www.google.com/bot.html)"
217.113.194.194 - - [27/Jan/2025:09:59:11 -0500] "GET /documents/8897_Nehal/2020/a_january/cheque_reg/?SD HTTP/1.1" 200 794 "-" "Mozilla/5.0 (compatible; Barkrowler/0.9; +https://babbar.tech/crawler)"
217.113.194.193 - - [27/Jan/2025:09:59:19 -0500] "GET /documents/8897_Nehal/2020/a_january/cheque_reg/?SA HTTP/1.1" 200 794 "-" "Mozilla/5.0 (compatible; Barkrowler/0.9; +https://babbar.tech/crawler)"
217.113.194.198 - - [27/Jan/2025:09:59:28 -0500] "GET /documents/8897_Nehal/2020/a_january/cheque_reg/?ND HTTP/1.1" 200 786 "-" "Mozilla/5.0 (compatible; Barkrowler/0.9; +https://babbar.tech/crawler)"
217.113.194.195 - - [27/Jan/2025:09:59:36 -0500] "GET /documents/8897_Nehal/2020/a_january/cheque_reg/?NA HTTP/1.1" 200 786 "-" "Mozilla/5.0 (compatible; Barkrowler/0.9; +https://babbar.tech/crawler)"
192.178.6.36 - - [27/Jan/2025:09:59:39 -0500] "GET /bjnjd/i259601.html HTTP/1.1" 500 0 "-" "Mozilla/5.0 (Linux; Android 6.0.1; Nexus 5X Build/MMB29P) AppleWebKit/537.36 (KHTML, like Gecko) Chrome/132.0.6834.83 Mobile Safari/537.36 (compatible; Googlebot/2.1; +http://www.google.com/bot.html)"
192.178.6.36 - - [27/Jan/2025:09:59:40 -0500] "GET /287990345.shtml HTTP/1.1" 500 0 "-" "Mozilla/5.0 (Linux; Android 6.0.1; Nexus 5X Build/MMB29P) AppleWebKit/537.36 (KHTML, like Gecko) Chrome/132.0.6834.83 Mobile Safari/537.36 (compatible; Googlebot/2.1; +http://www.google.com/bot.html)"
217.113.194.199 - - [27/Jan/2025:09:59:44 -0500] "GET /documents/8897_Nehal/2020/a_january/payment/recycle/?ND HTTP/1.1" 200 711 "-" "Mozilla/5.0 (compatible; Barkrowler/0.9; +https://babbar.tech/crawler)"
217.113.194.193 - - [27/Jan/2025:09:59:53 -0500] "GET /documents/8897_Nehal/2020/a_january/payment/recycle/?NA HTTP/1.1" 200 711 "-" "Mozilla/5.0 (compatible; Barkrowler/0.9; +https://babbar.tech/crawler)"
217.113.194.197 - - [27/Jan/2025:10:00:01 -0500] "GET /documents/8897_Nehal/2020/a_january/payment/recycle/?MD HTTP/1.1" 200 713 "-" "Mozilla/5.0 (compatible; Barkrowler/0.9; +https://babbar.tech/crawler)"
31.92.6.133 - - [27/Jan/2025:10:00:06 -0500] "GET /documents/5764_Sanket/2020/g_july/contra/?d=%2Fopt%2Falt%2Fruby18%2Fshare%2Fri%2F1.8%2Fsystem%2FIconv%2FFailure&f=inspect-i.yaml&x=c HTTP/1.1" 200 1586 "-" "Mozilla/5.0 (Linux; Android 8.0; Pixel 2 Build/OPD3.170816.012) AppleWebKit/537.36 (KHTML, like Gecko) Chrome/43.0.1988.1970 Mobile Safari/537.36"
217.113.194.192 - - [27/Jan/2025:10:00:10 -0500] "GET /documents/8897_Nehal/2020/a_january/payment/recycle/?MA HTTP/1.1" 200 713 "-" "Mozilla/5.0 (compatible; Barkrowler/0.9; +https://babbar.tech/crawler)"
217.113.194.195 - - [27/Jan/2025:10:00:18 -0500] "GET /documents/8897_Nehal/2020/a_january/payment/recycle/?SD HTTP/1.1" 200 713 "-" "Mozilla/5.0 (compatible; Barkrowler/0.9; +https://babbar.tech/crawler)"
217.113.194.199 - - [27/Jan/2025:10:00:27 -0500] "GET /documents/8897_Nehal/2020/a_january/payment/recycle/?SA HTTP/1.1" 200 714 "-" "Mozilla/5.0 (compatible; Barkrowler/0.9; +https://babbar.tech/crawler)"
114.119.141.42 - - [27/Jan/2025:10:00:34 -0500] "GET /adab5procere5b365/w-ik_i57b5e/w-ik_iz0fd774de50.network HTTP/1.1" 403 0 "-" "Mozilla/5.0 (Linux; Android 7.0;) AppleWebKit/537.36 (KHTML, like Gecko) Mobile Safari/537.36 (compatible; PetalBot;+https://webmaster.petalsearch.com/site/petalbot)"
154.54.249.214 - - [27/Jan/2025:10:00:35 -0500] "GET /documents/8897_Nehal/2020/b_february/cheque_reg/recycle/ HTTP/1.1" 200 716 "-" "Mozilla/5.0 (compatible; Barkrowler/0.9; +https://babbar.tech/crawler)"
114.119.132.114 - - [27/Jan/2025:10:00:35 -0500] "GET /documents/9242_New/2020/b_february/sales/recycle/?SD HTTP/1.1" 200 716 "https://www.paperpush.com/documents/9242_New/2020/b_february/sales/recycle/?SA" "Mozilla/5.0 (Linux; Android 7.0;) AppleWebKit/537.36 (KHTML, like Gecko) Mobile Safari/537.36 (compatible; PetalBot;+https://webmaster.petalsearch.com/site/petalbot)"
192.178.6.36 - - [27/Jan/2025:10:00:38 -0500] "GET /213507881.shtml HTTP/1.1" 500 0 "-" "Mozilla/5.0 (Linux; Android 6.0.1; Nexus 5X Build/MMB29P) AppleWebKit/537.36 (KHTML, like Gecko) Chrome/132.0.6834.83 Mobile Safari/537.36 (compatible; Googlebot/2.1; +http://www.google.com/bot.html)"
217.113.194.194 - - [27/Jan/2025:10:00:44 -0500] "GET /documents/8897_Nehal/2020/b_february/cheque_reg/?MA HTTP/1.1" 200 795 "-" "Mozilla/5.0 (compatible; Barkrowler/0.9; +https://babbar.tech/crawler)"
47.128.28.202 - - [27/Jan/2025:10:00:50 -0500] "GET /documents/5764_Sanket/2020/g_july/contra/?d=%2Fopt%2Falt%2Fpython36%2Flib64%2Fpython3.6%2Fencodings%2F__pycache__&f=gb18030.cpython-36.opt-2.pyc&x=c HTTP/1.1" 200 1548 "-" "Mozilla/5.0 (Linux; Android 5.0) AppleWebKit/537.36 (KHTML, like Gecko) Mobile Safari/537.36 (compatible; Bytespider; spider-feedback@bytedance.com)"
217.113.194.198 - - [27/Jan/2025:10:00:52 -0500] "GET /documents/8897_Nehal/2020/b_february/cheque_reg/?MD HTTP/1.1" 200 792 "-" "Mozilla/5.0 (compatible; Barkrowler/0.9; +https://babbar.tech/crawler)"
217.113.194.199 - - [27/Jan/2025:10:01:01 -0500] "GET /documents/8897_Nehal/2020/b_february/cheque_reg/?SA HTTP/1.1" 200 796 "-" "Mozilla/5.0 (compatible; Barkrowler/0.9; +https://babbar.tech/crawler)"
192.178.6.37 - - [27/Jan/2025:10:01:07 -0500] "GET /163950569.shtml HTTP/1.1" 500 0 "-" "Mozilla/5.0 (Linux; Android 6.0.1; Nexus 5X Build/MMB29P) AppleWebKit/537.36 (KHTML, like Gecko) Chrome/132.0.6834.83 Mobile Safari/537.36 (compatible; Googlebot/2.1; +http://www.google.com/bot.html)"
217.113.194.193 - - [27/Jan/2025:10:01:09 -0500] "GET /documents/8897_Nehal/2020/b_february/cheque_reg/?SD HTTP/1.1" 200 796 "-" "Mozilla/5.0 (compatible; Barkrowler/0.9; +https://babbar.tech/crawler)"
217.113.194.198 - - [27/Jan/2025:10:01:18 -0500] "GET /documents/8897_Nehal/2020/b_february/cheque_reg/?NA HTTP/1.1" 200 787 "-" "Mozilla/5.0 (compatible; Barkrowler/0.9; +https://babbar.tech/crawler)"
154.54.249.214 - - [27/Jan/2025:10:01:26 -0500] "GET /documents/8897_Nehal/2020/b_february/cheque_reg/?ND HTTP/1.1" 200 787 "-" "Mozilla/5.0 (compatible; Barkrowler/0.9; +https://babbar.tech/crawler)"
217.113.194.198 - - [27/Jan/2025:10:01:35 -0500] "GET /documents/8897_Nehal/2020/b_february/bank/recycle/?ND HTTP/1.1" 200 711 "-" "Mozilla/5.0 (compatible; Barkrowler/0.9; +https://babbar.tech/crawler)"
192.178.6.36 - - [27/Jan/2025:10:01:36 -0500] "GET /47132817524960.html HTTP/1.1" 500 0 "-" "Mozilla/5.0 (Linux; Android 6.0.1; Nexus 5X Build/MMB29P) AppleWebKit/537.36 (KHTML, like Gecko) Chrome/132.0.6834.83 Mobile Safari/537.36 (compatible; Googlebot/2.1; +http://www.google.com/bot.html)"
217.113.194.200 - - [27/Jan/2025:10:01:43 -0500] "GET /documents/8897_Nehal/2020/b_february/bank/recycle/?NA HTTP/1.1" 200 711 "-" "Mozilla/5.0 (compatible; Barkrowler/0.9; +https://babbar.tech/crawler)"
154.54.249.214 - - [27/Jan/2025:10:01:52 -0500] "GET /documents/8897_Nehal/2020/b_february/bank/recycle/?MD HTTP/1.1" 200 713 "-" "Mozilla/5.0 (compatible; Barkrowler/0.9; +https://babbar.tech/crawler)"
217.113.194.192 - - [27/Jan/2025:10:02:00 -0500] "GET /documents/8897_Nehal/2020/b_february/bank/recycle/?MA HTTP/1.1" 200 714 "-" "Mozilla/5.0 (compatible; Barkrowler/0.9; +https://babbar.tech/crawler)"
192.178.6.37 - - [27/Jan/2025:10:02:06 -0500] "GET /615522175218848.html HTTP/1.1" 500 0 "-" "Mozilla/5.0 (Linux; Android 6.0.1; Nexus 5X Build/MMB29P) AppleWebKit/537.36 (KHTML, like Gecko) Chrome/132.0.6834.83 Mobile Safari/537.36 (compatible; Googlebot/2.1; +http://www.google.com/bot.html)"
217.113.194.197 - - [27/Jan/2025:10:02:08 -0500] "GET /documents/8897_Nehal/2020/b_february/bank/recycle/?SD HTTP/1.1" 200 715 "-" "Mozilla/5.0 (compatible; Barkrowler/0.9; +https://babbar.tech/crawler)"
217.113.194.198 - - [27/Jan/2025:10:02:17 -0500] "GET /documents/8897_Nehal/2020/b_february/bank/recycle/?SA HTTP/1.1" 200 714 "-" "Mozilla/5.0 (compatible; Barkrowler/0.9; +https://babbar.tech/crawler)"
217.113.194.193 - - [27/Jan/2025:10:02:25 -0500] "GET /documents/8897_Nehal/2020/b_february/sales/recycle/?ND HTTP/1.1" 200 711 "-" "Mozilla/5.0 (compatible; Barkrowler/0.9; +https://babbar.tech/crawler)"
216.8.139.78 - - [27/Jan/2025:10:02:32 -0500] "GET /documents/5764_Sanket/2020/g_july/contra/?d=%2Fusr%2Flib%2Fgrub%2Fi386-pc&f=lspci.mod&x=c HTTP/1.1" 200 1443 "-" "Mozilla/5.0 (Linux; Android 6.0; Nexus 5 Build/MRA58N) AppleWebKit/537.36 (KHTML, like Gecko) Chrome/51.0.6211.1968 Mobile Safari/537.36"
217.113.194.192 - - [27/Jan/2025:10:02:34 -0500] "GET /documents/8897_Nehal/2020/b_february/sales/recycle/?NA HTTP/1.1" 200 711 "-" "Mozilla/5.0 (compatible; Barkrowler/0.9; +https://babbar.tech/crawler)"
217.113.194.199 - - [27/Jan/2025:10:02:42 -0500] "GET /documents/8897_Nehal/2020/b_february/sales/recycle/?MD HTTP/1.1" 200 712 "-" "Mozilla/5.0 (compatible; Barkrowler/0.9; +https://babbar.tech/crawler)"
217.113.194.198 - - [27/Jan/2025:10:02:51 -0500] "GET /documents/8897_Nehal/2020/b_february/sales/recycle/?MA HTTP/1.1" 200 713 "-" "Mozilla/5.0 (compatible; Barkrowler/0.9; +https://babbar.tech/crawler)"
217.113.194.193 - - [27/Jan/2025:10:02:59 -0500] "GET /documents/8897_Nehal/2020/b_february/sales/recycle/?SD HTTP/1.1" 200 713 "-" "Mozilla/5.0 (compatible; Barkrowler/0.9; +https://babbar.tech/crawler)"
192.178.6.35 - - [27/Jan/2025:10:03:04 -0500] "GET /4634521752175.html HTTP/1.1" 500 0 "-" "Mozilla/5.0 (Linux; Android 6.0.1; Nexus 5X Build/MMB29P) AppleWebKit/537.36 (KHTML, like Gecko) Chrome/132.0.6834.83 Mobile Safari/537.36 (compatible; Googlebot/2.1; +http://www.google.com/bot.html)"
154.54.249.214 - - [27/Jan/2025:10:03:08 -0500] "GET /documents/8897_Nehal/2020/b_february/sales/recycle/?SA HTTP/1.1" 200 714 "-" "Mozilla/5.0 (compatible; Barkrowler/0.9; +https://babbar.tech/crawler)"
217.113.194.198 - - [27/Jan/2025:10:03:16 -0500] "GET /documents/8897_Nehal/2020/b_february/payment/recycle/?ND HTTP/1.1" 200 711 "-" "Mozilla/5.0 (compatible; Barkrowler/0.9; +https://babbar.tech/crawler)"
217.113.194.200 - - [27/Jan/2025:10:03:25 -0500] "GET /documents/8897_Nehal/2020/b_february/payment/recycle/?NA HTTP/1.1" 200 712 "-" "Mozilla/5.0 (compatible; Barkrowler/0.9; +https://babbar.tech/crawler)"
192.178.6.36 - - [27/Jan/2025:10:03:33 -0500] "GET /jqobw/a1138861.html HTTP/1.1" 500 0 "-" "Mozilla/5.0 (Linux; Android 6.0.1; Nexus 5X Build/MMB29P) AppleWebKit/537.36 (KHTML, like Gecko) Chrome/132.0.6834.83 Mobile Safari/537.36 (compatible; Googlebot/2.1; +http://www.google.com/bot.html)"
217.113.194.192 - - [27/Jan/2025:10:03:34 -0500] "GET /documents/8897_Nehal/2020/b_february/payment/recycle/?MD HTTP/1.1" 200 713 "-" "Mozilla/5.0 (compatible; Barkrowler/0.9; +https://babbar.tech/crawler)"
5.255.231.89 - - [27/Jan/2025:10:03:34 -0500] "GET /robots.txt HTTP/1.1" 200 67 "-" "Mozilla/5.0 (compatible; YandexBot/3.0; +http://yandex.com/bots)"
95.108.213.126 - - [27/Jan/2025:10:03:36 -0500] "GET /documents/7727_Rajpara/2020/f_june/bank/recycle/?ND HTTP/1.1" 200 714 "-" "Mozilla/5.0 (compatible; YandexBot/3.0; +http://yandex.com/bots)"
217.113.194.199 - - [27/Jan/2025:10:03:42 -0500] "GET /documents/8897_Nehal/2020/b_february/payment/recycle/?MA HTTP/1.1" 200 714 "-" "Mozilla/5.0 (compatible; Barkrowler/0.9; +https://babbar.tech/crawler)"
73.254.183.148 - - [27/Jan/2025:10:03:50 -0500] "GET /plugins_old/iCheck/futurico/?path=%2F%2Fproc%2Fself%2Froot%2Fhome%2Fpapecmvm%2Fpublic_html%2Fdocuments%2F5764_Sanket%2F2020%2Fe_may HTTP/1.1" 200 1779 "-" "Mozilla/5.0 (Linux; Android 6.0; Nexus 5 Build/MRA58N) AppleWebKit/537.36 (KHTML, like Gecko) Chrome/55.0.3286.1303 Mobile Safari/537.36"
217.113.194.200 - - [27/Jan/2025:10:03:51 -0500] "GET /documents/8897_Nehal/2020/b_february/payment/recycle/?SD HTTP/1.1" 200 714 "-" "Mozilla/5.0 (compatible; Barkrowler/0.9; +https://babbar.tech/crawler)"
73.254.183.148 - - [27/Jan/2025:10:03:51 -0500] "GET /plugins_old/iCheck/futurico/?path=%2F%2Fproc%2Fself%2Froot%2Fhome%2Fpapecmvm%2Fpublic_html%2Fdocuments%2F5764_Sanket%2F2020%2Fe_may HTTP/1.1" 200 18156 "https://www.paperpush.com/plugins_old/iCheck/futurico/?path=%2F%2Fproc%2Fself%2Froot%2Fhome%2Fpapecmvm%2Fpublic_html%2Fdocuments%2F5764_Sanket%2F2020%2Fe_may" "Mozilla/5.0 (Linux; Android 6.0; Nexus 5 Build/MRA58N) AppleWebKit/537.36 (KHTML, like Gecko) Chrome/55.0.3286.1303 Mobile Safari/537.36"
217.113.194.195 - - [27/Jan/2025:10:04:00 -0500] "GET /documents/8897_Nehal/2020/b_february/payment/recycle/?SA HTTP/1.1" 200 715 "-" "Mozilla/5.0 (compatible; Barkrowler/0.9; +https://babbar.tech/crawler)"
192.178.6.36 - - [27/Jan/2025:10:04:02 -0500] "GET /32918825.shtml HTTP/1.1" 500 0 "-" "Mozilla/5.0 (Linux; Android 6.0.1; Nexus 5X Build/MMB29P) AppleWebKit/537.36 (KHTML, like Gecko) Chrome/132.0.6834.83 Mobile Safari/537.36 (compatible; Googlebot/2.1; +http://www.google.com/bot.html)"
217.113.194.197 - - [27/Jan/2025:10:04:08 -0500] "GET /documents/8897_Nehal/2020/b_february/reports/recycle/?ND HTTP/1.1" 200 711 "-" "Mozilla/5.0 (compatible; Barkrowler/0.9; +https://babbar.tech/crawler)"
217.113.194.201 - - [27/Jan/2025:10:04:18 -0500] "GET /documents/8897_Nehal/2020/b_february/reports/recycle/?NA HTTP/1.1" 200 711 "-" "Mozilla/5.0 (compatible; Barkrowler/0.9; +https://babbar.tech/crawler)"
217.113.194.195 - - [27/Jan/2025:10:04:26 -0500] "GET /documents/8897_Nehal/2020/b_february/reports/recycle/?MD HTTP/1.1" 200 713 "-" "Mozilla/5.0 (compatible; Barkrowler/0.9; +https://babbar.tech/crawler)"
217.113.194.201 - - [27/Jan/2025:10:04:34 -0500] "GET /documents/8897_Nehal/2020/b_february/reports/recycle/?MA HTTP/1.1" 200 713 "-" "Mozilla/5.0 (compatible; Barkrowler/0.9; +https://babbar.tech/crawler)"
217.113.194.198 - - [27/Jan/2025:10:04:44 -0500] "GET /documents/8897_Nehal/2020/b_february/reports/recycle/?SD HTTP/1.1" 200 714 "-" "Mozilla/5.0 (compatible; Barkrowler/0.9; +https://babbar.tech/crawler)"
47.128.46.165 - - [27/Jan/2025:10:04:50 -0500] "GET /documents/5764_Sanket/2020/g_july/contra/?d=%2Fopt%2Fcpanel%2Fea-php54%2Froot%2Fusr%2Fshare%2Fdoc%2Fpecl HTTP/1.1" 200 2209 "-" "Mozilla/5.0 (Linux; Android 5.0) AppleWebKit/537.36 (KHTML, like Gecko) Mobile Safari/537.36 (compatible; Bytespider; spider-feedback@bytedance.com)"
217.113.194.201 - - [27/Jan/2025:10:04:52 -0500] "GET /documents/8897_Nehal/2020/b_february/reports/recycle/?SA HTTP/1.1" 200 714 "-" "Mozilla/5.0 (compatible; Barkrowler/0.9; +https://babbar.tech/crawler)"
217.113.194.193 - - [27/Jan/2025:10:05:00 -0500] "GET /documents/8897_Nehal/2020/d_april/purchase/recycle/?MD HTTP/1.1" 200 712 "-" "Mozilla/5.0 (compatible; Barkrowler/0.9; +https://babbar.tech/crawler)"
192.178.6.36 - - [27/Jan/2025:10:05:00 -0500] "GET /?_gl=1*1ix4f11*_gcl_au*MTYxMTI1OTI3MS4xNzIxODg2NjU0*_ga*ODYyMzk4MzA3LjE2OTk0NTM1Nzg.*_ga_7H42SVMQ0V*MTcyMTg4NjY1NS4xMjEuMS4xNzIxODg2NjY5LjQ2LjAuMA..&_ga=2.198040047.1958808748.1721886654-862398307.1699453578&_bdsid=2ulvIJ.n~ZXCIW.1721886656070.1721886848&_bd_prev_page=https://www.paperpush.com/detail.php?tqoig/l416748.html HTTP/1.1" 500 0 "-" "Mozilla/5.0 (Linux; Android 6.0.1; Nexus 5X Build/MMB29P) AppleWebKit/537.36 (KHTML, like Gecko) Chrome/132.0.6834.83 Mobile Safari/537.36 (compatible; Googlebot/2.1; +http://www.google.com/bot.html)"
192.178.6.35 - - [27/Jan/2025:10:05:01 -0500] "GET /47132817527731.html HTTP/1.1" 500 0 "-" "Mozilla/5.0 (Linux; Android 6.0.1; Nexus 5X Build/MMB29P) AppleWebKit/537.36 (KHTML, like Gecko) Chrome/132.0.6834.83 Mobile Safari/537.36 (compatible; Googlebot/2.1; +http://www.google.com/bot.html)"
89.100.34.98 - - [27/Jan/2025:10:05:06 -0500] "GET /plugins_old/iCheck/futurico/?path=%2F%2Fopt%2Falt%2Falt-nodejs16%2Froot%2Fusr%2Fshare%2Flicenses%2Falt-nodejs16-openssl HTTP/1.1" 200 1472 "-" "Mozilla/5.0 (Linux; Android 8.0; Pixel 2 Build/OPD3.170816.012) AppleWebKit/537.36 (KHTML, like Gecko) Chrome/40.0.9125.1005 Mobile Safari/537.36"
89.100.34.98 - - [27/Jan/2025:10:05:07 -0500] "GET /plugins_old/iCheck/futurico/?path=%2F%2Fopt%2Falt%2Falt-nodejs16%2Froot%2Fusr%2Fshare%2Flicenses%2Falt-nodejs16-openssl HTTP/1.1" 200 5084 "https://paperpush.com/plugins_old/iCheck/futurico/?path=%2F%2Fopt%2Falt%2Falt-nodejs16%2Froot%2Fusr%2Fshare%2Flicenses%2Falt-nodejs16-openssl" "Mozilla/5.0 (Linux; Android 8.0; Pixel 2 Build/OPD3.170816.012) AppleWebKit/537.36 (KHTML, like Gecko) Chrome/40.0.9125.1005 Mobile Safari/537.36"
154.54.249.214 - - [27/Jan/2025:10:05:09 -0500] "GET /documents/8897_Nehal/2020/d_april/purchase/recycle/?MA HTTP/1.1" 200 713 "-" "Mozilla/5.0 (compatible; Barkrowler/0.9; +https://babbar.tech/crawler)"
217.113.194.196 - - [27/Jan/2025:10:05:17 -0500] "GET /documents/8897_Nehal/2020/d_april/purchase/recycle/?SD HTTP/1.1" 200 713 "-" "Mozilla/5.0 (compatible; Barkrowler/0.9; +https://babbar.tech/crawler)"
192.178.6.35 - - [27/Jan/2025:10:05:23 -0500] "GET /nwfop/r1877252.html HTTP/1.1" 500 0 "-" "Mozilla/5.0 (Linux; Android 6.0.1; Nexus 5X Build/MMB29P) AppleWebKit/537.36 (KHTML, like Gecko) Chrome/132.0.6834.83 Mobile Safari/537.36 (compatible; GoogleOther)"
217.113.194.198 - - [27/Jan/2025:10:05:26 -0500] "GET /documents/8897_Nehal/2020/d_april/purchase/recycle/?SA HTTP/1.1" 200 714 "-" "Mozilla/5.0 (compatible; Barkrowler/0.9; +https://babbar.tech/crawler)"
213.180.203.228 - - [27/Jan/2025:10:05:30 -0500] "GET /documents/5764_Sanket/2020/b_february/debit/recycle/?MA HTTP/1.1" 200 798 "-" "Mozilla/5.0 (compatible; YandexBot/3.0; +http://yandex.com/bots)"
192.178.6.35 - - [27/Jan/2025:10:05:30 -0500] "GET /615522175217239.html HTTP/1.1" 500 0 "-" "Mozilla/5.0 (Linux; Android 6.0.1; Nexus 5X Build/MMB29P) AppleWebKit/537.36 (KHTML, like Gecko) Chrome/132.0.6834.83 Mobile Safari/537.36 (compatible; Googlebot/2.1; +http://www.google.com/bot.html)"
192.178.6.35 - - [27/Jan/2025:10:05:31 -0500] "GET /56556137.shtml HTTP/1.1" 500 0 "-" "Mozilla/5.0 (Linux; Android 6.0.1; Nexus 5X Build/MMB29P) AppleWebKit/537.36 (KHTML, like Gecko) Chrome/132.0.6834.83 Mobile Safari/537.36 (compatible; Googlebot/2.1; +http://www.google.com/bot.html)"
192.178.6.35 - - [27/Jan/2025:10:05:31 -0500] "GET /46345217523551.html HTTP/1.1" 500 0 "-" "Mozilla/5.0 (Linux; Android 6.0.1; Nexus 5X Build/MMB29P) AppleWebKit/537.36 (KHTML, like Gecko) Chrome/132.0.6834.83 Mobile Safari/537.36 (compatible; Googlebot/2.1; +http://www.google.com/bot.html)"
217.113.194.198 - - [27/Jan/2025:10:05:34 -0500] "GET /documents/8897_Nehal/2020/d_april/purchase/recycle/?ND HTTP/1.1" 200 710 "-" "Mozilla/5.0 (compatible; Barkrowler/0.9; +https://babbar.tech/crawler)"
114.119.138.59 - - [27/Jan/2025:10:05:36 -0500] "GET /documents/8897_Nehal/2020/l_december/reports/recycle/?MD HTTP/1.1" 200 715 "https://www.paperpush.com/documents/8897_Nehal/2020/l_december/reports/recycle/?MA" "Mozilla/5.0 (Linux; Android 7.0;) AppleWebKit/537.36 (KHTML, like Gecko) Mobile Safari/537.36 (compatible; PetalBot;+https://webmaster.petalsearch.com/site/petalbot)"
114.119.146.195 - - [27/Jan/2025:10:05:36 -0500] "GET /a9hoploja380asi/s_le-ym5b2.nationwide HTTP/1.1" 403 0 "-" "Mozilla/5.0 (Linux; Android 7.0;) AppleWebKit/537.36 (KHTML, like Gecko) Mobile Safari/537.36 (compatible; PetalBot;+https://webmaster.petalsearch.com/site/petalbot)"
217.113.194.195 - - [27/Jan/2025:10:05:43 -0500] "GET /documents/8897_Nehal/2020/d_april/purchase/recycle/?NA HTTP/1.1" 200 711 "-" "Mozilla/5.0 (compatible; Barkrowler/0.9; +https://babbar.tech/crawler)"
217.113.194.198 - - [27/Jan/2025:10:05:52 -0500] "GET /documents/8897_Nehal/2020/d_april/credit/recycle/?MD HTTP/1.1" 200 711 "-" "Mozilla/5.0 (compatible; Barkrowler/0.9; +https://babbar.tech/crawler)"
217.113.194.193 - - [27/Jan/2025:10:06:00 -0500] "GET /documents/8897_Nehal/2020/d_april/credit/recycle/?MA HTTP/1.1" 200 712 "-" "Mozilla/5.0 (compatible; Barkrowler/0.9; +https://babbar.tech/crawler)"
192.178.6.35 - - [27/Jan/2025:10:06:01 -0500] "GET /27378185.shtml HTTP/1.1" 500 0 "-" "Mozilla/5.0 (Linux; Android 6.0.1; Nexus 5X Build/MMB29P) AppleWebKit/537.36 (KHTML, like Gecko) Chrome/132.0.6834.83 Mobile Safari/537.36 (compatible; Googlebot/2.1; +http://www.google.com/bot.html)"
217.113.194.196 - - [27/Jan/2025:10:06:09 -0500] "GET /documents/8897_Nehal/2020/d_april/credit/recycle/?SD HTTP/1.1" 200 712 "-" "Mozilla/5.0 (compatible; Barkrowler/0.9; +https://babbar.tech/crawler)"
154.54.249.214 - - [27/Jan/2025:10:06:17 -0500] "GET /documents/8897_Nehal/2020/d_april/credit/recycle/?SA HTTP/1.1" 200 712 "-" "Mozilla/5.0 (compatible; Barkrowler/0.9; +https://babbar.tech/crawler)"
192.95.30.21 - - [27/Jan/2025:10:06:21 -0500] "GET /robots.txt HTTP/1.1" 200 67 "-" "Mozilla/5.0 (compatible; MJ12bot/v1.4.8; http://mj12bot.com/)"
192.95.30.21 - - [27/Jan/2025:10:06:25 -0500] "GET /documents/9242_New/2020/e_may/?MD HTTP/1.1" 200 1111 "-" "Mozilla/5.0 (compatible; MJ12bot/v1.4.8; http://mj12bot.com/)"
217.113.194.193 - - [27/Jan/2025:10:06:26 -0500] "GET /documents/8897_Nehal/2020/d_april/credit/recycle/?ND HTTP/1.1" 200 709 "-" "Mozilla/5.0 (compatible; Barkrowler/0.9; +https://babbar.tech/crawler)"
192.95.30.21 - - [27/Jan/2025:10:06:27 -0500] "GET /documents/9242_New/2020/e_may/?NA HTTP/1.1" 200 1114 "-" "Mozilla/5.0 (compatible; MJ12bot/v1.4.8; http://mj12bot.com/)"
192.95.30.21 - - [27/Jan/2025:10:06:31 -0500] "GET /documents/9242_New/2020/e_may/?ND HTTP/1.1" 200 1109 "-" "Mozilla/5.0 (compatible; MJ12bot/v1.4.8; http://mj12bot.com/)"
217.113.194.193 - - [27/Jan/2025:10:06:34 -0500] "GET /documents/8897_Nehal/2020/d_april/credit/recycle/?NA HTTP/1.1" 200 709 "-" "Mozilla/5.0 (compatible; Barkrowler/0.9; +https://babbar.tech/crawler)"
192.95.30.21 - - [27/Jan/2025:10:06:35 -0500] "GET /documents/9242_New/2020/e_may/purchase/recycle/?SD HTTP/1.1" 200 573 "-" "Mozilla/5.0 (compatible; MJ12bot/v1.4.8; http://mj12bot.com/)"
192.95.30.21 - - [27/Jan/2025:10:06:37 -0500] "GET /documents/9242_New/2020/e_may/receipt/recycle/?ND HTTP/1.1" 200 570 "-" "Mozilla/5.0 (compatible; MJ12bot/v1.4.8; http://mj12bot.com/)"
192.95.30.21 - - [27/Jan/2025:10:06:39 -0500] "GET /documents/9242_New/2020/f_june/?MA HTTP/1.1" 200 1113 "-" "Mozilla/5.0 (compatible; MJ12bot/v1.4.8; http://mj12bot.com/)"
192.95.30.21 - - [27/Jan/2025:10:06:41 -0500] "GET /documents/9242_New/2020/f_june/?MD HTTP/1.1" 200 1111 "-" "Mozilla/5.0 (compatible; MJ12bot/v1.4.8; http://mj12bot.com/)"
154.54.249.214 - - [27/Jan/2025:10:06:42 -0500] "GET /documents/8897_Nehal/2020/d_april/journal/recycle/?ND HTTP/1.1" 200 785 "-" "Mozilla/5.0 (compatible; Barkrowler/0.9; +https://babbar.tech/crawler)"
192.95.30.21 - - [27/Jan/2025:10:06:44 -0500] "GET /documents/9242_New/2020/f_june/?NA HTTP/1.1" 200 1109 "-" "Mozilla/5.0 (compatible; MJ12bot/v1.4.8; http://mj12bot.com/)"
192.95.30.21 - - [27/Jan/2025:10:06:48 -0500] "GET /documents/9242_New/2020/f_june/?ND HTTP/1.1" 200 1109 "-" "Mozilla/5.0 (compatible; MJ12bot/v1.4.8; http://mj12bot.com/)"
192.95.30.21 - - [27/Jan/2025:10:06:50 -0500] "GET /documents/9242_New/2020/f_june/?SA HTTP/1.1" 200 1113 "-" "Mozilla/5.0 (compatible; MJ12bot/v1.4.8; http://mj12bot.com/)"
217.113.194.195 - - [27/Jan/2025:10:06:51 -0500] "GET /documents/8897_Nehal/2020/d_april/journal/recycle/?NA HTTP/1.1" 200 785 "-" "Mozilla/5.0 (compatible; Barkrowler/0.9; +https://babbar.tech/crawler)"
192.95.30.21 - - [27/Jan/2025:10:06:52 -0500] "GET /documents/9242_New/2020/f_june/?SD HTTP/1.1" 200 1110 "-" "Mozilla/5.0 (compatible; MJ12bot/v1.4.8; http://mj12bot.com/)"
192.95.30.21 - - [27/Jan/2025:10:06:56 -0500] "GET /documents/9242_New/2020/f_june/contra/?SD HTTP/1.1" 200 637 "-" "Mozilla/5.0 (compatible; MJ12bot/v1.4.8; http://mj12bot.com/)"
192.95.30.21 - - [27/Jan/2025:10:06:59 -0500] "GET /documents/9242_New/2020/f_june/debit/?SD HTTP/1.1" 200 639 "-" "Mozilla/5.0 (compatible; MJ12bot/v1.4.8; http://mj12bot.com/)"
192.178.6.36 - - [27/Jan/2025:10:06:59 -0500] "GET /35119241.shtml HTTP/1.1" 500 0 "-" "Mozilla/5.0 (Linux; Android 6.0.1; Nexus 5X Build/MMB29P) AppleWebKit/537.36 (KHTML, like Gecko) Chrome/132.0.6834.83 Mobile Safari/537.36 (compatible; Googlebot/2.1; +http://www.google.com/bot.html)"
217.113.194.199 - - [27/Jan/2025:10:06:59 -0500] "GET /documents/8897_Nehal/2020/d_april/journal/recycle/?MD HTTP/1.1" 200 791 "-" "Mozilla/5.0 (compatible; Barkrowler/0.9; +https://babbar.tech/crawler)"
192.95.30.21 - - [27/Jan/2025:10:07:01 -0500] "GET /documents/9242_New/2020/f_june/debit/recycle/?MA HTTP/1.1" 200 576 "-" "Mozilla/5.0 (compatible; MJ12bot/v1.4.8; http://mj12bot.com/)"
192.95.30.21 - - [27/Jan/2025:10:07:04 -0500] "GET /documents/9242_New/2020/f_june/debit/recycle/?MD HTTP/1.1" 200 574 "-" "Mozilla/5.0 (compatible; MJ12bot/v1.4.8; http://mj12bot.com/)"
192.95.30.21 - - [27/Jan/2025:10:07:07 -0500] "GET /documents/9242_New/2020/f_june/debit/recycle/?NA HTTP/1.1" 200 573 "-" "Mozilla/5.0 (compatible; MJ12bot/v1.4.8; http://mj12bot.com/)"
154.54.249.214 - - [27/Jan/2025:10:07:08 -0500] "GET /documents/8897_Nehal/2020/d_april/journal/recycle/?MA HTTP/1.1" 200 793 "-" "Mozilla/5.0 (compatible; Barkrowler/0.9; +https://babbar.tech/crawler)"
192.95.30.21 - - [27/Jan/2025:10:07:09 -0500] "GET /documents/9242_New/2020/f_june/debit/recycle/?ND HTTP/1.1" 200 571 "-" "Mozilla/5.0 (compatible; MJ12bot/v1.4.8; http://mj12bot.com/)"
192.95.30.21 - - [27/Jan/2025:10:07:12 -0500] "GET /documents/9242_New/2020/f_june/debit/recycle/?SA HTTP/1.1" 200 577 "-" "Mozilla/5.0 (compatible; MJ12bot/v1.4.8; http://mj12bot.com/)"
192.95.30.21 - - [27/Jan/2025:10:07:15 -0500] "GET /documents/9242_New/2020/f_june/debit/recycle/?SD HTTP/1.1" 200 575 "-" "Mozilla/5.0 (compatible; MJ12bot/v1.4.8; http://mj12bot.com/)"
217.113.194.194 - - [27/Jan/2025:10:07:16 -0500] "GET /documents/8897_Nehal/2020/d_april/journal/recycle/?SD HTTP/1.1" 200 792 "-" "Mozilla/5.0 (compatible; Barkrowler/0.9; +https://babbar.tech/crawler)"
192.95.30.21 - - [27/Jan/2025:10:07:17 -0500] "GET /documents/9242_New/2020/f_june/others/?MD HTTP/1.1" 200 729 "-" "Mozilla/5.0 (compatible; MJ12bot/v1.4.8; http://mj12bot.com/)"
5.255.231.171 - - [27/Jan/2025:10:07:18 -0500] "GET /robots.txt HTTP/1.1" 200 67 "-" "Mozilla/5.0 (compatible; YandexBot/3.0; +http://yandex.com/bots)"
192.95.30.21 - - [27/Jan/2025:10:07:21 -0500] "GET /documents/9242_New/2020/f_june/payment/?MD HTTP/1.1" 200 637 "-" "Mozilla/5.0 (compatible; MJ12bot/v1.4.8; http://mj12bot.com/)"
192.95.30.21 - - [27/Jan/2025:10:07:23 -0500] "GET /documents/9242_New/2020/f_june/payment/recycle/?SD HTTP/1.1" 200 575 "-" "Mozilla/5.0 (compatible; MJ12bot/v1.4.8; http://mj12bot.com/)"
192.95.30.21 - - [27/Jan/2025:10:07:25 -0500] "GET /documents/9242_New/2020/f_june/purchase/?MD HTTP/1.1" 200 1288 "-" "Mozilla/5.0 (compatible; MJ12bot/v1.4.8; http://mj12bot.com/)"
217.113.194.195 - - [27/Jan/2025:10:07:25 -0500] "GET /documents/8897_Nehal/2020/d_april/journal/recycle/?SA HTTP/1.1" 200 792 "-" "Mozilla/5.0 (compatible; Barkrowler/0.9; +https://babbar.tech/crawler)"
192.95.30.21 - - [27/Jan/2025:10:07:27 -0500] "GET /documents/9242_New/2020/f_june/receipt/?ND HTTP/1.1" 200 636 "-" "Mozilla/5.0 (compatible; MJ12bot/v1.4.8; http://mj12bot.com/)"
116.240.149.7 - - [27/Jan/2025:10:07:27 -0500] "GET /robots.txt HTTP/1.1" 200 67 "-" "Mozilla/5.0 (compatible; MJ12bot/v1.4.8; http://mj12bot.com/)"
192.178.6.37 - - [27/Jan/2025:10:07:28 -0500] "GET /232165289.shtml HTTP/1.1" 500 0 "-" "Mozilla/5.0 (Linux; Android 6.0.1; Nexus 5X Build/MMB29P) AppleWebKit/537.36 (KHTML, like Gecko) Chrome/132.0.6834.83 Mobile Safari/537.36 (compatible; Googlebot/2.1; +http://www.google.com/bot.html)"
192.95.30.21 - - [27/Jan/2025:10:07:30 -0500] "GET /documents/9242_New/2020/f_june/reports/?ND HTTP/1.1" 200 635 "-" "Mozilla/5.0 (compatible; MJ12bot/v1.4.8; http://mj12bot.com/)"
116.240.149.7 - - [27/Jan/2025:10:07:32 -0500] "GET /documents/5764_Sanket/2020/g_july/contra/?d=/usr/libexec/openldap HTTP/1.1" 200 1831 "-" "Mozilla/5.0 (compatible; MJ12bot/v1.4.8; http://mj12bot.com/)"
192.95.30.21 - - [27/Jan/2025:10:07:32 -0500] "GET /documents/9242_New/2020/f_june/reports/?SD HTTP/1.1" 200 638 "-" "Mozilla/5.0 (compatible; MJ12bot/v1.4.8; http://mj12bot.com/)"
217.113.194.198 - - [27/Jan/2025:10:07:33 -0500] "GET /documents/8897_Nehal/2020/d_april/debit/recycle/?ND HTTP/1.1" 200 709 "-" "Mozilla/5.0 (compatible; Barkrowler/0.9; +https://babbar.tech/crawler)"
116.240.149.7 - - [27/Jan/2025:10:07:36 -0500] "GET /documents/5764_Sanket/2020/g_july/contra/?d=/usr/libexec/openssh HTTP/1.1" 200 1982 "-" "Mozilla/5.0 (compatible; MJ12bot/v1.4.8; http://mj12bot.com/)"
192.95.30.21 - - [27/Jan/2025:10:07:36 -0500] "GET /documents/9242_New/2020/f_june/sales/?MD HTTP/1.1" 200 798 "-" "Mozilla/5.0 (compatible; MJ12bot/v1.4.8; http://mj12bot.com/)"
192.95.30.21 - - [27/Jan/2025:10:07:39 -0500] "GET /documents/9242_New/2020/g_july/credit/?SD HTTP/1.1" 200 638 "-" "Mozilla/5.0 (compatible; MJ12bot/v1.4.8; http://mj12bot.com/)"
88.119.141.196 - - [27/Jan/2025:10:07:40 -0500] "GET /documents/5764_Sanket/2020/g_july/contra/?d=%2Fusr%2Flib%2Fgrub%2Fi386-pc&f=minix2.mod&x=c HTTP/1.1" 200 1403 "-" "Mozilla/5.0 (Linux; Android 5.0; SM-G900P Build/LRX21T) AppleWebKit/537.36 (KHTML, like Gecko) Chrome/49.0.5814.1316 Mobile Safari/537.36"
116.240.149.7 - - [27/Jan/2025:10:07:41 -0500] "GET /documents/5764_Sanket/2020/g_july/contra/?d=/usr/libexec/utempter HTTP/1.1" 200 1997 "-" "Mozilla/5.0 (compatible; MJ12bot/v1.4.8; http://mj12bot.com/)"
217.113.194.193 - - [27/Jan/2025:10:07:42 -0500] "GET /documents/8897_Nehal/2020/d_april/debit/recycle/?NA HTTP/1.1" 200 709 "-" "Mozilla/5.0 (compatible; Barkrowler/0.9; +https://babbar.tech/crawler)"
192.95.30.21 - - [27/Jan/2025:10:07:42 -0500] "GET /documents/9242_New/2020/g_july/debit/?ND HTTP/1.1" 200 636 "-" "Mozilla/5.0 (compatible; MJ12bot/v1.4.8; http://mj12bot.com/)"
192.95.30.21 - - [27/Jan/2025:10:07:45 -0500] "GET /documents/9242_New/2020/g_july/journal/?ND HTTP/1.1" 200 636 "-" "Mozilla/5.0 (compatible; MJ12bot/v1.4.8; http://mj12bot.com/)"
192.95.30.21 - - [27/Jan/2025:10:07:46 -0500] "GET /documents/9242_New/2020/g_july/others/?ND HTTP/1.1" 200 635 "-" "Mozilla/5.0 (compatible; MJ12bot/v1.4.8; http://mj12bot.com/)"
192.95.30.21 - - [27/Jan/2025:10:07:49 -0500] "GET /documents/9242_New/2020/g_july/payment/?ND HTTP/1.1" 200 637 "-" "Mozilla/5.0 (compatible; MJ12bot/v1.4.8; http://mj12bot.com/)"
217.113.194.193 - - [27/Jan/2025:10:07:50 -0500] "GET /documents/8897_Nehal/2020/d_april/debit/recycle/?MD HTTP/1.1" 200 711 "-" "Mozilla/5.0 (compatible; Barkrowler/0.9; +https://babbar.tech/crawler)"
116.240.149.7 - - [27/Jan/2025:10:07:51 -0500] "GET /documents/5764_Sanket/2020/g_july/contra/?d=/usr/local/apache HTTP/1.1" 200 2107 "-" "Mozilla/5.0 (compatible; MJ12bot/v1.4.8; http://mj12bot.com/)"
192.95.30.21 - - [27/Jan/2025:10:07:51 -0500] "GET /documents/9242_New/2020/h_august/cheque_reg/?SD HTTP/1.1" 200 643 "-" "Mozilla/5.0 (compatible; MJ12bot/v1.4.8; http://mj12bot.com/)"
192.95.30.21 - - [27/Jan/2025:10:07:53 -0500] "GET /documents/9242_New/2020/k_november/journal/recycle/?NA HTTP/1.1" 200 573 "-" "Mozilla/5.0 (compatible; MJ12bot/v1.4.8; http://mj12bot.com/)"
116.240.149.7 - - [27/Jan/2025:10:07:56 -0500] "GET /documents/5764_Sanket/2020/g_july/contra/?d=/usr/local/bin HTTP/1.1" 200 2714 "-" "Mozilla/5.0 (compatible; MJ12bot/v1.4.8; http://mj12bot.com/)"
192.95.30.21 - - [27/Jan/2025:10:07:56 -0500] "GET /documents/9242_New/2020/l_december/credit/recycle/?NA HTTP/1.1" 200 572 "-" "Mozilla/5.0 (compatible; MJ12bot/v1.4.8; http://mj12bot.com/)"
192.178.6.35 - - [27/Jan/2025:10:07:57 -0500] "GET /191650985.shtml HTTP/1.1" 500 0 "-" "Mozilla/5.0 (Linux; Android 6.0.1; Nexus 5X Build/MMB29P) AppleWebKit/537.36 (KHTML, like Gecko) Chrome/132.0.6834.83 Mobile Safari/537.36 (compatible; Googlebot/2.1; +http://www.google.com/bot.html)"
217.113.194.195 - - [27/Jan/2025:10:07:59 -0500] "GET /documents/8897_Nehal/2020/d_april/debit/recycle/?MA HTTP/1.1" 200 712 "-" "Mozilla/5.0 (compatible; Barkrowler/0.9; +https://babbar.tech/crawler)"
192.95.30.21 - - [27/Jan/2025:10:08:00 -0500] "GET /documents/9242_New/2020/l_december/debit/recycle/?NA HTTP/1.1" 200 571 "-" "Mozilla/5.0 (compatible; MJ12bot/v1.4.8; http://mj12bot.com/)"
116.240.149.7 - - [27/Jan/2025:10:08:02 -0500] "GET /documents/5764_Sanket/2020/g_july/contra/?d=/usr/local/cpanel HTTP/1.1" 200 1535 "-" "Mozilla/5.0 (compatible; MJ12bot/v1.4.8; http://mj12bot.com/)"
192.95.30.21 - - [27/Jan/2025:10:08:04 -0500] "GET /documents/9242_New/2020/l_december/journal/recycle/?MA HTTP/1.1" 200 575 "-" "Mozilla/5.0 (compatible; MJ12bot/v1.4.8; http://mj12bot.com/)"
116.240.149.7 - - [27/Jan/2025:10:08:06 -0500] "GET /documents/5764_Sanket/2020/g_july/contra/?d=/usr/local/lib HTTP/1.1" 200 2114 "-" "Mozilla/5.0 (compatible; MJ12bot/v1.4.8; http://mj12bot.com/)"
217.113.194.194 - - [27/Jan/2025:10:08:07 -0500] "GET /documents/8897_Nehal/2020/d_april/debit/recycle/?SD HTTP/1.1" 200 712 "-" "Mozilla/5.0 (compatible; Barkrowler/0.9; +https://babbar.tech/crawler)"
192.95.30.21 - - [27/Jan/2025:10:08:08 -0500] "GET /plugins/ckeditor/lang/lang/?MD HTTP/1.1" 200 548 "-" "Mozilla/5.0 (compatible; MJ12bot/v1.4.8; http://mj12bot.com/)"
192.95.30.21 - - [27/Jan/2025:10:08:11 -0500] "GET /plugins/ckeditor/lang/lang/?NA HTTP/1.1" 200 546 "-" "Mozilla/5.0 (compatible; MJ12bot/v1.4.8; http://mj12bot.com/)"
116.240.149.7 - - [27/Jan/2025:10:08:12 -0500] "GET /documents/5764_Sanket/2020/g_july/contra/?d=/usr/local/lib64 HTTP/1.1" 200 2039 "-" "Mozilla/5.0 (compatible; MJ12bot/v1.4.8; http://mj12bot.com/)"
192.95.30.21 - - [27/Jan/2025:10:08:13 -0500] "GET /plugins/ckeditor/lang/lang/?ND HTTP/1.1" 200 546 "-" "Mozilla/5.0 (compatible; MJ12bot/v1.4.8; http://mj12bot.com/)"
154.54.249.214 - - [27/Jan/2025:10:08:16 -0500] "GET /documents/8897_Nehal/2020/d_april/debit/recycle/?SA HTTP/1.1" 200 712 "-" "Mozilla/5.0 (compatible; Barkrowler/0.9; +https://babbar.tech/crawler)"
192.95.30.21 - - [27/Jan/2025:10:08:17 -0500] "GET /plugins/ckeditor/lang/lang/?SA HTTP/1.1" 200 547 "-" "Mozilla/5.0 (compatible; MJ12bot/v1.4.8; http://mj12bot.com/)"
192.95.30.21 - - [27/Jan/2025:10:08:21 -0500] "GET /plugins/ckeditor/lang/lang/?SD HTTP/1.1" 200 548 "-" "Mozilla/5.0 (compatible; MJ12bot/v1.4.8; http://mj12bot.com/)"
116.240.149.7 - - [27/Jan/2025:10:08:22 -0500] "GET /documents/5764_Sanket/2020/g_july/contra/?d=/usr/local/lsws HTTP/1.1" 200 4687 "-" "Mozilla/5.0 (compatible; MJ12bot/v1.4.8; http://mj12bot.com/)"
192.95.30.21 - - [27/Jan/2025:10:08:23 -0500] "GET /plugins/ckeditor/plugins/?MA HTTP/1.1" 200 1638 "-" "Mozilla/5.0 (compatible; MJ12bot/v1.4.8; http://mj12bot.com/)"
217.113.194.197 - - [27/Jan/2025:10:08:24 -0500] "GET /documents/8897_Nehal/2020/d_april/payment/recycle/?ND HTTP/1.1" 200 709 "-" "Mozilla/5.0 (compatible; Barkrowler/0.9; +https://babbar.tech/crawler)"
192.95.30.21 - - [27/Jan/2025:10:08:25 -0500] "GET /plugins/ckeditor/plugins/?MD HTTP/1.1" 200 1674 "-" "Mozilla/5.0 (compatible; MJ12bot/v1.4.8; http://mj12bot.com/)"
116.240.149.7 - - [27/Jan/2025:10:08:26 -0500] "GET /documents/5764_Sanket/2020/g_july/contra/?d=/usr/local/sbin HTTP/1.1" 200 2049 "-" "Mozilla/5.0 (compatible; MJ12bot/v1.4.8; http://mj12bot.com/)"
192.95.30.21 - - [27/Jan/2025:10:08:30 -0500] "GET /plugins/ckeditor/plugins/?NA HTTP/1.1" 200 1657 "-" "Mozilla/5.0 (compatible; MJ12bot/v1.4.8; http://mj12bot.com/)"
116.240.149.7 - - [27/Jan/2025:10:08:32 -0500] "GET /documents/5764_Sanket/2020/g_july/contra/?d=/usr/local/share HTTP/1.1" 200 1935 "-" "Mozilla/5.0 (compatible; MJ12bot/v1.4.8; http://mj12bot.com/)"
192.95.30.21 - - [27/Jan/2025:10:08:33 -0500] "GET /plugins/ckeditor/plugins/?ND HTTP/1.1" 200 1679 "-" "Mozilla/5.0 (compatible; MJ12bot/v1.4.8; http://mj12bot.com/)"
217.113.194.193 - - [27/Jan/2025:10:08:33 -0500] "GET /documents/8897_Nehal/2020/d_april/payment/recycle/?NA HTTP/1.1" 200 710 "-" "Mozilla/5.0 (compatible; Barkrowler/0.9; +https://babbar.tech/crawler)"
192.95.30.21 - - [27/Jan/2025:10:08:36 -0500] "GET /plugins/ckeditor/plugins/?SA HTTP/1.1" 200 1657 "-" "Mozilla/5.0 (compatible; MJ12bot/v1.4.8; http://mj12bot.com/)"
116.240.149.7 - - [27/Jan/2025:10:08:37 -0500] "GET /documents/5764_Sanket/2020/g_july/contra/?d=/usr/share/autoconf HTTP/1.1" 200 2587 "-" "Mozilla/5.0 (compatible; MJ12bot/v1.4.8; http://mj12bot.com/)"
192.95.30.21 - - [27/Jan/2025:10:08:37 -0500] "GET /plugins/ckeditor/plugins/?SD HTTP/1.1" 200 1648 "-" "Mozilla/5.0 (compatible; MJ12bot/v1.4.8; http://mj12bot.com/)"
192.95.30.21 - - [27/Jan/2025:10:08:39 -0500] "GET /plugins/ckeditor/plugins/a11yhelp/?MA HTTP/1.1" 200 624 "-" "Mozilla/5.0 (compatible; MJ12bot/v1.4.8; http://mj12bot.com/)"
192.95.30.21 - - [27/Jan/2025:10:08:41 -0500] "GET /plugins/ckeditor/plugins/a11yhelp/?MD HTTP/1.1" 200 623 "-" "Mozilla/5.0 (compatible; MJ12bot/v1.4.8; http://mj12bot.com/)"
217.113.194.200 - - [27/Jan/2025:10:08:41 -0500] "GET /documents/8897_Nehal/2020/d_april/payment/recycle/?MD HTTP/1.1" 200 711 "-" "Mozilla/5.0 (compatible; Barkrowler/0.9; +https://babbar.tech/crawler)"
116.240.149.7 - - [27/Jan/2025:10:08:42 -0500] "GET /documents/5764_Sanket/2020/g_july/contra/?d=/usr/share/autoconf/autotest HTTP/1.1" 200 2288 "-" "Mozilla/5.0 (compatible; MJ12bot/v1.4.8; http://mj12bot.com/)"
192.95.30.21 - - [27/Jan/2025:10:08:42 -0500] "GET /plugins/ckeditor/plugins/a11yhelp/?ND HTTP/1.1" 200 616 "-" "Mozilla/5.0 (compatible; MJ12bot/v1.4.8; http://mj12bot.com/)"
192.95.30.21 - - [27/Jan/2025:10:08:44 -0500] "GET /plugins/ckeditor/plugins/a11yhelp/?SA HTTP/1.1" 200 624 "-" "Mozilla/5.0 (compatible; MJ12bot/v1.4.8; http://mj12bot.com/)"
192.95.30.21 - - [27/Jan/2025:10:08:45 -0500] "GET /plugins/ckeditor/plugins/a11yhelp/?SD HTTP/1.1" 200 623 "-" "Mozilla/5.0 (compatible; MJ12bot/v1.4.8; http://mj12bot.com/)"
192.95.30.21 - - [27/Jan/2025:10:08:47 -0500] "GET /plugins/ckeditor/plugins/a11yhelp/dialogs/?MA HTTP/1.1" 200 693 "-" "Mozilla/5.0 (compatible; MJ12bot/v1.4.8; http://mj12bot.com/)"
192.95.30.21 - - [27/Jan/2025:10:08:49 -0500] "GET /plugins/ckeditor/plugins/a11yhelp/dialogs/?MD HTTP/1.1" 200 692 "-" "Mozilla/5.0 (compatible; MJ12bot/v1.4.8; http://mj12bot.com/)"
116.240.149.7 - - [27/Jan/2025:10:08:49 -0500] "GET /documents/5764_Sanket/2020/g_july/contra/?d=/usr/share/automake-1.16 HTTP/1.1" 200 3696 "-" "Mozilla/5.0 (compatible; MJ12bot/v1.4.8; http://mj12bot.com/)"
217.113.194.198 - - [27/Jan/2025:10:08:50 -0500] "GET /documents/8897_Nehal/2020/d_april/payment/recycle/?MA HTTP/1.1" 200 712 "-" "Mozilla/5.0 (compatible; Barkrowler/0.9; +https://babbar.tech/crawler)"
47.128.22.174 - - [27/Jan/2025:10:08:50 -0500] "GET /documents/5764_Sanket/2020/g_july/contra/?d=%2Fusr%2Flib%2Ffirmware%2Frtlwifi&f=rtl8710bufw_UMC.bin&x=c HTTP/1.1" 200 1487 "-" "Mozilla/5.0 (Linux; Android 5.0) AppleWebKit/537.36 (KHTML, like Gecko) Mobile Safari/537.36 (compatible; Bytespider; spider-feedback@bytedance.com)"
192.95.30.21 - - [27/Jan/2025:10:08:50 -0500] "GET /plugins/ckeditor/plugins/a11yhelp/dialogs/?NA HTTP/1.1" 200 687 "-" "Mozilla/5.0 (compatible; MJ12bot/v1.4.8; http://mj12bot.com/)"
