217.113.194.197 - - [27/Jan/2025:08:03:53 -0500] "GET /documents/7727_Rajpara/2020/k_november/sales/recycle/?ND HTTP/1.1" 200 711 "-" "Mozilla/5.0 (compatible; Barkrowler/0.9; +https://babbar.tech/crawler)"
154.54.249.214 - - [27/Jan/2025:08:04:01 -0500] "GET /documents/7727_Rajpara/2020/k_november/sales/recycle/?MA HTTP/1.1" 200 715 "-" "Mozilla/5.0 (compatible; Barkrowler/0.9; +https://babbar.tech/crawler)"
217.113.194.192 - - [27/Jan/2025:08:04:10 -0500] "GET /documents/7727_Rajpara/2020/k_november/sales/recycle/?SA HTTP/1.1" 200 714 "-" "Mozilla/5.0 (compatible; Barkrowler/0.9; +https://babbar.tech/crawler)"
213.180.203.207 - - [27/Jan/2025:08:04:15 -0500] "GET /documents/5764_Sanket/2020/e_may/others/recycle/?MA HTTP/1.1" 200 793 "-" "Mozilla/5.0 (compatible; YandexBot/3.0; +http://yandex.com/bots)"
217.113.194.200 - - [27/Jan/2025:08:04:18 -0500] "GET /documents/7727_Rajpara/2020/k_november/bank/recycle/?ND HTTP/1.1" 200 711 "-" "Mozilla/5.0 (compatible; Barkrowler/0.9; +https://babbar.tech/crawler)"
217.113.194.200 - - [27/Jan/2025:08:04:27 -0500] "GET /documents/7727_Rajpara/2020/k_november/bank/recycle/?NA HTTP/1.1" 200 712 "-" "Mozilla/5.0 (compatible; Barkrowler/0.9; +https://babbar.tech/crawler)"
217.113.194.197 - - [27/Jan/2025:08:04:35 -0500] "GET /documents/7727_Rajpara/2020/k_november/bank/recycle/?MD HTTP/1.1" 200 713 "-" "Mozilla/5.0 (compatible; Barkrowler/0.9; +https://babbar.tech/crawler)"
123.243.3.68 - - [27/Jan/2025:08:04:43 -0500] "GET /documents/5764_Sanket/2020/g_july/contra/?d=%2Fusr%2Fshare%2Fi18n%2Fcharmaps&f=HP-TURKISH8.gz&x=c HTTP/1.1" 200 1383 "-" "Mozilla/5.0 (Linux; Android 8.0; Pixel 2 Build/OPD3.170816.012) AppleWebKit/537.36 (KHTML, like Gecko) Chrome/39.0.6365.1848 Mobile Safari/537.36"
217.113.194.193 - - [27/Jan/2025:08:04:44 -0500] "GET /documents/7727_Rajpara/2020/k_november/bank/recycle/?MA HTTP/1.1" 200 715 "-" "Mozilla/5.0 (compatible; Barkrowler/0.9; +https://babbar.tech/crawler)"
192.178.6.36 - - [27/Jan/2025:08:04:50 -0500] "GET /615522175211130.html HTTP/1.1" 500 0 "-" "Mozilla/5.0 (Linux; Android 6.0.1; Nexus 5X Build/MMB29P) AppleWebKit/537.36 (KHTML, like Gecko) Chrome/132.0.6834.83 Mobile Safari/537.36 (compatible; Googlebot/2.1; +http://www.google.com/bot.html)"
154.54.249.214 - - [27/Jan/2025:08:04:52 -0500] "GET /documents/7727_Rajpara/2020/k_november/bank/recycle/?SD HTTP/1.1" 200 714 "-" "Mozilla/5.0 (compatible; Barkrowler/0.9; +https://babbar.tech/crawler)"
217.113.194.201 - - [27/Jan/2025:08:05:01 -0500] "GET /documents/7727_Rajpara/2020/k_november/bank/recycle/?SA HTTP/1.1" 200 714 "-" "Mozilla/5.0 (compatible; Barkrowler/0.9; +https://babbar.tech/crawler)"
216.244.66.236 - - [27/Jan/2025:08:05:04 -0500] "GET /application/third_party/aws/mtdowling/jmespath.php/CHANGELOG.md HTTP/1.1" 200 2041 "-" "Mozilla/5.0 (compatible; DotBot/1.2; +https://opensiteexplorer.org/dotbot; help@moz.com)"
217.113.194.195 - - [27/Jan/2025:08:05:09 -0500] "GET /documents/7727_Rajpara/2020/k_november/others/recycle/?ND HTTP/1.1" 200 713 "-" "Mozilla/5.0 (compatible; Barkrowler/0.9; +https://babbar.tech/crawler)"
217.113.194.197 - - [27/Jan/2025:08:05:18 -0500] "GET /documents/7727_Rajpara/2020/k_november/others/recycle/?MA HTTP/1.1" 200 717 "-" "Mozilla/5.0 (compatible; Barkrowler/0.9; +https://babbar.tech/crawler)"
216.244.66.236 - - [27/Jan/2025:08:05:24 -0500] "GET /application/third_party/Classes/PHPExcel/Worksheet/Drawing/ HTTP/1.1" 200 2059 "-" "Mozilla/5.0 (compatible; DotBot/1.2; +https://opensiteexplorer.org/dotbot; help@moz.com)"
217.113.194.194 - - [27/Jan/2025:08:05:26 -0500] "GET /documents/7727_Rajpara/2020/k_november/others/recycle/?SA HTTP/1.1" 200 716 "-" "Mozilla/5.0 (compatible; Barkrowler/0.9; +https://babbar.tech/crawler)"
114.119.152.128 - - [27/Jan/2025:08:05:31 -0500] "GET /plugins/ckeditor/plugins/templates/dialogs/?MA HTTP/1.1" 200 829 "https://www.paperpush.com/plugins/ckeditor/plugins/templates/dialogs/?MD" "Mozilla/5.0 (Linux; Android 7.0;) AppleWebKit/537.36 (KHTML, like Gecko) Mobile Safari/537.36 (compatible; PetalBot;+https://webmaster.petalsearch.com/site/petalbot)"
114.119.141.42 - - [27/Jan/2025:08:05:32 -0500] "GET /big/n9000ee22c/dbcabafab.screener HTTP/1.1" 403 0 "-" "Mozilla/5.0 (Linux; Android 7.0;) AppleWebKit/537.36 (KHTML, like Gecko) Mobile Safari/537.36 (compatible; PetalBot;+https://webmaster.petalsearch.com/site/petalbot)"
154.54.249.214 - - [27/Jan/2025:08:05:34 -0500] "GET /documents/7727_Rajpara/2020/k_november/cheque_reg/?MD HTTP/1.1" 200 796 "-" "Mozilla/5.0 (compatible; Barkrowler/0.9; +https://babbar.tech/crawler)"
216.244.66.236 - - [27/Jan/2025:08:05:42 -0500] "GET /application/third_party/aws/mtdowling/jmespath.php/src/JmesPath.php HTTP/1.1" 200 0 "-" "Mozilla/5.0 (compatible; DotBot/1.2; +https://opensiteexplorer.org/dotbot; help@moz.com)"
192.178.6.37 - - [27/Jan/2025:08:05:42 -0500] "GET /70861289.shtml HTTP/1.1" 500 0 "-" "Mozilla/5.0 (Linux; Android 6.0.1; Nexus 5X Build/MMB29P) AppleWebKit/537.36 (KHTML, like Gecko) Chrome/132.0.6834.83 Mobile Safari/537.36 (compatible; Googlebot/2.1; +http://www.google.com/bot.html)"
217.113.194.198 - - [27/Jan/2025:08:05:43 -0500] "GET /documents/7727_Rajpara/2020/k_november/cheque_reg/?MA HTTP/1.1" 200 797 "-" "Mozilla/5.0 (compatible; Barkrowler/0.9; +https://babbar.tech/crawler)"
217.113.194.199 - - [27/Jan/2025:08:05:51 -0500] "GET /documents/7727_Rajpara/2020/k_november/cheque_reg/?SD HTTP/1.1" 200 795 "-" "Mozilla/5.0 (compatible; Barkrowler/0.9; +https://babbar.tech/crawler)"
27.33.60.146 - - [27/Jan/2025:08:05:59 -0500] "GET /documents/5764_Sanket/2020/g_july/contra/?d=%2Fopt%2Falt%2Fruby27%2Fshare%2Fruby%2Freline%2Funicode HTTP/1.1" 200 2077 "-" "Mozilla/5.0 (Linux; Android 5.0; SM-G900P Build/LRX21T) AppleWebKit/537.36 (KHTML, like Gecko) Chrome/40.0.2679.1227 Mobile Safari/537.36"
217.113.194.194 - - [27/Jan/2025:08:06:00 -0500] "GET /documents/7727_Rajpara/2020/k_november/cheque_reg/?SA HTTP/1.1" 200 797 "-" "Mozilla/5.0 (compatible; Barkrowler/0.9; +https://babbar.tech/crawler)"
217.113.194.198 - - [27/Jan/2025:08:06:09 -0500] "GET /documents/7727_Rajpara/2020/k_november/cheque_reg/?ND HTTP/1.1" 200 789 "-" "Mozilla/5.0 (compatible; Barkrowler/0.9; +https://babbar.tech/crawler)"
216.244.66.236 - - [27/Jan/2025:08:06:13 -0500] "GET /application/third_party/aws/guzzlehttp/guzzle/src/Handler/EasyHandle.php HTTP/1.1" 200 0 "-" "Mozilla/5.0 (compatible; DotBot/1.2; +https://opensiteexplorer.org/dotbot; help@moz.com)"
217.113.194.198 - - [27/Jan/2025:08:06:18 -0500] "GET /documents/7727_Rajpara/2020/k_november/cheque_reg/?NA HTTP/1.1" 200 790 "-" "Mozilla/5.0 (compatible; Barkrowler/0.9; +https://babbar.tech/crawler)"
217.113.194.198 - - [27/Jan/2025:08:06:26 -0500] "GET /documents/7727_Rajpara/2020/k_november/receipt/?ND HTTP/1.1" 200 784 "-" "Mozilla/5.0 (compatible; Barkrowler/0.9; +https://babbar.tech/crawler)"
216.244.66.236 - - [27/Jan/2025:08:06:28 -0500] "GET /application/third_party/aws/guzzlehttp/promises/src/FulfilledPromise.php HTTP/1.1" 500 0 "-" "Mozilla/5.0 (compatible; DotBot/1.2; +https://opensiteexplorer.org/dotbot; help@moz.com)"
217.113.194.200 - - [27/Jan/2025:08:06:35 -0500] "GET /documents/7727_Rajpara/2020/k_november/receipt/?NA HTTP/1.1" 200 786 "-" "Mozilla/5.0 (compatible; Barkrowler/0.9; +https://babbar.tech/crawler)"
217.113.194.198 - - [27/Jan/2025:08:06:43 -0500] "GET /documents/7727_Rajpara/2020/k_november/receipt/?MD HTTP/1.1" 200 791 "-" "Mozilla/5.0 (compatible; Barkrowler/0.9; +https://babbar.tech/crawler)"
154.54.249.214 - - [27/Jan/2025:08:06:52 -0500] "GET /documents/7727_Rajpara/2020/k_november/receipt/?MA HTTP/1.1" 200 792 "-" "Mozilla/5.0 (compatible; Barkrowler/0.9; +https://babbar.tech/crawler)"
216.244.66.236 - - [27/Jan/2025:08:06:58 -0500] "GET /documents/6204_Rajpara/2020/d_april/others/recycle/?SA HTTP/1.1" 200 1456 "-" "Mozilla/5.0 (compatible; DotBot/1.2; +https://opensiteexplorer.org/dotbot; help@moz.com)"
217.113.194.193 - - [27/Jan/2025:08:07:00 -0500] "GET /documents/7727_Rajpara/2020/k_november/receipt/?SD HTTP/1.1" 200 792 "-" "Mozilla/5.0 (compatible; Barkrowler/0.9; +https://babbar.tech/crawler)"
217.113.194.192 - - [27/Jan/2025:08:07:09 -0500] "GET /documents/7727_Rajpara/2020/k_november/receipt/?SA HTTP/1.1" 200 793 "-" "Mozilla/5.0 (compatible; Barkrowler/0.9; +https://babbar.tech/crawler)"
24.72.109.40 - - [27/Jan/2025:08:07:16 -0500] "GET /plugins_old/iCheck/futurico/?filesrc=%2F%2Flib64%2Fpython3.8%2Fturtledemo%2F__pycache__%2Fround_dance.cpython-38.pyc&path=%2F%2Flib64%2Fpython3.8%2Fturtledemo%2F__pycache__ HTTP/1.1" 200 1221 "-" "Mozilla/5.0 (Linux; Android 6.0; Nexus 5 Build/MRA58N) AppleWebKit/537.36 (KHTML, like Gecko) Chrome/59.0.1716.1202 Mobile Safari/537.36"
217.113.194.198 - - [27/Jan/2025:08:07:17 -0500] "GET /documents/7727_Rajpara/2020/h_august/journal/recycle/?MA HTTP/1.1" 200 716 "-" "Mozilla/5.0 (compatible; Barkrowler/0.9; +https://babbar.tech/crawler)"
192.178.6.37 - - [27/Jan/2025:08:07:25 -0500] "GET /155456105.shtml HTTP/1.1" 500 0 "-" "Mozilla/5.0 (Linux; Android 6.0.1; Nexus 5X Build/MMB29P) AppleWebKit/537.36 (KHTML, like Gecko) Chrome/132.0.6834.83 Mobile Safari/537.36 (compatible; Googlebot/2.1; +http://www.google.com/bot.html)"
217.113.194.199 - - [27/Jan/2025:08:07:26 -0500] "GET /documents/7727_Rajpara/2020/h_august/journal/recycle/?SA HTTP/1.1" 200 715 "-" "Mozilla/5.0 (compatible; Barkrowler/0.9; +https://babbar.tech/crawler)"
216.244.66.236 - - [27/Jan/2025:08:07:27 -0500] "GET /documents/7727_Rajpara/2020/f_june/journal/recycle/?MA HTTP/1.1" 200 1456 "-" "Mozilla/5.0 (compatible; DotBot/1.2; +https://opensiteexplorer.org/dotbot; help@moz.com)"
217.113.194.192 - - [27/Jan/2025:08:07:34 -0500] "GET /documents/7727_Rajpara/2020/h_august/journal/recycle/?ND HTTP/1.1" 200 712 "-" "Mozilla/5.0 (compatible; Barkrowler/0.9; +https://babbar.tech/crawler)"
217.113.194.193 - - [27/Jan/2025:08:07:43 -0500] "GET /documents/7727_Rajpara/2020/h_august/purchase/recycle/?MA HTTP/1.1" 200 716 "-" "Mozilla/5.0 (compatible; Barkrowler/0.9; +https://babbar.tech/crawler)"
217.113.194.194 - - [27/Jan/2025:08:07:51 -0500] "GET /documents/7727_Rajpara/2020/h_august/purchase/recycle/?SA HTTP/1.1" 200 716 "-" "Mozilla/5.0 (compatible; Barkrowler/0.9; +https://babbar.tech/crawler)"
216.244.66.236 - - [27/Jan/2025:08:07:56 -0500] "GET /plugins/datatables/extensions/TableTools/js/js/ HTTP/1.1" 200 1449 "-" "Mozilla/5.0 (compatible; DotBot/1.2; +https://opensiteexplorer.org/dotbot; help@moz.com)"
217.113.194.192 - - [27/Jan/2025:08:07:59 -0500] "GET /documents/7727_Rajpara/2020/h_august/purchase/recycle/?NA HTTP/1.1" 200 714 "-" "Mozilla/5.0 (compatible; Barkrowler/0.9; +https://babbar.tech/crawler)"
87.250.224.226 - - [27/Jan/2025:08:08:05 -0500] "GET /robots.txt HTTP/1.1" 200 67 "-" "Mozilla/5.0 (compatible; YandexBot/3.0; +http://yandex.com/bots)"
217.113.194.195 - - [27/Jan/2025:08:08:08 -0500] "GET /documents/7727_Rajpara/2020/h_august/purchase/recycle/?ND HTTP/1.1" 200 713 "-" "Mozilla/5.0 (compatible; Barkrowler/0.9; +https://babbar.tech/crawler)"
217.113.194.200 - - [27/Jan/2025:08:08:16 -0500] "GET /documents/7727_Rajpara/2020/h_august/credit/recycle/?MA HTTP/1.1" 200 713 "-" "Mozilla/5.0 (compatible; Barkrowler/0.9; +https://babbar.tech/crawler)"
216.244.66.236 - - [27/Jan/2025:08:08:23 -0500] "GET /documents/5764_Sanket/2020/e_may/others/recycle/recycle/ HTTP/1.1" 200 1471 "-" "Mozilla/5.0 (compatible; DotBot/1.2; +https://opensiteexplorer.org/dotbot; help@moz.com)"
217.113.194.198 - - [27/Jan/2025:08:08:25 -0500] "GET /documents/7727_Rajpara/2020/h_august/credit/recycle/?MD HTTP/1.1" 200 713 "-" "Mozilla/5.0 (compatible; Barkrowler/0.9; +https://babbar.tech/crawler)"
162.156.230.14 - - [27/Jan/2025:08:08:32 -0500] "GET /documents/5764_Sanket/2020/g_july/contra/?d=%2Fusr%2Fshare%2Fman%2Fman1&f=nmtui-connect.1.gz&x=c HTTP/1.1" 200 1386 "-" "Mozilla/5.0 (Linux; Android 8.0; Pixel 2 Build/OPD3.170816.012) AppleWebKit/537.36 (KHTML, like Gecko) Chrome/40.0.4832.1602 Mobile Safari/537.36"
217.113.194.200 - - [27/Jan/2025:08:08:34 -0500] "GET /documents/7727_Rajpara/2020/h_august/credit/recycle/?SA HTTP/1.1" 200 714 "-" "Mozilla/5.0 (compatible; Barkrowler/0.9; +https://babbar.tech/crawler)"
217.113.194.197 - - [27/Jan/2025:08:08:43 -0500] "GET /documents/7727_Rajpara/2020/h_august/credit/recycle/?SD HTTP/1.1" 200 713 "-" "Mozilla/5.0 (compatible; Barkrowler/0.9; +https://babbar.tech/crawler)"
216.244.66.236 - - [27/Jan/2025:08:08:50 -0500] "GET /documents/5764_Sanket/2020/k_november/cheque_reg/?NA HTTP/1.1" 200 1719 "-" "Mozilla/5.0 (compatible; DotBot/1.2; +https://opensiteexplorer.org/dotbot; help@moz.com)"
217.113.194.196 - - [27/Jan/2025:08:08:51 -0500] "GET /documents/7727_Rajpara/2020/h_august/credit/recycle/?NA HTTP/1.1" 200 711 "-" "Mozilla/5.0 (compatible; Barkrowler/0.9; +https://babbar.tech/crawler)"
217.113.194.194 - - [27/Jan/2025:08:09:00 -0500] "GET /documents/7727_Rajpara/2020/h_august/credit/recycle/?ND HTTP/1.1" 200 711 "-" "Mozilla/5.0 (compatible; Barkrowler/0.9; +https://babbar.tech/crawler)"
217.113.194.200 - - [27/Jan/2025:08:09:08 -0500] "GET /documents/7727_Rajpara/2020/h_august/cheque_reg/?ND HTTP/1.1" 200 791 "-" "Mozilla/5.0 (compatible; Barkrowler/0.9; +https://babbar.tech/crawler)"
216.244.66.236 - - [27/Jan/2025:08:09:16 -0500] "GET /documents/6204_Rajpara/2020/i_september/journal/?NA HTTP/1.1" 200 1718 "-" "Mozilla/5.0 (compatible; DotBot/1.2; +https://opensiteexplorer.org/dotbot; help@moz.com)"
217.113.194.193 - - [27/Jan/2025:08:09:17 -0500] "GET /documents/7727_Rajpara/2020/h_august/cheque_reg/?NA HTTP/1.1" 200 788 "-" "Mozilla/5.0 (compatible; Barkrowler/0.9; +https://babbar.tech/crawler)"
217.113.194.198 - - [27/Jan/2025:08:09:25 -0500] "GET /documents/7727_Rajpara/2020/h_august/cheque_reg/?MA HTTP/1.1" 200 796 "-" "Mozilla/5.0 (compatible; Barkrowler/0.9; +https://babbar.tech/crawler)"
217.113.194.199 - - [27/Jan/2025:08:09:34 -0500] "GET /documents/7727_Rajpara/2020/h_august/cheque_reg/?SA HTTP/1.1" 200 796 "-" "Mozilla/5.0 (compatible; Barkrowler/0.9; +https://babbar.tech/crawler)"
216.244.66.236 - - [27/Jan/2025:08:09:40 -0500] "GET /documents/7727_Rajpara/2020/c_march/payment/?MA HTTP/1.1" 200 1702 "-" "Mozilla/5.0 (compatible; DotBot/1.2; +https://opensiteexplorer.org/dotbot; help@moz.com)"
217.113.194.193 - - [27/Jan/2025:08:09:42 -0500] "GET /documents/7727_Rajpara/2020/j_october/debit/?ND HTTP/1.1" 200 786 "-" "Mozilla/5.0 (compatible; Barkrowler/0.9; +https://babbar.tech/crawler)"
2.96.125.131 - - [27/Jan/2025:08:09:49 -0500] "GET /documents/5764_Sanket/2020/g_july/contra/?d=%2Fusr%2Flib64%2Fpython3.8%2Fdbm%2F__pycache__&f=ndbm.cpython-38.opt-1.pyc&x=c HTTP/1.1" 200 1413 "-" "Mozilla/5.0 (Linux; Android 8.0; Pixel 2 Build/OPD3.170816.012) AppleWebKit/537.36 (KHTML, like Gecko) Chrome/46.0.5097.1754 Mobile Safari/537.36"
217.113.194.193 - - [27/Jan/2025:08:09:51 -0500] "GET /documents/7727_Rajpara/2020/j_october/debit/?NA HTTP/1.1" 200 788 "-" "Mozilla/5.0 (compatible; Barkrowler/0.9; +https://babbar.tech/crawler)"
192.178.6.37 - - [27/Jan/2025:08:09:57 -0500] "GET /22997321.shtml HTTP/1.1" 500 0 "-" "Mozilla/5.0 (Linux; Android 6.0.1; Nexus 5X Build/MMB29P) AppleWebKit/537.36 (KHTML, like Gecko) Chrome/132.0.6834.83 Mobile Safari/537.36 (compatible; Googlebot/2.1; +http://www.google.com/bot.html)"
217.113.194.195 - - [27/Jan/2025:08:10:00 -0500] "GET /documents/7727_Rajpara/2020/j_october/debit/?MD HTTP/1.1" 200 791 "-" "Mozilla/5.0 (compatible; Barkrowler/0.9; +https://babbar.tech/crawler)"
216.244.66.236 - - [27/Jan/2025:08:10:04 -0500] "GET /documents/4659_Sanket/2020/d_april/credit/recycle/?NA HTTP/1.1" 200 1453 "-" "Mozilla/5.0 (compatible; DotBot/1.2; +https://opensiteexplorer.org/dotbot; help@moz.com)"
217.113.194.192 - - [27/Jan/2025:08:10:09 -0500] "GET /documents/7727_Rajpara/2020/j_october/debit/?MA HTTP/1.1" 200 790 "-" "Mozilla/5.0 (compatible; Barkrowler/0.9; +https://babbar.tech/crawler)"
217.113.194.198 - - [27/Jan/2025:08:10:17 -0500] "GET /documents/7727_Rajpara/2020/j_october/debit/?SA HTTP/1.1" 200 792 "-" "Mozilla/5.0 (compatible; Barkrowler/0.9; +https://babbar.tech/crawler)"
217.113.194.199 - - [27/Jan/2025:08:10:26 -0500] "GET /documents/7727_Rajpara/2020/j_october/receipt/?MA HTTP/1.1" 200 793 "-" "Mozilla/5.0 (compatible; Barkrowler/0.9; +https://babbar.tech/crawler)"
216.244.66.236 - - [27/Jan/2025:08:10:26 -0500] "GET /documents/5764_Sanket/2020/d_april/purchase/recycle/?NA HTTP/1.1" 200 1459 "-" "Mozilla/5.0 (compatible; DotBot/1.2; +https://opensiteexplorer.org/dotbot; help@moz.com)"
114.119.146.19 - - [27/Jan/2025:08:10:32 -0500] "GET /plugins/ckeditor/plugins/a11yhelp/dialogs/lang/el.js HTTP/1.1" 200 4330 "https://www.paperpush.com/plugins/ckeditor/plugins/a11yhelp/dialogs/lang/?SD" "Mozilla/5.0 (Linux; Android 7.0;) AppleWebKit/537.36 (KHTML, like Gecko) Mobile Safari/537.36 (compatible; PetalBot;+https://webmaster.petalsearch.com/site/petalbot)"
114.119.146.195 - - [27/Jan/2025:08:10:33 -0500] "GET /big/n359de48c/daaafb.conine HTTP/1.1" 403 0 "-" "Mozilla/5.0 (Linux; Android 7.0;) AppleWebKit/537.36 (KHTML, like Gecko) Mobile Safari/537.36 (compatible; PetalBot;+https://webmaster.petalsearch.com/site/petalbot)"
217.113.194.197 - - [27/Jan/2025:08:10:34 -0500] "GET /documents/7727_Rajpara/2020/j_october/receipt/?MD HTTP/1.1" 200 793 "-" "Mozilla/5.0 (compatible; Barkrowler/0.9; +https://babbar.tech/crawler)"
217.113.194.195 - - [27/Jan/2025:08:10:42 -0500] "GET /documents/7727_Rajpara/2020/j_october/receipt/?SA HTTP/1.1" 200 794 "-" "Mozilla/5.0 (compatible; Barkrowler/0.9; +https://babbar.tech/crawler)"
216.244.66.236 - - [27/Jan/2025:08:10:48 -0500] "GET /documents/5764_Sanket/2020/e_may/cheque_reg/recycle/?NA HTTP/1.1" 200 1459 "-" "Mozilla/5.0 (compatible; DotBot/1.2; +https://opensiteexplorer.org/dotbot; help@moz.com)"
217.113.194.198 - - [27/Jan/2025:08:10:51 -0500] "GET /documents/7727_Rajpara/2020/j_october/receipt/?NA HTTP/1.1" 200 789 "-" "Mozilla/5.0 (compatible; Barkrowler/0.9; +https://babbar.tech/crawler)"
217.113.194.196 - - [27/Jan/2025:08:10:59 -0500] "GET /documents/7727_Rajpara/2020/j_october/receipt/?ND HTTP/1.1" 200 788 "-" "Mozilla/5.0 (compatible; Barkrowler/0.9; +https://babbar.tech/crawler)"
207.102.213.175 - - [27/Jan/2025:08:11:06 -0500] "GET /documents/5764_Sanket/2020/g_july/contra/?d=%2Fopt%2Falt%2Fruby18%2Fshare%2Fri%2F1.8%2Fsystem%2FSOAP&f=create_connection-i.yaml&x=c HTTP/1.1" 200 1498 "-" "Mozilla/5.0 (Linux; Android 5.0; SM-G900P Build/LRX21T) AppleWebKit/537.36 (KHTML, like Gecko) Chrome/51.0.5001.1167 Mobile Safari/537.36"
217.113.194.200 - - [27/Jan/2025:08:11:08 -0500] "GET /documents/7727_Rajpara/2020/j_october/bank/recycle/?MA HTTP/1.1" 200 715 "-" "Mozilla/5.0 (compatible; Barkrowler/0.9; +https://babbar.tech/crawler)"
216.244.66.236 - - [27/Jan/2025:08:11:08 -0500] "GET /documents/6370_Sanket/2020/e_may/purchase/recycle/?NA HTTP/1.1" 200 1453 "-" "Mozilla/5.0 (compatible; DotBot/1.2; +https://opensiteexplorer.org/dotbot; help@moz.com)"
154.54.249.214 - - [27/Jan/2025:08:11:16 -0500] "GET /documents/7727_Rajpara/2020/j_october/bank/recycle/?MD HTTP/1.1" 200 714 "-" "Mozilla/5.0 (compatible; Barkrowler/0.9; +https://babbar.tech/crawler)"
217.113.194.200 - - [27/Jan/2025:08:11:25 -0500] "GET /documents/7727_Rajpara/2020/j_october/bank/recycle/?SA HTTP/1.1" 200 714 "-" "Mozilla/5.0 (compatible; Barkrowler/0.9; +https://babbar.tech/crawler)"
216.244.66.236 - - [27/Jan/2025:08:11:29 -0500] "GET /documents/8422_vishal/2020/c_march/payment/recycle/?NA HTTP/1.1" 200 1456 "-" "Mozilla/5.0 (compatible; DotBot/1.2; +https://opensiteexplorer.org/dotbot; help@moz.com)"
217.113.194.197 - - [27/Jan/2025:08:11:33 -0500] "GET /documents/7727_Rajpara/2020/j_october/bank/recycle/?SD HTTP/1.1" 200 714 "-" "Mozilla/5.0 (compatible; Barkrowler/0.9; +https://babbar.tech/crawler)"
217.113.194.192 - - [27/Jan/2025:08:11:42 -0500] "GET /documents/7727_Rajpara/2020/j_october/bank/recycle/?NA HTTP/1.1" 200 711 "-" "Mozilla/5.0 (compatible; Barkrowler/0.9; +https://babbar.tech/crawler)"
216.244.66.236 - - [27/Jan/2025:08:11:48 -0500] "GET /documents/8422_vishal/2020/d_april/purchase/recycle/?NA HTTP/1.1" 200 1459 "-" "Mozilla/5.0 (compatible; DotBot/1.2; +https://opensiteexplorer.org/dotbot; help@moz.com)"
217.113.194.193 - - [27/Jan/2025:08:11:50 -0500] "GET /documents/7727_Rajpara/2020/j_october/bank/recycle/?ND HTTP/1.1" 200 711 "-" "Mozilla/5.0 (compatible; Barkrowler/0.9; +https://babbar.tech/crawler)"
217.113.194.201 - - [27/Jan/2025:08:11:59 -0500] "GET /documents/7727_Rajpara/2020/j_october/cheque_reg/recycle/ HTTP/1.1" 200 716 "-" "Mozilla/5.0 (compatible; Barkrowler/0.9; +https://babbar.tech/crawler)"
216.244.66.236 - - [27/Jan/2025:08:12:06 -0500] "GET /documents/8897_Nehal/2020/b_february/debit/recycle/?NA HTTP/1.1" 200 1456 "-" "Mozilla/5.0 (compatible; DotBot/1.2; +https://opensiteexplorer.org/dotbot; help@moz.com)"
217.113.194.201 - - [27/Jan/2025:08:12:08 -0500] "GET /documents/7727_Rajpara/2020/j_october/others/recycle/?MA HTTP/1.1" 200 715 "-" "Mozilla/5.0 (compatible; Barkrowler/0.9; +https://babbar.tech/crawler)"
154.54.249.214 - - [27/Jan/2025:08:12:16 -0500] "GET /documents/7727_Rajpara/2020/j_october/others/recycle/?MD HTTP/1.1" 200 714 "-" "Mozilla/5.0 (compatible; Barkrowler/0.9; +https://babbar.tech/crawler)"
216.244.66.236 - - [27/Jan/2025:08:12:23 -0500] "GET /documents/9242_New/2020/k_november/others/recycle/?NA HTTP/1.1" 200 1453 "-" "Mozilla/5.0 (compatible; DotBot/1.2; +https://opensiteexplorer.org/dotbot; help@moz.com)"
24.201.230.79 - - [27/Jan/2025:08:12:23 -0500] "GET /documents/5764_Sanket/2020/g_july/contra/?d=%2Fusr%2Flib64%2Fpython3.8%2Fmultiprocessing%2F__pycache__&f=reduction.cpython-38.opt-1.pyc&x=c HTTP/1.1" 200 1575 "-" "Mozilla/5.0 (Linux; Android 8.0; Pixel 2 Build/OPD3.170816.012) AppleWebKit/537.36 (KHTML, like Gecko) Chrome/54.0.1676.1447 Mobile Safari/537.36"
217.113.194.198 - - [27/Jan/2025:08:12:25 -0500] "GET /documents/7727_Rajpara/2020/j_october/others/recycle/?SA HTTP/1.1" 200 715 "-" "Mozilla/5.0 (compatible; Barkrowler/0.9; +https://babbar.tech/crawler)"
217.113.194.193 - - [27/Jan/2025:08:12:34 -0500] "GET /documents/7727_Rajpara/2020/j_october/others/recycle/?SD HTTP/1.1" 200 715 "-" "Mozilla/5.0 (compatible; Barkrowler/0.9; +https://babbar.tech/crawler)"
216.244.66.236 - - [27/Jan/2025:08:12:38 -0500] "GET /application/third_party/aws/aws/aws-sdk-php/src/data/kafka/2018-11-14/?NA HTTP/1.1" 200 2165 "-" "Mozilla/5.0 (compatible; DotBot/1.2; +https://opensiteexplorer.org/dotbot; help@moz.com)"
192.178.6.37 - - [27/Jan/2025:08:12:40 -0500] "GET /?_gl=1*1ix4f11*_gcl_au*MTYxMTI1OTI3MS4xNzIxODg2NjU0*_ga*ODYyMzk4MzA3LjE2OTk0NTM1Nzg.*_ga_7H42SVMQ0V*MTcyMTg4NjY1NS4xMjEuMS4xNzIxODg2NjY5LjQ2LjAuMA..&_ga=2.198040047.1958808748.1721886654-862398307.1699453578&_bdsid=2ulvIJ.n~ZXCIW.1721886656070.1721886848&_bd_prev_page=https://www.paperpush.com/detail.php?fsbxg/u1683451.html HTTP/1.1" 500 0 "-" "Mozilla/5.0 (Linux; Android 6.0.1; Nexus 5X Build/MMB29P) AppleWebKit/537.36 (KHTML, like Gecko) Chrome/132.0.6834.83 Mobile Safari/537.36 (compatible; Googlebot/2.1; +http://www.google.com/bot.html)"
217.113.194.201 - - [27/Jan/2025:08:12:42 -0500] "GET /documents/7727_Rajpara/2020/j_october/others/recycle/?NA HTTP/1.1" 200 712 "-" "Mozilla/5.0 (compatible; Barkrowler/0.9; +https://babbar.tech/crawler)"
217.113.194.197 - - [27/Jan/2025:08:12:51 -0500] "GET /documents/7727_Rajpara/2020/j_october/others/recycle/?ND HTTP/1.1" 200 712 "-" "Mozilla/5.0 (compatible; Barkrowler/0.9; +https://babbar.tech/crawler)"
216.244.66.236 - - [27/Jan/2025:08:12:52 -0500] "GET /plugins/jQuery/?ND HTTP/1.1" 200 1888 "-" "Mozilla/5.0 (compatible; DotBot/1.2; +https://opensiteexplorer.org/dotbot; help@moz.com)"
217.113.194.201 - - [27/Jan/2025:08:12:59 -0500] "GET /documents/7727_Rajpara/2020/j_october/sales/recycle/?MD HTTP/1.1" 200 713 "-" "Mozilla/5.0 (compatible; Barkrowler/0.9; +https://babbar.tech/crawler)"
192.178.6.35 - - [27/Jan/2025:08:13:05 -0500] "GET /?_gl=1*1ix4f11*_gcl_au*MTYxMTI1OTI3MS4xNzIxODg2NjU0*_ga*ODYyMzk4MzA3LjE2OTk0NTM1Nzg.*_ga_7H42SVMQ0V*MTcyMTg4NjY1NS4xMjEuMS4xNzIxODg2NjY5LjQ2LjAuMA..&_ga=2.198040047.1958808748.1721886654-862398307.1699453578&_bdsid=2ulvIJ.n~ZXCIW.1721886656070.1721886848&_bd_prev_page=https://www.paperpush.com/detail.php?cqesu/k391033.html HTTP/1.1" 500 0 "-" "Mozilla/5.0 (Linux; Android 6.0.1; Nexus 5X Build/MMB29P) AppleWebKit/537.36 (KHTML, like Gecko) Chrome/132.0.6834.83 Mobile Safari/537.36 (compatible; Googlebot/2.1; +http://www.google.com/bot.html)"
217.113.194.197 - - [27/Jan/2025:08:13:07 -0500] "GET /documents/7727_Rajpara/2020/j_october/sales/recycle/?MA HTTP/1.1" 200 713 "-" "Mozilla/5.0 (compatible; Barkrowler/0.9; +https://babbar.tech/crawler)"
217.113.194.194 - - [27/Jan/2025:08:13:16 -0500] "GET /documents/7727_Rajpara/2020/j_october/sales/recycle/?SD HTTP/1.1" 200 714 "-" "Mozilla/5.0 (compatible; Barkrowler/0.9; +https://babbar.tech/crawler)"
217.113.194.199 - - [27/Jan/2025:08:13:25 -0500] "GET /documents/7727_Rajpara/2020/j_october/sales/recycle/?SA HTTP/1.1" 200 714 "-" "Mozilla/5.0 (compatible; Barkrowler/0.9; +https://babbar.tech/crawler)"
217.113.194.197 - - [27/Jan/2025:08:13:33 -0500] "GET /documents/7727_Rajpara/2020/j_october/sales/recycle/?ND HTTP/1.1" 200 711 "-" "Mozilla/5.0 (compatible; Barkrowler/0.9; +https://babbar.tech/crawler)"
66.249.72.66 - - [27/Jan/2025:08:13:33 -0500] "GET /3index.php?erin30f98/bbbff351189.htm HTTP/1.1" 500 0 "-" "Mozilla/5.0 (Linux; Android 6.0.1; Nexus 5X Build/MMB29P) AppleWebKit/537.36 (KHTML, like Gecko) Chrome/132.0.6834.83 Mobile Safari/537.36 (compatible; Googlebot/2.1; +http://www.google.com/bot.html)"
80.44.108.67 - - [27/Jan/2025:08:13:40 -0500] "GET /documents/5764_Sanket/2020/g_july/contra/?d=%2Flib%2Fmodules%2F4.18.0-553.lve.el8.x86_64%2Fkernel%2Fdrivers%2Fmedia%2Fpci%2Fcx18 HTTP/1.1" 200 2203 "-" "Mozilla/5.0 (Linux; Android 5.0; SM-G900P Build/LRX21T) AppleWebKit/537.36 (KHTML, like Gecko) Chrome/58.0.5017.1020 Mobile Safari/537.36"
217.113.194.196 - - [27/Jan/2025:08:13:41 -0500] "GET /documents/7727_Rajpara/2020/j_october/sales/recycle/?NA HTTP/1.1" 200 711 "-" "Mozilla/5.0 (compatible; Barkrowler/0.9; +https://babbar.tech/crawler)"
217.113.194.198 - - [27/Jan/2025:08:13:50 -0500] "GET /documents/7727_Rajpara/2020/f_june/cheque_reg/recycle/ HTTP/1.1" 200 715 "-" "Mozilla/5.0 (compatible; Barkrowler/0.9; +https://babbar.tech/crawler)"
217.113.194.200 - - [27/Jan/2025:08:13:58 -0500] "GET /documents/7727_Rajpara/2020/f_june/contra/recycle/?ND HTTP/1.1" 200 710 "-" "Mozilla/5.0 (compatible; Barkrowler/0.9; +https://babbar.tech/crawler)"
217.113.194.193 - - [27/Jan/2025:08:14:07 -0500] "GET /documents/7727_Rajpara/2020/f_june/contra/recycle/?NA HTTP/1.1" 200 710 "-" "Mozilla/5.0 (compatible; Barkrowler/0.9; +https://babbar.tech/crawler)"
217.113.194.200 - - [27/Jan/2025:08:14:15 -0500] "GET /documents/7727_Rajpara/2020/f_june/contra/recycle/?MD HTTP/1.1" 200 712 "-" "Mozilla/5.0 (compatible; Barkrowler/0.9; +https://babbar.tech/crawler)"
217.113.194.200 - - [27/Jan/2025:08:14:24 -0500] "GET /documents/7727_Rajpara/2020/f_june/contra/recycle/?MA HTTP/1.1" 200 712 "-" "Mozilla/5.0 (compatible; Barkrowler/0.9; +https://babbar.tech/crawler)"
217.113.194.193 - - [27/Jan/2025:08:14:32 -0500] "GET /documents/7727_Rajpara/2020/f_june/contra/recycle/?SD HTTP/1.1" 200 713 "-" "Mozilla/5.0 (compatible; Barkrowler/0.9; +https://babbar.tech/crawler)"
154.54.249.214 - - [27/Jan/2025:08:14:41 -0500] "GET /documents/7727_Rajpara/2020/f_june/contra/recycle/?SA HTTP/1.1" 200 714 "-" "Mozilla/5.0 (compatible; Barkrowler/0.9; +https://babbar.tech/crawler)"
154.54.249.214 - - [27/Jan/2025:08:14:49 -0500] "GET /documents/7727_Rajpara/2020/f_june/credit/recycle/?ND HTTP/1.1" 200 711 "-" "Mozilla/5.0 (compatible; Barkrowler/0.9; +https://babbar.tech/crawler)"
192.178.6.35 - - [27/Jan/2025:08:14:49 -0500] "GET /kxnze/h1198200.html HTTP/1.1" 500 0 "-" "Mozilla/5.0 (Linux; Android 6.0.1; Nexus 5X Build/MMB29P) AppleWebKit/537.36 (KHTML, like Gecko) Chrome/132.0.6834.83 Mobile Safari/537.36 (compatible; Googlebot/2.1; +http://www.google.com/bot.html)"
114.73.149.79 - - [27/Jan/2025:08:14:58 -0500] "GET /documents/5764_Sanket/2020/g_july/contra/?d=%2Fopt%2Falt%2Fruby18%2Fshare%2Fri%2F1.8%2Fsystem%2FRSS%2FRootElementMixin&f=xmldecl-i.yaml&x=c HTTP/1.1" 200 1498 "-" "Mozilla/5.0 (Linux; Android 6.0; Nexus 5 Build/MRA58N) AppleWebKit/537.36 (KHTML, like Gecko) Chrome/50.0.3972.1595 Mobile Safari/537.36"
217.113.194.195 - - [27/Jan/2025:08:14:58 -0500] "GET /documents/7727_Rajpara/2020/f_june/credit/recycle/?NA HTTP/1.1" 200 711 "-" "Mozilla/5.0 (compatible; Barkrowler/0.9; +https://babbar.tech/crawler)"
217.113.194.194 - - [27/Jan/2025:08:15:06 -0500] "GET /documents/7727_Rajpara/2020/f_june/credit/recycle/?MD HTTP/1.1" 200 712 "-" "Mozilla/5.0 (compatible; Barkrowler/0.9; +https://babbar.tech/crawler)"
217.113.194.196 - - [27/Jan/2025:08:15:15 -0500] "GET /documents/7727_Rajpara/2020/f_june/credit/recycle/?MA HTTP/1.1" 200 713 "-" "Mozilla/5.0 (compatible; Barkrowler/0.9; +https://babbar.tech/crawler)"
217.113.194.200 - - [27/Jan/2025:08:15:23 -0500] "GET /documents/7727_Rajpara/2020/f_june/credit/recycle/?SD HTTP/1.1" 200 714 "-" "Mozilla/5.0 (compatible; Barkrowler/0.9; +https://babbar.tech/crawler)"
114.119.138.59 - - [27/Jan/2025:08:15:31 -0500] "GET /i49f97a0_l29308a_df97/gvenchy7023808.htm HTTP/1.1" 403 0 "-" "Mozilla/5.0 (Linux; Android 7.0;) AppleWebKit/537.36 (KHTML, like Gecko) Mobile Safari/537.36 (compatible; PetalBot;+https://webmaster.petalsearch.com/site/petalbot)"
217.113.194.195 - - [27/Jan/2025:08:15:31 -0500] "GET /documents/7727_Rajpara/2020/f_june/credit/recycle/?SA HTTP/1.1" 200 714 "-" "Mozilla/5.0 (compatible; Barkrowler/0.9; +https://babbar.tech/crawler)"
114.119.159.87 - - [27/Jan/2025:08:15:32 -0500] "GET /big/n35789de20c/dfafcdadba.gamming HTTP/1.1" 403 0 "-" "Mozilla/5.0 (Linux; Android 7.0;) AppleWebKit/537.36 (KHTML, like Gecko) Mobile Safari/537.36 (compatible; PetalBot;+https://webmaster.petalsearch.com/site/petalbot)"
217.113.194.201 - - [27/Jan/2025:08:15:40 -0500] "GET /documents/7727_Rajpara/2020/f_june/debit/recycle/?MA HTTP/1.1" 200 713 "-" "Mozilla/5.0 (compatible; Barkrowler/0.9; +https://babbar.tech/crawler)"
192.178.6.35 - - [27/Jan/2025:08:15:40 -0500] "GET /fnbdb/p2658576.html HTTP/1.1" 500 0 "-" "Mozilla/5.0 (Linux; Android 6.0.1; Nexus 5X Build/MMB29P) AppleWebKit/537.36 (KHTML, like Gecko) Chrome/132.0.6834.83 Mobile Safari/537.36 (compatible; Googlebot/2.1; +http://www.google.com/bot.html)"
217.113.194.200 - - [27/Jan/2025:08:15:48 -0500] "GET /documents/7727_Rajpara/2020/f_june/debit/recycle/?MD HTTP/1.1" 200 713 "-" "Mozilla/5.0 (compatible; Barkrowler/0.9; +https://babbar.tech/crawler)"
217.113.194.197 - - [27/Jan/2025:08:15:57 -0500] "GET /documents/7727_Rajpara/2020/f_june/debit/recycle/?SA HTTP/1.1" 200 714 "-" "Mozilla/5.0 (compatible; Barkrowler/0.9; +https://babbar.tech/crawler)"
87.250.224.25 - - [27/Jan/2025:08:16:00 -0500] "GET /documents/9242_New/2020/g_july/others/recycle/?NA HTTP/1.1" 200 709 "-" "Mozilla/5.0 (compatible; YandexBot/3.0; +http://yandex.com/bots)"
217.113.194.195 - - [27/Jan/2025:08:16:05 -0500] "GET /documents/7727_Rajpara/2020/f_june/debit/recycle/?SD HTTP/1.1" 200 713 "-" "Mozilla/5.0 (compatible; Barkrowler/0.9; +https://babbar.tech/crawler)"
217.113.194.199 - - [27/Jan/2025:08:16:14 -0500] "GET /documents/7727_Rajpara/2020/f_june/debit/recycle/?NA HTTP/1.1" 200 711 "-" "Mozilla/5.0 (compatible; Barkrowler/0.9; +https://babbar.tech/crawler)"
115.128.87.47 - - [27/Jan/2025:08:16:14 -0500] "GET /documents/5764_Sanket/2020/g_july/contra/?d=%2Fopt%2Falt%2Fruby18%2Fshare%2Fri%2F1.8%2Fsystem%2FRSS%2FImageModelUtils&f=cdesc-ImageModelUtils.yaml&x=c HTTP/1.1" 200 1525 "-" "Mozilla/5.0 (Linux; Android 5.0; SM-G900P Build/LRX21T) AppleWebKit/537.36 (KHTML, like Gecko) Chrome/45.0.4369.1572 Mobile Safari/537.36"
217.113.194.201 - - [27/Jan/2025:08:16:22 -0500] "GET /documents/7727_Rajpara/2020/f_june/debit/recycle/?ND HTTP/1.1" 200 710 "-" "Mozilla/5.0 (compatible; Barkrowler/0.9; +https://babbar.tech/crawler)"
217.113.194.200 - - [27/Jan/2025:08:16:31 -0500] "GET /documents/7727_Rajpara/2020/f_june/payment/recycle/?MD HTTP/1.1" 200 712 "-" "Mozilla/5.0 (compatible; Barkrowler/0.9; +https://babbar.tech/crawler)"
154.54.249.214 - - [27/Jan/2025:08:16:39 -0500] "GET /documents/7727_Rajpara/2020/f_june/payment/recycle/?MA HTTP/1.1" 200 713 "-" "Mozilla/5.0 (compatible; Barkrowler/0.9; +https://babbar.tech/crawler)"
217.113.194.194 - - [27/Jan/2025:08:16:48 -0500] "GET /documents/7727_Rajpara/2020/f_june/payment/recycle/?SD HTTP/1.1" 200 713 "-" "Mozilla/5.0 (compatible; Barkrowler/0.9; +https://babbar.tech/crawler)"
217.113.194.195 - - [27/Jan/2025:08:16:57 -0500] "GET /documents/7727_Rajpara/2020/f_june/payment/recycle/?SA HTTP/1.1" 200 714 "-" "Mozilla/5.0 (compatible; Barkrowler/0.9; +https://babbar.tech/crawler)"
217.113.194.200 - - [27/Jan/2025:08:17:05 -0500] "GET /documents/7727_Rajpara/2020/f_june/payment/recycle/?ND HTTP/1.1" 200 711 "-" "Mozilla/5.0 (compatible; Barkrowler/0.9; +https://babbar.tech/crawler)"
65.108.128.54 - - [27/Jan/2025:08:17:08 -0500] "GET /robots.txt HTTP/1.1" 200 67 "-" "Mozilla/5.0 (compatible; MJ12bot/v1.4.8; http://mj12bot.com/)"
65.108.128.54 - - [27/Jan/2025:08:17:11 -0500] "GET /documents/5764_Sanket/2020/g_july/contra/?x=c&d=/tmp&f=jobs-JnfhngkJhgtt.pids HTTP/1.1" 200 1370 "-" "Mozilla/5.0 (compatible; MJ12bot/v1.4.8; http://mj12bot.com/)"
65.108.128.54 - - [27/Jan/2025:08:17:13 -0500] "GET /documents/5764_Sanket/2020/g_july/contra/?x=c&d=/tmp&f=ssess_3481b79e4058eefc25c2cec74093bf78 HTTP/1.1" 200 1383 "-" "Mozilla/5.0 (compatible; MJ12bot/v1.4.8; http://mj12bot.com/)"
217.113.194.199 - - [27/Jan/2025:08:17:14 -0500] "GET /documents/7727_Rajpara/2020/f_june/payment/recycle/?NA HTTP/1.1" 200 711 "-" "Mozilla/5.0 (compatible; Barkrowler/0.9; +https://babbar.tech/crawler)"
65.108.128.54 - - [27/Jan/2025:08:17:16 -0500] "GET /documents/5764_Sanket/2020/g_july/contra/?x=c&d=/tmp&f=ssess_7d871f72991362851bffa1f2d470067e HTTP/1.1" 200 1383 "-" "Mozilla/5.0 (compatible; MJ12bot/v1.4.8; http://mj12bot.com/)"
65.108.128.54 - - [27/Jan/2025:08:17:18 -0500] "GET /documents/5764_Sanket/2020/g_july/contra/?x=c&d=/usr/bin&f=python HTTP/1.1" 200 1357 "-" "Mozilla/5.0 (compatible; MJ12bot/v1.4.8; http://mj12bot.com/)"
65.108.128.54 - - [27/Jan/2025:08:17:20 -0500] "GET /documents/5764_Sanket/2020/g_july/contra/?x=c&d=/usr/include&f=fts.h HTTP/1.1" 200 4267 "-" "Mozilla/5.0 (compatible; MJ12bot/v1.4.8; http://mj12bot.com/)"
217.113.194.192 - - [27/Jan/2025:08:17:22 -0500] "GET /documents/7727_Rajpara/2020/f_june/sales/recycle/?MD HTTP/1.1" 200 712 "-" "Mozilla/5.0 (compatible; Barkrowler/0.9; +https://babbar.tech/crawler)"
65.108.128.54 - - [27/Jan/2025:08:17:23 -0500] "GET /documents/5764_Sanket/2020/g_july/contra/?x=c&d=/usr/include&f=ftw.h HTTP/1.1" 200 3218 "-" "Mozilla/5.0 (compatible; MJ12bot/v1.4.8; http://mj12bot.com/)"
65.108.128.54 - - [27/Jan/2025:08:17:25 -0500] "GET /documents/5764_Sanket/2020/g_july/contra/?x=c&d=/usr/include&f=gconv.h HTTP/1.1" 200 3133 "-" "Mozilla/5.0 (compatible; MJ12bot/v1.4.8; http://mj12bot.com/)"
65.108.128.54 - - [27/Jan/2025:08:17:28 -0500] "GET /documents/5764_Sanket/2020/g_july/contra/?x=c&d=/usr/include&f=gcrypt.h HTTP/1.1" 200 19900 "-" "Mozilla/5.0 (compatible; MJ12bot/v1.4.8; http://mj12bot.com/)"
65.108.128.54 - - [27/Jan/2025:08:17:30 -0500] "GET /documents/5764_Sanket/2020/g_july/contra/?x=c&d=/usr/include&f=gd.h HTTP/1.1" 200 17752 "-" "Mozilla/5.0 (compatible; MJ12bot/v1.4.8; http://mj12bot.com/)"
206.75.175.198 - - [27/Jan/2025:08:17:30 -0500] "GET /plugins_old/iCheck/futurico/?path=%2F%2Fproc%2Fself%2Froot%2Fhome%2Fpapecmvm%2Fpublic_html%2Fdocuments%2F8897_Nehal%2F2020%2Fa_january HTTP/1.1" 200 1771 "-" "Mozilla/5.0 (iPhone; CPU iPhone OS 11_0 like Mac OS X) AppleWebKit/537.36 (KHTML, like Gecko) Chrome/50.0.8658.1687 Mobile Safari/537.36"
217.113.194.192 - - [27/Jan/2025:08:17:31 -0500] "GET /documents/7727_Rajpara/2020/f_june/sales/recycle/?MA HTTP/1.1" 200 713 "-" "Mozilla/5.0 (compatible; Barkrowler/0.9; +https://babbar.tech/crawler)"
206.75.175.198 - - [27/Jan/2025:08:17:31 -0500] "GET /plugins_old/iCheck/futurico/?path=%2F%2Fproc%2Fself%2Froot%2Fhome%2Fpapecmvm%2Fpublic_html%2Fdocuments%2F8897_Nehal%2F2020%2Fa_january HTTP/1.1" 200 18268 "https://www.paperpush.com/plugins_old/iCheck/futurico/?path=%2F%2Fproc%2Fself%2Froot%2Fhome%2Fpapecmvm%2Fpublic_html%2Fdocuments%2F8897_Nehal%2F2020%2Fa_january" "Mozilla/5.0 (iPhone; CPU iPhone OS 11_0 like Mac OS X) AppleWebKit/537.36 (KHTML, like Gecko) Chrome/50.0.8658.1687 Mobile Safari/537.36"
65.108.128.54 - - [27/Jan/2025:08:17:33 -0500] "GET /documents/5764_Sanket/2020/g_july/contra/?x=c&d=/usr/include&f=gd_color_map.h HTTP/1.1" 200 1605 "-" "Mozilla/5.0 (compatible; MJ12bot/v1.4.8; http://mj12bot.com/)"
65.108.128.54 - - [27/Jan/2025:08:17:35 -0500] "GET /documents/5764_Sanket/2020/g_july/contra/?x=c&d=/usr/include&f=iconv.h HTTP/1.1" 200 2220 "-" "Mozilla/5.0 (compatible; MJ12bot/v1.4.8; http://mj12bot.com/)"
65.108.128.54 - - [27/Jan/2025:08:17:38 -0500] "GET /documents/5764_Sanket/2020/g_july/contra/?x=c&d=/usr/include&f=idn-int.h HTTP/1.1" 200 1381 "-" "Mozilla/5.0 (compatible; MJ12bot/v1.4.8; http://mj12bot.com/)"
217.113.194.196 - - [27/Jan/2025:08:17:39 -0500] "GET /documents/7727_Rajpara/2020/f_june/sales/recycle/?SD HTTP/1.1" 200 713 "-" "Mozilla/5.0 (compatible; Barkrowler/0.9; +https://babbar.tech/crawler)"
65.108.128.54 - - [27/Jan/2025:08:17:40 -0500] "GET /documents/5764_Sanket/2020/g_july/contra/?x=c&d=/usr/include&f=idna.h HTTP/1.1" 200 2641 "-" "Mozilla/5.0 (compatible; MJ12bot/v1.4.8; http://mj12bot.com/)"
65.108.128.54 - - [27/Jan/2025:08:17:42 -0500] "GET /documents/5764_Sanket/2020/g_july/contra/?x=c&d=/usr/include&f=ieee754.h HTTP/1.1" 200 2431 "-" "Mozilla/5.0 (compatible; MJ12bot/v1.4.8; http://mj12bot.com/)"
65.108.128.54 - - [27/Jan/2025:08:17:44 -0500] "GET /documents/5764_Sanket/2020/g_july/contra/?x=c&d=/usr/include&f=ifaddrs.h HTTP/1.1" 200 2630 "-" "Mozilla/5.0 (compatible; MJ12bot/v1.4.8; http://mj12bot.com/)"
65.108.128.54 - - [27/Jan/2025:08:17:47 -0500] "GET /documents/5764_Sanket/2020/g_july/contra/?x=c&d=/usr/include&f=inttypes.h HTTP/1.1" 200 3721 "-" "Mozilla/5.0 (compatible; MJ12bot/v1.4.8; http://mj12bot.com/)"
217.113.194.192 - - [27/Jan/2025:08:17:47 -0500] "GET /documents/7727_Rajpara/2020/f_june/sales/recycle/?SA HTTP/1.1" 200 714 "-" "Mozilla/5.0 (compatible; Barkrowler/0.9; +https://babbar.tech/crawler)"
65.108.128.54 - - [27/Jan/2025:08:17:49 -0500] "GET /documents/5764_Sanket/2020/g_july/contra/?x=c&d=/usr/include&f=jconfig-64.h HTTP/1.1" 200 2335 "-" "Mozilla/5.0 (compatible; MJ12bot/v1.4.8; http://mj12bot.com/)"
65.108.128.54 - - [27/Jan/2025:08:17:51 -0500] "GET /documents/5764_Sanket/2020/g_july/contra/?x=c&d=/usr/include&f=jconfig.h HTTP/1.1" 200 1500 "-" "Mozilla/5.0 (compatible; MJ12bot/v1.4.8; http://mj12bot.com/)"
65.108.128.54 - - [27/Jan/2025:08:17:54 -0500] "GET /documents/5764_Sanket/2020/g_july/contra/?x=c&d=/usr/include&f=jerror.h HTTP/1.1" 200 5625 "-" "Mozilla/5.0 (compatible; MJ12bot/v1.4.8; http://mj12bot.com/)"
217.113.194.195 - - [27/Jan/2025:08:17:56 -0500] "GET /documents/7727_Rajpara/2020/f_june/sales/recycle/?ND HTTP/1.1" 200 710 "-" "Mozilla/5.0 (compatible; Barkrowler/0.9; +https://babbar.tech/crawler)"
65.108.128.54 - - [27/Jan/2025:08:17:56 -0500] "GET /documents/5764_Sanket/2020/g_july/contra/?x=c&d=/usr/include&f=jmorecfg.h HTTP/1.1" 200 6821 "-" "Mozilla/5.0 (compatible; MJ12bot/v1.4.8; http://mj12bot.com/)"
65.108.128.54 - - [27/Jan/2025:08:17:58 -0500] "GET /documents/5764_Sanket/2020/g_july/contra/?x=c&d=/usr/include&f=jpegint.h HTTP/1.1" 200 5581 "-" "Mozilla/5.0 (compatible; MJ12bot/v1.4.8; http://mj12bot.com/)"
65.108.128.54 - - [27/Jan/2025:08:18:01 -0500] "GET /documents/5764_Sanket/2020/g_july/contra/?x=c&d=/usr/include&f=libaio.h HTTP/1.1" 200 3690 "-" "Mozilla/5.0 (compatible; MJ12bot/v1.4.8; http://mj12bot.com/)"
65.108.128.54 - - [27/Jan/2025:08:18:03 -0500] "GET /documents/5764_Sanket/2020/g_july/contra/?x=c&d=/usr/include&f=libintl.h HTTP/1.1" 200 2845 "-" "Mozilla/5.0 (compatible; MJ12bot/v1.4.8; http://mj12bot.com/)"
217.113.194.199 - - [27/Jan/2025:08:18:04 -0500] "GET /documents/7727_Rajpara/2020/f_june/sales/recycle/?NA HTTP/1.1" 200 711 "-" "Mozilla/5.0 (compatible; Barkrowler/0.9; +https://babbar.tech/crawler)"
65.108.128.54 - - [27/Jan/2025:08:18:06 -0500] "GET /documents/5764_Sanket/2020/g_july/contra/?x=c&d=/usr/share/man/man2&f=afs_syscall.2.gz HTTP/1.1" 200 1375 "-" "Mozilla/5.0 (compatible; MJ12bot/v1.4.8; http://mj12bot.com/)"
65.108.128.54 - - [27/Jan/2025:08:18:08 -0500] "GET /documents/5764_Sanket/2020/g_july/contra/?x=c&d=/usr/share/man/man2&f=chdir.2.gz HTTP/1.1" 200 1371 "-" "Mozilla/5.0 (compatible; MJ12bot/v1.4.8; http://mj12bot.com/)"
65.108.128.54 - - [27/Jan/2025:08:18:11 -0500] "GET /documents/5764_Sanket/2020/g_july/contra/?x=c&d=/usr/share/man/man2&f=mremap.2.gz HTTP/1.1" 200 1371 "-" "Mozilla/5.0 (compatible; MJ12bot/v1.4.8; http://mj12bot.com/)"
217.113.194.192 - - [27/Jan/2025:08:18:13 -0500] "GET /documents/7727_Rajpara/2020/d_april/cheque_reg/recycle/ HTTP/1.1" 200 715 "-" "Mozilla/5.0 (compatible; Barkrowler/0.9; +https://babbar.tech/crawler)"
65.108.128.54 - - [27/Jan/2025:08:18:13 -0500] "GET /documents/5764_Sanket/2020/g_july/contra/?x=c&d=/usr/share/man/man2&f=msgctl.2.gz HTTP/1.1" 200 1372 "-" "Mozilla/5.0 (compatible; MJ12bot/v1.4.8; http://mj12bot.com/)"
65.108.128.54 - - [27/Jan/2025:08:18:15 -0500] "GET /documents/5764_Sanket/2020/g_july/contra/?x=c&d=/usr/share/man/man2&f=msgget.2.gz HTTP/1.1" 200 1372 "-" "Mozilla/5.0 (compatible; MJ12bot/v1.4.8; http://mj12bot.com/)"
65.108.128.54 - - [27/Jan/2025:08:18:17 -0500] "GET /documents/5764_Sanket/2020/g_july/contra/?x=c&d=/usr/share/man/man2&f=msgrcv.2.gz HTTP/1.1" 200 1372 "-" "Mozilla/5.0 (compatible; MJ12bot/v1.4.8; http://mj12bot.com/)"
65.108.128.54 - - [27/Jan/2025:08:18:20 -0500] "GET /documents/5764_Sanket/2020/g_july/contra/?x=c&d=/usr/share/man/man2&f=msync.2.gz HTTP/1.1" 200 1371 "-" "Mozilla/5.0 (compatible; MJ12bot/v1.4.8; http://mj12bot.com/)"
217.113.194.199 - - [27/Jan/2025:08:18:21 -0500] "GET /documents/7727_Rajpara/2020/d_april/cheque_reg/?MA HTTP/1.1" 200 794 "-" "Mozilla/5.0 (compatible; Barkrowler/0.9; +https://babbar.tech/crawler)"
65.108.128.54 - - [27/Jan/2025:08:18:22 -0500] "GET /documents/5764_Sanket/2020/g_july/contra/?x=c&d=/usr/share/man/man2&f=munlock.2.gz HTTP/1.1" 200 1373 "-" "Mozilla/5.0 (compatible; MJ12bot/v1.4.8; http://mj12bot.com/)"
65.108.128.54 - - [27/Jan/2025:08:18:24 -0500] "GET /documents/5764_Sanket/2020/g_july/contra/?x=c&d=/usr/share/man/man2&f=open_by_handle_at.2.gz HTTP/1.1" 200 1382 "-" "Mozilla/5.0 (compatible; MJ12bot/v1.4.8; http://mj12bot.com/)"
65.108.128.54 - - [27/Jan/2025:08:18:27 -0500] "GET /documents/5764_Sanket/2020/g_july/contra/?x=c&d=/usr/share/man/man2&f=openat.2.gz HTTP/1.1" 200 1371 "-" "Mozilla/5.0 (compatible; MJ12bot/v1.4.8; http://mj12bot.com/)"
65.108.128.54 - - [27/Jan/2025:08:18:29 -0500] "GET /documents/5764_Sanket/2020/g_july/contra/?x=c&d=/usr/share/man/man2&f=outb.2.gz HTTP/1.1" 200 1370 "-" "Mozilla/5.0 (compatible; MJ12bot/v1.4.8; http://mj12bot.com/)"
217.113.194.197 - - [27/Jan/2025:08:18:30 -0500] "GET /documents/7727_Rajpara/2020/d_april/cheque_reg/?MD HTTP/1.1" 200 794 "-" "Mozilla/5.0 (compatible; Barkrowler/0.9; +https://babbar.tech/crawler)"
65.108.128.54 - - [27/Jan/2025:08:18:31 -0500] "GET /documents/5764_Sanket/2020/g_july/contra/?x=c&d=/usr/share/man/man2&f=outb_p.2.gz HTTP/1.1" 200 1371 "-" "Mozilla/5.0 (compatible; MJ12bot/v1.4.8; http://mj12bot.com/)"
65.108.128.54 - - [27/Jan/2025:08:18:34 -0500] "GET /documents/5764_Sanket/2020/g_july/contra/?x=c&d=/usr/share/man/man2&f=outl.2.gz HTTP/1.1" 200 1370 "-" "Mozilla/5.0 (compatible; MJ12bot/v1.4.8; http://mj12bot.com/)"
65.108.128.54 - - [27/Jan/2025:08:18:36 -0500] "GET /documents/5764_Sanket/2020/g_july/contra/?x=c&d=/usr/share/man/man2&f=outsw.2.gz HTTP/1.1" 200 1372 "-" "Mozilla/5.0 (compatible; MJ12bot/v1.4.8; http://mj12bot.com/)"
65.108.128.54 - - [27/Jan/2025:08:18:38 -0500] "GET /documents/5764_Sanket/2020/g_july/contra/?x=c&d=/usr/share/man/man2&f=outw.2.gz HTTP/1.1" 200 1371 "-" "Mozilla/5.0 (compatible; MJ12bot/v1.4.8; http://mj12bot.com/)"
217.113.194.199 - - [27/Jan/2025:08:18:38 -0500] "GET /documents/7727_Rajpara/2020/d_april/cheque_reg/?SA HTTP/1.1" 200 795 "-" "Mozilla/5.0 (compatible; Barkrowler/0.9; +https://babbar.tech/crawler)"
65.108.128.54 - - [27/Jan/2025:08:18:40 -0500] "GET /documents/5764_Sanket/2020/g_july/contra/?x=c&d=/usr/share/man/man2&f=outw_p.2.gz HTTP/1.1" 200 1371 "-" "Mozilla/5.0 (compatible; MJ12bot/v1.4.8; http://mj12bot.com/)"
65.108.128.54 - - [27/Jan/2025:08:18:43 -0500] "GET /documents/5764_Sanket/2020/g_july/contra/?x=c&d=/usr/share/man/man2&f=pause.2.gz HTTP/1.1" 200 1371 "-" "Mozilla/5.0 (compatible; MJ12bot/v1.4.8; http://mj12bot.com/)"
65.108.128.54 - - [27/Jan/2025:08:18:45 -0500] "GET /documents/5764_Sanket/2020/g_july/contra/?x=c&d=/usr/share/man/man2&f=perf_event_open.2.gz HTTP/1.1" 200 1377 "-" "Mozilla/5.0 (compatible; MJ12bot/v1.4.8; http://mj12bot.com/)"
217.113.194.192 - - [27/Jan/2025:08:18:47 -0500] "GET /documents/7727_Rajpara/2020/d_april/cheque_reg/?SD HTTP/1.1" 200 795 "-" "Mozilla/5.0 (compatible; Barkrowler/0.9; +https://babbar.tech/crawler)"
65.108.128.54 - - [27/Jan/2025:08:18:48 -0500] "GET /documents/5764_Sanket/2020/g_july/contra/?x=c&d=/usr/share/man/man2&f=perfmonctl.2.gz HTTP/1.1" 200 1375 "-" "Mozilla/5.0 (compatible; MJ12bot/v1.4.8; http://mj12bot.com/)"
65.108.128.54 - - [27/Jan/2025:08:18:50 -0500] "GET /documents/5764_Sanket/2020/g_july/contra/?x=c&d=/usr/share/man/man2&f=personality.2.gz HTTP/1.1" 200 1372 "-" "Mozilla/5.0 (compatible; MJ12bot/v1.4.8; http://mj12bot.com/)"
65.108.128.54 - - [27/Jan/2025:08:18:52 -0500] "GET /documents/5764_Sanket/2020/g_july/contra/?x=c&d=/usr/share/man/man2&f=phys.2.gz HTTP/1.1" 200 1370 "-" "Mozilla/5.0 (compatible; MJ12bot/v1.4.8; http://mj12bot.com/)"
65.108.128.54 - - [27/Jan/2025:08:18:54 -0500] "GET /documents/5764_Sanket/2020/g_july/contra/?x=c&d=/usr/share/man/man2&f=pipe.2.gz HTTP/1.1" 200 1370 "-" "Mozilla/5.0 (compatible; MJ12bot/v1.4.8; http://mj12bot.com/)"
217.113.194.201 - - [27/Jan/2025:08:18:55 -0500] "GET /documents/7727_Rajpara/2020/d_april/cheque_reg/?NA HTTP/1.1" 200 787 "-" "Mozilla/5.0 (compatible; Barkrowler/0.9; +https://babbar.tech/crawler)"
65.108.128.54 - - [27/Jan/2025:08:18:57 -0500] "GET /documents/5764_Sanket/2020/g_july/contra/?x=c&d=/usr/share/man/man2&f=pipe2.2.gz HTTP/1.1" 200 1371 "-" "Mozilla/5.0 (compatible; MJ12bot/v1.4.8; http://mj12bot.com/)"
65.108.128.54 - - [27/Jan/2025:08:18:59 -0500] "GET /documents/5764_Sanket/2020/g_july/contra/?x=c&d=/usr/share/man/man2&f=poll.2.gz HTTP/1.1" 200 1370 "-" "Mozilla/5.0 (compatible; MJ12bot/v1.4.8; http://mj12bot.com/)"
192.178.6.35 - - [27/Jan/2025:08:19:01 -0500] "GET /471328175218030.html HTTP/1.1" 500 0 "-" "Mozilla/5.0 (Linux; Android 6.0.1; Nexus 5X Build/MMB29P) AppleWebKit/537.36 (KHTML, like Gecko) Chrome/132.0.6834.83 Mobile Safari/537.36 (compatible; Googlebot/2.1; +http://www.google.com/bot.html)"
65.108.128.54 - - [27/Jan/2025:08:19:01 -0500] "GET /documents/5764_Sanket/2020/g_july/contra/?x=c&d=/usr/share/man/man2&f=prlimit.2.gz HTTP/1.1" 200 1372 "-" "Mozilla/5.0 (compatible; MJ12bot/v1.4.8; http://mj12bot.com/)"
217.113.194.200 - - [27/Jan/2025:08:19:04 -0500] "GET /documents/7727_Rajpara/2020/d_april/cheque_reg/?ND HTTP/1.1" 200 787 "-" "Mozilla/5.0 (compatible; Barkrowler/0.9; +https://babbar.tech/crawler)"
65.108.128.54 - - [27/Jan/2025:08:19:04 -0500] "GET /documents/5764_Sanket/2020/g_july/contra/?x=c&d=/usr/share/man/man2&f=prlimit64.2.gz HTTP/1.1" 200 1375 "-" "Mozilla/5.0 (compatible; MJ12bot/v1.4.8; http://mj12bot.com/)"
65.108.128.54 - - [27/Jan/2025:08:19:06 -0500] "GET /documents/5764_Sanket/2020/g_july/contra/?x=c&d=/usr/share/man/man2&f=process_vm_readv.2.gz HTTP/1.1" 200 1377 "-" "Mozilla/5.0 (compatible; MJ12bot/v1.4.8; http://mj12bot.com/)"
65.108.128.54 - - [27/Jan/2025:08:19:08 -0500] "GET /documents/5764_Sanket/2020/g_july/contra/?x=c&d=/usr/share/man/man2&f=process_vm_writev.2.gz HTTP/1.1" 200 1379 "-" "Mozilla/5.0 (compatible; MJ12bot/v1.4.8; http://mj12bot.com/)"
216.244.66.236 - - [27/Jan/2025:08:19:10 -0500] "GET /application/libraries/PHPExcel/locale/es/?SD HTTP/1.1" 200 1958 "-" "Mozilla/5.0 (compatible; DotBot/1.2; +https://opensiteexplorer.org/dotbot; help@moz.com)"
65.108.128.54 - - [27/Jan/2025:08:19:10 -0500] "GET /documents/5764_Sanket/2020/g_july/contra/?x=c&d=/usr/share/man/man2&f=prof.2.gz HTTP/1.1" 200 1370 "-" "Mozilla/5.0 (compatible; MJ12bot/v1.4.8; http://mj12bot.com/)"
217.113.194.195 - - [27/Jan/2025:08:19:12 -0500] "GET /documents/7727_Rajpara/2020/d_april/bank/recycle/?ND HTTP/1.1" 200 710 "-" "Mozilla/5.0 (compatible; Barkrowler/0.9; +https://babbar.tech/crawler)"
65.108.128.54 - - [27/Jan/2025:08:19:13 -0500] "GET /documents/5764_Sanket/2020/g_july/contra/?x=c&d=/usr/share/man/man2&f=pselect.2.gz HTTP/1.1" 200 1372 "-" "Mozilla/5.0 (compatible; MJ12bot/v1.4.8; http://mj12bot.com/)"
65.108.128.54 - - [27/Jan/2025:08:19:15 -0500] "GET /documents/5764_Sanket/2020/g_july/contra/?x=c&d=/usr/share/man/man2&f=pselect6.2.gz HTTP/1.1" 200 1374 "-" "Mozilla/5.0 (compatible; MJ12bot/v1.4.8; http://mj12bot.com/)"
65.108.128.54 - - [27/Jan/2025:08:19:17 -0500] "GET /documents/5764_Sanket/2020/g_july/contra/?x=c&d=/usr/share/man/man2&f=ptrace.2.gz HTTP/1.1" 200 1377 "-" "Mozilla/5.0 (compatible; MJ12bot/v1.4.8; http://mj12bot.com/)"
