65.108.128.54 - - [27/Jan/2025:08:25:59 -0500] "GET /documents/7727_Rajpara/2020/k_november/journal/recycle/?ND HTTP/1.1" 200 577 "-" "Mozilla/5.0 (compatible; MJ12bot/v1.4.8; http://mj12bot.com/)"
65.108.128.54 - - [27/Jan/2025:08:26:01 -0500] "GET /documents/7727_Rajpara/2020/k_november/others/?MA HTTP/1.1" 200 645 "-" "Mozilla/5.0 (compatible; MJ12bot/v1.4.8; http://mj12bot.com/)"
65.108.128.54 - - [27/Jan/2025:08:26:03 -0500] "GET /documents/7727_Rajpara/2020/k_november/others/?NA HTTP/1.1" 200 640 "-" "Mozilla/5.0 (compatible; MJ12bot/v1.4.8; http://mj12bot.com/)"
65.108.128.54 - - [27/Jan/2025:08:26:06 -0500] "GET /documents/7727_Rajpara/2020/k_november/others/?SA HTTP/1.1" 200 644 "-" "Mozilla/5.0 (compatible; MJ12bot/v1.4.8; http://mj12bot.com/)"
154.54.249.214 - - [27/Jan/2025:08:26:07 -0500] "GET /documents/7727_Rajpara/2020/g_july/bank/recycle/?ND HTTP/1.1" 200 710 "-" "Mozilla/5.0 (compatible; Barkrowler/0.9; +https://babbar.tech/crawler)"
65.108.128.54 - - [27/Jan/2025:08:26:08 -0500] "GET /documents/8422_vishal/2020/a_january/credit/?NA HTTP/1.1" 200 641 "-" "Mozilla/5.0 (compatible; MJ12bot/v1.4.8; http://mj12bot.com/)"
65.108.128.54 - - [27/Jan/2025:08:26:10 -0500] "GET /documents/8422_vishal/2020/a_january/reports/?SA HTTP/1.1" 200 642 "-" "Mozilla/5.0 (compatible; MJ12bot/v1.4.8; http://mj12bot.com/)"
65.108.128.54 - - [27/Jan/2025:08:26:12 -0500] "GET /documents/8422_vishal/2020/a_january/reports/recycle/?MD HTTP/1.1" 200 578 "-" "Mozilla/5.0 (compatible; MJ12bot/v1.4.8; http://mj12bot.com/)"
65.108.128.54 - - [27/Jan/2025:08:26:14 -0500] "GET /documents/8422_vishal/2020/a_january/reports/recycle/?NA HTTP/1.1" 200 575 "-" "Mozilla/5.0 (compatible; MJ12bot/v1.4.8; http://mj12bot.com/)"
65.108.128.54 - - [27/Jan/2025:08:26:17 -0500] "GET /documents/8422_vishal/2020/b_february/credit/?MA HTTP/1.1" 200 643 "-" "Mozilla/5.0 (compatible; MJ12bot/v1.4.8; http://mj12bot.com/)"
217.113.194.194 - - [27/Jan/2025:08:26:17 -0500] "GET /documents/7727_Rajpara/2020/g_july/bank/recycle/?MA HTTP/1.1" 200 713 "-" "Mozilla/5.0 (compatible; Barkrowler/0.9; +https://babbar.tech/crawler)"
65.108.128.54 - - [27/Jan/2025:08:26:19 -0500] "GET /documents/8422_vishal/2020/g_july/purchase/recycle/?MA HTTP/1.1" 200 575 "-" "Mozilla/5.0 (compatible; MJ12bot/v1.4.8; http://mj12bot.com/)"
65.108.128.54 - - [27/Jan/2025:08:26:21 -0500] "GET /documents/8422_vishal/2020/g_july/receipt/recycle/?SA HTTP/1.1" 200 577 "-" "Mozilla/5.0 (compatible; MJ12bot/v1.4.8; http://mj12bot.com/)"
65.108.128.54 - - [27/Jan/2025:08:26:23 -0500] "GET /documents/8422_vishal/2020/g_july/sales/?ND HTTP/1.1" 200 637 "-" "Mozilla/5.0 (compatible; MJ12bot/v1.4.8; http://mj12bot.com/)"
65.108.128.54 - - [27/Jan/2025:08:26:25 -0500] "GET /documents/8422_vishal/2020/g_july/sales/recycle/?MD HTTP/1.1" 200 577 "-" "Mozilla/5.0 (compatible; MJ12bot/v1.4.8; http://mj12bot.com/)"
217.113.194.193 - - [27/Jan/2025:08:26:26 -0500] "GET /documents/7727_Rajpara/2020/g_july/bank/recycle/?SA HTTP/1.1" 200 714 "-" "Mozilla/5.0 (compatible; Barkrowler/0.9; +https://babbar.tech/crawler)"
65.108.128.54 - - [27/Jan/2025:08:26:28 -0500] "GET /documents/8422_vishal/2020/g_july/sales/recycle/?NA HTTP/1.1" 200 574 "-" "Mozilla/5.0 (compatible; MJ12bot/v1.4.8; http://mj12bot.com/)"
80.192.193.72 - - [27/Jan/2025:08:26:28 -0500] "GET /documents/5764_Sanket/2020/g_july/contra/?d=%2Fusr%2Flib%2Fgrub%2Fi386-pc&f=ctz_test.mod&x=c HTTP/1.1" 200 1384 "-" "Mozilla/5.0 (Linux; Android 5.0; SM-G900P Build/LRX21T) AppleWebKit/537.36 (KHTML, like Gecko) Chrome/59.0.9369.1712 Mobile Safari/537.36"
65.108.128.54 - - [27/Jan/2025:08:26:30 -0500] "GET /documents/8422_vishal/2020/g_july/sales/recycle/?SD HTTP/1.1" 200 575 "-" "Mozilla/5.0 (compatible; MJ12bot/v1.4.8; http://mj12bot.com/)"
65.108.128.54 - - [27/Jan/2025:08:26:32 -0500] "GET /documents/8422_vishal/2020/h_august/bank/?ND HTTP/1.1" 200 636 "-" "Mozilla/5.0 (compatible; MJ12bot/v1.4.8; http://mj12bot.com/)"
65.108.128.54 - - [27/Jan/2025:08:26:34 -0500] "GET /documents/8422_vishal/2020/h_august/bank/recycle/?MD HTTP/1.1" 200 577 "-" "Mozilla/5.0 (compatible; MJ12bot/v1.4.8; http://mj12bot.com/)"
154.54.249.214 - - [27/Jan/2025:08:26:35 -0500] "GET /documents/7727_Rajpara/2020/g_july/cheque_reg/recycle/ HTTP/1.1" 200 715 "-" "Mozilla/5.0 (compatible; Barkrowler/0.9; +https://babbar.tech/crawler)"
65.108.128.54 - - [27/Jan/2025:08:26:37 -0500] "GET /documents/8422_vishal/2020/h_august/bank/recycle/?NA HTTP/1.1" 200 574 "-" "Mozilla/5.0 (compatible; MJ12bot/v1.4.8; http://mj12bot.com/)"
65.108.128.54 - - [27/Jan/2025:08:26:39 -0500] "GET /documents/8422_vishal/2020/h_august/bank/recycle/?SD HTTP/1.1" 200 576 "-" "Mozilla/5.0 (compatible; MJ12bot/v1.4.8; http://mj12bot.com/)"
65.108.128.54 - - [27/Jan/2025:08:26:41 -0500] "GET /documents/8422_vishal/2020/h_august/cheque_reg/?ND HTTP/1.1" 200 640 "-" "Mozilla/5.0 (compatible; MJ12bot/v1.4.8; http://mj12bot.com/)"
217.113.194.192 - - [27/Jan/2025:08:26:43 -0500] "GET /documents/7727_Rajpara/2020/g_july/cheque_reg/?MA HTTP/1.1" 200 794 "-" "Mozilla/5.0 (compatible; Barkrowler/0.9; +https://babbar.tech/crawler)"
65.108.128.54 - - [27/Jan/2025:08:26:43 -0500] "GET /documents/8422_vishal/2020/h_august/contra/?MA HTTP/1.1" 200 640 "-" "Mozilla/5.0 (compatible; MJ12bot/v1.4.8; http://mj12bot.com/)"
65.108.128.54 - - [27/Jan/2025:08:26:46 -0500] "GET /documents/8422_vishal/2020/h_august/contra/?ND HTTP/1.1" 200 636 "-" "Mozilla/5.0 (compatible; MJ12bot/v1.4.8; http://mj12bot.com/)"
65.108.128.54 - - [27/Jan/2025:08:26:48 -0500] "GET /documents/8422_vishal/2020/h_august/contra/?SA HTTP/1.1" 200 640 "-" "Mozilla/5.0 (compatible; MJ12bot/v1.4.8; http://mj12bot.com/)"
65.108.128.54 - - [27/Jan/2025:08:26:51 -0500] "GET /documents/8422_vishal/2020/h_august/credit/?ND HTTP/1.1" 200 635 "-" "Mozilla/5.0 (compatible; MJ12bot/v1.4.8; http://mj12bot.com/)"
154.54.249.214 - - [27/Jan/2025:08:26:52 -0500] "GET /documents/7727_Rajpara/2020/g_july/cheque_reg/?SA HTTP/1.1" 200 795 "-" "Mozilla/5.0 (compatible; Barkrowler/0.9; +https://babbar.tech/crawler)"
65.108.128.54 - - [27/Jan/2025:08:26:53 -0500] "GET /documents/8422_vishal/2020/h_august/debit/?MD HTTP/1.1" 200 642 "-" "Mozilla/5.0 (compatible; MJ12bot/v1.4.8; http://mj12bot.com/)"
65.108.128.54 - - [27/Jan/2025:08:26:55 -0500] "GET /documents/8422_vishal/2020/l_december/reports/recycle/?SA HTTP/1.1" 200 580 "-" "Mozilla/5.0 (compatible; MJ12bot/v1.4.8; http://mj12bot.com/)"
65.108.128.54 - - [27/Jan/2025:08:26:57 -0500] "GET /documents/8422_vishal/2020/l_december/reports/recycle/?SD HTTP/1.1" 200 579 "-" "Mozilla/5.0 (compatible; MJ12bot/v1.4.8; http://mj12bot.com/)"
65.108.128.54 - - [27/Jan/2025:08:26:59 -0500] "GET /documents/8422_vishal/2020/l_december/sales/?MA HTTP/1.1" 200 646 "-" "Mozilla/5.0 (compatible; MJ12bot/v1.4.8; http://mj12bot.com/)"
217.113.194.193 - - [27/Jan/2025:08:27:00 -0500] "GET /documents/7727_Rajpara/2020/g_july/cheque_reg/?SD HTTP/1.1" 200 794 "-" "Mozilla/5.0 (compatible; Barkrowler/0.9; +https://babbar.tech/crawler)"
65.108.128.54 - - [27/Jan/2025:08:27:02 -0500] "GET /documents/8422_vishal/2020/l_december/sales/?MD HTTP/1.1" 200 645 "-" "Mozilla/5.0 (compatible; MJ12bot/v1.4.8; http://mj12bot.com/)"
65.108.128.54 - - [27/Jan/2025:08:27:04 -0500] "GET /documents/8422_vishal/2020/l_december/sales/?ND HTTP/1.1" 200 637 "-" "Mozilla/5.0 (compatible; MJ12bot/v1.4.8; http://mj12bot.com/)"
65.108.128.54 - - [27/Jan/2025:08:27:06 -0500] "GET /documents/8422_vishal/2020/l_december/sales/?SA HTTP/1.1" 200 646 "-" "Mozilla/5.0 (compatible; MJ12bot/v1.4.8; http://mj12bot.com/)"
65.108.128.54 - - [27/Jan/2025:08:27:08 -0500] "GET /documents/8422_vishal/2020/l_december/sales/?SD HTTP/1.1" 200 643 "-" "Mozilla/5.0 (compatible; MJ12bot/v1.4.8; http://mj12bot.com/)"
217.113.194.200 - - [27/Jan/2025:08:27:08 -0500] "GET /documents/7727_Rajpara/2020/g_july/cheque_reg/?NA HTTP/1.1" 200 786 "-" "Mozilla/5.0 (compatible; Barkrowler/0.9; +https://babbar.tech/crawler)"
65.108.128.54 - - [27/Jan/2025:08:27:10 -0500] "GET /documents/8422_vishal/2020/l_december/sales/recycle/?MA HTTP/1.1" 200 576 "-" "Mozilla/5.0 (compatible; MJ12bot/v1.4.8; http://mj12bot.com/)"
65.108.128.54 - - [27/Jan/2025:08:27:12 -0500] "GET /documents/8422_vishal/2020/l_december/sales/recycle/?MD HTTP/1.1" 200 575 "-" "Mozilla/5.0 (compatible; MJ12bot/v1.4.8; http://mj12bot.com/)"
65.108.128.54 - - [27/Jan/2025:08:27:15 -0500] "GET /documents/8422_vishal/2020/l_december/sales/recycle/?NA HTTP/1.1" 200 573 "-" "Mozilla/5.0 (compatible; MJ12bot/v1.4.8; http://mj12bot.com/)"
65.108.128.54 - - [27/Jan/2025:08:27:17 -0500] "GET /documents/8422_vishal/2020/l_december/sales/recycle/?ND HTTP/1.1" 200 572 "-" "Mozilla/5.0 (compatible; MJ12bot/v1.4.8; http://mj12bot.com/)"
217.113.194.198 - - [27/Jan/2025:08:27:17 -0500] "GET /documents/7727_Rajpara/2020/g_july/cheque_reg/?ND HTTP/1.1" 200 785 "-" "Mozilla/5.0 (compatible; Barkrowler/0.9; +https://babbar.tech/crawler)"
65.108.128.54 - - [27/Jan/2025:08:27:19 -0500] "GET /documents/8422_vishal/2020/l_december/sales/recycle/?SA HTTP/1.1" 200 575 "-" "Mozilla/5.0 (compatible; MJ12bot/v1.4.8; http://mj12bot.com/)"
65.108.128.54 - - [27/Jan/2025:08:27:21 -0500] "GET /documents/8422_vishal/2020/l_december/sales/recycle/?SD HTTP/1.1" 200 575 "-" "Mozilla/5.0 (compatible; MJ12bot/v1.4.8; http://mj12bot.com/)"
65.108.128.54 - - [27/Jan/2025:08:27:23 -0500] "GET /documents/8897_Nehal/2020/a_january/?ND HTTP/1.1" 200 1136 "-" "Mozilla/5.0 (compatible; MJ12bot/v1.4.8; http://mj12bot.com/)"
217.113.194.197 - - [27/Jan/2025:08:27:25 -0500] "GET /documents/7727_Rajpara/2020/g_july/sales/recycle/?ND HTTP/1.1" 200 710 "-" "Mozilla/5.0 (compatible; Barkrowler/0.9; +https://babbar.tech/crawler)"
65.108.128.54 - - [27/Jan/2025:08:27:26 -0500] "GET /documents/8897_Nehal/2020/a_january/?SD HTTP/1.1" 200 1137 "-" "Mozilla/5.0 (compatible; MJ12bot/v1.4.8; http://mj12bot.com/)"
65.108.128.54 - - [27/Jan/2025:08:27:28 -0500] "GET /documents/8897_Nehal/2020/a_january/cheque_reg/?MD HTTP/1.1" 200 646 "-" "Mozilla/5.0 (compatible; MJ12bot/v1.4.8; http://mj12bot.com/)"
65.108.128.54 - - [27/Jan/2025:08:27:30 -0500] "GET /documents/8897_Nehal/2020/a_january/debit/?SD HTTP/1.1" 200 643 "-" "Mozilla/5.0 (compatible; MJ12bot/v1.4.8; http://mj12bot.com/)"
65.108.128.54 - - [27/Jan/2025:08:27:32 -0500] "GET /documents/8897_Nehal/2020/a_january/debit/recycle/?MD HTTP/1.1" 200 577 "-" "Mozilla/5.0 (compatible; MJ12bot/v1.4.8; http://mj12bot.com/)"
217.113.194.199 - - [27/Jan/2025:08:27:34 -0500] "GET /documents/7727_Rajpara/2020/g_july/sales/recycle/?NA HTTP/1.1" 200 711 "-" "Mozilla/5.0 (compatible; Barkrowler/0.9; +https://babbar.tech/crawler)"
65.108.128.54 - - [27/Jan/2025:08:27:34 -0500] "GET /documents/8897_Nehal/2020/a_january/debit/recycle/?NA HTTP/1.1" 200 575 "-" "Mozilla/5.0 (compatible; MJ12bot/v1.4.8; http://mj12bot.com/)"
65.108.128.54 - - [27/Jan/2025:08:27:36 -0500] "GET /documents/8897_Nehal/2020/a_january/debit/recycle/?SD HTTP/1.1" 200 577 "-" "Mozilla/5.0 (compatible; MJ12bot/v1.4.8; http://mj12bot.com/)"
192.178.6.35 - - [27/Jan/2025:08:27:37 -0500] "GET /615522175215843.html HTTP/1.1" 500 0 "-" "Mozilla/5.0 (Linux; Android 6.0.1; Nexus 5X Build/MMB29P) AppleWebKit/537.36 (KHTML, like Gecko) Chrome/132.0.6834.83 Mobile Safari/537.36 (compatible; Googlebot/2.1; +http://www.google.com/bot.html)"
192.178.6.35 - - [27/Jan/2025:08:27:37 -0500] "GET /wotqt/t1181208.html HTTP/1.1" 500 0 "-" "Mozilla/5.0 (Linux; Android 6.0.1; Nexus 5X Build/MMB29P) AppleWebKit/537.36 (KHTML, like Gecko) Chrome/132.0.6834.83 Mobile Safari/537.36 (compatible; Googlebot/2.1; +http://www.google.com/bot.html)"
65.108.128.54 - - [27/Jan/2025:08:27:39 -0500] "GET /documents/8897_Nehal/2020/a_january/journal/?SD HTTP/1.1" 200 643 "-" "Mozilla/5.0 (compatible; MJ12bot/v1.4.8; http://mj12bot.com/)"
65.108.128.54 - - [27/Jan/2025:08:27:41 -0500] "GET /documents/8897_Nehal/2020/a_january/journal/recycle/?MD HTTP/1.1" 200 577 "-" "Mozilla/5.0 (compatible; MJ12bot/v1.4.8; http://mj12bot.com/)"
217.113.194.200 - - [27/Jan/2025:08:27:42 -0500] "GET /documents/7727_Rajpara/2020/g_july/sales/recycle/?MD HTTP/1.1" 200 712 "-" "Mozilla/5.0 (compatible; Barkrowler/0.9; +https://babbar.tech/crawler)"
65.108.128.54 - - [27/Jan/2025:08:27:43 -0500] "GET /documents/8897_Nehal/2020/a_january/journal/recycle/?ND HTTP/1.1" 200 573 "-" "Mozilla/5.0 (compatible; MJ12bot/v1.4.8; http://mj12bot.com/)"
79.117.187.80 - - [27/Jan/2025:08:27:45 -0500] "GET /documents/5764_Sanket/2020/g_july/contra/?d=%2Fusr%2Flib64%2Fpython3.8%2Fmultiprocessing%2F__pycache__&f=forkserver.cpython-38.pyc&x=c HTTP/1.1" 200 1896 "-" "Mozilla/5.0 (Linux; Android 5.0; SM-G900P Build/LRX21T) AppleWebKit/537.36 (KHTML, like Gecko) Chrome/54.0.9575.1159 Mobile Safari/537.36"
65.108.128.54 - - [27/Jan/2025:08:27:45 -0500] "GET /documents/8897_Nehal/2020/a_january/journal/recycle/?SD HTTP/1.1" 200 576 "-" "Mozilla/5.0 (compatible; MJ12bot/v1.4.8; http://mj12bot.com/)"
65.108.128.54 - - [27/Jan/2025:08:27:47 -0500] "GET /documents/8897_Nehal/2020/a_january/others/?MD HTTP/1.1" 200 642 "-" "Mozilla/5.0 (compatible; MJ12bot/v1.4.8; http://mj12bot.com/)"
65.108.128.54 - - [27/Jan/2025:08:27:50 -0500] "GET /documents/8897_Nehal/2020/a_january/others/?SD HTTP/1.1" 200 642 "-" "Mozilla/5.0 (compatible; MJ12bot/v1.4.8; http://mj12bot.com/)"
217.113.194.200 - - [27/Jan/2025:08:27:51 -0500] "GET /documents/7727_Rajpara/2020/g_july/sales/recycle/?MA HTTP/1.1" 200 713 "-" "Mozilla/5.0 (compatible; Barkrowler/0.9; +https://babbar.tech/crawler)"
65.108.128.54 - - [27/Jan/2025:08:27:52 -0500] "GET /documents/8897_Nehal/2020/a_january/others/recycle/?MD HTTP/1.1" 200 579 "-" "Mozilla/5.0 (compatible; MJ12bot/v1.4.8; http://mj12bot.com/)"
65.108.128.54 - - [27/Jan/2025:08:27:54 -0500] "GET /documents/8897_Nehal/2020/a_january/others/recycle/?ND HTTP/1.1" 200 575 "-" "Mozilla/5.0 (compatible; MJ12bot/v1.4.8; http://mj12bot.com/)"
65.108.128.54 - - [27/Jan/2025:08:27:57 -0500] "GET /documents/8897_Nehal/2020/a_january/others/recycle/?SA HTTP/1.1" 200 579 "-" "Mozilla/5.0 (compatible; MJ12bot/v1.4.8; http://mj12bot.com/)"
65.108.128.54 - - [27/Jan/2025:08:27:59 -0500] "GET /documents/8897_Nehal/2020/a_january/others/recycle/?SD HTTP/1.1" 200 579 "-" "Mozilla/5.0 (compatible; MJ12bot/v1.4.8; http://mj12bot.com/)"
217.113.194.196 - - [27/Jan/2025:08:27:59 -0500] "GET /documents/7727_Rajpara/2020/g_july/sales/recycle/?SD HTTP/1.1" 200 713 "-" "Mozilla/5.0 (compatible; Barkrowler/0.9; +https://babbar.tech/crawler)"
65.108.128.54 - - [27/Jan/2025:08:28:01 -0500] "GET /documents/8897_Nehal/2020/a_january/payment/?MD HTTP/1.1" 200 645 "-" "Mozilla/5.0 (compatible; MJ12bot/v1.4.8; http://mj12bot.com/)"
65.108.128.54 - - [27/Jan/2025:08:28:03 -0500] "GET /documents/8897_Nehal/2020/a_january/payment/?SD HTTP/1.1" 200 643 "-" "Mozilla/5.0 (compatible; MJ12bot/v1.4.8; http://mj12bot.com/)"
65.108.128.54 - - [27/Jan/2025:08:28:06 -0500] "GET /documents/8897_Nehal/2020/a_january/purchase/recycle/?MA HTTP/1.1" 200 576 "-" "Mozilla/5.0 (compatible; MJ12bot/v1.4.8; http://mj12bot.com/)"
217.113.194.194 - - [27/Jan/2025:08:28:08 -0500] "GET /documents/7727_Rajpara/2020/g_july/sales/recycle/?SA HTTP/1.1" 200 714 "-" "Mozilla/5.0 (compatible; Barkrowler/0.9; +https://babbar.tech/crawler)"
65.108.128.54 - - [27/Jan/2025:08:28:08 -0500] "GET /documents/8897_Nehal/2020/a_january/purchase/recycle/?MD HTTP/1.1" 200 576 "-" "Mozilla/5.0 (compatible; MJ12bot/v1.4.8; http://mj12bot.com/)"
65.108.128.54 - - [27/Jan/2025:08:28:10 -0500] "GET /documents/8897_Nehal/2020/a_january/purchase/recycle/?NA HTTP/1.1" 200 573 "-" "Mozilla/5.0 (compatible; MJ12bot/v1.4.8; http://mj12bot.com/)"
65.108.128.54 - - [27/Jan/2025:08:28:12 -0500] "GET /documents/8897_Nehal/2020/a_january/purchase/recycle/?ND HTTP/1.1" 200 572 "-" "Mozilla/5.0 (compatible; MJ12bot/v1.4.8; http://mj12bot.com/)"
65.108.128.54 - - [27/Jan/2025:08:28:15 -0500] "GET /documents/8897_Nehal/2020/a_january/purchase/recycle/?SA HTTP/1.1" 200 577 "-" "Mozilla/5.0 (compatible; MJ12bot/v1.4.8; http://mj12bot.com/)"
217.113.194.199 - - [27/Jan/2025:08:28:16 -0500] "GET /documents/7727_Rajpara/2020/g_july/payment/recycle/?MA HTTP/1.1" 200 795 "-" "Mozilla/5.0 (compatible; Barkrowler/0.9; +https://babbar.tech/crawler)"
65.108.128.54 - - [27/Jan/2025:08:28:17 -0500] "GET /documents/8897_Nehal/2020/a_january/purchase/recycle/?SD HTTP/1.1" 200 576 "-" "Mozilla/5.0 (compatible; MJ12bot/v1.4.8; http://mj12bot.com/)"
66.220.149.114 - - [27/Jan/2025:08:28:17 -0500] "GET /documents/5764_Sanket/2020/g_july/contra/?x=c&d=/home/papecmvm/public_html/application/third_party/aws/mtdowling/jmespath.php/tests/compliance&f=wildcard.json HTTP/1.1" 200 19986 "-" "meta-externalagent/1.1 (+https://developers.facebook.com/docs/sharing/webmasters/crawler)"
65.108.128.54 - - [27/Jan/2025:08:28:19 -0500] "GET /documents/8897_Nehal/2020/a_january/receipt/recycle/?SD HTTP/1.1" 200 578 "-" "Mozilla/5.0 (compatible; MJ12bot/v1.4.8; http://mj12bot.com/)"
65.108.128.54 - - [27/Jan/2025:08:28:21 -0500] "GET /documents/8897_Nehal/2020/a_january/reports/recycle/?MD HTTP/1.1" 200 577 "-" "Mozilla/5.0 (compatible; MJ12bot/v1.4.8; http://mj12bot.com/)"
65.108.128.54 - - [27/Jan/2025:08:28:23 -0500] "GET /documents/8897_Nehal/2020/a_january/reports/recycle/?NA HTTP/1.1" 200 575 "-" "Mozilla/5.0 (compatible; MJ12bot/v1.4.8; http://mj12bot.com/)"
217.113.194.197 - - [27/Jan/2025:08:28:25 -0500] "GET /documents/7727_Rajpara/2020/g_july/payment/recycle/?SD HTTP/1.1" 200 794 "-" "Mozilla/5.0 (compatible; Barkrowler/0.9; +https://babbar.tech/crawler)"
65.108.128.54 - - [27/Jan/2025:08:28:26 -0500] "GET /documents/8897_Nehal/2020/a_january/reports/recycle/?SD HTTP/1.1" 200 577 "-" "Mozilla/5.0 (compatible; MJ12bot/v1.4.8; http://mj12bot.com/)"
65.108.128.54 - - [27/Jan/2025:08:28:28 -0500] "GET /documents/8897_Nehal/2020/b_february/?MA HTTP/1.1" 200 1119 "-" "Mozilla/5.0 (compatible; MJ12bot/v1.4.8; http://mj12bot.com/)"
65.108.128.54 - - [27/Jan/2025:08:28:30 -0500] "GET /documents/8897_Nehal/2020/b_february/bank/recycle/?MD HTTP/1.1" 200 577 "-" "Mozilla/5.0 (compatible; MJ12bot/v1.4.8; http://mj12bot.com/)"
65.108.128.54 - - [27/Jan/2025:08:28:32 -0500] "GET /documents/8897_Nehal/2020/b_february/bank/recycle/?NA HTTP/1.1" 200 576 "-" "Mozilla/5.0 (compatible; MJ12bot/v1.4.8; http://mj12bot.com/)"
217.113.194.197 - - [27/Jan/2025:08:28:33 -0500] "GET /documents/7727_Rajpara/2020/g_july/payment/recycle/?SA HTTP/1.1" 200 794 "-" "Mozilla/5.0 (compatible; Barkrowler/0.9; +https://babbar.tech/crawler)"
65.108.128.54 - - [27/Jan/2025:08:28:35 -0500] "GET /documents/8897_Nehal/2020/b_february/bank/recycle/?SD HTTP/1.1" 200 577 "-" "Mozilla/5.0 (compatible; MJ12bot/v1.4.8; http://mj12bot.com/)"
217.113.194.198 - - [27/Jan/2025:08:28:41 -0500] "GET /documents/7727_Rajpara/2020/g_july/payment/recycle/?ND HTTP/1.1" 200 789 "-" "Mozilla/5.0 (compatible; Barkrowler/0.9; +https://babbar.tech/crawler)"
217.113.194.200 - - [27/Jan/2025:08:28:50 -0500] "GET /documents/7727_Rajpara/2020/g_july/payment/recycle/?NA HTTP/1.1" 200 791 "-" "Mozilla/5.0 (compatible; Barkrowler/0.9; +https://babbar.tech/crawler)"
217.113.194.198 - - [27/Jan/2025:08:28:58 -0500] "GET /documents/7727_Rajpara/2020/g_july/reports/recycle/?ND HTTP/1.1" 200 710 "-" "Mozilla/5.0 (compatible; Barkrowler/0.9; +https://babbar.tech/crawler)"
86.22.68.154 - - [27/Jan/2025:08:29:02 -0500] "GET /documents/5764_Sanket/2020/g_july/contra/?d=%2Fopt%2Falt%2Fruby18%2Fshare%2Fri%2F1.8%2Fsystem%2FRSS%2FBaseDublinCoreModel&f=cdesc-BaseDublinCoreModel.yaml&x=c HTTP/1.1" 200 1523 "-" "Mozilla/5.0 (Linux; Android 8.0; Pixel 2 Build/OPD3.170816.012) AppleWebKit/537.36 (KHTML, like Gecko) Chrome/39.0.2444.1609 Mobile Safari/537.36"
95.108.213.110 - - [27/Jan/2025:08:29:06 -0500] "GET /robots.txt HTTP/1.1" 200 67 "-" "Mozilla/5.0 (compatible; YandexBot/3.0; +http://yandex.com/bots)"
217.113.194.196 - - [27/Jan/2025:08:29:07 -0500] "GET /documents/7727_Rajpara/2020/g_july/reports/recycle/?MA HTTP/1.1" 200 713 "-" "Mozilla/5.0 (compatible; Barkrowler/0.9; +https://babbar.tech/crawler)"
5.255.231.20 - - [27/Jan/2025:08:29:08 -0500] "GET /q5j/fine-arts-courses-distance-education.html HTTP/1.1" 403 0 "-" "Mozilla/5.0 (compatible; YandexBot/3.0; +http://yandex.com/bots)"
217.113.194.193 - - [27/Jan/2025:08:29:15 -0500] "GET /documents/7727_Rajpara/2020/g_july/reports/recycle/?SA HTTP/1.1" 200 714 "-" "Mozilla/5.0 (compatible; Barkrowler/0.9; +https://babbar.tech/crawler)"
217.113.194.193 - - [27/Jan/2025:08:29:24 -0500] "GET /documents/9242_New/2020/k_november/receipt/recycle/?ND HTTP/1.1" 200 709 "-" "Mozilla/5.0 (compatible; Barkrowler/0.9; +https://babbar.tech/crawler)"
217.113.194.197 - - [27/Jan/2025:08:29:32 -0500] "GET /documents/9242_New/2020/k_november/receipt/recycle/?NA HTTP/1.1" 200 709 "-" "Mozilla/5.0 (compatible; Barkrowler/0.9; +https://babbar.tech/crawler)"
217.113.194.197 - - [27/Jan/2025:08:29:41 -0500] "GET /documents/9242_New/2020/k_november/receipt/recycle/?MA HTTP/1.1" 200 711 "-" "Mozilla/5.0 (compatible; Barkrowler/0.9; +https://babbar.tech/crawler)"
217.113.194.194 - - [27/Jan/2025:08:29:49 -0500] "GET /documents/9242_New/2020/k_november/receipt/recycle/?SD HTTP/1.1" 200 711 "-" "Mozilla/5.0 (compatible; Barkrowler/0.9; +https://babbar.tech/crawler)"
217.113.194.197 - - [27/Jan/2025:08:29:58 -0500] "GET /documents/9242_New/2020/k_november/receipt/recycle/?SA HTTP/1.1" 200 712 "-" "Mozilla/5.0 (compatible; Barkrowler/0.9; +https://babbar.tech/crawler)"
217.113.194.198 - - [27/Jan/2025:08:30:06 -0500] "GET /documents/9242_New/2020/k_november/purchase/recycle/?ND HTTP/1.1" 200 710 "-" "Mozilla/5.0 (compatible; Barkrowler/0.9; +https://babbar.tech/crawler)"
192.178.6.37 - - [27/Jan/2025:08:30:13 -0500] "GET /259738313.shtml HTTP/1.1" 500 0 "-" "Mozilla/5.0 (Linux; Android 6.0.1; Nexus 5X Build/MMB29P) AppleWebKit/537.36 (KHTML, like Gecko) Chrome/132.0.6834.83 Mobile Safari/537.36 (compatible; Googlebot/2.1; +http://www.google.com/bot.html)"
217.113.194.193 - - [27/Jan/2025:08:30:15 -0500] "GET /documents/9242_New/2020/j_october/receipt/recycle/?MD HTTP/1.1" 200 710 "-" "Mozilla/5.0 (compatible; Barkrowler/0.9; +https://babbar.tech/crawler)"
47.128.55.106 - - [27/Jan/2025:08:30:16 -0500] "GET /documents/5764_Sanket/2020/g_july/contra/?d=%2Flib%2Fmodules%2F4.18.0-513.11.1.lve.el8.x86_64%2Fkernel%2Fdrivers%2Fpwm&f=pwm-lpss-pci.ko.xz&x=c HTTP/1.1" 200 1403 "-" "Mozilla/5.0 (Linux; Android 5.0) AppleWebKit/537.36 (KHTML, like Gecko) Mobile Safari/537.36 (compatible; Bytespider; spider-feedback@bytedance.com)"
217.113.194.200 - - [27/Jan/2025:08:30:24 -0500] "GET /documents/9242_New/2020/j_october/receipt/recycle/?MA HTTP/1.1" 200 711 "-" "Mozilla/5.0 (compatible; Barkrowler/0.9; +https://babbar.tech/crawler)"
110.175.17.44 - - [27/Jan/2025:08:30:28 -0500] "GET /documents/5764_Sanket/2020/g_july/contra/?d=%2Fusr%2Flib64%2Fperl5%2Fvendor_perl%2FCrypt%2FSSLeay&f=Err.pm&x=c HTTP/1.1" 200 1427 "-" "Mozilla/5.0 (Linux; Android 8.0; Pixel 2 Build/OPD3.170816.012) AppleWebKit/537.36 (KHTML, like Gecko) Chrome/44.0.4070.1984 Mobile Safari/537.36"
114.119.138.59 - - [27/Jan/2025:08:30:32 -0500] "GET /documents/9242_New/2020/g_july/receipt/recycle/?SD HTTP/1.1" 200 714 "https://www.paperpush.com/documents/9242_New/2020/g_july/receipt/recycle/?SA" "Mozilla/5.0 (Linux; Android 7.0;) AppleWebKit/537.36 (KHTML, like Gecko) Mobile Safari/537.36 (compatible; PetalBot;+https://webmaster.petalsearch.com/site/petalbot)"
217.113.194.193 - - [27/Jan/2025:08:30:33 -0500] "GET /documents/9242_New/2020/j_october/receipt/recycle/?SD HTTP/1.1" 200 711 "-" "Mozilla/5.0 (compatible; Barkrowler/0.9; +https://babbar.tech/crawler)"
114.119.138.59 - - [27/Jan/2025:08:30:33 -0500] "GET /big/n2271de46c/dcdcdaacc.braciola HTTP/1.1" 403 0 "-" "Mozilla/5.0 (Linux; Android 7.0;) AppleWebKit/537.36 (KHTML, like Gecko) Mobile Safari/537.36 (compatible; PetalBot;+https://webmaster.petalsearch.com/site/petalbot)"
217.113.194.201 - - [27/Jan/2025:08:30:41 -0500] "GET /documents/9242_New/2020/j_october/receipt/recycle/?SA HTTP/1.1" 200 712 "-" "Mozilla/5.0 (compatible; Barkrowler/0.9; +https://babbar.tech/crawler)"
192.178.6.35 - - [27/Jan/2025:08:30:43 -0500] "GET /141178505.shtml HTTP/1.1" 500 0 "-" "Mozilla/5.0 (Linux; Android 6.0.1; Nexus 5X Build/MMB29P) AppleWebKit/537.36 (KHTML, like Gecko) Chrome/132.0.6834.83 Mobile Safari/537.36 (compatible; Googlebot/2.1; +http://www.google.com/bot.html)"
217.113.194.193 - - [27/Jan/2025:08:30:49 -0500] "GET /documents/9242_New/2020/j_october/receipt/recycle/?ND HTTP/1.1" 200 708 "-" "Mozilla/5.0 (compatible; Barkrowler/0.9; +https://babbar.tech/crawler)"
217.113.194.197 - - [27/Jan/2025:08:30:58 -0500] "GET /documents/9242_New/2020/j_october/receipt/recycle/?NA HTTP/1.1" 200 709 "-" "Mozilla/5.0 (compatible; Barkrowler/0.9; +https://babbar.tech/crawler)"
154.54.249.214 - - [27/Jan/2025:08:31:06 -0500] "GET /documents/9242_New/2020/j_october/purchase/recycle/?MD HTTP/1.1" 200 713 "-" "Mozilla/5.0 (compatible; Barkrowler/0.9; +https://babbar.tech/crawler)"
217.113.194.197 - - [27/Jan/2025:08:31:15 -0500] "GET /documents/9242_New/2020/j_october/purchase/recycle/?MA HTTP/1.1" 200 714 "-" "Mozilla/5.0 (compatible; Barkrowler/0.9; +https://babbar.tech/crawler)"
185.191.171.2 - - [27/Jan/2025:08:31:18 -0500] "GET /robots.txt HTTP/1.1" 200 67 "-" "Mozilla/5.0 (compatible; SemrushBot/7~bl; +http://www.semrush.com/bot.html)"
85.208.96.208 - - [27/Jan/2025:08:31:18 -0500] "GET /47132813491610.html HTTP/1.1" 403 0 "-" "Mozilla/5.0 (compatible; SemrushBot/7~bl; +http://www.semrush.com/bot.html)"
217.113.194.196 - - [27/Jan/2025:08:31:23 -0500] "GET /documents/9242_New/2020/j_october/purchase/recycle/?SD HTTP/1.1" 200 712 "-" "Mozilla/5.0 (compatible; Barkrowler/0.9; +https://babbar.tech/crawler)"
217.113.194.192 - - [27/Jan/2025:08:31:32 -0500] "GET /documents/9242_New/2020/j_october/purchase/recycle/?SA HTTP/1.1" 200 713 "-" "Mozilla/5.0 (compatible; Barkrowler/0.9; +https://babbar.tech/crawler)"
217.113.194.199 - - [27/Jan/2025:08:31:40 -0500] "GET /documents/9242_New/2020/j_october/purchase/recycle/?ND HTTP/1.1" 200 710 "-" "Mozilla/5.0 (compatible; Barkrowler/0.9; +https://babbar.tech/crawler)"
217.113.194.195 - - [27/Jan/2025:08:31:49 -0500] "GET /documents/9242_New/2020/j_october/purchase/recycle/?NA HTTP/1.1" 200 710 "-" "Mozilla/5.0 (compatible; Barkrowler/0.9; +https://babbar.tech/crawler)"
217.113.194.200 - - [27/Jan/2025:08:31:57 -0500] "GET /documents/9242_New/2020/i_september/debit/recycle/?MA HTTP/1.1" 200 712 "-" "Mozilla/5.0 (compatible; Barkrowler/0.9; +https://babbar.tech/crawler)"
101.98.179.241 - - [27/Jan/2025:08:32:01 -0500] "GET /documents/5764_Sanket/2020/g_july/contra/?d=%2Fopt%2Falt%2Fruby18%2Fshare%2Fri%2F1.8%2Fsystem%2FSOAP%2F HTTP/1.1" 200 12092 "-" "Mozilla/5.0 (Linux; Android 8.0; Pixel 2 Build/OPD3.170816.012) AppleWebKit/537.36 (KHTML, like Gecko) Chrome/49.0.2304.1801 Mobile Safari/537.36"
217.113.194.200 - - [27/Jan/2025:08:32:06 -0500] "GET /documents/9242_New/2020/i_september/debit/recycle/?MD HTTP/1.1" 200 711 "-" "Mozilla/5.0 (compatible; Barkrowler/0.9; +https://babbar.tech/crawler)"
192.178.6.35 - - [27/Jan/2025:08:32:13 -0500] "GET /615522175216716.html HTTP/1.1" 500 0 "-" "Mozilla/5.0 (Linux; Android 6.0.1; Nexus 5X Build/MMB29P) AppleWebKit/537.36 (KHTML, like Gecko) Chrome/132.0.6834.83 Mobile Safari/537.36 (compatible; Googlebot/2.1; +http://www.google.com/bot.html)"
154.54.249.214 - - [27/Jan/2025:08:32:14 -0500] "GET /documents/9242_New/2020/i_september/debit/recycle/?SA HTTP/1.1" 200 712 "-" "Mozilla/5.0 (compatible; Barkrowler/0.9; +https://babbar.tech/crawler)"
192.178.6.35 - - [27/Jan/2025:08:32:14 -0500] "GET /?_gl=1*1ix4f11*_gcl_au*MTYxMTI1OTI3MS4xNzIxODg2NjU0*_ga*ODYyMzk4MzA3LjE2OTk0NTM1Nzg.*_ga_7H42SVMQ0V*MTcyMTg4NjY1NS4xMjEuMS4xNzIxODg2NjY5LjQ2LjAuMA..&_ga=2.198040047.1958808748.1721886654-862398307.1699453578&_bdsid=2ulvIJ.n~ZXCIW.1721886656070.1721886848&_bd_prev_page=https://www.paperpush.com/detail.php?qonwz/j470592.html HTTP/1.1" 500 0 "-" "Mozilla/5.0 (Linux; Android 6.0.1; Nexus 5X Build/MMB29P) AppleWebKit/537.36 (KHTML, like Gecko) Chrome/132.0.6834.83 Mobile Safari/537.36 (compatible; Googlebot/2.1; +http://www.google.com/bot.html)"
66.249.72.65 - - [27/Jan/2025:08:32:16 -0500] "GET /519669432.html HTTP/1.1" 500 0 "-" "Mozilla/5.0 (Linux; Android 6.0.1; Nexus 5X Build/MMB29P) AppleWebKit/537.36 (KHTML, like Gecko) Chrome/132.0.6834.83 Mobile Safari/537.36 (compatible; Googlebot/2.1; +http://www.google.com/bot.html)"
217.113.194.198 - - [27/Jan/2025:08:32:23 -0500] "GET /documents/9242_New/2020/i_september/debit/recycle/?NA HTTP/1.1" 200 710 "-" "Mozilla/5.0 (compatible; Barkrowler/0.9; +https://babbar.tech/crawler)"
217.113.194.194 - - [27/Jan/2025:08:32:31 -0500] "GET /documents/9242_New/2020/i_september/debit/recycle/?ND HTTP/1.1" 200 709 "-" "Mozilla/5.0 (compatible; Barkrowler/0.9; +https://babbar.tech/crawler)"
217.113.194.193 - - [27/Jan/2025:08:32:40 -0500] "GET /documents/6370_Sanket/2020/l_december/purchase/recycle/?ND HTTP/1.1" 200 712 "-" "Mozilla/5.0 (compatible; Barkrowler/0.9; +https://babbar.tech/crawler)"
217.113.194.198 - - [27/Jan/2025:08:32:48 -0500] "GET /documents/6370_Sanket/2020/l_december/purchase/recycle/?NA HTTP/1.1" 200 713 "-" "Mozilla/5.0 (compatible; Barkrowler/0.9; +https://babbar.tech/crawler)"
217.113.194.200 - - [27/Jan/2025:08:32:56 -0500] "GET /documents/6370_Sanket/2020/l_december/purchase/recycle/?MA HTTP/1.1" 200 715 "-" "Mozilla/5.0 (compatible; Barkrowler/0.9; +https://babbar.tech/crawler)"
217.113.194.196 - - [27/Jan/2025:08:33:05 -0500] "GET /documents/6370_Sanket/2020/l_december/purchase/recycle/?SA HTTP/1.1" 200 716 "-" "Mozilla/5.0 (compatible; Barkrowler/0.9; +https://babbar.tech/crawler)"
217.113.194.195 - - [27/Jan/2025:08:33:13 -0500] "GET /documents/6370_Sanket/2020/l_december/debit/recycle/?MA HTTP/1.1" 200 713 "-" "Mozilla/5.0 (compatible; Barkrowler/0.9; +https://babbar.tech/crawler)"
192.178.6.36 - - [27/Jan/2025:08:33:14 -0500] "GET /57506057.shtml HTTP/1.1" 500 0 "-" "Mozilla/5.0 (Linux; Android 6.0.1; Nexus 5X Build/MMB29P) AppleWebKit/537.36 (KHTML, like Gecko) Chrome/132.0.6834.83 Mobile Safari/537.36 (compatible; Googlebot/2.1; +http://www.google.com/bot.html)"
217.113.194.198 - - [27/Jan/2025:08:33:22 -0500] "GET /documents/6370_Sanket/2020/l_december/debit/recycle/?MD HTTP/1.1" 200 712 "-" "Mozilla/5.0 (compatible; Barkrowler/0.9; +https://babbar.tech/crawler)"
217.113.194.200 - - [27/Jan/2025:08:33:30 -0500] "GET /documents/6370_Sanket/2020/l_december/debit/recycle/?SA HTTP/1.1" 200 713 "-" "Mozilla/5.0 (compatible; Barkrowler/0.9; +https://babbar.tech/crawler)"
217.113.194.198 - - [27/Jan/2025:08:33:39 -0500] "GET /documents/6370_Sanket/2020/l_december/debit/recycle/?SD HTTP/1.1" 200 712 "-" "Mozilla/5.0 (compatible; Barkrowler/0.9; +https://babbar.tech/crawler)"
192.178.6.35 - - [27/Jan/2025:08:33:45 -0500] "GET /79799849.shtml HTTP/1.1" 500 0 "-" "Mozilla/5.0 (Linux; Android 6.0.1; Nexus 5X Build/MMB29P) AppleWebKit/537.36 (KHTML, like Gecko) Chrome/132.0.6834.83 Mobile Safari/537.36 (compatible; Googlebot/2.1; +http://www.google.com/bot.html)"
192.178.6.35 - - [27/Jan/2025:08:33:46 -0500] "GET /133920809.shtml HTTP/1.1" 500 0 "-" "Mozilla/5.0 (Linux; Android 6.0.1; Nexus 5X Build/MMB29P) AppleWebKit/537.36 (KHTML, like Gecko) Chrome/132.0.6834.83 Mobile Safari/537.36 (compatible; Googlebot/2.1; +http://www.google.com/bot.html)"
217.113.194.192 - - [27/Jan/2025:08:33:47 -0500] "GET /documents/6370_Sanket/2020/l_december/debit/recycle/?NA HTTP/1.1" 200 710 "-" "Mozilla/5.0 (compatible; Barkrowler/0.9; +https://babbar.tech/crawler)"
217.113.194.193 - - [27/Jan/2025:08:33:56 -0500] "GET /documents/6370_Sanket/2020/l_december/debit/recycle/?ND HTTP/1.1" 200 709 "-" "Mozilla/5.0 (compatible; Barkrowler/0.9; +https://babbar.tech/crawler)"
217.113.194.198 - - [27/Jan/2025:08:34:04 -0500] "GET /documents/6370_Sanket/2020/l_december/receipt/recycle/?ND HTTP/1.1" 200 710 "-" "Mozilla/5.0 (compatible; Barkrowler/0.9; +https://babbar.tech/crawler)"
90.241.9.16 - - [27/Jan/2025:08:34:09 -0500] "GET /plugins_old/iCheck/futurico/?path=%2F%2Fopt%2Falt%2Falt-nodejs16%2Froot%2Fusr%2Fshare%2Fdoc%2Falt-nodejs16-icu HTTP/1.1" 200 1468 "-" "Mozilla/5.0 (Linux; Android 5.0; SM-G900P Build/LRX21T) AppleWebKit/537.36 (KHTML, like Gecko) Chrome/50.0.9558.1713 Mobile Safari/537.36"
90.241.9.16 - - [27/Jan/2025:08:34:10 -0500] "GET /plugins_old/iCheck/futurico/?path=%2F%2Fopt%2Falt%2Falt-nodejs16%2Froot%2Fusr%2Fshare%2Fdoc%2Falt-nodejs16-icu HTTP/1.1" 200 5045 "https://paperpush.com/plugins_old/iCheck/futurico/?path=%2F%2Fopt%2Falt%2Falt-nodejs16%2Froot%2Fusr%2Fshare%2Fdoc%2Falt-nodejs16-icu" "Mozilla/5.0 (Linux; Android 5.0; SM-G900P Build/LRX21T) AppleWebKit/537.36 (KHTML, like Gecko) Chrome/50.0.9558.1713 Mobile Safari/537.36"
217.113.194.200 - - [27/Jan/2025:08:34:13 -0500] "GET /documents/6370_Sanket/2020/l_december/receipt/recycle/?NA HTTP/1.1" 200 711 "-" "Mozilla/5.0 (compatible; Barkrowler/0.9; +https://babbar.tech/crawler)"
47.128.62.32 - - [27/Jan/2025:08:34:16 -0500] "GET /documents/5764_Sanket/2020/g_july/contra/?d=%2Fopt%2Falt%2Fpython311%2Flib64%2Fpython3.11%2F__pycache__&f=getpass.cpython-311.opt-1.pyc&x=c HTTP/1.1" 200 1865 "-" "Mozilla/5.0 (Linux; Android 5.0) AppleWebKit/537.36 (KHTML, like Gecko) Mobile Safari/537.36 (compatible; Bytespider; spider-feedback@bytedance.com)"
192.178.6.37 - - [27/Jan/2025:08:34:16 -0500] "GET /46345217527310.html HTTP/1.1" 500 0 "-" "Mozilla/5.0 (Linux; Android 6.0.1; Nexus 5X Build/MMB29P) AppleWebKit/537.36 (KHTML, like Gecko) Chrome/132.0.6834.83 Mobile Safari/537.36 (compatible; Googlebot/2.1; +http://www.google.com/bot.html)"
217.113.194.196 - - [27/Jan/2025:08:34:21 -0500] "GET /documents/6370_Sanket/2020/l_december/receipt/recycle/?MD HTTP/1.1" 200 713 "-" "Mozilla/5.0 (compatible; Barkrowler/0.9; +https://babbar.tech/crawler)"
217.113.194.197 - - [27/Jan/2025:08:34:30 -0500] "GET /documents/6370_Sanket/2020/l_december/receipt/recycle/?MA HTTP/1.1" 200 713 "-" "Mozilla/5.0 (compatible; Barkrowler/0.9; +https://babbar.tech/crawler)"
217.113.194.193 - - [27/Jan/2025:08:34:38 -0500] "GET /documents/6370_Sanket/2020/l_december/receipt/recycle/?SD HTTP/1.1" 200 713 "-" "Mozilla/5.0 (compatible; Barkrowler/0.9; +https://babbar.tech/crawler)"
217.113.194.193 - - [27/Jan/2025:08:34:46 -0500] "GET /documents/6370_Sanket/2020/l_december/receipt/recycle/?SA HTTP/1.1" 200 714 "-" "Mozilla/5.0 (compatible; Barkrowler/0.9; +https://babbar.tech/crawler)"
217.113.194.198 - - [27/Jan/2025:08:34:55 -0500] "GET /documents/6370_Sanket/2020/i_september/debit/recycle/?MA HTTP/1.1" 200 714 "-" "Mozilla/5.0 (compatible; Barkrowler/0.9; +https://babbar.tech/crawler)"
217.113.194.193 - - [27/Jan/2025:08:35:04 -0500] "GET /documents/6370_Sanket/2020/i_september/debit/recycle/?MD HTTP/1.1" 200 713 "-" "Mozilla/5.0 (compatible; Barkrowler/0.9; +https://babbar.tech/crawler)"
217.113.194.194 - - [27/Jan/2025:08:35:13 -0500] "GET /documents/6370_Sanket/2020/i_september/debit/recycle/?SA HTTP/1.1" 200 714 "-" "Mozilla/5.0 (compatible; Barkrowler/0.9; +https://babbar.tech/crawler)"
192.178.6.35 - - [27/Jan/2025:08:35:14 -0500] "GET /615522175217737.html HTTP/1.1" 500 0 "-" "Mozilla/5.0 (Linux; Android 6.0.1; Nexus 5X Build/MMB29P) AppleWebKit/537.36 (KHTML, like Gecko) Chrome/132.0.6834.83 Mobile Safari/537.36 (compatible; Googlebot/2.1; +http://www.google.com/bot.html)"
217.113.194.196 - - [27/Jan/2025:08:35:22 -0500] "GET /documents/6370_Sanket/2020/i_september/debit/recycle/?SD HTTP/1.1" 200 713 "-" "Mozilla/5.0 (compatible; Barkrowler/0.9; +https://babbar.tech/crawler)"
217.113.194.200 - - [27/Jan/2025:08:35:30 -0500] "GET /documents/6370_Sanket/2020/i_september/debit/recycle/?NA HTTP/1.1" 200 711 "-" "Mozilla/5.0 (compatible; Barkrowler/0.9; +https://babbar.tech/crawler)"
114.119.132.114 - - [27/Jan/2025:08:35:33 -0500] "GET /documents/9242_New/2020/f_june/others/recycle/?SA HTTP/1.1" 200 714 "https://www.paperpush.com/documents/9242_New/2020/f_june/others/recycle/?MA" "Mozilla/5.0 (Linux; Android 7.0;) AppleWebKit/537.36 (KHTML, like Gecko) Mobile Safari/537.36 (compatible; PetalBot;+https://webmaster.petalsearch.com/site/petalbot)"
114.119.138.59 - - [27/Jan/2025:08:35:34 -0500] "GET /dbDMWfa3808si/s_le-ynfys589666.bargains HTTP/1.1" 403 0 "-" "Mozilla/5.0 (Linux; Android 7.0;) AppleWebKit/537.36 (KHTML, like Gecko) Mobile Safari/537.36 (compatible; PetalBot;+https://webmaster.petalsearch.com/site/petalbot)"
217.113.194.199 - - [27/Jan/2025:08:35:39 -0500] "GET /documents/6370_Sanket/2020/i_september/debit/recycle/?ND HTTP/1.1" 200 710 "-" "Mozilla/5.0 (compatible; Barkrowler/0.9; +https://babbar.tech/crawler)"
192.178.6.35 - - [27/Jan/2025:08:35:43 -0500] "GET /211165385.shtml HTTP/1.1" 500 0 "-" "Mozilla/5.0 (Linux; Android 6.0.1; Nexus 5X Build/MMB29P) AppleWebKit/537.36 (KHTML, like Gecko) Chrome/132.0.6834.83 Mobile Safari/537.36 (compatible; Googlebot/2.1; +http://www.google.com/bot.html)"
217.113.194.197 - - [27/Jan/2025:08:35:47 -0500] "GET /documents/6370_Sanket/2020/c_march/receipt/recycle/?ND HTTP/1.1" 200 709 "-" "Mozilla/5.0 (compatible; Barkrowler/0.9; +https://babbar.tech/crawler)"
5.255.231.21 - - [27/Jan/2025:08:35:50 -0500] "GET /robots.txt HTTP/1.1" 200 67 "-" "Mozilla/5.0 (compatible; YandexBot/3.0; +http://yandex.com/bots)"
87.250.224.254 - - [27/Jan/2025:08:35:51 -0500] "GET /documents/8422_vishal/2020/d_april/journal/?ND HTTP/1.1" 200 785 "-" "Mozilla/5.0 (compatible; YandexBot/3.0; +http://yandex.com/bots)"
217.113.194.192 - - [27/Jan/2025:08:35:56 -0500] "GET /documents/6370_Sanket/2020/c_march/receipt/recycle/?NA HTTP/1.1" 200 709 "-" "Mozilla/5.0 (compatible; Barkrowler/0.9; +https://babbar.tech/crawler)"
217.113.194.195 - - [27/Jan/2025:08:36:04 -0500] "GET /documents/6370_Sanket/2020/c_march/receipt/recycle/?MD HTTP/1.1" 200 712 "-" "Mozilla/5.0 (compatible; Barkrowler/0.9; +https://babbar.tech/crawler)"
154.54.249.214 - - [27/Jan/2025:08:36:13 -0500] "GET /documents/6370_Sanket/2020/c_march/receipt/recycle/?MA HTTP/1.1" 200 712 "-" "Mozilla/5.0 (compatible; Barkrowler/0.9; +https://babbar.tech/crawler)"
192.178.6.35 - - [27/Jan/2025:08:36:13 -0500] "GET /nzrrc/m1456359.html HTTP/1.1" 500 0 "-" "Mozilla/5.0 (Linux; Android 6.0.1; Nexus 5X Build/MMB29P) AppleWebKit/537.36 (KHTML, like Gecko) Chrome/132.0.6834.83 Mobile Safari/537.36 (compatible; Googlebot/2.1; +http://www.google.com/bot.html)"
217.113.194.198 - - [27/Jan/2025:08:36:21 -0500] "GET /documents/6370_Sanket/2020/c_march/receipt/recycle/?SD HTTP/1.1" 200 712 "-" "Mozilla/5.0 (compatible; Barkrowler/0.9; +https://babbar.tech/crawler)"
213.180.203.223 - - [27/Jan/2025:08:36:24 -0500] "GET /documents/9242_New/2020/f_june/others/ HTTP/1.1" 200 872 "-" "Mozilla/5.0 (compatible; YandexBot/3.0; +http://yandex.com/bots)"
217.113.194.201 - - [27/Jan/2025:08:36:30 -0500] "GET /documents/6370_Sanket/2020/c_march/receipt/recycle/?SA HTTP/1.1" 200 713 "-" "Mozilla/5.0 (compatible; Barkrowler/0.9; +https://babbar.tech/crawler)"
217.113.194.199 - - [27/Jan/2025:08:36:38 -0500] "GET /documents/6370_Sanket/2020/e_may/cheque_reg/recycle/?MD HTTP/1.1" 200 713 "-" "Mozilla/5.0 (compatible; Barkrowler/0.9; +https://babbar.tech/crawler)"
217.113.194.192 - - [27/Jan/2025:08:36:46 -0500] "GET /documents/6370_Sanket/2020/e_may/cheque_reg/recycle/?MA HTTP/1.1" 200 714 "-" "Mozilla/5.0 (compatible; Barkrowler/0.9; +https://babbar.tech/crawler)"
217.113.194.195 - - [27/Jan/2025:08:36:56 -0500] "GET /documents/6370_Sanket/2020/e_may/cheque_reg/recycle/?SD HTTP/1.1" 200 714 "-" "Mozilla/5.0 (compatible; Barkrowler/0.9; +https://babbar.tech/crawler)"
207.46.13.153 - - [27/Jan/2025:08:36:59 -0500] "GET /91174313.shtml HTTP/1.1" 500 0 "-" "Mozilla/5.0 AppleWebKit/537.36 (KHTML, like Gecko; compatible; bingbot/2.0; +http://www.bing.com/bingbot.htm) Chrome/116.0.1938.76 Safari/537.36"
217.113.194.198 - - [27/Jan/2025:08:37:04 -0500] "GET /documents/6370_Sanket/2020/e_may/cheque_reg/recycle/?SA HTTP/1.1" 200 715 "-" "Mozilla/5.0 (compatible; Barkrowler/0.9; +https://babbar.tech/crawler)"
192.178.6.35 - - [27/Jan/2025:08:37:11 -0500] "GET /46345217523528.html HTTP/1.1" 500 0 "-" "Mozilla/5.0 (Linux; Android 6.0.1; Nexus 5X Build/MMB29P) AppleWebKit/537.36 (KHTML, like Gecko) Chrome/132.0.6834.83 Mobile Safari/537.36 (compatible; Googlebot/2.1; +http://www.google.com/bot.html)"
217.113.194.192 - - [27/Jan/2025:08:37:12 -0500] "GET /documents/6370_Sanket/2020/e_may/cheque_reg/recycle/?ND HTTP/1.1" 200 711 "-" "Mozilla/5.0 (compatible; Barkrowler/0.9; +https://babbar.tech/crawler)"
217.113.194.193 - - [27/Jan/2025:08:37:21 -0500] "GET /documents/6370_Sanket/2020/e_may/cheque_reg/recycle/?NA HTTP/1.1" 200 712 "-" "Mozilla/5.0 (compatible; Barkrowler/0.9; +https://babbar.tech/crawler)"
217.113.194.192 - - [27/Jan/2025:08:37:29 -0500] "GET /documents/6370_Sanket/2020/k_november/receipt/recycle/?MA HTTP/1.1" 200 715 "-" "Mozilla/5.0 (compatible; Barkrowler/0.9; +https://babbar.tech/crawler)"
217.113.194.192 - - [27/Jan/2025:08:37:38 -0500] "GET /documents/6370_Sanket/2020/k_november/receipt/recycle/?SD HTTP/1.1" 200 714 "-" "Mozilla/5.0 (compatible; Barkrowler/0.9; +https://babbar.tech/crawler)"
192.178.6.35 - - [27/Jan/2025:08:37:40 -0500] "GET /615522175219543.html HTTP/1.1" 500 0 "-" "Mozilla/5.0 (Linux; Android 6.0.1; Nexus 5X Build/MMB29P) AppleWebKit/537.36 (KHTML, like Gecko) Chrome/132.0.6834.83 Mobile Safari/537.36 (compatible; Googlebot/2.1; +http://www.google.com/bot.html)"
217.113.194.201 - - [27/Jan/2025:08:37:46 -0500] "GET /documents/6370_Sanket/2020/k_november/receipt/recycle/?SA HTTP/1.1" 200 714 "-" "Mozilla/5.0 (compatible; Barkrowler/0.9; +https://babbar.tech/crawler)"
154.54.249.214 - - [27/Jan/2025:08:37:55 -0500] "GET /documents/6370_Sanket/2020/k_november/receipt/recycle/?ND HTTP/1.1" 200 711 "-" "Mozilla/5.0 (compatible; Barkrowler/0.9; +https://babbar.tech/crawler)"
8.36.226.22 - - [27/Jan/2025:08:38:01 -0500] "GET /documents/5764_Sanket/2020/g_july/contra/?d=%2Fopt%2Falt%2Fruby18%2Fshare%2Fri%2F1.8%2Fsystem%2FCGI%2FQueryExtension&f=key%3F-i.yaml&x=c HTTP/1.1" 200 1396 "-" "Mozilla/5.0 (Linux; Android 6.0; Nexus 5 Build/MRA58N) AppleWebKit/537.36 (KHTML, like Gecko) Chrome/52.0.5109.1233 Mobile Safari/537.36"
217.113.194.194 - - [27/Jan/2025:08:38:03 -0500] "GET /documents/6370_Sanket/2020/k_november/receipt/recycle/?NA HTTP/1.1" 200 711 "-" "Mozilla/5.0 (compatible; Barkrowler/0.9; +https://babbar.tech/crawler)"
192.178.6.36 - - [27/Jan/2025:08:38:09 -0500] "GET /269042729.shtml HTTP/1.1" 500 0 "-" "Mozilla/5.0 (Linux; Android 6.0.1; Nexus 5X Build/MMB29P) AppleWebKit/537.36 (KHTML, like Gecko) Chrome/132.0.6834.83 Mobile Safari/537.36 (compatible; Googlebot/2.1; +http://www.google.com/bot.html)"
217.113.194.195 - - [27/Jan/2025:08:38:12 -0500] "GET /documents/6370_Sanket/2020/k_november/purchase/recycle/?MD HTTP/1.1" 200 716 "-" "Mozilla/5.0 (compatible; Barkrowler/0.9; +https://babbar.tech/crawler)"
47.128.28.236 - - [27/Jan/2025:08:38:16 -0500] "GET /plugins_old/iCheck/futurico/?path=%2F%2Fhome%2Fpapecmvm%2Fpublic_html%2Fdocuments%2F8897_Nehal%2F2020%2Fi_september%2Fdebit HTTP/1.1" 200 1487 "-" "Mozilla/5.0 (Linux; Android 5.0) AppleWebKit/537.36 (KHTML, like Gecko) Mobile Safari/537.36 (compatible; Bytespider; spider-feedback@bytedance.com)"
47.128.28.236 - - [27/Jan/2025:08:38:16 -0500] "GET /plugins_old/iCheck/futurico/?path=%2F%2Fhome%2Fpapecmvm%2Fpublic_html%2Fdocuments%2F8897_Nehal%2F2020%2Fi_september%2Fdebit HTTP/1.1" 200 5089 "https://www.paperpush.com/plugins_old/iCheck/futurico/?path=%2F%2Fhome%2Fpapecmvm%2Fpublic_html%2Fdocuments%2F8897_Nehal%2F2020%2Fi_september%2Fdebit" "Mozilla/5.0 (Linux; Android 5.0) AppleWebKit/537.36 (KHTML, like Gecko) Mobile Safari/537.36 (compatible; Bytespider; spider-feedback@bytedance.com)"
217.113.194.196 - - [27/Jan/2025:08:38:20 -0500] "GET /documents/6370_Sanket/2020/k_november/purchase/recycle/?MA HTTP/1.1" 200 717 "-" "Mozilla/5.0 (compatible; Barkrowler/0.9; +https://babbar.tech/crawler)"
217.113.194.195 - - [27/Jan/2025:08:38:29 -0500] "GET /documents/6370_Sanket/2020/k_november/purchase/recycle/?SD HTTP/1.1" 200 716 "-" "Mozilla/5.0 (compatible; Barkrowler/0.9; +https://babbar.tech/crawler)"
217.113.194.198 - - [27/Jan/2025:08:38:37 -0500] "GET /documents/6370_Sanket/2020/k_november/purchase/recycle/?SA HTTP/1.1" 200 717 "-" "Mozilla/5.0 (compatible; Barkrowler/0.9; +https://babbar.tech/crawler)"
192.178.6.35 - - [27/Jan/2025:08:38:41 -0500] "GET /?_gl=1*1ix4f11*_gcl_au*MTYxMTI1OTI3MS4xNzIxODg2NjU0*_ga*ODYyMzk4MzA3LjE2OTk0NTM1Nzg.*_ga_7H42SVMQ0V*MTcyMTg4NjY1NS4xMjEuMS4xNzIxODg2NjY5LjQ2LjAuMA..&_ga=2.198040047.1958808748.1721886654-862398307.1699453578&_bdsid=2ulvIJ.n~ZXCIW.1721886656070.1721886848&_bd_prev_page=https://www.paperpush.com/detail.php?hxqel/z2754084.html HTTP/1.1" 500 0 "-" "Mozilla/5.0 (Linux; Android 6.0.1; Nexus 5X Build/MMB29P) AppleWebKit/537.36 (KHTML, like Gecko) Chrome/132.0.6834.83 Mobile Safari/537.36 (compatible; Googlebot/2.1; +http://www.google.com/bot.html)"
192.178.6.35 - - [27/Jan/2025:08:38:43 -0500] "GET /109685321.shtml HTTP/1.1" 500 0 "-" "Mozilla/5.0 (Linux; Android 6.0.1; Nexus 5X Build/MMB29P) AppleWebKit/537.36 (KHTML, like Gecko) Chrome/132.0.6834.83 Mobile Safari/537.36 (compatible; Googlebot/2.1; +http://www.google.com/bot.html)"
217.113.194.197 - - [27/Jan/2025:08:38:46 -0500] "GET /documents/6370_Sanket/2020/k_november/purchase/recycle/?ND HTTP/1.1" 200 714 "-" "Mozilla/5.0 (compatible; Barkrowler/0.9; +https://babbar.tech/crawler)"
154.54.249.214 - - [27/Jan/2025:08:38:54 -0500] "GET /documents/6370_Sanket/2020/k_november/purchase/recycle/?NA HTTP/1.1" 200 714 "-" "Mozilla/5.0 (compatible; Barkrowler/0.9; +https://babbar.tech/crawler)"
217.113.194.195 - - [27/Jan/2025:08:39:03 -0500] "GET /documents/6370_Sanket/2020/j_october/contra/recycle/?ND HTTP/1.1" 200 710 "-" "Mozilla/5.0 (compatible; Barkrowler/0.9; +https://babbar.tech/crawler)"
217.113.194.200 - - [27/Jan/2025:08:39:11 -0500] "GET /documents/6370_Sanket/2020/j_october/contra/recycle/?NA HTTP/1.1" 200 710 "-" "Mozilla/5.0 (compatible; Barkrowler/0.9; +https://babbar.tech/crawler)"
108.254.218.52 - - [27/Jan/2025:08:39:17 -0500] "GET /documents/5764_Sanket/2020/g_july/contra/?d=%2Fopt%2Falt%2Fphp82%2Fusr%2Fshare%2Fpear%2Ftest%2FStructures_LinkedList%2Ftests HTTP/1.1" 200 3052 "-" "Mozilla/5.0 (Linux; Android 6.0; Nexus 5 Build/MRA58N) AppleWebKit/537.36 (KHTML, like Gecko) Chrome/45.0.7276.1665 Mobile Safari/537.36"
154.54.249.214 - - [27/Jan/2025:08:39:20 -0500] "GET /documents/6370_Sanket/2020/j_october/contra/recycle/?MD HTTP/1.1" 200 713 "-" "Mozilla/5.0 (compatible; Barkrowler/0.9; +https://babbar.tech/crawler)"
217.113.194.193 - - [27/Jan/2025:08:39:28 -0500] "GET /documents/6370_Sanket/2020/j_october/contra/recycle/?MA HTTP/1.1" 200 714 "-" "Mozilla/5.0 (compatible; Barkrowler/0.9; +https://babbar.tech/crawler)"
217.113.194.198 - - [27/Jan/2025:08:39:37 -0500] "GET /documents/6370_Sanket/2020/j_october/contra/recycle/?SD HTTP/1.1" 200 712 "-" "Mozilla/5.0 (compatible; Barkrowler/0.9; +https://babbar.tech/crawler)"
192.178.6.36 - - [27/Jan/2025:08:39:41 -0500] "GET /151088393.shtml HTTP/1.1" 500 0 "-" "Mozilla/5.0 (Linux; Android 6.0.1; Nexus 5X Build/MMB29P) AppleWebKit/537.36 (KHTML, like Gecko) Chrome/132.0.6834.83 Mobile Safari/537.36 (compatible; Googlebot/2.1; +http://www.google.com/bot.html)"
154.54.249.214 - - [27/Jan/2025:08:39:45 -0500] "GET /documents/6370_Sanket/2020/j_october/contra/recycle/?SA HTTP/1.1" 200 713 "-" "Mozilla/5.0 (compatible; Barkrowler/0.9; +https://babbar.tech/crawler)"
217.113.194.195 - - [27/Jan/2025:08:39:54 -0500] "GET /documents/6370_Sanket/2020/g_july/receipt/recycle/?ND HTTP/1.1" 200 709 "-" "Mozilla/5.0 (compatible; Barkrowler/0.9; +https://babbar.tech/crawler)"
217.113.194.199 - - [27/Jan/2025:08:40:02 -0500] "GET /documents/6370_Sanket/2020/g_july/receipt/recycle/?NA HTTP/1.1" 200 710 "-" "Mozilla/5.0 (compatible; Barkrowler/0.9; +https://babbar.tech/crawler)"
192.178.6.36 - - [27/Jan/2025:08:40:10 -0500] "GET /95732873.shtml HTTP/1.1" 500 0 "-" "Mozilla/5.0 (Linux; Android 6.0.1; Nexus 5X Build/MMB29P) AppleWebKit/537.36 (KHTML, like Gecko) Chrome/132.0.6834.83 Mobile Safari/537.36 (compatible; Googlebot/2.1; +http://www.google.com/bot.html)"
217.113.194.192 - - [27/Jan/2025:08:40:11 -0500] "GET /documents/6370_Sanket/2020/g_july/receipt/recycle/?MD HTTP/1.1" 200 712 "-" "Mozilla/5.0 (compatible; Barkrowler/0.9; +https://babbar.tech/crawler)"
217.113.194.201 - - [27/Jan/2025:08:40:19 -0500] "GET /documents/6370_Sanket/2020/g_july/receipt/recycle/?MA HTTP/1.1" 200 713 "-" "Mozilla/5.0 (compatible; Barkrowler/0.9; +https://babbar.tech/crawler)"
217.113.194.193 - - [27/Jan/2025:08:40:28 -0500] "GET /documents/6370_Sanket/2020/g_july/receipt/recycle/?SA HTTP/1.1" 200 713 "-" "Mozilla/5.0 (compatible; Barkrowler/0.9; +https://babbar.tech/crawler)"
114.119.146.195 - - [27/Jan/2025:08:40:33 -0500] "GET /documents/9242_New/2020/e_may/credit/recycle/?SD HTTP/1.1" 200 712 "https://www.paperpush.com/documents/9242_New/2020/e_may/credit/recycle/?SA" "Mozilla/5.0 (Linux; Android 7.0;) AppleWebKit/537.36 (KHTML, like Gecko) Mobile Safari/537.36 (compatible; PetalBot;+https://webmaster.petalsearch.com/site/petalbot)"
114.119.159.87 - - [27/Jan/2025:08:40:33 -0500] "GET /big/n9687ae19c/abcc.braciola HTTP/1.1" 403 0 "-" "Mozilla/5.0 (Linux; Android 7.0;) AppleWebKit/537.36 (KHTML, like Gecko) Mobile Safari/537.36 (compatible; PetalBot;+https://webmaster.petalsearch.com/site/petalbot)"
154.54.249.214 - - [27/Jan/2025:08:40:36 -0500] "GET /documents/5764_Sanket/2020/l_december/purchase/recycle/?ND HTTP/1.1" 200 712 "-" "Mozilla/5.0 (compatible; Barkrowler/0.9; +https://babbar.tech/crawler)"
