217.113.194.199 - - [27/Jan/2025:09:35:30 -0500] "GET /documents/8897_Nehal/2020/g_july/payment/recycle/?SA HTTP/1.1" 200 713 "-" "Mozilla/5.0 (compatible; Barkrowler/0.9; +https://babbar.tech/crawler)"
216.244.66.236 - - [27/Jan/2025:09:35:30 -0500] "GET /documents/9242_New/2020/e_may/journal/recycle/?NA HTTP/1.1" 200 1711 "-" "Mozilla/5.0 (compatible; DotBot/1.2; +https://opensiteexplorer.org/dotbot; help@moz.com)"
114.119.141.42 - - [27/Jan/2025:09:35:33 -0500] "GET /documents/9242_New/2020/j_october/purchase/recycle/?SD HTTP/1.1" 200 716 "https://www.paperpush.com/documents/9242_New/2020/j_october/purchase/recycle/?SA" "Mozilla/5.0 (Linux; Android 7.0;) AppleWebKit/537.36 (KHTML, like Gecko) Mobile Safari/537.36 (compatible; PetalBot;+https://webmaster.petalsearch.com/site/petalbot)"
114.119.146.19 - - [27/Jan/2025:09:35:34 -0500] "GET /7emoorupla3807si/s_le-yniedg4636607.like HTTP/1.1" 403 0 "-" "Mozilla/5.0 (Linux; Android 7.0;) AppleWebKit/537.36 (KHTML, like Gecko) Mobile Safari/537.36 (compatible; PetalBot;+https://webmaster.petalsearch.com/site/petalbot)"
217.113.194.195 - - [27/Jan/2025:09:35:38 -0500] "GET /documents/8897_Nehal/2020/g_july/credit/recycle/?MD HTTP/1.1" 200 711 "-" "Mozilla/5.0 (compatible; Barkrowler/0.9; +https://babbar.tech/crawler)"
142.59.33.200 - - [27/Jan/2025:09:35:38 -0500] "GET /documents/5764_Sanket/2020/g_july/contra/?d=%2Fopt%2Falt%2Fruby18%2Fshare%2Fri%2F1.8%2Fsystem%2FWSDL%2FPortType&f=find_binding-i.yaml&x=c HTTP/1.1" 200 1500 "-" "Mozilla/5.0 (Linux; Android 6.0; Nexus 5 Build/MRA58N) AppleWebKit/537.36 (KHTML, like Gecko) Chrome/43.0.1976.1309 Mobile Safari/537.36"
192.178.6.36 - - [27/Jan/2025:09:35:40 -0500] "GET /185215817.shtml HTTP/1.1" 500 0 "-" "Mozilla/5.0 (Linux; Android 6.0.1; Nexus 5X Build/MMB29P) AppleWebKit/537.36 (KHTML, like Gecko) Chrome/132.0.6834.83 Mobile Safari/537.36 (compatible; Googlebot/2.1; +http://www.google.com/bot.html)"
216.244.66.236 - - [27/Jan/2025:09:35:44 -0500] "GET /2wkng/gold-strike-deluxe-room.html HTTP/1.1" 500 0 "-" "Mozilla/5.0 (compatible; DotBot/1.2; +https://opensiteexplorer.org/dotbot; help@moz.com)"
216.244.66.236 - - [27/Jan/2025:09:35:46 -0500] "GET /2wkng/new-cadillac-escalade-platinum-for-sale.html HTTP/1.1" 500 0 "-" "Mozilla/5.0 (compatible; DotBot/1.2; +https://opensiteexplorer.org/dotbot; help@moz.com)"
217.113.194.195 - - [27/Jan/2025:09:35:47 -0500] "GET /documents/8897_Nehal/2020/g_july/credit/recycle/?MA HTTP/1.1" 200 711 "-" "Mozilla/5.0 (compatible; Barkrowler/0.9; +https://babbar.tech/crawler)"
217.113.194.200 - - [27/Jan/2025:09:35:55 -0500] "GET /documents/8897_Nehal/2020/g_july/credit/recycle/?SD HTTP/1.1" 200 712 "-" "Mozilla/5.0 (compatible; Barkrowler/0.9; +https://babbar.tech/crawler)"
47.128.51.184 - - [27/Jan/2025:09:35:58 -0500] "GET /documents/5764_Sanket/2020/g_july/contra/?d=%2Flib%2Ffirmware%2Fi915&f=icl_guc_33.0.0.bin&x=c HTTP/1.1" 200 1398 "-" "Mozilla/5.0 (Linux; Android 5.0) AppleWebKit/537.36 (KHTML, like Gecko) Mobile Safari/537.36 (compatible; Bytespider; spider-feedback@bytedance.com)"
217.113.194.195 - - [27/Jan/2025:09:36:04 -0500] "GET /documents/8897_Nehal/2020/g_july/credit/recycle/?SA HTTP/1.1" 200 712 "-" "Mozilla/5.0 (compatible; Barkrowler/0.9; +https://babbar.tech/crawler)"
217.113.194.196 - - [27/Jan/2025:09:36:13 -0500] "GET /documents/8897_Nehal/2020/g_july/credit/recycle/?ND HTTP/1.1" 200 709 "-" "Mozilla/5.0 (compatible; Barkrowler/0.9; +https://babbar.tech/crawler)"
154.54.249.214 - - [27/Jan/2025:09:36:22 -0500] "GET /documents/8897_Nehal/2020/g_july/credit/recycle/?NA HTTP/1.1" 200 709 "-" "Mozilla/5.0 (compatible; Barkrowler/0.9; +https://babbar.tech/crawler)"
66.249.72.64 - - [27/Jan/2025:09:36:27 -0500] "GET /index.php/6eacablackballedn4f365/w-ik_i9e15a/w-ik_iu3117bdd525.ps HTTP/1.1" 500 0 "-" "Googlebot/2.1 (+http://www.google.com/bot.html)"
217.113.194.201 - - [27/Jan/2025:09:36:30 -0500] "GET /documents/8897_Nehal/2020/l_december/cheque_reg/recycle/ HTTP/1.1" 200 714 "-" "Mozilla/5.0 (compatible; Barkrowler/0.9; +https://babbar.tech/crawler)"
192.178.6.36 - - [27/Jan/2025:09:36:38 -0500] "GET /?_gl=1*1ix4f11*_gcl_au*MTYxMTI1OTI3MS4xNzIxODg2NjU0*_ga*ODYyMzk4MzA3LjE2OTk0NTM1Nzg.*_ga_7H42SVMQ0V*MTcyMTg4NjY1NS4xMjEuMS4xNzIxODg2NjY5LjQ2LjAuMA..&_ga=2.198040047.1958808748.1721886654-862398307.1699453578&_bdsid=2ulvIJ.n~ZXCIW.1721886656070.1721886848&_bd_prev_page=https://www.paperpush.com/detail.php?ccfeg/s470393.html HTTP/1.1" 500 0 "-" "Mozilla/5.0 (Linux; Android 6.0.1; Nexus 5X Build/MMB29P) AppleWebKit/537.36 (KHTML, like Gecko) Chrome/132.0.6834.83 Mobile Safari/537.36 (compatible; Googlebot/2.1; +http://www.google.com/bot.html)"
192.178.6.36 - - [27/Jan/2025:09:36:39 -0500] "GET /61552217521913.html HTTP/1.1" 500 0 "-" "Mozilla/5.0 (Linux; Android 6.0.1; Nexus 5X Build/MMB29P) AppleWebKit/537.36 (KHTML, like Gecko) Chrome/132.0.6834.83 Mobile Safari/537.36 (compatible; Googlebot/2.1; +http://www.google.com/bot.html)"
217.113.194.194 - - [27/Jan/2025:09:36:40 -0500] "GET /documents/8897_Nehal/2020/l_december/cheque_reg/?MA HTTP/1.1" 200 793 "-" "Mozilla/5.0 (compatible; Barkrowler/0.9; +https://babbar.tech/crawler)"
217.113.194.198 - - [27/Jan/2025:09:36:48 -0500] "GET /documents/8897_Nehal/2020/l_december/cheque_reg/?SA HTTP/1.1" 200 794 "-" "Mozilla/5.0 (compatible; Barkrowler/0.9; +https://babbar.tech/crawler)"
220.245.214.154 - - [27/Jan/2025:09:36:56 -0500] "GET /documents/5764_Sanket/2020/g_july/contra/?d=%2Fusr%2Flib64%2Fpython3.8%2Fhttp%2F__pycache__ HTTP/1.1" 200 3249 "-" "Mozilla/5.0 (Linux; Android 5.0; SM-G900P Build/LRX21T) AppleWebKit/537.36 (KHTML, like Gecko) Chrome/50.0.9545.1617 Mobile Safari/537.36"
217.113.194.193 - - [27/Jan/2025:09:36:57 -0500] "GET /documents/8897_Nehal/2020/l_december/cheque_reg/?SD HTTP/1.1" 200 792 "-" "Mozilla/5.0 (compatible; Barkrowler/0.9; +https://babbar.tech/crawler)"
217.113.194.193 - - [27/Jan/2025:09:37:05 -0500] "GET /documents/8897_Nehal/2020/l_december/cheque_reg/?NA HTTP/1.1" 200 786 "-" "Mozilla/5.0 (compatible; Barkrowler/0.9; +https://babbar.tech/crawler)"
192.178.6.37 - - [27/Jan/2025:09:37:08 -0500] "GET /8682761.shtml HTTP/1.1" 500 0 "-" "Mozilla/5.0 (Linux; Android 6.0.1; Nexus 5X Build/MMB29P) AppleWebKit/537.36 (KHTML, like Gecko) Chrome/132.0.6834.83 Mobile Safari/537.36 (compatible; Googlebot/2.1; +http://www.google.com/bot.html)"
95.108.213.174 - - [27/Jan/2025:09:37:10 -0500] "GET /712011626.html HTTP/1.1" 403 0 "-" "Mozilla/5.0 (compatible; YandexBot/3.0; +http://yandex.com/bots)"
66.249.72.64 - - [27/Jan/2025:09:37:13 -0500] "GET /index.php/e476ehard-billjm22459f365/w-ik_ib4fa2/w-ik_izzpep2276257ee9e789.ps HTTP/1.1" 500 0 "-" "Googlebot/2.1 (+http://www.google.com/bot.html)"
217.113.194.193 - - [27/Jan/2025:09:37:13 -0500] "GET /documents/8897_Nehal/2020/l_december/cheque_reg/?ND HTTP/1.1" 200 786 "-" "Mozilla/5.0 (compatible; Barkrowler/0.9; +https://babbar.tech/crawler)"
217.113.194.199 - - [27/Jan/2025:09:37:22 -0500] "GET /documents/8897_Nehal/2020/l_december/bank/recycle/?ND HTTP/1.1" 200 709 "-" "Mozilla/5.0 (compatible; Barkrowler/0.9; +https://babbar.tech/crawler)"
217.113.194.193 - - [27/Jan/2025:09:37:31 -0500] "GET /documents/8897_Nehal/2020/l_december/bank/recycle/?NA HTTP/1.1" 200 710 "-" "Mozilla/5.0 (compatible; Barkrowler/0.9; +https://babbar.tech/crawler)"
192.178.6.36 - - [27/Jan/2025:09:37:37 -0500] "GET /epwkf/m864443.html HTTP/1.1" 500 0 "-" "Mozilla/5.0 (Linux; Android 6.0.1; Nexus 5X Build/MMB29P) AppleWebKit/537.36 (KHTML, like Gecko) Chrome/132.0.6834.83 Mobile Safari/537.36 (compatible; Googlebot/2.1; +http://www.google.com/bot.html)"
192.178.6.36 - - [27/Jan/2025:09:37:38 -0500] "GET /61552217527493.html HTTP/1.1" 500 0 "-" "Mozilla/5.0 (Linux; Android 6.0.1; Nexus 5X Build/MMB29P) AppleWebKit/537.36 (KHTML, like Gecko) Chrome/132.0.6834.83 Mobile Safari/537.36 (compatible; Googlebot/2.1; +http://www.google.com/bot.html)"
154.54.249.214 - - [27/Jan/2025:09:37:39 -0500] "GET /documents/8897_Nehal/2020/l_december/bank/recycle/?MD HTTP/1.1" 200 711 "-" "Mozilla/5.0 (compatible; Barkrowler/0.9; +https://babbar.tech/crawler)"
217.113.194.196 - - [27/Jan/2025:09:37:48 -0500] "GET /documents/8897_Nehal/2020/l_december/bank/recycle/?MA HTTP/1.1" 200 712 "-" "Mozilla/5.0 (compatible; Barkrowler/0.9; +https://babbar.tech/crawler)"
217.113.194.201 - - [27/Jan/2025:09:37:56 -0500] "GET /documents/8897_Nehal/2020/l_december/bank/recycle/?SD HTTP/1.1" 200 712 "-" "Mozilla/5.0 (compatible; Barkrowler/0.9; +https://babbar.tech/crawler)"
217.113.194.197 - - [27/Jan/2025:09:38:05 -0500] "GET /documents/8897_Nehal/2020/l_december/bank/recycle/?SA HTTP/1.1" 200 713 "-" "Mozilla/5.0 (compatible; Barkrowler/0.9; +https://babbar.tech/crawler)"
27.33.60.146 - - [27/Jan/2025:09:38:13 -0500] "GET /documents/5764_Sanket/2020/g_july/contra/?d=%2Fopt%2Falt%2Fruby18%2Fshare%2Fri%2F1.8%2Fsystem%2FSOAP%2FNetHttpClient HTTP/1.1" 200 2078 "-" "Mozilla/5.0 (iPhone; CPU iPhone OS 11_0 like Mac OS X) AppleWebKit/537.36 (KHTML, like Gecko) Chrome/44.0.6134.1798 Mobile Safari/537.36"
217.113.194.195 - - [27/Jan/2025:09:38:13 -0500] "GET /documents/8897_Nehal/2020/l_december/sales/recycle/?ND HTTP/1.1" 200 709 "-" "Mozilla/5.0 (compatible; Barkrowler/0.9; +https://babbar.tech/crawler)"
217.113.194.198 - - [27/Jan/2025:09:38:22 -0500] "GET /documents/8897_Nehal/2020/l_december/sales/recycle/?NA HTTP/1.1" 200 709 "-" "Mozilla/5.0 (compatible; Barkrowler/0.9; +https://babbar.tech/crawler)"
154.54.249.214 - - [27/Jan/2025:09:38:30 -0500] "GET /documents/8897_Nehal/2020/l_december/sales/recycle/?MD HTTP/1.1" 200 711 "-" "Mozilla/5.0 (compatible; Barkrowler/0.9; +https://babbar.tech/crawler)"
192.178.6.37 - - [27/Jan/2025:09:38:36 -0500] "GET /615522175215359.html HTTP/1.1" 500 0 "-" "Mozilla/5.0 (Linux; Android 6.0.1; Nexus 5X Build/MMB29P) AppleWebKit/537.36 (KHTML, like Gecko) Chrome/132.0.6834.83 Mobile Safari/537.36 (compatible; Googlebot/2.1; +http://www.google.com/bot.html)"
217.113.194.198 - - [27/Jan/2025:09:38:39 -0500] "GET /documents/8897_Nehal/2020/l_december/sales/recycle/?MA HTTP/1.1" 200 712 "-" "Mozilla/5.0 (compatible; Barkrowler/0.9; +https://babbar.tech/crawler)"
217.113.194.193 - - [27/Jan/2025:09:38:47 -0500] "GET /documents/8897_Nehal/2020/l_december/sales/recycle/?SD HTTP/1.1" 200 712 "-" "Mozilla/5.0 (compatible; Barkrowler/0.9; +https://babbar.tech/crawler)"
217.113.194.199 - - [27/Jan/2025:09:38:56 -0500] "GET /documents/8897_Nehal/2020/l_december/sales/recycle/?SA HTTP/1.1" 200 712 "-" "Mozilla/5.0 (compatible; Barkrowler/0.9; +https://babbar.tech/crawler)"
217.113.194.198 - - [27/Jan/2025:09:39:04 -0500] "GET /documents/8897_Nehal/2020/l_december/payment/recycle/?ND HTTP/1.1" 200 710 "-" "Mozilla/5.0 (compatible; Barkrowler/0.9; +https://babbar.tech/crawler)"
192.178.6.37 - - [27/Jan/2025:09:39:05 -0500] "GET /471328175219492.html HTTP/1.1" 500 0 "-" "Mozilla/5.0 (Linux; Android 6.0.1; Nexus 5X Build/MMB29P) AppleWebKit/537.36 (KHTML, like Gecko) Chrome/132.0.6834.83 Mobile Safari/537.36 (compatible; Googlebot/2.1; +http://www.google.com/bot.html)"
217.113.194.196 - - [27/Jan/2025:09:39:13 -0500] "GET /documents/8897_Nehal/2020/l_december/payment/recycle/?NA HTTP/1.1" 200 710 "-" "Mozilla/5.0 (compatible; Barkrowler/0.9; +https://babbar.tech/crawler)"
217.113.194.196 - - [27/Jan/2025:09:39:21 -0500] "GET /documents/8897_Nehal/2020/l_december/payment/recycle/?MD HTTP/1.1" 200 712 "-" "Mozilla/5.0 (compatible; Barkrowler/0.9; +https://babbar.tech/crawler)"
217.113.194.193 - - [27/Jan/2025:09:39:30 -0500] "GET /documents/8897_Nehal/2020/l_december/payment/recycle/?MA HTTP/1.1" 200 713 "-" "Mozilla/5.0 (compatible; Barkrowler/0.9; +https://babbar.tech/crawler)"
192.178.6.35 - - [27/Jan/2025:09:39:34 -0500] "GET /180872969.shtml HTTP/1.1" 500 0 "-" "Mozilla/5.0 (Linux; Android 6.0.1; Nexus 5X Build/MMB29P) AppleWebKit/537.36 (KHTML, like Gecko) Chrome/132.0.6834.83 Mobile Safari/537.36 (compatible; Googlebot/2.1; +http://www.google.com/bot.html)"
192.178.6.36 - - [27/Jan/2025:09:39:35 -0500] "GET /615522175213952.html HTTP/1.1" 500 0 "-" "Mozilla/5.0 (Linux; Android 6.0.1; Nexus 5X Build/MMB29P) AppleWebKit/537.36 (KHTML, like Gecko) Chrome/132.0.6834.83 Mobile Safari/537.36 (compatible; Googlebot/2.1; +http://www.google.com/bot.html)"
192.178.6.35 - - [27/Jan/2025:09:39:36 -0500] "GET /47132817528823.html HTTP/1.1" 500 0 "-" "Mozilla/5.0 (Linux; Android 6.0.1; Nexus 5X Build/MMB29P) AppleWebKit/537.36 (KHTML, like Gecko) Chrome/132.0.6834.83 Mobile Safari/537.36 (compatible; Googlebot/2.1; +http://www.google.com/bot.html)"
217.113.194.198 - - [27/Jan/2025:09:39:38 -0500] "GET /documents/8897_Nehal/2020/l_december/payment/recycle/?SD HTTP/1.1" 200 713 "-" "Mozilla/5.0 (compatible; Barkrowler/0.9; +https://babbar.tech/crawler)"
217.113.194.198 - - [27/Jan/2025:09:39:46 -0500] "GET /documents/8897_Nehal/2020/l_december/payment/recycle/?SA HTTP/1.1" 200 713 "-" "Mozilla/5.0 (compatible; Barkrowler/0.9; +https://babbar.tech/crawler)"
217.113.194.197 - - [27/Jan/2025:09:39:55 -0500] "GET /documents/8897_Nehal/2020/l_december/reports/recycle/?ND HTTP/1.1" 200 709 "-" "Mozilla/5.0 (compatible; Barkrowler/0.9; +https://babbar.tech/crawler)"
47.128.43.76 - - [27/Jan/2025:09:39:59 -0500] "GET /documents/5764_Sanket/2020/g_july/contra/?d=%2Fvar%2Fsoftaculous%2Fwebtrees&f=install.xml&x=c HTTP/1.1" 200 2085 "-" "Mozilla/5.0 (Linux; Android 5.0) AppleWebKit/537.36 (KHTML, like Gecko) Mobile Safari/537.36 (compatible; Bytespider; spider-feedback@bytedance.com)"
217.113.194.196 - - [27/Jan/2025:09:40:03 -0500] "GET /documents/8897_Nehal/2020/l_december/reports/recycle/?NA HTTP/1.1" 200 710 "-" "Mozilla/5.0 (compatible; Barkrowler/0.9; +https://babbar.tech/crawler)"
217.113.194.196 - - [27/Jan/2025:09:40:12 -0500] "GET /documents/8897_Nehal/2020/l_december/reports/recycle/?MD HTTP/1.1" 200 712 "-" "Mozilla/5.0 (compatible; Barkrowler/0.9; +https://babbar.tech/crawler)"
217.113.194.196 - - [27/Jan/2025:09:40:21 -0500] "GET /documents/8897_Nehal/2020/l_december/reports/recycle/?MA HTTP/1.1" 200 712 "-" "Mozilla/5.0 (compatible; Barkrowler/0.9; +https://babbar.tech/crawler)"
217.113.194.193 - - [27/Jan/2025:09:40:29 -0500] "GET /documents/8897_Nehal/2020/l_december/reports/recycle/?SD HTTP/1.1" 200 712 "-" "Mozilla/5.0 (compatible; Barkrowler/0.9; +https://babbar.tech/crawler)"
114.119.152.128 - - [27/Jan/2025:09:40:34 -0500] "GET /documents/9242_New/2020/h_august/purchase/recycle/?NA HTTP/1.1" 200 714 "https://www.paperpush.com/documents/9242_New/2020/h_august/purchase/recycle/?ND" "Mozilla/5.0 (Linux; Android 7.0;) AppleWebKit/537.36 (KHTML, like Gecko) Mobile Safari/537.36 (compatible; PetalBot;+https://webmaster.petalsearch.com/site/petalbot)"
192.178.6.35 - - [27/Jan/2025:09:40:33 -0500] "GET /615522175219658.html HTTP/1.1" 500 0 "-" "Mozilla/5.0 (Linux; Android 6.0.1; Nexus 5X Build/MMB29P) AppleWebKit/537.36 (KHTML, like Gecko) Chrome/132.0.6834.83 Mobile Safari/537.36 (compatible; Googlebot/2.1; +http://www.google.com/bot.html)"
114.119.138.59 - - [27/Jan/2025:09:40:35 -0500] "GET /661188/l29341d_i49f/1382145.htm HTTP/1.1" 403 0 "-" "Mozilla/5.0 (Linux; Android 7.0;) AppleWebKit/537.36 (KHTML, like Gecko) Mobile Safari/537.36 (compatible; PetalBot;+https://webmaster.petalsearch.com/site/petalbot)"
154.54.249.214 - - [27/Jan/2025:09:40:38 -0500] "GET /documents/8897_Nehal/2020/l_december/reports/recycle/?SA HTTP/1.1" 200 713 "-" "Mozilla/5.0 (compatible; Barkrowler/0.9; +https://babbar.tech/crawler)"
217.113.194.201 - - [27/Jan/2025:09:40:46 -0500] "GET /documents/8897_Nehal/2020/h_august/bank/recycle/?ND HTTP/1.1" 200 709 "-" "Mozilla/5.0 (compatible; Barkrowler/0.9; +https://babbar.tech/crawler)"
147.81.105.40 - - [27/Jan/2025:09:40:46 -0500] "GET /documents/5764_Sanket/2020/g_july/contra/?d=%2Fopt%2Falt%2Fruby18%2Fshare%2Fri%2F1.8%2Fsystem%2FOpenURI%2FOpenRead&f=cdesc-OpenRead.yaml&x=c HTTP/1.1" 200 1559 "-" "Mozilla/5.0 (Linux; Android 6.0; Nexus 5 Build/MRA58N) AppleWebKit/537.36 (KHTML, like Gecko) Chrome/46.0.2971.1185 Mobile Safari/537.36"
217.113.194.196 - - [27/Jan/2025:09:40:55 -0500] "GET /documents/8897_Nehal/2020/h_august/bank/recycle/?NA HTTP/1.1" 200 709 "-" "Mozilla/5.0 (compatible; Barkrowler/0.9; +https://babbar.tech/crawler)"
154.54.249.214 - - [27/Jan/2025:09:41:03 -0500] "GET /documents/8897_Nehal/2020/h_august/bank/recycle/?MD HTTP/1.1" 200 711 "-" "Mozilla/5.0 (compatible; Barkrowler/0.9; +https://babbar.tech/crawler)"
154.54.249.214 - - [27/Jan/2025:09:41:12 -0500] "GET /documents/8897_Nehal/2020/h_august/bank/recycle/?MA HTTP/1.1" 200 712 "-" "Mozilla/5.0 (compatible; Barkrowler/0.9; +https://babbar.tech/crawler)"
217.113.194.196 - - [27/Jan/2025:09:41:20 -0500] "GET /documents/8897_Nehal/2020/h_august/bank/recycle/?SD HTTP/1.1" 200 712 "-" "Mozilla/5.0 (compatible; Barkrowler/0.9; +https://babbar.tech/crawler)"
217.113.194.196 - - [27/Jan/2025:09:41:29 -0500] "GET /documents/8897_Nehal/2020/h_august/bank/recycle/?SA HTTP/1.1" 200 713 "-" "Mozilla/5.0 (compatible; Barkrowler/0.9; +https://babbar.tech/crawler)"
192.178.6.35 - - [27/Jan/2025:09:41:32 -0500] "GET /61552217523171.html HTTP/1.1" 500 0 "-" "Mozilla/5.0 (Linux; Android 6.0.1; Nexus 5X Build/MMB29P) AppleWebKit/537.36 (KHTML, like Gecko) Chrome/132.0.6834.83 Mobile Safari/537.36 (compatible; Googlebot/2.1; +http://www.google.com/bot.html)"
217.113.194.198 - - [27/Jan/2025:09:41:37 -0500] "GET /documents/8897_Nehal/2020/h_august/cheque_reg/recycle/ HTTP/1.1" 200 714 "-" "Mozilla/5.0 (compatible; Barkrowler/0.9; +https://babbar.tech/crawler)"
217.113.194.196 - - [27/Jan/2025:09:41:46 -0500] "GET /documents/8897_Nehal/2020/h_august/cheque_reg/?MA HTTP/1.1" 200 792 "-" "Mozilla/5.0 (compatible; Barkrowler/0.9; +https://babbar.tech/crawler)"
154.54.249.214 - - [27/Jan/2025:09:41:55 -0500] "GET /documents/8897_Nehal/2020/h_august/cheque_reg/?SA HTTP/1.1" 200 793 "-" "Mozilla/5.0 (compatible; Barkrowler/0.9; +https://babbar.tech/crawler)"
217.113.194.192 - - [27/Jan/2025:09:42:03 -0500] "GET /documents/8897_Nehal/2020/h_august/cheque_reg/?SD HTTP/1.1" 200 792 "-" "Mozilla/5.0 (compatible; Barkrowler/0.9; +https://babbar.tech/crawler)"
217.113.194.192 - - [27/Jan/2025:09:42:11 -0500] "GET /documents/8897_Nehal/2020/h_august/cheque_reg/?NA HTTP/1.1" 200 784 "-" "Mozilla/5.0 (compatible; Barkrowler/0.9; +https://babbar.tech/crawler)"
217.113.194.192 - - [27/Jan/2025:09:42:20 -0500] "GET /documents/8897_Nehal/2020/h_august/cheque_reg/?ND HTTP/1.1" 200 783 "-" "Mozilla/5.0 (compatible; Barkrowler/0.9; +https://babbar.tech/crawler)"
217.113.194.200 - - [27/Jan/2025:09:42:29 -0500] "GET /documents/8897_Nehal/2020/h_august/sales/recycle/?ND HTTP/1.1" 200 709 "-" "Mozilla/5.0 (compatible; Barkrowler/0.9; +https://babbar.tech/crawler)"
192.178.6.36 - - [27/Jan/2025:09:42:35 -0500] "GET /47132817527341.html HTTP/1.1" 500 0 "-" "Mozilla/5.0 (Linux; Android 6.0.1; Nexus 5X Build/MMB29P) AppleWebKit/537.36 (KHTML, like Gecko) Chrome/132.0.6834.83 Mobile Safari/537.36 (compatible; Googlebot/2.1; +http://www.google.com/bot.html)"
192.178.6.35 - - [27/Jan/2025:09:42:35 -0500] "GET /189985865.shtml HTTP/1.1" 500 0 "-" "Mozilla/5.0 (Linux; Android 6.0.1; Nexus 5X Build/MMB29P) AppleWebKit/537.36 (KHTML, like Gecko) Chrome/132.0.6834.83 Mobile Safari/537.36 (compatible; Googlebot/2.1; +http://www.google.com/bot.html)"
217.113.194.192 - - [27/Jan/2025:09:42:37 -0500] "GET /documents/8897_Nehal/2020/h_august/sales/recycle/?NA HTTP/1.1" 200 709 "-" "Mozilla/5.0 (compatible; Barkrowler/0.9; +https://babbar.tech/crawler)"
154.54.249.214 - - [27/Jan/2025:09:42:46 -0500] "GET /documents/8897_Nehal/2020/h_august/sales/recycle/?MD HTTP/1.1" 200 711 "-" "Mozilla/5.0 (compatible; Barkrowler/0.9; +https://babbar.tech/crawler)"
154.54.249.214 - - [27/Jan/2025:09:42:55 -0500] "GET /documents/8897_Nehal/2020/h_august/sales/recycle/?MA HTTP/1.1" 200 712 "-" "Mozilla/5.0 (compatible; Barkrowler/0.9; +https://babbar.tech/crawler)"
217.113.194.193 - - [27/Jan/2025:09:43:03 -0500] "GET /documents/8897_Nehal/2020/h_august/sales/recycle/?SD HTTP/1.1" 200 712 "-" "Mozilla/5.0 (compatible; Barkrowler/0.9; +https://babbar.tech/crawler)"
192.178.6.37 - - [27/Jan/2025:09:43:04 -0500] "GET /140280329.shtml HTTP/1.1" 500 0 "-" "Mozilla/5.0 (Linux; Android 6.0.1; Nexus 5X Build/MMB29P) AppleWebKit/537.36 (KHTML, like Gecko) Chrome/132.0.6834.83 Mobile Safari/537.36 (compatible; Googlebot/2.1; +http://www.google.com/bot.html)"
114.119.130.255 - - [27/Jan/2025:09:43:07 -0500] "GET /robots.txt HTTP/1.1" 200 67 "-" "Mozilla/5.0 (compatible;PetalBot;+https://webmaster.petalsearch.com/site/petalbot)"
217.113.194.193 - - [27/Jan/2025:09:43:12 -0500] "GET /documents/8897_Nehal/2020/h_august/sales/recycle/?SA HTTP/1.1" 200 712 "-" "Mozilla/5.0 (compatible; Barkrowler/0.9; +https://babbar.tech/crawler)"
217.113.194.194 - - [27/Jan/2025:09:43:20 -0500] "GET /documents/8897_Nehal/2020/h_august/payment/recycle/?MD HTTP/1.1" 200 711 "-" "Mozilla/5.0 (compatible; Barkrowler/0.9; +https://babbar.tech/crawler)"
81.179.198.152 - - [27/Jan/2025:09:43:21 -0500] "GET /documents/5764_Sanket/2020/g_july/contra/?d=%2Fopt%2Falt%2Fruby18%2Fshare%2Fri%2F1.8%2Fsystem%2FNet%2FHTTP&f=addr_port-i.yaml&x=c HTTP/1.1" 200 1523 "-" "Mozilla/5.0 (Linux; Android 6.0; Nexus 5 Build/MRA58N) AppleWebKit/537.36 (KHTML, like Gecko) Chrome/43.0.3950.1974 Mobile Safari/537.36"
217.113.194.197 - - [27/Jan/2025:09:43:29 -0500] "GET /documents/8897_Nehal/2020/h_august/payment/recycle/?MA HTTP/1.1" 200 712 "-" "Mozilla/5.0 (compatible; Barkrowler/0.9; +https://babbar.tech/crawler)"
192.178.6.35 - - [27/Jan/2025:09:43:34 -0500] "GET /147248009.shtml HTTP/1.1" 500 0 "-" "Mozilla/5.0 (Linux; Android 6.0.1; Nexus 5X Build/MMB29P) AppleWebKit/537.36 (KHTML, like Gecko) Chrome/132.0.6834.83 Mobile Safari/537.36 (compatible; Googlebot/2.1; +http://www.google.com/bot.html)"
217.113.194.200 - - [27/Jan/2025:09:43:38 -0500] "GET /documents/8897_Nehal/2020/h_august/payment/recycle/?SD HTTP/1.1" 200 712 "-" "Mozilla/5.0 (compatible; Barkrowler/0.9; +https://babbar.tech/crawler)"
217.113.194.200 - - [27/Jan/2025:09:43:47 -0500] "GET /documents/8897_Nehal/2020/h_august/payment/recycle/?SA HTTP/1.1" 200 713 "-" "Mozilla/5.0 (compatible; Barkrowler/0.9; +https://babbar.tech/crawler)"
217.113.194.195 - - [27/Jan/2025:09:43:55 -0500] "GET /documents/8897_Nehal/2020/h_august/payment/recycle/?ND HTTP/1.1" 200 709 "-" "Mozilla/5.0 (compatible; Barkrowler/0.9; +https://babbar.tech/crawler)"
47.128.53.129 - - [27/Jan/2025:09:43:58 -0500] "GET /documents/5764_Sanket/2020/g_july/contra/?d=%2Fopt%2Falt%2Ftests%2Falt-php80-pecl-mongodb_1.18.1-1.el8%2Ftests&f=manager-ctor-write_concern-error-007.phpt&x=c HTTP/1.1" 200 1755 "-" "Mozilla/5.0 (Linux; Android 5.0) AppleWebKit/537.36 (KHTML, like Gecko) Mobile Safari/537.36 (compatible; Bytespider; spider-feedback@bytedance.com)"
192.178.6.36 - - [27/Jan/2025:09:44:03 -0500] "GET /129544457.shtml HTTP/1.1" 500 0 "-" "Mozilla/5.0 (Linux; Android 6.0.1; Nexus 5X Build/MMB29P) AppleWebKit/537.36 (KHTML, like Gecko) Chrome/132.0.6834.83 Mobile Safari/537.36 (compatible; Googlebot/2.1; +http://www.google.com/bot.html)"
217.113.194.198 - - [27/Jan/2025:09:44:04 -0500] "GET /documents/8897_Nehal/2020/h_august/payment/recycle/?NA HTTP/1.1" 200 710 "-" "Mozilla/5.0 (compatible; Barkrowler/0.9; +https://babbar.tech/crawler)"
217.113.194.198 - - [27/Jan/2025:09:44:12 -0500] "GET /documents/8897_Nehal/2020/h_august/reports/recycle/?ND HTTP/1.1" 200 709 "-" "Mozilla/5.0 (compatible; Barkrowler/0.9; +https://babbar.tech/crawler)"
217.113.194.200 - - [27/Jan/2025:09:44:21 -0500] "GET /documents/8897_Nehal/2020/h_august/reports/recycle/?NA HTTP/1.1" 200 709 "-" "Mozilla/5.0 (compatible; Barkrowler/0.9; +https://babbar.tech/crawler)"
217.113.194.193 - - [27/Jan/2025:09:44:29 -0500] "GET /documents/8897_Nehal/2020/h_august/reports/recycle/?MD HTTP/1.1" 200 711 "-" "Mozilla/5.0 (compatible; Barkrowler/0.9; +https://babbar.tech/crawler)"
74.14.194.20 - - [27/Jan/2025:09:44:36 -0500] "GET /documents/5764_Sanket/2020/g_july/contra/?d=%2Fusr%2Flib%2Fgrub%2Fi386-pc&f=sendkey.mod&x=c HTTP/1.1" 200 1371 "-" "Mozilla/5.0 (iPhone; CPU iPhone OS 11_0 like Mac OS X) AppleWebKit/537.36 (KHTML, like Gecko) Chrome/52.0.5687.1848 Mobile Safari/537.36"
217.113.194.193 - - [27/Jan/2025:09:44:37 -0500] "GET /documents/8897_Nehal/2020/h_august/reports/recycle/?MA HTTP/1.1" 200 712 "-" "Mozilla/5.0 (compatible; Barkrowler/0.9; +https://babbar.tech/crawler)"
217.113.194.201 - - [27/Jan/2025:09:44:46 -0500] "GET /documents/8897_Nehal/2020/h_august/reports/recycle/?SD HTTP/1.1" 200 712 "-" "Mozilla/5.0 (compatible; Barkrowler/0.9; +https://babbar.tech/crawler)"
217.113.194.198 - - [27/Jan/2025:09:44:55 -0500] "GET /documents/8897_Nehal/2020/h_august/reports/recycle/?SA HTTP/1.1" 200 712 "-" "Mozilla/5.0 (compatible; Barkrowler/0.9; +https://babbar.tech/crawler)"
192.178.6.35 - - [27/Jan/2025:09:45:01 -0500] "GET /156809417.shtml HTTP/1.1" 500 0 "-" "Mozilla/5.0 (Linux; Android 6.0.1; Nexus 5X Build/MMB29P) AppleWebKit/537.36 (KHTML, like Gecko) Chrome/132.0.6834.83 Mobile Safari/537.36 (compatible; Googlebot/2.1; +http://www.google.com/bot.html)"
154.54.249.214 - - [27/Jan/2025:09:45:03 -0500] "GET /documents/8897_Nehal/2020/e_may/receipt/recycle/?ND HTTP/1.1" 200 707 "-" "Mozilla/5.0 (compatible; Barkrowler/0.9; +https://babbar.tech/crawler)"
217.113.194.196 - - [27/Jan/2025:09:45:12 -0500] "GET /documents/8897_Nehal/2020/e_may/receipt/recycle/?NA HTTP/1.1" 200 708 "-" "Mozilla/5.0 (compatible; Barkrowler/0.9; +https://babbar.tech/crawler)"
154.54.249.214 - - [27/Jan/2025:09:45:20 -0500] "GET /documents/8897_Nehal/2020/e_may/receipt/recycle/?MD HTTP/1.1" 200 710 "-" "Mozilla/5.0 (compatible; Barkrowler/0.9; +https://babbar.tech/crawler)"
217.113.194.199 - - [27/Jan/2025:09:45:29 -0500] "GET /documents/8897_Nehal/2020/e_may/receipt/recycle/?MA HTTP/1.1" 200 711 "-" "Mozilla/5.0 (compatible; Barkrowler/0.9; +https://babbar.tech/crawler)"
192.178.6.36 - - [27/Jan/2025:09:45:30 -0500] "GET /105065705.shtml HTTP/1.1" 500 0 "-" "Mozilla/5.0 (Linux; Android 6.0.1; Nexus 5X Build/MMB29P) AppleWebKit/537.36 (KHTML, like Gecko) Chrome/132.0.6834.83 Mobile Safari/537.36 (compatible; Googlebot/2.1; +http://www.google.com/bot.html)"
114.119.141.42 - - [27/Jan/2025:09:45:34 -0500] "GET /documents/9242_New/2020/f_june/purchase/recycle/?SD HTTP/1.1" 200 716 "https://www.paperpush.com/documents/9242_New/2020/f_june/purchase/recycle/?SA" "Mozilla/5.0 (Linux; Android 7.0;) AppleWebKit/537.36 (KHTML, like Gecko) Mobile Safari/537.36 (compatible; PetalBot;+https://webmaster.petalsearch.com/site/petalbot)"
114.119.152.128 - - [27/Jan/2025:09:45:34 -0500] "GET /4ac6cclassers7b365/w-ik_i0f019/w-ik_ifsv9108cbbff308.cg HTTP/1.1" 403 0 "-" "Mozilla/5.0 (Linux; Android 7.0;) AppleWebKit/537.36 (KHTML, like Gecko) Mobile Safari/537.36 (compatible; PetalBot;+https://webmaster.petalsearch.com/site/petalbot)"
217.113.194.193 - - [27/Jan/2025:09:45:37 -0500] "GET /documents/8897_Nehal/2020/e_may/receipt/recycle/?SD HTTP/1.1" 200 711 "-" "Mozilla/5.0 (compatible; Barkrowler/0.9; +https://babbar.tech/crawler)"
217.113.194.194 - - [27/Jan/2025:09:45:45 -0500] "GET /documents/8897_Nehal/2020/e_may/receipt/recycle/?SA HTTP/1.1" 200 711 "-" "Mozilla/5.0 (compatible; Barkrowler/0.9; +https://babbar.tech/crawler)"
217.113.194.195 - - [27/Jan/2025:09:45:54 -0500] "GET /documents/8897_Nehal/2020/e_may/purchase/recycle/?ND HTTP/1.1" 200 709 "-" "Mozilla/5.0 (compatible; Barkrowler/0.9; +https://babbar.tech/crawler)"
74.101.216.148 - - [27/Jan/2025:09:45:55 -0500] "GET /documents/5764_Sanket/2020/g_july/contra/?d=%2Flib%2Fmodules%2F4.18.0-553.lve.el8.x86_64%2Fkernel%2Fnet%2Fnetfilter%2Fipset&f=ip_set_hash_ipmac.ko.xz&x=c HTTP/1.1" 200 1403 "-" "Mozilla/5.0 (Linux; Android 8.0; Pixel 2 Build/OPD3.170816.012) AppleWebKit/537.36 (KHTML, like Gecko) Chrome/56.0.3378.1480 Mobile Safari/537.36"
192.178.6.35 - - [27/Jan/2025:09:45:59 -0500] "GET /220408265.shtml HTTP/1.1" 500 0 "-" "Mozilla/5.0 (Linux; Android 6.0.1; Nexus 5X Build/MMB29P) AppleWebKit/537.36 (KHTML, like Gecko) Chrome/132.0.6834.83 Mobile Safari/537.36 (compatible; Googlebot/2.1; +http://www.google.com/bot.html)"
192.178.6.35 - - [27/Jan/2025:09:46:00 -0500] "GET /615522175217143.html HTTP/1.1" 500 0 "-" "Mozilla/5.0 (Linux; Android 6.0.1; Nexus 5X Build/MMB29P) AppleWebKit/537.36 (KHTML, like Gecko) Chrome/132.0.6834.83 Mobile Safari/537.36 (compatible; Googlebot/2.1; +http://www.google.com/bot.html)"
217.113.194.195 - - [27/Jan/2025:09:46:02 -0500] "GET /documents/8897_Nehal/2020/e_may/purchase/recycle/?NA HTTP/1.1" 200 710 "-" "Mozilla/5.0 (compatible; Barkrowler/0.9; +https://babbar.tech/crawler)"
154.54.249.214 - - [27/Jan/2025:09:46:11 -0500] "GET /documents/8897_Nehal/2020/e_may/purchase/recycle/?MD HTTP/1.1" 200 711 "-" "Mozilla/5.0 (compatible; Barkrowler/0.9; +https://babbar.tech/crawler)"
217.113.194.200 - - [27/Jan/2025:09:46:19 -0500] "GET /documents/8897_Nehal/2020/e_may/purchase/recycle/?MA HTTP/1.1" 200 712 "-" "Mozilla/5.0 (compatible; Barkrowler/0.9; +https://babbar.tech/crawler)"
66.249.72.64 - - [27/Jan/2025:09:46:22 -0500] "GET /index.php/6c3b3monepiscopal43htf365/w-ik_i068c3/w-ik_iee30457c06421.ps HTTP/1.1" 500 0 "-" "Googlebot/2.1 (+http://www.google.com/bot.html)"
217.113.194.194 - - [27/Jan/2025:09:46:28 -0500] "GET /documents/8897_Nehal/2020/e_may/purchase/recycle/?SD HTTP/1.1" 200 712 "-" "Mozilla/5.0 (compatible; Barkrowler/0.9; +https://babbar.tech/crawler)"
95.108.213.110 - - [27/Jan/2025:09:46:38 -0500] "GET /588929944.html HTTP/1.1" 403 0 "-" "Mozilla/5.0 (compatible; YandexBot/3.0; +http://yandex.com/bots)"
217.113.194.199 - - [27/Jan/2025:09:46:40 -0500] "GET /documents/8897_Nehal/2020/e_may/purchase/recycle/?SA HTTP/1.1" 200 713 "-" "Mozilla/5.0 (compatible; Barkrowler/0.9; +https://babbar.tech/crawler)"
217.113.194.193 - - [27/Jan/2025:09:46:48 -0500] "GET /documents/8897_Nehal/2020/c_march/purchase/recycle/?ND HTTP/1.1" 200 710 "-" "Mozilla/5.0 (compatible; Barkrowler/0.9; +https://babbar.tech/crawler)"
217.113.194.194 - - [27/Jan/2025:09:46:57 -0500] "GET /documents/8897_Nehal/2020/c_march/purchase/recycle/?NA HTTP/1.1" 200 710 "-" "Mozilla/5.0 (compatible; Barkrowler/0.9; +https://babbar.tech/crawler)"
192.178.6.35 - - [27/Jan/2025:09:46:58 -0500] "GET /91302569.shtml HTTP/1.1" 500 0 "-" "Mozilla/5.0 (Linux; Android 6.0.1; Nexus 5X Build/MMB29P) AppleWebKit/537.36 (KHTML, like Gecko) Chrome/132.0.6834.83 Mobile Safari/537.36 (compatible; Googlebot/2.1; +http://www.google.com/bot.html)"
217.113.194.201 - - [27/Jan/2025:09:47:05 -0500] "GET /documents/8897_Nehal/2020/c_march/purchase/recycle/?MD HTTP/1.1" 200 712 "-" "Mozilla/5.0 (compatible; Barkrowler/0.9; +https://babbar.tech/crawler)"
217.113.194.195 - - [27/Jan/2025:09:47:14 -0500] "GET /documents/8897_Nehal/2020/c_march/purchase/recycle/?MA HTTP/1.1" 200 713 "-" "Mozilla/5.0 (compatible; Barkrowler/0.9; +https://babbar.tech/crawler)"
217.113.194.194 - - [27/Jan/2025:09:47:22 -0500] "GET /documents/8897_Nehal/2020/c_march/purchase/recycle/?SD HTTP/1.1" 200 713 "-" "Mozilla/5.0 (compatible; Barkrowler/0.9; +https://babbar.tech/crawler)"
192.178.6.35 - - [27/Jan/2025:09:47:27 -0500] "GET /81471785.shtml HTTP/1.1" 500 0 "-" "Mozilla/5.0 (Linux; Android 6.0.1; Nexus 5X Build/MMB29P) AppleWebKit/537.36 (KHTML, like Gecko) Chrome/132.0.6834.83 Mobile Safari/537.36 (compatible; Googlebot/2.1; +http://www.google.com/bot.html)"
217.113.194.195 - - [27/Jan/2025:09:47:31 -0500] "GET /documents/8897_Nehal/2020/c_march/purchase/recycle/?SA HTTP/1.1" 200 713 "-" "Mozilla/5.0 (compatible; Barkrowler/0.9; +https://babbar.tech/crawler)"
217.113.194.196 - - [27/Jan/2025:09:47:39 -0500] "GET /documents/8897_Nehal/2020/c_march/debit/recycle/?MA HTTP/1.1" 200 712 "-" "Mozilla/5.0 (compatible; Barkrowler/0.9; +https://babbar.tech/crawler)"
217.113.194.198 - - [27/Jan/2025:09:47:48 -0500] "GET /documents/8897_Nehal/2020/c_march/debit/recycle/?MD HTTP/1.1" 200 711 "-" "Mozilla/5.0 (compatible; Barkrowler/0.9; +https://babbar.tech/crawler)"
192.178.6.35 - - [27/Jan/2025:09:47:56 -0500] "GET /21823529.shtml HTTP/1.1" 500 0 "-" "Mozilla/5.0 (Linux; Android 6.0.1; Nexus 5X Build/MMB29P) AppleWebKit/537.36 (KHTML, like Gecko) Chrome/132.0.6834.83 Mobile Safari/537.36 (compatible; Googlebot/2.1; +http://www.google.com/bot.html)"
217.113.194.197 - - [27/Jan/2025:09:47:56 -0500] "GET /documents/8897_Nehal/2020/c_march/debit/recycle/?SA HTTP/1.1" 200 712 "-" "Mozilla/5.0 (compatible; Barkrowler/0.9; +https://babbar.tech/crawler)"
47.128.110.61 - - [27/Jan/2025:09:47:58 -0500] "GET /documents/5764_Sanket/2020/g_july/contra/?d=%2Fusr%2Fshare%2Flocale%2Fhit HTTP/1.1" 200 1986 "-" "Mozilla/5.0 (Linux; Android 5.0) AppleWebKit/537.36 (KHTML, like Gecko) Mobile Safari/537.36 (compatible; Bytespider; spider-feedback@bytedance.com)"
154.54.249.214 - - [27/Jan/2025:09:48:05 -0500] "GET /documents/8897_Nehal/2020/c_march/debit/recycle/?SD HTTP/1.1" 200 712 "-" "Mozilla/5.0 (compatible; Barkrowler/0.9; +https://babbar.tech/crawler)"
217.113.194.196 - - [27/Jan/2025:09:48:14 -0500] "GET /documents/8897_Nehal/2020/c_march/debit/recycle/?NA HTTP/1.1" 200 709 "-" "Mozilla/5.0 (compatible; Barkrowler/0.9; +https://babbar.tech/crawler)"
217.113.194.195 - - [27/Jan/2025:09:48:23 -0500] "GET /documents/8897_Nehal/2020/c_march/debit/recycle/?ND HTTP/1.1" 200 709 "-" "Mozilla/5.0 (compatible; Barkrowler/0.9; +https://babbar.tech/crawler)"
217.113.194.192 - - [27/Jan/2025:09:48:31 -0500] "GET /documents/8897_Nehal/2020/c_march/receipt/recycle/?ND HTTP/1.1" 200 709 "-" "Mozilla/5.0 (compatible; Barkrowler/0.9; +https://babbar.tech/crawler)"
217.113.194.195 - - [27/Jan/2025:09:48:40 -0500] "GET /documents/8897_Nehal/2020/c_march/receipt/recycle/?NA HTTP/1.1" 200 709 "-" "Mozilla/5.0 (compatible; Barkrowler/0.9; +https://babbar.tech/crawler)"
5.255.231.20 - - [27/Jan/2025:09:48:46 -0500] "GET /documents/5764_Sanket/2020/i_september/contra/?SA HTTP/1.1" 200 793 "-" "Mozilla/5.0 (compatible; YandexBot/3.0; +http://yandex.com/bots)"
217.113.194.197 - - [27/Jan/2025:09:48:48 -0500] "GET /documents/8897_Nehal/2020/c_march/receipt/recycle/?MD HTTP/1.1" 200 711 "-" "Mozilla/5.0 (compatible; Barkrowler/0.9; +https://babbar.tech/crawler)"
192.178.6.35 - - [27/Jan/2025:09:48:54 -0500] "GET /471328175219931.html HTTP/1.1" 500 0 "-" "Mozilla/5.0 (Linux; Android 6.0.1; Nexus 5X Build/MMB29P) AppleWebKit/537.36 (KHTML, like Gecko) Chrome/132.0.6834.83 Mobile Safari/537.36 (compatible; Googlebot/2.1; +http://www.google.com/bot.html)"
217.113.194.196 - - [27/Jan/2025:09:48:56 -0500] "GET /documents/8897_Nehal/2020/c_march/receipt/recycle/?MA HTTP/1.1" 200 712 "-" "Mozilla/5.0 (compatible; Barkrowler/0.9; +https://babbar.tech/crawler)"
217.113.194.193 - - [27/Jan/2025:09:49:05 -0500] "GET /documents/8897_Nehal/2020/c_march/receipt/recycle/?SD HTTP/1.1" 200 712 "-" "Mozilla/5.0 (compatible; Barkrowler/0.9; +https://babbar.tech/crawler)"
217.113.194.192 - - [27/Jan/2025:09:49:13 -0500] "GET /documents/8897_Nehal/2020/c_march/receipt/recycle/?SA HTTP/1.1" 200 713 "-" "Mozilla/5.0 (compatible; Barkrowler/0.9; +https://babbar.tech/crawler)"
4.43.184.114 - - [27/Jan/2025:09:49:20 -0500] "GET / HTTP/1.0" 500 0 "-" "Mozilla/5.0 (Windows; U; Windows NT 6.1; en-US; rv:1.9.2.8) Gecko/20100722 Firefox/3.6.8"
217.113.194.197 - - [27/Jan/2025:09:49:22 -0500] "GET /documents/8897_Nehal/2020/k_november/receipt/?ND HTTP/1.1" 200 781 "-" "Mozilla/5.0 (compatible; Barkrowler/0.9; +https://babbar.tech/crawler)"
192.178.6.35 - - [27/Jan/2025:09:49:23 -0500] "GET /61552217524.html HTTP/1.1" 500 0 "-" "Mozilla/5.0 (Linux; Android 6.0.1; Nexus 5X Build/MMB29P) AppleWebKit/537.36 (KHTML, like Gecko) Chrome/132.0.6834.83 Mobile Safari/537.36 (compatible; Googlebot/2.1; +http://www.google.com/bot.html)"
192.178.6.36 - - [27/Jan/2025:09:49:24 -0500] "GET /npgbu/b488186.html HTTP/1.1" 500 0 "-" "Mozilla/5.0 (Linux; Android 6.0.1; Nexus 5X Build/MMB29P) AppleWebKit/537.36 (KHTML, like Gecko) Chrome/132.0.6834.83 Mobile Safari/537.36 (compatible; Googlebot/2.1; +http://www.google.com/bot.html)"
192.178.6.35 - - [27/Jan/2025:09:49:25 -0500] "GET /228274217.shtml HTTP/1.1" 500 0 "-" "Mozilla/5.0 (Linux; Android 6.0.1; Nexus 5X Build/MMB29P) AppleWebKit/537.36 (KHTML, like Gecko) Chrome/132.0.6834.83 Mobile Safari/537.36 (compatible; Googlebot/2.1; +http://www.google.com/bot.html)"
217.113.194.196 - - [27/Jan/2025:09:49:30 -0500] "GET /documents/8897_Nehal/2020/k_november/receipt/?NA HTTP/1.1" 200 781 "-" "Mozilla/5.0 (compatible; Barkrowler/0.9; +https://babbar.tech/crawler)"
217.113.194.198 - - [27/Jan/2025:09:49:39 -0500] "GET /documents/8897_Nehal/2020/k_november/receipt/?MD HTTP/1.1" 200 788 "-" "Mozilla/5.0 (compatible; Barkrowler/0.9; +https://babbar.tech/crawler)"
92.112.113.90 - - [27/Jan/2025:09:49:44 -0500] "GET /documents/5764_Sanket/2020/g_july/contra/?d=%2Fopt%2Falt%2Fruby18%2Fshare%2Fri%2F1.8%2Fsystem%2FXMP%2F HTTP/1.1" 200 2394 "-" "Mozilla/5.0 (Linux; Android 8.0; Pixel 2 Build/OPD3.170816.012) AppleWebKit/537.36 (KHTML, like Gecko) Chrome/60.0.7439.1400 Mobile Safari/537.36"
217.113.194.192 - - [27/Jan/2025:09:49:48 -0500] "GET /documents/8897_Nehal/2020/k_november/receipt/?MA HTTP/1.1" 200 789 "-" "Mozilla/5.0 (compatible; Barkrowler/0.9; +https://babbar.tech/crawler)"
192.178.6.35 - - [27/Jan/2025:09:49:54 -0500] "GET /46345217522822.html HTTP/1.1" 500 0 "-" "Mozilla/5.0 (Linux; Android 6.0.1; Nexus 5X Build/MMB29P) AppleWebKit/537.36 (KHTML, like Gecko) Chrome/132.0.6834.83 Mobile Safari/537.36 (compatible; Googlebot/2.1; +http://www.google.com/bot.html)"
217.113.194.198 - - [27/Jan/2025:09:49:57 -0500] "GET /documents/8897_Nehal/2020/k_november/receipt/?SD HTTP/1.1" 200 788 "-" "Mozilla/5.0 (compatible; Barkrowler/0.9; +https://babbar.tech/crawler)"
217.113.194.197 - - [27/Jan/2025:09:50:05 -0500] "GET /documents/8897_Nehal/2020/k_november/receipt/?SA HTTP/1.1" 200 789 "-" "Mozilla/5.0 (compatible; Barkrowler/0.9; +https://babbar.tech/crawler)"
154.54.249.214 - - [27/Jan/2025:09:50:14 -0500] "GET /documents/8897_Nehal/2020/k_november/others/recycle/?ND HTTP/1.1" 200 710 "-" "Mozilla/5.0 (compatible; Barkrowler/0.9; +https://babbar.tech/crawler)"
217.113.194.195 - - [27/Jan/2025:09:50:22 -0500] "GET /documents/8897_Nehal/2020/k_november/others/recycle/?NA HTTP/1.1" 200 711 "-" "Mozilla/5.0 (compatible; Barkrowler/0.9; +https://babbar.tech/crawler)"
217.113.194.195 - - [27/Jan/2025:09:50:31 -0500] "GET /documents/8897_Nehal/2020/k_november/others/recycle/?MD HTTP/1.1" 200 713 "-" "Mozilla/5.0 (compatible; Barkrowler/0.9; +https://babbar.tech/crawler)"
114.119.141.42 - - [27/Jan/2025:09:50:33 -0500] "GET /documents/9242_New/2020/f_june/payment/recycle/?NA HTTP/1.1" 200 712 "https://www.paperpush.com/documents/9242_New/2020/f_june/payment/recycle/?MD" "Mozilla/5.0 (Linux; Android 7.0;) AppleWebKit/537.36 (KHTML, like Gecko) Mobile Safari/537.36 (compatible; PetalBot;+https://webmaster.petalsearch.com/site/petalbot)"
114.119.132.114 - - [27/Jan/2025:09:50:37 -0500] "GET /3ecomposantca380dsi/s_le-yt0b0.supply HTTP/1.1" 403 0 "-" "Mozilla/5.0 (Linux; Android 7.0;) AppleWebKit/537.36 (KHTML, like Gecko) Mobile Safari/537.36 (compatible; PetalBot;+https://webmaster.petalsearch.com/site/petalbot)"
217.113.194.197 - - [27/Jan/2025:09:50:39 -0500] "GET /documents/8897_Nehal/2020/k_november/others/recycle/?MA HTTP/1.1" 200 714 "-" "Mozilla/5.0 (compatible; Barkrowler/0.9; +https://babbar.tech/crawler)"
217.113.194.200 - - [27/Jan/2025:09:50:48 -0500] "GET /documents/8897_Nehal/2020/k_november/others/recycle/?SD HTTP/1.1" 200 713 "-" "Mozilla/5.0 (compatible; Barkrowler/0.9; +https://babbar.tech/crawler)"
192.178.6.35 - - [27/Jan/2025:09:50:52 -0500] "GET /615522175215663.html HTTP/1.1" 500 0 "-" "Mozilla/5.0 (Linux; Android 6.0.1; Nexus 5X Build/MMB29P) AppleWebKit/537.36 (KHTML, like Gecko) Chrome/132.0.6834.83 Mobile Safari/537.36 (compatible; Googlebot/2.1; +http://www.google.com/bot.html)"
66.249.72.64 - - [27/Jan/2025:09:50:53 -0500] "GET /?_gl=1*1ix4f11*_gcl_au*MTYxMTI1OTI3MS4xNzIxODg2NjU0*_ga*ODYyMzk4MzA3LjE2OTk0NTM1Nzg.*_ga_7H42SVMQ0V*MTcyMTg4NjY1NS4xMjEuMS4xNzIxODg2NjY5LjQ2LjAuMA..&_ga=2.198040047.1958808748.1721886654-862398307.1699453578&_bdsid=2ulvIJ.n~ZXCIW.1721886656070.1721886848&_bd_prev_page=https://paperpush.com/detail.php?xytuh/e874809.html HTTP/1.1" 500 0 "-" "Mozilla/5.0 (Linux; Android 6.0.1; Nexus 5X Build/MMB29P) AppleWebKit/537.36 (KHTML, like Gecko) Chrome/132.0.6834.83 Mobile Safari/537.36 (compatible; Googlebot/2.1; +http://www.google.com/bot.html)"
154.54.249.214 - - [27/Jan/2025:09:50:56 -0500] "GET /documents/8897_Nehal/2020/k_november/others/recycle/?SA HTTP/1.1" 200 714 "-" "Mozilla/5.0 (compatible; Barkrowler/0.9; +https://babbar.tech/crawler)"
217.113.194.199 - - [27/Jan/2025:09:51:06 -0500] "GET /documents/8897_Nehal/2020/k_november/reports/recycle/?MA HTTP/1.1" 200 713 "-" "Mozilla/5.0 (compatible; Barkrowler/0.9; +https://babbar.tech/crawler)"
217.113.194.198 - - [27/Jan/2025:09:51:14 -0500] "GET /documents/8897_Nehal/2020/k_november/reports/recycle/?MD HTTP/1.1" 200 712 "-" "Mozilla/5.0 (compatible; Barkrowler/0.9; +https://babbar.tech/crawler)"
192.178.6.35 - - [27/Jan/2025:09:51:22 -0500] "GET /37361321.shtml HTTP/1.1" 500 0 "-" "Mozilla/5.0 (Linux; Android 6.0.1; Nexus 5X Build/MMB29P) AppleWebKit/537.36 (KHTML, like Gecko) Chrome/132.0.6834.83 Mobile Safari/537.36 (compatible; Googlebot/2.1; +http://www.google.com/bot.html)"
217.113.194.195 - - [27/Jan/2025:09:51:22 -0500] "GET /documents/8897_Nehal/2020/k_november/reports/recycle/?SA HTTP/1.1" 200 713 "-" "Mozilla/5.0 (compatible; Barkrowler/0.9; +https://babbar.tech/crawler)"
217.113.194.201 - - [27/Jan/2025:09:51:31 -0500] "GET /documents/8897_Nehal/2020/k_november/reports/recycle/?SD HTTP/1.1" 200 712 "-" "Mozilla/5.0 (compatible; Barkrowler/0.9; +https://babbar.tech/crawler)"
217.113.194.198 - - [27/Jan/2025:09:51:39 -0500] "GET /documents/8897_Nehal/2020/k_november/reports/recycle/?NA HTTP/1.1" 200 710 "-" "Mozilla/5.0 (compatible; Barkrowler/0.9; +https://babbar.tech/crawler)"
213.180.203.223 - - [27/Jan/2025:09:51:40 -0500] "GET /28918458.html HTTP/1.1" 403 0 "-" "Mozilla/5.0 (compatible; YandexBot/3.0; +http://yandex.com/bots)"
217.113.194.196 - - [27/Jan/2025:09:51:48 -0500] "GET /documents/8897_Nehal/2020/k_november/reports/recycle/?ND HTTP/1.1" 200 710 "-" "Mozilla/5.0 (compatible; Barkrowler/0.9; +https://babbar.tech/crawler)"
192.178.6.35 - - [27/Jan/2025:09:51:51 -0500] "GET /234948041.shtml HTTP/1.1" 500 0 "-" "Mozilla/5.0 (Linux; Android 6.0.1; Nexus 5X Build/MMB29P) AppleWebKit/537.36 (KHTML, like Gecko) Chrome/132.0.6834.83 Mobile Safari/537.36 (compatible; Googlebot/2.1; +http://www.google.com/bot.html)"
217.113.194.193 - - [27/Jan/2025:09:51:57 -0500] "GET /documents/8897_Nehal/2020/k_november/journal/recycle/?MA HTTP/1.1" 200 715 "-" "Mozilla/5.0 (compatible; Barkrowler/0.9; +https://babbar.tech/crawler)"
47.128.57.219 - - [27/Jan/2025:09:51:58 -0500] "GET /documents/5764_Sanket/2020/g_july/contra/?d=%2Fusr%2Fshare%2Fman%2Fman1&f=fc-cache.1.gz&x=c HTTP/1.1" 200 1385 "-" "Mozilla/5.0 (Linux; Android 5.0) AppleWebKit/537.36 (KHTML, like Gecko) Mobile Safari/537.36 (compatible; Bytespider; spider-feedback@bytedance.com)"
217.113.194.195 - - [27/Jan/2025:09:52:05 -0500] "GET /documents/8897_Nehal/2020/k_november/journal/recycle/?MD HTTP/1.1" 200 713 "-" "Mozilla/5.0 (compatible; Barkrowler/0.9; +https://babbar.tech/crawler)"
217.113.194.195 - - [27/Jan/2025:09:52:14 -0500] "GET /documents/8897_Nehal/2020/k_november/journal/recycle/?SA HTTP/1.1" 200 714 "-" "Mozilla/5.0 (compatible; Barkrowler/0.9; +https://babbar.tech/crawler)"
206.245.239.85 - - [27/Jan/2025:09:52:18 -0500] "GET /documents/5764_Sanket/2020/g_july/contra/?d=%2Fopt%2Falt%2Fruby18%2Fshare%2Fri%2F1.8%2Fsystem%2FSOAP%2FSOAPGYear HTTP/1.1" 200 2087 "-" "Mozilla/5.0 (iPhone; CPU iPhone OS 11_0 like Mac OS X) AppleWebKit/537.36 (KHTML, like Gecko) Chrome/55.0.1230.1954 Mobile Safari/537.36"
217.113.194.194 - - [27/Jan/2025:09:52:22 -0500] "GET /documents/8897_Nehal/2020/k_november/journal/recycle/?SD HTTP/1.1" 200 713 "-" "Mozilla/5.0 (compatible; Barkrowler/0.9; +https://babbar.tech/crawler)"
217.113.194.193 - - [27/Jan/2025:09:52:31 -0500] "GET /documents/8897_Nehal/2020/k_november/journal/recycle/?NA HTTP/1.1" 200 711 "-" "Mozilla/5.0 (compatible; Barkrowler/0.9; +https://babbar.tech/crawler)"
217.113.194.196 - - [27/Jan/2025:09:52:39 -0500] "GET /documents/8897_Nehal/2020/k_november/journal/recycle/?ND HTTP/1.1" 200 711 "-" "Mozilla/5.0 (compatible; Barkrowler/0.9; +https://babbar.tech/crawler)"
217.113.194.197 - - [27/Jan/2025:09:52:48 -0500] "GET /documents/8897_Nehal/2020/k_november/cheque_reg/?ND HTTP/1.1" 200 784 "-" "Mozilla/5.0 (compatible; Barkrowler/0.9; +https://babbar.tech/crawler)"
192.178.6.35 - - [27/Jan/2025:09:52:49 -0500] "GET /?_gl=1*1ix4f11*_gcl_au*MTYxMTI1OTI3MS4xNzIxODg2NjU0*_ga*ODYyMzk4MzA3LjE2OTk0NTM1Nzg.*_ga_7H42SVMQ0V*MTcyMTg4NjY1NS4xMjEuMS4xNzIxODg2NjY5LjQ2LjAuMA..&_ga=2.198040047.1958808748.1721886654-862398307.1699453578&_bdsid=2ulvIJ.n~ZXCIW.1721886656070.1721886848&_bd_prev_page=https://www.paperpush.com/detail.php?dzeww/c790489.html HTTP/1.1" 500 0 "-" "Mozilla/5.0 (Linux; Android 6.0.1; Nexus 5X Build/MMB29P) AppleWebKit/537.36 (KHTML, like Gecko) Chrome/132.0.6834.83 Mobile Safari/537.36 (compatible; Googlebot/2.1; +http://www.google.com/bot.html)"
192.178.6.35 - - [27/Jan/2025:09:52:50 -0500] "GET /188208713.shtml HTTP/1.1" 500 0 "-" "Mozilla/5.0 (Linux; Android 6.0.1; Nexus 5X Build/MMB29P) AppleWebKit/537.36 (KHTML, like Gecko) Chrome/132.0.6834.83 Mobile Safari/537.36 (compatible; Googlebot/2.1; +http://www.google.com/bot.html)"
217.113.194.198 - - [27/Jan/2025:09:52:56 -0500] "GET /documents/8897_Nehal/2020/k_november/cheque_reg/?NA HTTP/1.1" 200 784 "-" "Mozilla/5.0 (compatible; Barkrowler/0.9; +https://babbar.tech/crawler)"
217.113.194.195 - - [27/Jan/2025:09:53:04 -0500] "GET /documents/8897_Nehal/2020/k_november/cheque_reg/?MD HTTP/1.1" 200 790 "-" "Mozilla/5.0 (compatible; Barkrowler/0.9; +https://babbar.tech/crawler)"
217.113.194.194 - - [27/Jan/2025:09:53:13 -0500] "GET /documents/8897_Nehal/2020/k_november/cheque_reg/?MA HTTP/1.1" 200 792 "-" "Mozilla/5.0 (compatible; Barkrowler/0.9; +https://babbar.tech/crawler)"
192.178.6.35 - - [27/Jan/2025:09:53:19 -0500] "GET /yzpcu/f154714.html HTTP/1.1" 500 0 "-" "Mozilla/5.0 (Linux; Android 6.0.1; Nexus 5X Build/MMB29P) AppleWebKit/537.36 (KHTML, like Gecko) Chrome/132.0.6834.83 Mobile Safari/537.36 (compatible; Googlebot/2.1; +http://www.google.com/bot.html)"
192.178.6.36 - - [27/Jan/2025:09:53:20 -0500] "GET /167794889.shtml HTTP/1.1" 500 0 "-" "Mozilla/5.0 (Linux; Android 6.0.1; Nexus 5X Build/MMB29P) AppleWebKit/537.36 (KHTML, like Gecko) Chrome/132.0.6834.83 Mobile Safari/537.36 (compatible; Googlebot/2.1; +http://www.google.com/bot.html)"
217.113.194.199 - - [27/Jan/2025:09:53:21 -0500] "GET /documents/8897_Nehal/2020/k_november/cheque_reg/?SD HTTP/1.1" 200 790 "-" "Mozilla/5.0 (compatible; Barkrowler/0.9; +https://babbar.tech/crawler)"
154.54.249.214 - - [27/Jan/2025:09:53:30 -0500] "GET /documents/8897_Nehal/2020/k_november/cheque_reg/?SA HTTP/1.1" 200 792 "-" "Mozilla/5.0 (compatible; Barkrowler/0.9; +https://babbar.tech/crawler)"
217.113.194.193 - - [27/Jan/2025:09:53:38 -0500] "GET /documents/8897_Nehal/2020/j_october/others/recycle/?MD HTTP/1.1" 200 712 "-" "Mozilla/5.0 (compatible; Barkrowler/0.9; +https://babbar.tech/crawler)"
217.113.194.199 - - [27/Jan/2025:09:53:47 -0500] "GET /documents/8897_Nehal/2020/j_october/others/recycle/?MA HTTP/1.1" 200 713 "-" "Mozilla/5.0 (compatible; Barkrowler/0.9; +https://babbar.tech/crawler)"
192.178.6.36 - - [27/Jan/2025:09:53:49 -0500] "GET /46345217521127.html HTTP/1.1" 500 0 "-" "Mozilla/5.0 (Linux; Android 6.0.1; Nexus 5X Build/MMB29P) AppleWebKit/537.36 (KHTML, like Gecko) Chrome/132.0.6834.83 Mobile Safari/537.36 (compatible; Googlebot/2.1; +http://www.google.com/bot.html)"
217.113.194.199 - - [27/Jan/2025:09:53:55 -0500] "GET /documents/8897_Nehal/2020/j_october/others/recycle/?SD HTTP/1.1" 200 713 "-" "Mozilla/5.0 (compatible; Barkrowler/0.9; +https://babbar.tech/crawler)"
217.113.194.199 - - [27/Jan/2025:09:54:04 -0500] "GET /documents/8897_Nehal/2020/j_october/others/recycle/?SA HTTP/1.1" 200 714 "-" "Mozilla/5.0 (compatible; Barkrowler/0.9; +https://babbar.tech/crawler)"
217.113.194.192 - - [27/Jan/2025:09:54:12 -0500] "GET /documents/8897_Nehal/2020/j_october/others/recycle/?ND HTTP/1.1" 200 710 "-" "Mozilla/5.0 (compatible; Barkrowler/0.9; +https://babbar.tech/crawler)"
217.113.194.199 - - [27/Jan/2025:09:54:21 -0500] "GET /documents/8897_Nehal/2020/j_october/others/recycle/?NA HTTP/1.1" 200 711 "-" "Mozilla/5.0 (compatible; Barkrowler/0.9; +https://babbar.tech/crawler)"
192.178.6.36 - - [27/Jan/2025:09:54:24 -0500] "GET /615522175210897.html HTTP/1.1" 500 0 "-" "Mozilla/5.0 (Linux; Android 6.0.1; Nexus 5X Build/MMB29P) AppleWebKit/537.36 (KHTML, like Gecko) Chrome/132.0.6834.83 Mobile Safari/537.36 (compatible; GoogleOther)"
217.113.194.198 - - [27/Jan/2025:09:54:29 -0500] "GET /documents/8897_Nehal/2020/j_october/debit/?ND HTTP/1.1" 200 781 "-" "Mozilla/5.0 (compatible; Barkrowler/0.9; +https://babbar.tech/crawler)"
154.54.249.214 - - [27/Jan/2025:09:54:38 -0500] "GET /documents/8897_Nehal/2020/j_october/debit/?NA HTTP/1.1" 200 781 "-" "Mozilla/5.0 (compatible; Barkrowler/0.9; +https://babbar.tech/crawler)"
217.113.194.199 - - [27/Jan/2025:09:54:46 -0500] "GET /documents/8897_Nehal/2020/j_october/debit/?MD HTTP/1.1" 200 786 "-" "Mozilla/5.0 (compatible; Barkrowler/0.9; +https://babbar.tech/crawler)"
