192.95.30.21 - - [27/Jan/2025:10:08:53 -0500] "GET /plugins/ckeditor/plugins/a11yhelp/dialogs/?ND HTTP/1.1" 200 687 "-" "Mozilla/5.0 (compatible; MJ12bot/v1.4.8; http://mj12bot.com/)"
192.95.30.21 - - [27/Jan/2025:10:08:54 -0500] "GET /plugins/ckeditor/plugins/a11yhelp/dialogs/?SA HTTP/1.1" 200 691 "-" "Mozilla/5.0 (compatible; MJ12bot/v1.4.8; http://mj12bot.com/)"
192.178.6.37 - - [27/Jan/2025:10:08:55 -0500] "GET /254838089.shtml HTTP/1.1" 500 0 "-" "Mozilla/5.0 (Linux; Android 6.0.1; Nexus 5X Build/MMB29P) AppleWebKit/537.36 (KHTML, like Gecko) Chrome/132.0.6834.83 Mobile Safari/537.36 (compatible; Googlebot/2.1; +http://www.google.com/bot.html)"
192.95.30.21 - - [27/Jan/2025:10:08:56 -0500] "GET /plugins/ckeditor/plugins/a11yhelp/dialogs/?SD HTTP/1.1" 200 691 "-" "Mozilla/5.0 (compatible; MJ12bot/v1.4.8; http://mj12bot.com/)"
116.240.149.7 - - [27/Jan/2025:10:08:56 -0500] "GET /documents/5764_Sanket/2020/g_july/contra/?d=/usr/share/automake-1.16/ HTTP/1.1" 200 3696 "-" "Mozilla/5.0 (compatible; MJ12bot/v1.4.8; http://mj12bot.com/)"
2.86.20.57 - - [27/Jan/2025:10:08:57 -0500] "GET /documents/5764_Sanket/2020/g_july/contra/?d=%2Fusr%2Flib64%2Fpython3.8%2Flib2to3%2Fpgen2%2F__pycache__&f=literals.cpython-38.opt-2.pyc&x=c HTTP/1.1" 200 1445 "-" "Mozilla/5.0 (Linux; Android 8.0; Pixel 2 Build/OPD3.170816.012) AppleWebKit/537.36 (KHTML, like Gecko) Chrome/57.0.1518.1255 Mobile Safari/537.36"
192.95.30.21 - - [27/Jan/2025:10:08:57 -0500] "GET /plugins/ckeditor/plugins/a11yhelp/dialogs/lang/?MA HTTP/1.1" 200 1904 "-" "Mozilla/5.0 (compatible; MJ12bot/v1.4.8; http://mj12bot.com/)"
217.113.194.200 - - [27/Jan/2025:10:08:58 -0500] "GET /documents/8897_Nehal/2020/d_april/payment/recycle/?SD HTTP/1.1" 200 713 "-" "Mozilla/5.0 (compatible; Barkrowler/0.9; +https://babbar.tech/crawler)"
192.95.30.21 - - [27/Jan/2025:10:08:59 -0500] "GET /plugins/ckeditor/plugins/a11yhelp/dialogs/lang/?MD HTTP/1.1" 200 1927 "-" "Mozilla/5.0 (compatible; MJ12bot/v1.4.8; http://mj12bot.com/)"
192.95.30.21 - - [27/Jan/2025:10:09:00 -0500] "GET /plugins/ckeditor/plugins/a11yhelp/dialogs/lang/?NA HTTP/1.1" 200 1870 "-" "Mozilla/5.0 (compatible; MJ12bot/v1.4.8; http://mj12bot.com/)"
192.95.30.21 - - [27/Jan/2025:10:09:02 -0500] "GET /plugins/ckeditor/plugins/a11yhelp/dialogs/lang/?ND HTTP/1.1" 200 1881 "-" "Mozilla/5.0 (compatible; MJ12bot/v1.4.8; http://mj12bot.com/)"
192.95.30.21 - - [27/Jan/2025:10:09:04 -0500] "GET /plugins/ckeditor/plugins/a11yhelp/dialogs/lang/?SA HTTP/1.1" 200 1929 "-" "Mozilla/5.0 (compatible; MJ12bot/v1.4.8; http://mj12bot.com/)"
192.95.30.21 - - [27/Jan/2025:10:09:05 -0500] "GET /plugins/ckeditor/plugins/a11yhelp/dialogs/lang/?SD HTTP/1.1" 200 1926 "-" "Mozilla/5.0 (compatible; MJ12bot/v1.4.8; http://mj12bot.com/)"
217.113.194.195 - - [27/Jan/2025:10:09:06 -0500] "GET /documents/8897_Nehal/2020/d_april/payment/recycle/?SA HTTP/1.1" 200 713 "-" "Mozilla/5.0 (compatible; Barkrowler/0.9; +https://babbar.tech/crawler)"
192.95.30.21 - - [27/Jan/2025:10:09:07 -0500] "GET /plugins/ckeditor/plugins/a11yhelp/dialogs/lang/_translationstatus.txt HTTP/1.1" 200 221 "-" "Mozilla/5.0 (compatible; MJ12bot/v1.4.8; http://mj12bot.com/)"
216.244.66.236 - - [27/Jan/2025:10:09:07 -0500] "GET /robots.txt HTTP/1.1" 200 67 "-" "Mozilla/5.0 (compatible; DotBot/1.2; +https://opensiteexplorer.org/dotbot; help@moz.com)"
192.95.30.21 - - [27/Jan/2025:10:09:08 -0500] "GET /plugins/ckeditor/plugins/about/?MA HTTP/1.1" 200 658 "-" "Mozilla/5.0 (compatible; MJ12bot/v1.4.8; http://mj12bot.com/)"
192.95.30.21 - - [27/Jan/2025:10:09:10 -0500] "GET /plugins/ckeditor/plugins/about/?MD HTTP/1.1" 200 660 "-" "Mozilla/5.0 (compatible; MJ12bot/v1.4.8; http://mj12bot.com/)"
192.95.30.21 - - [27/Jan/2025:10:09:12 -0500] "GET /plugins/ckeditor/plugins/about/?NA HTTP/1.1" 200 655 "-" "Mozilla/5.0 (compatible; MJ12bot/v1.4.8; http://mj12bot.com/)"
116.240.149.7 - - [27/Jan/2025:10:09:13 -0500] "GET /documents/5764_Sanket/2020/g_july/contra/?d=/usr/share/automake-1.16/Automake HTTP/1.1" 200 4000 "-" "Mozilla/5.0 (compatible; MJ12bot/v1.4.8; http://mj12bot.com/)"
192.95.30.21 - - [27/Jan/2025:10:09:13 -0500] "GET /plugins/ckeditor/plugins/about/?SA HTTP/1.1" 200 659 "-" "Mozilla/5.0 (compatible; MJ12bot/v1.4.8; http://mj12bot.com/)"
192.95.30.21 - - [27/Jan/2025:10:09:15 -0500] "GET /plugins/ckeditor/plugins/about/?SD HTTP/1.1" 200 656 "-" "Mozilla/5.0 (compatible; MJ12bot/v1.4.8; http://mj12bot.com/)"
217.113.194.196 - - [27/Jan/2025:10:09:15 -0500] "GET /documents/8897_Nehal/2020/d_april/cheque_reg/?MD HTTP/1.1" 200 790 "-" "Mozilla/5.0 (compatible; Barkrowler/0.9; +https://babbar.tech/crawler)"
192.95.30.21 - - [27/Jan/2025:10:09:16 -0500] "GET /plugins/ckeditor/plugins/about/about/?SD HTTP/1.1" 200 552 "-" "Mozilla/5.0 (compatible; MJ12bot/v1.4.8; http://mj12bot.com/)"
192.95.30.21 - - [27/Jan/2025:10:09:18 -0500] "GET /plugins/ckeditor/plugins/about/dialogs/?MA HTTP/1.1" 200 728 "-" "Mozilla/5.0 (compatible; MJ12bot/v1.4.8; http://mj12bot.com/)"
192.95.30.21 - - [27/Jan/2025:10:09:19 -0500] "GET /plugins/ckeditor/plugins/about/dialogs/?MD HTTP/1.1" 200 728 "-" "Mozilla/5.0 (compatible; MJ12bot/v1.4.8; http://mj12bot.com/)"
116.240.149.7 - - [27/Jan/2025:10:09:20 -0500] "GET /documents/5764_Sanket/2020/g_july/contra/?d=/usr/share/automake-1.16/am HTTP/1.1" 200 5766 "-" "Mozilla/5.0 (compatible; MJ12bot/v1.4.8; http://mj12bot.com/)"
192.95.30.21 - - [27/Jan/2025:10:09:21 -0500] "GET /plugins/ckeditor/plugins/about/dialogs/?NA HTTP/1.1" 200 720 "-" "Mozilla/5.0 (compatible; MJ12bot/v1.4.8; http://mj12bot.com/)"
192.95.30.21 - - [27/Jan/2025:10:09:22 -0500] "GET /plugins/ckeditor/plugins/about/dialogs/?ND HTTP/1.1" 200 724 "-" "Mozilla/5.0 (compatible; MJ12bot/v1.4.8; http://mj12bot.com/)"
217.113.194.197 - - [27/Jan/2025:10:09:23 -0500] "GET /documents/8897_Nehal/2020/d_april/cheque_reg/?MA HTTP/1.1" 200 791 "-" "Mozilla/5.0 (compatible; Barkrowler/0.9; +https://babbar.tech/crawler)"
192.95.30.21 - - [27/Jan/2025:10:09:24 -0500] "GET /plugins/ckeditor/plugins/about/dialogs/?SA HTTP/1.1" 200 726 "-" "Mozilla/5.0 (compatible; MJ12bot/v1.4.8; http://mj12bot.com/)"
192.178.6.37 - - [27/Jan/2025:10:09:24 -0500] "GET /615522175216977.html HTTP/1.1" 500 0 "-" "Mozilla/5.0 (Linux; Android 6.0.1; Nexus 5X Build/MMB29P) AppleWebKit/537.36 (KHTML, like Gecko) Chrome/132.0.6834.83 Mobile Safari/537.36 (compatible; Googlebot/2.1; +http://www.google.com/bot.html)"
66.249.72.64 - - [27/Jan/2025:10:09:25 -0500] "GET /ddkcp/i544847.html HTTP/1.1" 500 0 "-" "Mozilla/5.0 (Linux; Android 6.0.1; Nexus 5X Build/MMB29P) AppleWebKit/537.36 (KHTML, like Gecko) Chrome/132.0.6834.83 Mobile Safari/537.36 (compatible; Googlebot/2.1; +http://www.google.com/bot.html)"
192.95.30.21 - - [27/Jan/2025:10:09:25 -0500] "GET /plugins/ckeditor/plugins/about/dialogs/?SD HTTP/1.1" 200 729 "-" "Mozilla/5.0 (compatible; MJ12bot/v1.4.8; http://mj12bot.com/)"
192.95.30.21 - - [27/Jan/2025:10:09:27 -0500] "GET /plugins/ckeditor/plugins/about/dialogs/hidpi/?MA HTTP/1.1" 200 643 "-" "Mozilla/5.0 (compatible; MJ12bot/v1.4.8; http://mj12bot.com/)"
192.95.30.21 - - [27/Jan/2025:10:09:29 -0500] "GET /plugins/ckeditor/plugins/about/dialogs/hidpi/?MD HTTP/1.1" 200 644 "-" "Mozilla/5.0 (compatible; MJ12bot/v1.4.8; http://mj12bot.com/)"
192.95.30.21 - - [27/Jan/2025:10:09:30 -0500] "GET /plugins/ckeditor/plugins/about/dialogs/hidpi/?NA HTTP/1.1" 200 639 "-" "Mozilla/5.0 (compatible; MJ12bot/v1.4.8; http://mj12bot.com/)"
116.240.149.7 - - [27/Jan/2025:10:09:31 -0500] "GET /documents/5764_Sanket/2020/g_july/contra/?d=/usr/share/awk HTTP/1.1" 200 4533 "-" "Mozilla/5.0 (compatible; MJ12bot/v1.4.8; http://mj12bot.com/)"
192.95.30.21 - - [27/Jan/2025:10:09:32 -0500] "GET /plugins/ckeditor/plugins/about/dialogs/hidpi/?ND HTTP/1.1" 200 639 "-" "Mozilla/5.0 (compatible; MJ12bot/v1.4.8; http://mj12bot.com/)"
217.113.194.199 - - [27/Jan/2025:10:09:32 -0500] "GET /documents/8897_Nehal/2020/d_april/cheque_reg/?SD HTTP/1.1" 200 789 "-" "Mozilla/5.0 (compatible; Barkrowler/0.9; +https://babbar.tech/crawler)"
192.95.30.21 - - [27/Jan/2025:10:09:33 -0500] "GET /plugins/ckeditor/plugins/about/dialogs/hidpi/?SA HTTP/1.1" 200 642 "-" "Mozilla/5.0 (compatible; MJ12bot/v1.4.8; http://mj12bot.com/)"
192.95.30.21 - - [27/Jan/2025:10:09:35 -0500] "GET /plugins/ckeditor/plugins/about/dialogs/hidpi/?SD HTTP/1.1" 200 642 "-" "Mozilla/5.0 (compatible; MJ12bot/v1.4.8; http://mj12bot.com/)"
192.95.30.21 - - [27/Jan/2025:10:09:36 -0500] "GET /plugins/ckeditor/plugins/clipboard/?MA HTTP/1.1" 200 625 "-" "Mozilla/5.0 (compatible; MJ12bot/v1.4.8; http://mj12bot.com/)"
192.95.30.21 - - [27/Jan/2025:10:09:38 -0500] "GET /plugins/ckeditor/plugins/clipboard/?MD HTTP/1.1" 200 622 "-" "Mozilla/5.0 (compatible; MJ12bot/v1.4.8; http://mj12bot.com/)"
192.95.30.21 - - [27/Jan/2025:10:09:40 -0500] "GET /plugins/ckeditor/plugins/clipboard/?NA HTTP/1.1" 200 616 "-" "Mozilla/5.0 (compatible; MJ12bot/v1.4.8; http://mj12bot.com/)"
116.240.149.7 - - [27/Jan/2025:10:09:40 -0500] "GET /documents/5764_Sanket/2020/g_july/contra/?d=/usr/share/bash-completion HTTP/1.1" 200 1960 "-" "Mozilla/5.0 (compatible; MJ12bot/v1.4.8; http://mj12bot.com/)"
217.113.194.196 - - [27/Jan/2025:10:09:40 -0500] "GET /documents/8897_Nehal/2020/d_april/cheque_reg/?SA HTTP/1.1" 200 792 "-" "Mozilla/5.0 (compatible; Barkrowler/0.9; +https://babbar.tech/crawler)"
192.95.30.21 - - [27/Jan/2025:10:09:41 -0500] "GET /plugins/ckeditor/plugins/clipboard/?ND HTTP/1.1" 200 618 "-" "Mozilla/5.0 (compatible; MJ12bot/v1.4.8; http://mj12bot.com/)"
192.95.30.21 - - [27/Jan/2025:10:09:43 -0500] "GET /plugins/ckeditor/plugins/clipboard/?SA HTTP/1.1" 200 624 "-" "Mozilla/5.0 (compatible; MJ12bot/v1.4.8; http://mj12bot.com/)"
192.95.30.21 - - [27/Jan/2025:10:09:44 -0500] "GET /plugins/ckeditor/plugins/clipboard/?SD HTTP/1.1" 200 623 "-" "Mozilla/5.0 (compatible; MJ12bot/v1.4.8; http://mj12bot.com/)"
116.240.149.7 - - [27/Jan/2025:10:09:45 -0500] "GET /documents/5764_Sanket/2020/g_july/contra/?d=/usr/share/bison HTTP/1.1" 200 3750 "-" "Mozilla/5.0 (compatible; MJ12bot/v1.4.8; http://mj12bot.com/)"
192.95.30.21 - - [27/Jan/2025:10:09:46 -0500] "GET /plugins/ckeditor/plugins/clipboard/dialogs/?MA HTTP/1.1" 200 693 "-" "Mozilla/5.0 (compatible; MJ12bot/v1.4.8; http://mj12bot.com/)"
192.95.30.21 - - [27/Jan/2025:10:09:47 -0500] "GET /plugins/ckeditor/plugins/clipboard/dialogs/?MD HTTP/1.1" 200 692 "-" "Mozilla/5.0 (compatible; MJ12bot/v1.4.8; http://mj12bot.com/)"
192.95.30.21 - - [27/Jan/2025:10:09:49 -0500] "GET /plugins/ckeditor/plugins/clipboard/dialogs/?NA HTTP/1.1" 200 685 "-" "Mozilla/5.0 (compatible; MJ12bot/v1.4.8; http://mj12bot.com/)"
217.113.194.199 - - [27/Jan/2025:10:09:49 -0500] "GET /documents/8897_Nehal/2020/d_april/cheque_reg/?ND HTTP/1.1" 200 783 "-" "Mozilla/5.0 (compatible; Barkrowler/0.9; +https://babbar.tech/crawler)"
192.95.30.21 - - [27/Jan/2025:10:09:50 -0500] "GET /plugins/ckeditor/plugins/clipboard/dialogs/?ND HTTP/1.1" 200 686 "-" "Mozilla/5.0 (compatible; MJ12bot/v1.4.8; http://mj12bot.com/)"
116.240.149.7 - - [27/Jan/2025:10:09:51 -0500] "GET /documents/5764_Sanket/2020/g_july/contra/?d=/usr/share/cmake HTTP/1.1" 200 2241 "-" "Mozilla/5.0 (compatible; MJ12bot/v1.4.8; http://mj12bot.com/)"
192.95.30.21 - - [27/Jan/2025:10:09:52 -0500] "GET /plugins/ckeditor/plugins/clipboard/dialogs/?SA HTTP/1.1" 200 691 "-" "Mozilla/5.0 (compatible; MJ12bot/v1.4.8; http://mj12bot.com/)"
192.95.30.21 - - [27/Jan/2025:10:09:54 -0500] "GET /plugins/ckeditor/plugins/clipboard/dialogs/?SD HTTP/1.1" 200 691 "-" "Mozilla/5.0 (compatible; MJ12bot/v1.4.8; http://mj12bot.com/)"
192.178.6.36 - - [27/Jan/2025:10:09:54 -0500] "GET /615522175214894.html HTTP/1.1" 500 0 "-" "Mozilla/5.0 (Linux; Android 6.0.1; Nexus 5X Build/MMB29P) AppleWebKit/537.36 (KHTML, like Gecko) Chrome/132.0.6834.83 Mobile Safari/537.36 (compatible; Googlebot/2.1; +http://www.google.com/bot.html)"
192.95.30.21 - - [27/Jan/2025:10:09:55 -0500] "GET /plugins/ckeditor/plugins/clipboard/dialogs/dialogs/?MA HTTP/1.1" 200 630 "-" "Mozilla/5.0 (compatible; MJ12bot/v1.4.8; http://mj12bot.com/)"
116.240.149.7 - - [27/Jan/2025:10:09:55 -0500] "GET /documents/5764_Sanket/2020/g_july/contra/?d=/usr/share/cmake/ HTTP/1.1" 200 2241 "-" "Mozilla/5.0 (compatible; MJ12bot/v1.4.8; http://mj12bot.com/)"
192.95.30.21 - - [27/Jan/2025:10:09:56 -0500] "GET /plugins/ckeditor/plugins/clipboard/dialogs/dialogs/?MD HTTP/1.1" 200 631 "-" "Mozilla/5.0 (compatible; MJ12bot/v1.4.8; http://mj12bot.com/)"
217.113.194.200 - - [27/Jan/2025:10:09:57 -0500] "GET /documents/8897_Nehal/2020/d_april/cheque_reg/?NA HTTP/1.1" 200 783 "-" "Mozilla/5.0 (compatible; Barkrowler/0.9; +https://babbar.tech/crawler)"
192.95.30.21 - - [27/Jan/2025:10:09:58 -0500] "GET /plugins/ckeditor/plugins/clipboard/dialogs/dialogs/?NA HTTP/1.1" 200 625 "-" "Mozilla/5.0 (compatible; MJ12bot/v1.4.8; http://mj12bot.com/)"
192.95.30.21 - - [27/Jan/2025:10:10:00 -0500] "GET /plugins/ckeditor/plugins/clipboard/dialogs/dialogs/?ND HTTP/1.1" 200 627 "-" "Mozilla/5.0 (compatible; MJ12bot/v1.4.8; http://mj12bot.com/)"
192.95.30.21 - - [27/Jan/2025:10:10:01 -0500] "GET /plugins/ckeditor/plugins/clipboard/dialogs/dialogs/?SA HTTP/1.1" 200 630 "-" "Mozilla/5.0 (compatible; MJ12bot/v1.4.8; http://mj12bot.com/)"
192.95.30.21 - - [27/Jan/2025:10:10:03 -0500] "GET /plugins/ckeditor/plugins/clipboard/dialogs/dialogs/?SD HTTP/1.1" 200 632 "-" "Mozilla/5.0 (compatible; MJ12bot/v1.4.8; http://mj12bot.com/)"
192.95.30.21 - - [27/Jan/2025:10:10:04 -0500] "GET /plugins/ckeditor/plugins/clipboard/dialogs/dialogs/dialogs/?MA HTTP/1.1" 200 560 "-" "Mozilla/5.0 (compatible; MJ12bot/v1.4.8; http://mj12bot.com/)"
116.240.149.7 - - [27/Jan/2025:10:10:05 -0500] "GET /documents/5764_Sanket/2020/g_july/contra/?d=/usr/share/cmake/Modules HTTP/1.1" 200 3683 "-" "Mozilla/5.0 (compatible; MJ12bot/v1.4.8; http://mj12bot.com/)"
192.95.30.21 - - [27/Jan/2025:10:10:06 -0500] "GET /plugins/ckeditor/plugins/clipboard/dialogs/dialogs/dialogs/?MD HTTP/1.1" 200 561 "-" "Mozilla/5.0 (compatible; MJ12bot/v1.4.8; http://mj12bot.com/)"
154.54.249.214 - - [27/Jan/2025:10:10:06 -0500] "GET /documents/8897_Nehal/2020/f_june/others/recycle/?ND HTTP/1.1" 200 709 "-" "Mozilla/5.0 (compatible; Barkrowler/0.9; +https://babbar.tech/crawler)"
192.95.30.21 - - [27/Jan/2025:10:10:07 -0500] "GET /plugins/ckeditor/plugins/clipboard/dialogs/dialogs/dialogs/?NA HTTP/1.1" 200 558 "-" "Mozilla/5.0 (compatible; MJ12bot/v1.4.8; http://mj12bot.com/)"
192.95.30.21 - - [27/Jan/2025:10:10:09 -0500] "GET /plugins/ckeditor/plugins/clipboard/dialogs/dialogs/dialogs/?ND HTTP/1.1" 200 559 "-" "Mozilla/5.0 (compatible; MJ12bot/v1.4.8; http://mj12bot.com/)"
116.240.149.7 - - [27/Jan/2025:10:10:10 -0500] "GET /documents/5764_Sanket/2020/g_july/contra/?d=/usr/share/cmake/Templates HTTP/1.1" 200 2061 "-" "Mozilla/5.0 (compatible; MJ12bot/v1.4.8; http://mj12bot.com/)"
192.95.30.21 - - [27/Jan/2025:10:10:11 -0500] "GET /plugins/ckeditor/plugins/clipboard/dialogs/dialogs/dialogs/?SA HTTP/1.1" 200 560 "-" "Mozilla/5.0 (compatible; MJ12bot/v1.4.8; http://mj12bot.com/)"
192.95.30.21 - - [27/Jan/2025:10:10:12 -0500] "GET /plugins/ckeditor/plugins/clipboard/dialogs/dialogs/dialogs/?SD HTTP/1.1" 200 560 "-" "Mozilla/5.0 (compatible; MJ12bot/v1.4.8; http://mj12bot.com/)"
192.95.30.21 - - [27/Jan/2025:10:10:14 -0500] "GET /plugins/ckeditor/plugins/colordialog/?MA HTTP/1.1" 200 622 "-" "Mozilla/5.0 (compatible; MJ12bot/v1.4.8; http://mj12bot.com/)"
142.181.194.40 - - [27/Jan/2025:10:10:14 -0500] "GET /documents/5764_Sanket/2020/g_july/contra/?d=%2Fusr%2Flib%2Fgrub%2Fi386-pc&f=part_bsd.mod&x=c HTTP/1.1" 200 1396 "-" "Mozilla/5.0 (Linux; Android 5.0; SM-G900P Build/LRX21T) AppleWebKit/537.36 (KHTML, like Gecko) Chrome/55.0.2645.1664 Mobile Safari/537.36"
217.113.194.194 - - [27/Jan/2025:10:10:14 -0500] "GET /documents/8897_Nehal/2020/f_june/others/recycle/?NA HTTP/1.1" 200 710 "-" "Mozilla/5.0 (compatible; Barkrowler/0.9; +https://babbar.tech/crawler)"
192.95.30.21 - - [27/Jan/2025:10:10:15 -0500] "GET /plugins/ckeditor/plugins/colordialog/?MD HTTP/1.1" 200 620 "-" "Mozilla/5.0 (compatible; MJ12bot/v1.4.8; http://mj12bot.com/)"
192.95.30.21 - - [27/Jan/2025:10:10:17 -0500] "GET /plugins/ckeditor/plugins/colordialog/?NA HTTP/1.1" 200 618 "-" "Mozilla/5.0 (compatible; MJ12bot/v1.4.8; http://mj12bot.com/)"
192.95.30.21 - - [27/Jan/2025:10:10:18 -0500] "GET /plugins/ckeditor/plugins/colordialog/?ND HTTP/1.1" 200 617 "-" "Mozilla/5.0 (compatible; MJ12bot/v1.4.8; http://mj12bot.com/)"
192.95.30.21 - - [27/Jan/2025:10:10:20 -0500] "GET /plugins/ckeditor/plugins/colordialog/?SA HTTP/1.1" 200 622 "-" "Mozilla/5.0 (compatible; MJ12bot/v1.4.8; http://mj12bot.com/)"
192.95.30.21 - - [27/Jan/2025:10:10:22 -0500] "GET /plugins/ckeditor/plugins/colordialog/?SD HTTP/1.1" 200 621 "-" "Mozilla/5.0 (compatible; MJ12bot/v1.4.8; http://mj12bot.com/)"
217.113.194.194 - - [27/Jan/2025:10:10:23 -0500] "GET /documents/8897_Nehal/2020/f_june/others/recycle/?MD HTTP/1.1" 200 712 "-" "Mozilla/5.0 (compatible; Barkrowler/0.9; +https://babbar.tech/crawler)"
192.95.30.21 - - [27/Jan/2025:10:10:23 -0500] "GET /plugins/ckeditor/plugins/colordialog/dialogs/?MD HTTP/1.1" 200 636 "-" "Mozilla/5.0 (compatible; MJ12bot/v1.4.8; http://mj12bot.com/)"
192.95.30.21 - - [27/Jan/2025:10:10:24 -0500] "GET /plugins/ckeditor/plugins/colordialog/dialogs/?ND HTTP/1.1" 200 634 "-" "Mozilla/5.0 (compatible; MJ12bot/v1.4.8; http://mj12bot.com/)"
116.240.149.7 - - [27/Jan/2025:10:10:25 -0500] "GET /documents/5764_Sanket/2020/g_july/contra/?d=/usr/share/cmake/include HTTP/1.1" 200 1838 "-" "Mozilla/5.0 (compatible; MJ12bot/v1.4.8; http://mj12bot.com/)"
192.95.30.21 - - [27/Jan/2025:10:10:26 -0500] "GET /plugins/ckeditor/plugins/div/?SD HTTP/1.1" 200 620 "-" "Mozilla/5.0 (compatible; MJ12bot/v1.4.8; http://mj12bot.com/)"
192.95.30.21 - - [27/Jan/2025:10:10:28 -0500] "GET /plugins/ckeditor/plugins/div/dialogs/?MA HTTP/1.1" 200 692 "-" "Mozilla/5.0 (compatible; MJ12bot/v1.4.8; http://mj12bot.com/)"
116.240.149.7 - - [27/Jan/2025:10:10:29 -0500] "GET /documents/5764_Sanket/2020/g_july/contra/?d=/usr/share/cracklib HTTP/1.1" 200 2004 "-" "Mozilla/5.0 (compatible; MJ12bot/v1.4.8; http://mj12bot.com/)"
192.95.30.21 - - [27/Jan/2025:10:10:29 -0500] "GET /plugins/ckeditor/plugins/div/dialogs/?MD HTTP/1.1" 200 693 "-" "Mozilla/5.0 (compatible; MJ12bot/v1.4.8; http://mj12bot.com/)"
192.95.30.21 - - [27/Jan/2025:10:10:31 -0500] "GET /plugins/ckeditor/plugins/div/dialogs/?NA HTTP/1.1" 200 686 "-" "Mozilla/5.0 (compatible; MJ12bot/v1.4.8; http://mj12bot.com/)"
217.113.194.197 - - [27/Jan/2025:10:10:31 -0500] "GET /documents/8897_Nehal/2020/f_june/others/recycle/?MA HTTP/1.1" 200 714 "-" "Mozilla/5.0 (compatible; Barkrowler/0.9; +https://babbar.tech/crawler)"
116.240.149.7 - - [27/Jan/2025:10:10:31 -0500] "GET /documents/5764_Sanket/2020/g_july/contra/?d=/usr/share/crypto-policies HTTP/1.1" 200 2842 "-" "Mozilla/5.0 (compatible; MJ12bot/v1.4.8; http://mj12bot.com/)"
192.95.30.21 - - [27/Jan/2025:10:10:33 -0500] "GET /plugins/ckeditor/plugins/div/dialogs/?ND HTTP/1.1" 200 687 "-" "Mozilla/5.0 (compatible; MJ12bot/v1.4.8; http://mj12bot.com/)"
192.95.30.21 - - [27/Jan/2025:10:10:34 -0500] "GET /plugins/ckeditor/plugins/div/dialogs/?SA HTTP/1.1" 200 691 "-" "Mozilla/5.0 (compatible; MJ12bot/v1.4.8; http://mj12bot.com/)"
192.95.30.21 - - [27/Jan/2025:10:10:36 -0500] "GET /plugins/ckeditor/plugins/div/dialogs/?SD HTTP/1.1" 200 691 "-" "Mozilla/5.0 (compatible; MJ12bot/v1.4.8; http://mj12bot.com/)"
114.119.159.87 - - [27/Jan/2025:10:10:36 -0500] "GET /8c8e0befringe7b365/w-ik_if3437/w-ik_ip72ffc2be7e.eco HTTP/1.1" 403 0 "-" "Mozilla/5.0 (Linux; Android 7.0;) AppleWebKit/537.36 (KHTML, like Gecko) Mobile Safari/537.36 (compatible; PetalBot;+https://webmaster.petalsearch.com/site/petalbot)"
116.240.149.7 - - [27/Jan/2025:10:10:36 -0500] "GET /documents/5764_Sanket/2020/g_july/contra/?d=/usr/share/crypto-policies/ HTTP/1.1" 200 2865 "-" "Mozilla/5.0 (compatible; MJ12bot/v1.4.8; http://mj12bot.com/)"
66.249.72.64 - - [27/Jan/2025:10:10:36 -0500] "GET /?_gl=1*1ix4f11*_gcl_au*MTYxMTI1OTI3MS4xNzIxODg2NjU0*_ga*ODYyMzk4MzA3LjE2OTk0NTM1Nzg.*_ga_7H42SVMQ0V*MTcyMTg4NjY1NS4xMjEuMS4xNzIxODg2NjY5LjQ2LjAuMA..&_ga=2.198040047.1958808748.1721886654-862398307.1699453578&_bdsid=2ulvIJ.n~ZXCIW.1721886656070.1721886848&_bd_prev_page=https://paperpush.com/detail.php?nzrrc/m1456359.html HTTP/1.1" 500 0 "-" "Mozilla/5.0 (Linux; Android 6.0.1; Nexus 5X Build/MMB29P) AppleWebKit/537.36 (KHTML, like Gecko) Chrome/132.0.6834.83 Mobile Safari/537.36 (compatible; Googlebot/2.1; +http://www.google.com/bot.html)"
114.119.146.19 - - [27/Jan/2025:10:10:37 -0500] "GET /documents/8897_Nehal/2020/k_november/journal/recycle/?ND HTTP/1.1" 200 715 "https://www.paperpush.com/documents/8897_Nehal/2020/k_november/journal/recycle/?NA" "Mozilla/5.0 (Linux; Android 7.0;) AppleWebKit/537.36 (KHTML, like Gecko) Mobile Safari/537.36 (compatible; PetalBot;+https://webmaster.petalsearch.com/site/petalbot)"
192.95.30.21 - - [27/Jan/2025:10:10:37 -0500] "GET /plugins/ckeditor/plugins/div/dialogs/dialogs/?MA HTTP/1.1" 200 555 "-" "Mozilla/5.0 (compatible; MJ12bot/v1.4.8; http://mj12bot.com/)"
192.95.30.21 - - [27/Jan/2025:10:10:39 -0500] "GET /plugins/ckeditor/plugins/div/dialogs/dialogs/?MD HTTP/1.1" 200 555 "-" "Mozilla/5.0 (compatible; MJ12bot/v1.4.8; http://mj12bot.com/)"
217.113.194.196 - - [27/Jan/2025:10:10:40 -0500] "GET /documents/8897_Nehal/2020/f_june/others/recycle/?SD HTTP/1.1" 200 712 "-" "Mozilla/5.0 (compatible; Barkrowler/0.9; +https://babbar.tech/crawler)"
192.95.30.21 - - [27/Jan/2025:10:10:40 -0500] "GET /plugins/ckeditor/plugins/div/dialogs/dialogs/?NA HTTP/1.1" 200 553 "-" "Mozilla/5.0 (compatible; MJ12bot/v1.4.8; http://mj12bot.com/)"
116.240.149.7 - - [27/Jan/2025:10:10:41 -0500] "GET /documents/5764_Sanket/2020/g_july/contra/?d=/usr/share/crypto-policies/DEFAULT HTTP/1.1" 200 2994 "-" "Mozilla/5.0 (compatible; MJ12bot/v1.4.8; http://mj12bot.com/)"
192.95.30.21 - - [27/Jan/2025:10:10:42 -0500] "GET /plugins/ckeditor/plugins/div/dialogs/dialogs/?SA HTTP/1.1" 200 556 "-" "Mozilla/5.0 (compatible; MJ12bot/v1.4.8; http://mj12bot.com/)"
192.95.30.21 - - [27/Jan/2025:10:10:43 -0500] "GET /plugins/ckeditor/plugins/div/dialogs/dialogs/?SD HTTP/1.1" 200 556 "-" "Mozilla/5.0 (compatible; MJ12bot/v1.4.8; http://mj12bot.com/)"
66.249.72.64 - - [27/Jan/2025:10:10:44 -0500] "GET /ads.txt HTTP/1.1" 500 0 "-" "Mozilla/5.0 (compatible; Googlebot/2.1; +http://www.google.com/bot.html)"
116.240.149.7 - - [27/Jan/2025:10:10:45 -0500] "GET /documents/5764_Sanket/2020/g_july/contra/?d=/usr/share/crypto-policies/EMPTY HTTP/1.1" 200 2979 "-" "Mozilla/5.0 (compatible; MJ12bot/v1.4.8; http://mj12bot.com/)"
192.95.30.21 - - [27/Jan/2025:10:10:45 -0500] "GET /plugins/ckeditor/plugins/find/?MD HTTP/1.1" 200 621 "-" "Mozilla/5.0 (compatible; MJ12bot/v1.4.8; http://mj12bot.com/)"
192.95.30.21 - - [27/Jan/2025:10:10:47 -0500] "GET /plugins/ckeditor/plugins/find/?SD HTTP/1.1" 200 619 "-" "Mozilla/5.0 (compatible; MJ12bot/v1.4.8; http://mj12bot.com/)"
154.54.249.214 - - [27/Jan/2025:10:10:48 -0500] "GET /documents/8897_Nehal/2020/f_june/others/recycle/?SA HTTP/1.1" 200 712 "-" "Mozilla/5.0 (compatible; Barkrowler/0.9; +https://babbar.tech/crawler)"
192.95.30.21 - - [27/Jan/2025:10:10:48 -0500] "GET /plugins/ckeditor/plugins/find/dialogs/?MA HTTP/1.1" 200 633 "-" "Mozilla/5.0 (compatible; MJ12bot/v1.4.8; http://mj12bot.com/)"
192.95.30.21 - - [27/Jan/2025:10:10:50 -0500] "GET /plugins/ckeditor/plugins/find/dialogs/?MD HTTP/1.1" 200 634 "-" "Mozilla/5.0 (compatible; MJ12bot/v1.4.8; http://mj12bot.com/)"
192.95.30.21 - - [27/Jan/2025:10:10:51 -0500] "GET /plugins/ckeditor/plugins/find/dialogs/?NA HTTP/1.1" 200 631 "-" "Mozilla/5.0 (compatible; MJ12bot/v1.4.8; http://mj12bot.com/)"
116.240.149.7 - - [27/Jan/2025:10:10:52 -0500] "GET /documents/5764_Sanket/2020/g_july/contra/?d=/usr/share/crypto-policies/FIPS HTTP/1.1" 200 2979 "-" "Mozilla/5.0 (compatible; MJ12bot/v1.4.8; http://mj12bot.com/)"
192.95.30.21 - - [27/Jan/2025:10:10:53 -0500] "GET /plugins/ckeditor/plugins/find/dialogs/?ND HTTP/1.1" 200 630 "-" "Mozilla/5.0 (compatible; MJ12bot/v1.4.8; http://mj12bot.com/)"
192.95.30.21 - - [27/Jan/2025:10:10:55 -0500] "GET /plugins/ckeditor/plugins/find/dialogs/?SA HTTP/1.1" 200 635 "-" "Mozilla/5.0 (compatible; MJ12bot/v1.4.8; http://mj12bot.com/)"
116.240.149.7 - - [27/Jan/2025:10:10:55 -0500] "GET /documents/5764_Sanket/2020/g_july/contra/?d=/usr/share/crypto-policies/FUTURE HTTP/1.1" 200 3021 "-" "Mozilla/5.0 (compatible; MJ12bot/v1.4.8; http://mj12bot.com/)"
192.95.30.21 - - [27/Jan/2025:10:10:56 -0500] "GET /plugins/ckeditor/plugins/find/dialogs/?SD HTTP/1.1" 200 635 "-" "Mozilla/5.0 (compatible; MJ12bot/v1.4.8; http://mj12bot.com/)"
217.113.194.194 - - [27/Jan/2025:10:10:57 -0500] "GET /documents/8897_Nehal/2020/f_june/cheque_reg/?ND HTTP/1.1" 200 783 "-" "Mozilla/5.0 (compatible; Barkrowler/0.9; +https://babbar.tech/crawler)"
192.95.30.21 - - [27/Jan/2025:10:10:58 -0500] "GET /plugins/ckeditor/plugins/flash/?MA HTTP/1.1" 200 637 "-" "Mozilla/5.0 (compatible; MJ12bot/v1.4.8; http://mj12bot.com/)"
192.95.30.21 - - [27/Jan/2025:10:10:59 -0500] "GET /plugins/ckeditor/plugins/flash/?MD HTTP/1.1" 200 640 "-" "Mozilla/5.0 (compatible; MJ12bot/v1.4.8; http://mj12bot.com/)"
116.240.149.7 - - [27/Jan/2025:10:11:00 -0500] "GET /documents/5764_Sanket/2020/g_july/contra/?d=/usr/share/crypto-policies/LEGACY HTTP/1.1" 200 3014 "-" "Mozilla/5.0 (compatible; MJ12bot/v1.4.8; http://mj12bot.com/)"
192.95.30.21 - - [27/Jan/2025:10:11:01 -0500] "GET /plugins/ckeditor/plugins/flash/?NA HTTP/1.1" 200 632 "-" "Mozilla/5.0 (compatible; MJ12bot/v1.4.8; http://mj12bot.com/)"
192.95.30.21 - - [27/Jan/2025:10:11:02 -0500] "GET /plugins/ckeditor/plugins/flash/?ND HTTP/1.1" 200 634 "-" "Mozilla/5.0 (compatible; MJ12bot/v1.4.8; http://mj12bot.com/)"
192.95.30.21 - - [27/Jan/2025:10:11:04 -0500] "GET /plugins/ckeditor/plugins/flash/?SA HTTP/1.1" 200 638 "-" "Mozilla/5.0 (compatible; MJ12bot/v1.4.8; http://mj12bot.com/)"
217.113.194.200 - - [27/Jan/2025:10:11:05 -0500] "GET /documents/8897_Nehal/2020/f_june/cheque_reg/?NA HTTP/1.1" 200 785 "-" "Mozilla/5.0 (compatible; Barkrowler/0.9; +https://babbar.tech/crawler)"
192.95.30.21 - - [27/Jan/2025:10:11:05 -0500] "GET /plugins/ckeditor/plugins/flash/dialogs/?MA HTTP/1.1" 200 633 "-" "Mozilla/5.0 (compatible; MJ12bot/v1.4.8; http://mj12bot.com/)"
192.95.30.21 - - [27/Jan/2025:10:11:07 -0500] "GET /plugins/ckeditor/plugins/flash/dialogs/?MD HTTP/1.1" 200 636 "-" "Mozilla/5.0 (compatible; MJ12bot/v1.4.8; http://mj12bot.com/)"
116.240.149.7 - - [27/Jan/2025:10:11:08 -0500] "GET /documents/5764_Sanket/2020/g_july/contra/?d=/usr/share/lve-stats/ HTTP/1.1" 200 1989 "-" "Mozilla/5.0 (compatible; MJ12bot/v1.4.8; http://mj12bot.com/)"
192.95.30.21 - - [27/Jan/2025:10:11:08 -0500] "GET /plugins/ckeditor/plugins/flash/dialogs/?NA HTTP/1.1" 200 629 "-" "Mozilla/5.0 (compatible; MJ12bot/v1.4.8; http://mj12bot.com/)"
192.95.30.21 - - [27/Jan/2025:10:11:10 -0500] "GET /plugins/ckeditor/plugins/flash/dialogs/?ND HTTP/1.1" 200 631 "-" "Mozilla/5.0 (compatible; MJ12bot/v1.4.8; http://mj12bot.com/)"
192.95.30.21 - - [27/Jan/2025:10:11:11 -0500] "GET /plugins/ckeditor/plugins/flash/dialogs/?SA HTTP/1.1" 200 635 "-" "Mozilla/5.0 (compatible; MJ12bot/v1.4.8; http://mj12bot.com/)"
116.240.149.7 - - [27/Jan/2025:10:11:12 -0500] "GET /documents/5764_Sanket/2020/g_july/contra/?d=/usr/share/man HTTP/1.1" 200 4434 "-" "Mozilla/5.0 (compatible; MJ12bot/v1.4.8; http://mj12bot.com/)"
192.95.30.21 - - [27/Jan/2025:10:11:13 -0500] "GET /plugins/ckeditor/plugins/flash/dialogs/?SD HTTP/1.1" 200 636 "-" "Mozilla/5.0 (compatible; MJ12bot/v1.4.8; http://mj12bot.com/)"
217.113.194.200 - - [27/Jan/2025:10:11:13 -0500] "GET /documents/8897_Nehal/2020/f_june/cheque_reg/?MD HTTP/1.1" 200 791 "-" "Mozilla/5.0 (compatible; Barkrowler/0.9; +https://babbar.tech/crawler)"
192.95.30.21 - - [27/Jan/2025:10:11:14 -0500] "GET /plugins/ckeditor/plugins/forms/dialogs/?MA HTTP/1.1" 200 1076 "-" "Mozilla/5.0 (compatible; MJ12bot/v1.4.8; http://mj12bot.com/)"
192.95.30.21 - - [27/Jan/2025:10:11:16 -0500] "GET /plugins/ckeditor/plugins/forms/dialogs/?ND HTTP/1.1" 200 1072 "-" "Mozilla/5.0 (compatible; MJ12bot/v1.4.8; http://mj12bot.com/)"
192.95.30.21 - - [27/Jan/2025:10:11:17 -0500] "GET /plugins/ckeditor/plugins/forms/dialogs/?SA HTTP/1.1" 200 1073 "-" "Mozilla/5.0 (compatible; MJ12bot/v1.4.8; http://mj12bot.com/)"
192.95.30.21 - - [27/Jan/2025:10:11:19 -0500] "GET /plugins/ckeditor/plugins/image-----/images/?ND HTTP/1.1" 200 627 "-" "Mozilla/5.0 (compatible; MJ12bot/v1.4.8; http://mj12bot.com/)"
192.95.30.21 - - [27/Jan/2025:10:11:20 -0500] "GET /plugins/ckeditor/plugins/image-----/images/?SA HTTP/1.1" 200 632 "-" "Mozilla/5.0 (compatible; MJ12bot/v1.4.8; http://mj12bot.com/)"
217.113.194.195 - - [27/Jan/2025:10:11:22 -0500] "GET /documents/8897_Nehal/2020/f_june/cheque_reg/?MA HTTP/1.1" 200 791 "-" "Mozilla/5.0 (compatible; Barkrowler/0.9; +https://babbar.tech/crawler)"
192.95.30.21 - - [27/Jan/2025:10:11:22 -0500] "GET /plugins/ckeditor/plugins/image-----/images/?SD HTTP/1.1" 200 631 "-" "Mozilla/5.0 (compatible; MJ12bot/v1.4.8; http://mj12bot.com/)"
116.240.149.7 - - [27/Jan/2025:10:11:23 -0500] "GET /documents/5764_Sanket/2020/g_july/contra/?d=/usr/share/man/ HTTP/1.1" 200 4455 "-" "Mozilla/5.0 (compatible; MJ12bot/v1.4.8; http://mj12bot.com/)"
192.95.30.21 - - [27/Jan/2025:10:11:23 -0500] "GET /plugins/ckeditor/plugins/image/?MD HTTP/1.1" 200 1064 "-" "Mozilla/5.0 (compatible; MJ12bot/v1.4.8; http://mj12bot.com/)"
192.95.30.21 - - [27/Jan/2025:10:11:25 -0500] "GET /plugins/ckeditor/plugins/image/?NA HTTP/1.1" 200 1068 "-" "Mozilla/5.0 (compatible; MJ12bot/v1.4.8; http://mj12bot.com/)"
116.240.149.7 - - [27/Jan/2025:10:11:25 -0500] "GET /documents/5764_Sanket/2020/g_july/contra/?d=/usr/share/man/ca HTTP/1.1" 200 1950 "-" "Mozilla/5.0 (compatible; MJ12bot/v1.4.8; http://mj12bot.com/)"
192.95.30.21 - - [27/Jan/2025:10:11:26 -0500] "GET /plugins/ckeditor/plugins/image/?SD HTTP/1.1" 200 1064 "-" "Mozilla/5.0 (compatible; MJ12bot/v1.4.8; http://mj12bot.com/)"
192.95.30.21 - - [27/Jan/2025:10:11:28 -0500] "GET /plugins/ckeditor/plugins/image/dialogs/?MA HTTP/1.1" 200 635 "-" "Mozilla/5.0 (compatible; MJ12bot/v1.4.8; http://mj12bot.com/)"
192.95.30.21 - - [27/Jan/2025:10:11:30 -0500] "GET /plugins/ckeditor/plugins/image/dialogs/?MD HTTP/1.1" 200 637 "-" "Mozilla/5.0 (compatible; MJ12bot/v1.4.8; http://mj12bot.com/)"
217.113.194.200 - - [27/Jan/2025:10:11:30 -0500] "GET /documents/8897_Nehal/2020/f_june/cheque_reg/?SD HTTP/1.1" 200 792 "-" "Mozilla/5.0 (compatible; Barkrowler/0.9; +https://babbar.tech/crawler)"
192.95.30.21 - - [27/Jan/2025:10:11:31 -0500] "GET /plugins/ckeditor/plugins/image/dialogs/?NA HTTP/1.1" 200 631 "-" "Mozilla/5.0 (compatible; MJ12bot/v1.4.8; http://mj12bot.com/)"
116.240.149.7 - - [27/Jan/2025:10:11:31 -0500] "GET /documents/5764_Sanket/2020/g_july/contra/?d=/var/softaculous/e107 HTTP/1.1" 200 4060 "-" "Mozilla/5.0 (compatible; MJ12bot/v1.4.8; http://mj12bot.com/)"
192.95.30.21 - - [27/Jan/2025:10:11:33 -0500] "GET /plugins/ckeditor/plugins/image/dialogs/?ND HTTP/1.1" 200 632 "-" "Mozilla/5.0 (compatible; MJ12bot/v1.4.8; http://mj12bot.com/)"
2.212.85.76 - - [27/Jan/2025:10:11:33 -0500] "GET /documents/5764_Sanket/2020/g_july/contra/?d=%2Fopt%2Falt%2Fruby18%2Fshare%2Fri%2F1.8%2Fsystem%2FSyncEnumerator&f=size-i.yaml&x=c HTTP/1.1" 200 1550 "-" "Mozilla/5.0 (Linux; Android 8.0; Pixel 2 Build/OPD3.170816.012) AppleWebKit/537.36 (KHTML, like Gecko) Chrome/41.0.5852.1459 Mobile Safari/537.36"
192.95.30.21 - - [27/Jan/2025:10:11:34 -0500] "GET /plugins/ckeditor/plugins/image/dialogs/?SA HTTP/1.1" 200 637 "-" "Mozilla/5.0 (compatible; MJ12bot/v1.4.8; http://mj12bot.com/)"
192.95.30.21 - - [27/Jan/2025:10:11:36 -0500] "GET /plugins/ckeditor/plugins/image/dialogs/?SD HTTP/1.1" 200 637 "-" "Mozilla/5.0 (compatible; MJ12bot/v1.4.8; http://mj12bot.com/)"
192.95.30.21 - - [27/Jan/2025:10:11:37 -0500] "GET /plugins/ckeditor/plugins/image/icons/?MA HTTP/1.1" 200 677 "-" "Mozilla/5.0 (compatible; MJ12bot/v1.4.8; http://mj12bot.com/)"
116.240.149.7 - - [27/Jan/2025:10:11:38 -0500] "GET /documents/5764_Sanket/2020/g_july/contra/?d=/var/softaculous/easyp HTTP/1.1" 200 3752 "-" "Mozilla/5.0 (compatible; MJ12bot/v1.4.8; http://mj12bot.com/)"
192.95.30.21 - - [27/Jan/2025:10:11:39 -0500] "GET /plugins/ckeditor/plugins/image/icons/?MD HTTP/1.1" 200 677 "-" "Mozilla/5.0 (compatible; MJ12bot/v1.4.8; http://mj12bot.com/)"
217.113.194.200 - - [27/Jan/2025:10:11:40 -0500] "GET /documents/8897_Nehal/2020/f_june/cheque_reg/?SA HTTP/1.1" 200 792 "-" "Mozilla/5.0 (compatible; Barkrowler/0.9; +https://babbar.tech/crawler)"
192.95.30.21 - - [27/Jan/2025:10:11:40 -0500] "GET /plugins/ckeditor/plugins/image/icons/?NA HTTP/1.1" 200 674 "-" "Mozilla/5.0 (compatible; MJ12bot/v1.4.8; http://mj12bot.com/)"
192.95.30.21 - - [27/Jan/2025:10:11:42 -0500] "GET /plugins/ckeditor/plugins/image/icons/?ND HTTP/1.1" 200 672 "-" "Mozilla/5.0 (compatible; MJ12bot/v1.4.8; http://mj12bot.com/)"
116.240.149.7 - - [27/Jan/2025:10:11:42 -0500] "GET /documents/5764_Sanket/2020/g_july/contra/?d=/var/softaculous/eengine HTTP/1.1" 200 4121 "-" "Mozilla/5.0 (compatible; MJ12bot/v1.4.8; http://mj12bot.com/)"
192.95.30.21 - - [27/Jan/2025:10:11:43 -0500] "GET /plugins/ckeditor/plugins/image/icons/?SA HTTP/1.1" 200 677 "-" "Mozilla/5.0 (compatible; MJ12bot/v1.4.8; http://mj12bot.com/)"
192.95.30.21 - - [27/Jan/2025:10:11:45 -0500] "GET /plugins/ckeditor/plugins/image/icons/?SD HTTP/1.1" 200 677 "-" "Mozilla/5.0 (compatible; MJ12bot/v1.4.8; http://mj12bot.com/)"
192.95.30.21 - - [27/Jan/2025:10:11:46 -0500] "GET /plugins/ckeditor/plugins/image/icons/hidpi/?MA HTTP/1.1" 200 635 "-" "Mozilla/5.0 (compatible; MJ12bot/v1.4.8; http://mj12bot.com/)"
192.95.30.21 - - [27/Jan/2025:10:11:48 -0500] "GET /plugins/ckeditor/plugins/image/icons/hidpi/?MD HTTP/1.1" 200 635 "-" "Mozilla/5.0 (compatible; MJ12bot/v1.4.8; http://mj12bot.com/)"
217.113.194.201 - - [27/Jan/2025:10:11:48 -0500] "GET /documents/8897_Nehal/2020/f_june/bank/recycle/?MA HTTP/1.1" 200 711 "-" "Mozilla/5.0 (compatible; Barkrowler/0.9; +https://babbar.tech/crawler)"
192.95.30.21 - - [27/Jan/2025:10:11:49 -0500] "GET /plugins/ckeditor/plugins/image/icons/hidpi/?NA HTTP/1.1" 200 630 "-" "Mozilla/5.0 (compatible; MJ12bot/v1.4.8; http://mj12bot.com/)"
116.240.149.7 - - [27/Jan/2025:10:11:51 -0500] "GET /documents/5764_Sanket/2020/g_july/contra/?d=/var/softaculous/egroup HTTP/1.1" 200 4178 "-" "Mozilla/5.0 (compatible; MJ12bot/v1.4.8; http://mj12bot.com/)"
192.95.30.21 - - [27/Jan/2025:10:11:51 -0500] "GET /plugins/ckeditor/plugins/image/icons/hidpi/?ND HTTP/1.1" 200 632 "-" "Mozilla/5.0 (compatible; MJ12bot/v1.4.8; http://mj12bot.com/)"
192.95.30.21 - - [27/Jan/2025:10:11:53 -0500] "GET /plugins/ckeditor/plugins/image/icons/hidpi/?SA HTTP/1.1" 200 635 "-" "Mozilla/5.0 (compatible; MJ12bot/v1.4.8; http://mj12bot.com/)"
192.95.30.21 - - [27/Jan/2025:10:11:56 -0500] "GET /plugins/ckeditor/plugins/image/icons/hidpi/?SD HTTP/1.1" 200 635 "-" "Mozilla/5.0 (compatible; MJ12bot/v1.4.8; http://mj12bot.com/)"
217.113.194.195 - - [27/Jan/2025:10:11:57 -0500] "GET /documents/8897_Nehal/2020/f_june/bank/recycle/?MD HTTP/1.1" 200 711 "-" "Mozilla/5.0 (compatible; Barkrowler/0.9; +https://babbar.tech/crawler)"
192.95.30.21 - - [27/Jan/2025:10:11:58 -0500] "GET /plugins/ckeditor/plugins/image/image/?MA HTTP/1.1" 200 551 "-" "Mozilla/5.0 (compatible; MJ12bot/v1.4.8; http://mj12bot.com/)"
192.95.30.21 - - [27/Jan/2025:10:12:00 -0500] "GET /plugins/ckeditor/plugins/image/image/?MD HTTP/1.1" 200 550 "-" "Mozilla/5.0 (compatible; MJ12bot/v1.4.8; http://mj12bot.com/)"
116.240.149.7 - - [27/Jan/2025:10:12:01 -0500] "GET /documents/5764_Sanket/2020/g_july/contra/?d=/var/softaculous/elgg HTTP/1.1" 200 3967 "-" "Mozilla/5.0 (compatible; MJ12bot/v1.4.8; http://mj12bot.com/)"
192.95.30.21 - - [27/Jan/2025:10:12:01 -0500] "GET /plugins/ckeditor/plugins/image/image/?NA HTTP/1.1" 200 548 "-" "Mozilla/5.0 (compatible; MJ12bot/v1.4.8; http://mj12bot.com/)"
192.95.30.21 - - [27/Jan/2025:10:12:04 -0500] "GET /plugins/ckeditor/plugins/image/image/?ND HTTP/1.1" 200 548 "-" "Mozilla/5.0 (compatible; MJ12bot/v1.4.8; http://mj12bot.com/)"
116.240.149.7 - - [27/Jan/2025:10:12:04 -0500] "GET /documents/5764_Sanket/2020/g_july/contra/?d=/var/softaculous/elgg2 HTTP/1.1" 200 3998 "-" "Mozilla/5.0 (compatible; MJ12bot/v1.4.8; http://mj12bot.com/)"
217.113.194.197 - - [27/Jan/2025:10:12:05 -0500] "GET /documents/8897_Nehal/2020/f_june/bank/recycle/?SA HTTP/1.1" 200 712 "-" "Mozilla/5.0 (compatible; Barkrowler/0.9; +https://babbar.tech/crawler)"
192.95.30.21 - - [27/Jan/2025:10:12:06 -0500] "GET /plugins/ckeditor/plugins/image/image/?SA HTTP/1.1" 200 552 "-" "Mozilla/5.0 (compatible; MJ12bot/v1.4.8; http://mj12bot.com/)"
192.95.30.21 - - [27/Jan/2025:10:12:07 -0500] "GET /plugins/ckeditor/plugins/image/image/?SD HTTP/1.1" 200 552 "-" "Mozilla/5.0 (compatible; MJ12bot/v1.4.8; http://mj12bot.com/)"
192.95.30.21 - - [27/Jan/2025:10:12:09 -0500] "GET /plugins/ckeditor/plugins/image/images/?MA HTTP/1.1" 200 629 "-" "Mozilla/5.0 (compatible; MJ12bot/v1.4.8; http://mj12bot.com/)"
192.95.30.21 - - [27/Jan/2025:10:12:11 -0500] "GET /plugins/ckeditor/plugins/image/images/?MD HTTP/1.1" 200 629 "-" "Mozilla/5.0 (compatible; MJ12bot/v1.4.8; http://mj12bot.com/)"
192.95.30.21 - - [27/Jan/2025:10:12:12 -0500] "GET /plugins/ckeditor/plugins/image/images/?NA HTTP/1.1" 200 624 "-" "Mozilla/5.0 (compatible; MJ12bot/v1.4.8; http://mj12bot.com/)"
217.113.194.192 - - [27/Jan/2025:10:12:13 -0500] "GET /documents/8897_Nehal/2020/f_june/bank/recycle/?SD HTTP/1.1" 200 711 "-" "Mozilla/5.0 (compatible; Barkrowler/0.9; +https://babbar.tech/crawler)"
192.95.30.21 - - [27/Jan/2025:10:12:14 -0500] "GET /plugins/ckeditor/plugins/image/images/?ND HTTP/1.1" 200 621 "-" "Mozilla/5.0 (compatible; MJ12bot/v1.4.8; http://mj12bot.com/)"
116.240.149.7 - - [27/Jan/2025:10:12:16 -0500] "GET /documents/5764_Sanket/2020/g_july/contra/?d=/var/softaculous/elgg3 HTTP/1.1" 200 4399 "-" "Mozilla/5.0 (compatible; MJ12bot/v1.4.8; http://mj12bot.com/)"
192.95.30.21 - - [27/Jan/2025:10:12:16 -0500] "GET /plugins/ckeditor/plugins/image/images/?SA HTTP/1.1" 200 628 "-" "Mozilla/5.0 (compatible; MJ12bot/v1.4.8; http://mj12bot.com/)"
192.95.30.21 - - [27/Jan/2025:10:12:17 -0500] "GET /plugins/ckeditor/plugins/image/images/?SD HTTP/1.1" 200 628 "-" "Mozilla/5.0 (compatible; MJ12bot/v1.4.8; http://mj12bot.com/)"
192.95.30.21 - - [27/Jan/2025:10:12:20 -0500] "GET /plugins/ckeditor/plugins/image/lang/?MA HTTP/1.1" 200 1931 "-" "Mozilla/5.0 (compatible; MJ12bot/v1.4.8; http://mj12bot.com/)"
116.240.149.7 - - [27/Jan/2025:10:12:20 -0500] "GET /documents/5764_Sanket/2020/g_july/contra/?d=/var/softaculous/elgg33 HTTP/1.1" 200 3991 "-" "Mozilla/5.0 (compatible; MJ12bot/v1.4.8; http://mj12bot.com/)"
217.113.194.196 - - [27/Jan/2025:10:12:22 -0500] "GET /documents/8897_Nehal/2020/f_june/bank/recycle/?NA HTTP/1.1" 200 709 "-" "Mozilla/5.0 (compatible; Barkrowler/0.9; +https://babbar.tech/crawler)"
192.95.30.21 - - [27/Jan/2025:10:12:22 -0500] "GET /plugins/ckeditor/plugins/image/lang/?MD HTTP/1.1" 200 1932 "-" "Mozilla/5.0 (compatible; MJ12bot/v1.4.8; http://mj12bot.com/)"
116.240.149.7 - - [27/Jan/2025:10:12:23 -0500] "GET /documents/5764_Sanket/2020/g_july/contra/?d=/var/softaculous/elgg4 HTTP/1.1" 200 4438 "-" "Mozilla/5.0 (compatible; MJ12bot/v1.4.8; http://mj12bot.com/)"
192.95.30.21 - - [27/Jan/2025:10:12:24 -0500] "GET /plugins/ckeditor/plugins/image/lang/?NA HTTP/1.1" 200 1837 "-" "Mozilla/5.0 (compatible; MJ12bot/v1.4.8; http://mj12bot.com/)"
192.95.30.21 - - [27/Jan/2025:10:12:26 -0500] "GET /plugins/ckeditor/samples/old/assets/uilanguages/?SD HTTP/1.1" 200 640 "-" "Mozilla/5.0 (compatible; MJ12bot/v1.4.8; http://mj12bot.com/)"
192.95.30.21 - - [27/Jan/2025:10:12:27 -0500] "GET /plugins/ckeditor/samples/old/dialog/?MD HTTP/1.1" 200 626 "-" "Mozilla/5.0 (compatible; MJ12bot/v1.4.8; http://mj12bot.com/)"
116.240.149.7 - - [27/Jan/2025:10:12:28 -0500] "GET /documents/5764_Sanket/2020/g_july/contra/?d=/var/softaculous/elkarte HTTP/1.1" 200 3573 "-" "Mozilla/5.0 (compatible; MJ12bot/v1.4.8; http://mj12bot.com/)"
192.95.30.21 - - [27/Jan/2025:10:12:29 -0500] "GET /plugins/ckeditor/samples/old/dialog/?NA HTTP/1.1" 200 623 "-" "Mozilla/5.0 (compatible; MJ12bot/v1.4.8; http://mj12bot.com/)"
217.113.194.196 - - [27/Jan/2025:10:12:30 -0500] "GET /documents/8897_Nehal/2020/f_june/bank/recycle/?ND HTTP/1.1" 200 708 "-" "Mozilla/5.0 (compatible; Barkrowler/0.9; +https://babbar.tech/crawler)"
116.240.149.7 - - [27/Jan/2025:10:12:31 -0500] "GET /documents/5764_Sanket/2020/g_july/contra/?d=/var/softaculous/ely HTTP/1.1" 200 2875 "-" "Mozilla/5.0 (compatible; MJ12bot/v1.4.8; http://mj12bot.com/)"
192.95.30.21 - - [27/Jan/2025:10:12:32 -0500] "GET /plugins/ckeditor/samples/old/dialog/?ND HTTP/1.1" 200 622 "-" "Mozilla/5.0 (compatible; MJ12bot/v1.4.8; http://mj12bot.com/)"
192.178.6.37 - - [27/Jan/2025:10:12:34 -0500] "GET /135915209.shtml HTTP/1.1" 500 0 "-" "Mozilla/5.0 (Linux; Android 6.0.1; Nexus 5X Build/MMB29P) AppleWebKit/537.36 (KHTML, like Gecko) Chrome/132.0.6834.83 Mobile Safari/537.36 (compatible; Googlebot/2.1; +http://www.google.com/bot.html)"
192.95.30.21 - - [27/Jan/2025:10:12:34 -0500] "GET /plugins/ckeditor/samples/old/dialog/?SA HTTP/1.1" 200 627 "-" "Mozilla/5.0 (compatible; MJ12bot/v1.4.8; http://mj12bot.com/)"
192.178.6.35 - - [27/Jan/2025:10:12:34 -0500] "GET /?_gl=1*1ix4f11*_gcl_au*MTYxMTI1OTI3MS4xNzIxODg2NjU0*_ga*ODYyMzk4MzA3LjE2OTk0NTM1Nzg.*_ga_7H42SVMQ0V*MTcyMTg4NjY1NS4xMjEuMS4xNzIxODg2NjY5LjQ2LjAuMA..&_ga=2.198040047.1958808748.1721886654-862398307.1699453578&_bdsid=2ulvIJ.n~ZXCIW.1721886656070.1721886848&_bd_prev_page=https://www.paperpush.com/detail.php?epjez/g76793.html HTTP/1.1" 500 0 "-" "Mozilla/5.0 (Linux; Android 6.0.1; Nexus 5X Build/MMB29P) AppleWebKit/537.36 (KHTML, like Gecko) Chrome/132.0.6834.83 Mobile Safari/537.36 (compatible; Googlebot/2.1; +http://www.google.com/bot.html)"
192.178.6.37 - - [27/Jan/2025:10:12:35 -0500] "GET /86958281.shtml HTTP/1.1" 500 0 "-" "Mozilla/5.0 (Linux; Android 6.0.1; Nexus 5X Build/MMB29P) AppleWebKit/537.36 (KHTML, like Gecko) Chrome/132.0.6834.83 Mobile Safari/537.36 (compatible; Googlebot/2.1; +http://www.google.com/bot.html)"
192.95.30.21 - - [27/Jan/2025:10:12:36 -0500] "GET /plugins/ckeditor/samples/old/dialog/?SD HTTP/1.1" 200 626 "-" "Mozilla/5.0 (compatible; MJ12bot/v1.4.8; http://mj12bot.com/)"
116.240.149.7 - - [27/Jan/2025:10:12:36 -0500] "GET /documents/5764_Sanket/2020/g_july/contra/?d=/var/softaculous/epesi HTTP/1.1" 200 3883 "-" "Mozilla/5.0 (compatible; MJ12bot/v1.4.8; http://mj12bot.com/)"
192.95.30.21 - - [27/Jan/2025:10:12:38 -0500] "GET /plugins/ckeditor/samples/old/dialog/assets/?MA HTTP/1.1" 200 642 "-" "Mozilla/5.0 (compatible; MJ12bot/v1.4.8; http://mj12bot.com/)"
217.113.194.200 - - [27/Jan/2025:10:12:39 -0500] "GET /documents/8897_Nehal/2020/f_june/receipt/recycle/?MD HTTP/1.1" 200 711 "-" "Mozilla/5.0 (compatible; Barkrowler/0.9; +https://babbar.tech/crawler)"
192.95.30.21 - - [27/Jan/2025:10:12:40 -0500] "GET /plugins/ckeditor/samples/old/dialog/assets/?MD HTTP/1.1" 200 640 "-" "Mozilla/5.0 (compatible; MJ12bot/v1.4.8; http://mj12bot.com/)"
116.240.149.7 - - [27/Jan/2025:10:12:41 -0500] "GET /documents/5764_Sanket/2020/g_july/contra/?d=/var/softaculous/espo HTTP/1.1" 200 4216 "-" "Mozilla/5.0 (compatible; MJ12bot/v1.4.8; http://mj12bot.com/)"
192.95.30.21 - - [27/Jan/2025:10:12:42 -0500] "GET /plugins/ckeditor/samples/old/dialog/assets/?NA HTTP/1.1" 200 637 "-" "Mozilla/5.0 (compatible; MJ12bot/v1.4.8; http://mj12bot.com/)"
192.95.30.21 - - [27/Jan/2025:10:12:44 -0500] "GET /plugins/ckeditor/samples/old/dialog/assets/?ND HTTP/1.1" 200 635 "-" "Mozilla/5.0 (compatible; MJ12bot/v1.4.8; http://mj12bot.com/)"
192.95.30.21 - - [27/Jan/2025:10:12:46 -0500] "GET /plugins/ckeditor/samples/old/dialog/assets/?SA HTTP/1.1" 200 641 "-" "Mozilla/5.0 (compatible; MJ12bot/v1.4.8; http://mj12bot.com/)"
217.113.194.194 - - [27/Jan/2025:10:12:47 -0500] "GET /documents/8897_Nehal/2020/f_june/receipt/recycle/?MA HTTP/1.1" 200 712 "-" "Mozilla/5.0 (compatible; Barkrowler/0.9; +https://babbar.tech/crawler)"
70.30.154.58 - - [27/Jan/2025:10:12:48 -0500] "GET /plugins_old/iCheck/futurico/?path=%2F%2Fproc%2Fself%2Froot%2Fhome%2Fpapecmvm%2F.cagefs%2Fopt%2Falt%2Fphp84%2Fvar HTTP/1.1" 200 1474 "-" "Mozilla/5.0 (iPhone; CPU iPhone OS 11_0 like Mac OS X) AppleWebKit/537.36 (KHTML, like Gecko) Chrome/44.0.9117.1091 Mobile Safari/537.36"
70.30.154.58 - - [27/Jan/2025:10:12:48 -0500] "GET /plugins_old/iCheck/futurico/?path=%2F%2Fproc%2Fself%2Froot%2Fhome%2Fpapecmvm%2F.cagefs%2Fopt%2Falt%2Fphp84%2Fvar HTTP/1.1" 200 5051 "https://www.paperpush.com/plugins_old/iCheck/futurico/?path=%2F%2Fproc%2Fself%2Froot%2Fhome%2Fpapecmvm%2F.cagefs%2Fopt%2Falt%2Fphp84%2Fvar" "Mozilla/5.0 (iPhone; CPU iPhone OS 11_0 like Mac OS X) AppleWebKit/537.36 (KHTML, like Gecko) Chrome/44.0.9117.1091 Mobile Safari/537.36"
192.95.30.21 - - [27/Jan/2025:10:12:49 -0500] "GET /plugins/ckeditor/samples/old/enterkey/?MA HTTP/1.1" 200 557 "-" "Mozilla/5.0 (compatible; MJ12bot/v1.4.8; http://mj12bot.com/)"
47.128.120.41 - - [27/Jan/2025:10:12:50 -0500] "GET /documents/5764_Sanket/2020/g_july/contra/?d=%2Fopt%2Falt%2Fpython310%2Flib64%2Fpython3.10%2F__pycache__&f=_sysconfigdata__linux_x86_64-linux-gnu.cpython-310.opt-1.pyc&x=c HTTP/1.1" 200 5556 "-" "Mozilla/5.0 (Linux; Android 5.0) AppleWebKit/537.36 (KHTML, like Gecko) Mobile Safari/537.36 (compatible; Bytespider; spider-feedback@bytedance.com)"
192.95.30.21 - - [27/Jan/2025:10:12:51 -0500] "GET /plugins/ckeditor/samples/old/enterkey/?MD HTTP/1.1" 200 558 "-" "Mozilla/5.0 (compatible; MJ12bot/v1.4.8; http://mj12bot.com/)"
213.180.203.236 - - [27/Jan/2025:10:12:52 -0500] "GET /plugins/datatables/extensions/Responsive/js/ HTTP/1.1" 200 906 "-" "Mozilla/5.0 (compatible; YandexBot/3.0; +http://yandex.com/bots)"
116.240.149.7 - - [27/Jan/2025:10:12:53 -0500] "GET /documents/5764_Sanket/2020/g_july/contra/?d=/var/softaculous/etano HTTP/1.1" 200 3604 "-" "Mozilla/5.0 (compatible; MJ12bot/v1.4.8; http://mj12bot.com/)"
192.95.30.21 - - [27/Jan/2025:10:12:53 -0500] "GET /plugins/ckeditor/samples/old/enterkey/?NA HTTP/1.1" 200 556 "-" "Mozilla/5.0 (compatible; MJ12bot/v1.4.8; http://mj12bot.com/)"
192.95.30.21 - - [27/Jan/2025:10:12:55 -0500] "GET /plugins/ckeditor/samples/old/htmlwriter/?MA HTTP/1.1" 200 627 "-" "Mozilla/5.0 (compatible; MJ12bot/v1.4.8; http://mj12bot.com/)"
217.113.194.193 - - [27/Jan/2025:10:12:56 -0500] "GET /documents/8897_Nehal/2020/f_june/receipt/recycle/?SD HTTP/1.1" 200 712 "-" "Mozilla/5.0 (compatible; Barkrowler/0.9; +https://babbar.tech/crawler)"
192.95.30.21 - - [27/Jan/2025:10:12:56 -0500] "GET /plugins/ckeditor/samples/old/htmlwriter/?SA HTTP/1.1" 200 626 "-" "Mozilla/5.0 (compatible; MJ12bot/v1.4.8; http://mj12bot.com/)"
192.95.30.21 - - [27/Jan/2025:10:12:58 -0500] "GET /plugins/ckeditor/samples/old/htmlwriter/assets/?ND HTTP/1.1" 200 634 "-" "Mozilla/5.0 (compatible; MJ12bot/v1.4.8; http://mj12bot.com/)"
116.240.149.7 - - [27/Jan/2025:10:12:59 -0500] "GET /documents/5764_Sanket/2020/g_july/contra/?d=/var/softaculous/eventum HTTP/1.1" 200 3907 "-" "Mozilla/5.0 (compatible; MJ12bot/v1.4.8; http://mj12bot.com/)"
192.95.30.21 - - [27/Jan/2025:10:13:00 -0500] "GET /plugins/ckeditor/samples/old/htmlwriter/assets/?SA HTTP/1.1" 200 637 "-" "Mozilla/5.0 (compatible; MJ12bot/v1.4.8; http://mj12bot.com/)"
192.95.30.21 - - [27/Jan/2025:10:13:01 -0500] "GET /plugins/ckeditor/samples/old/htmlwriter/assets/?SD HTTP/1.1" 200 639 "-" "Mozilla/5.0 (compatible; MJ12bot/v1.4.8; http://mj12bot.com/)"
116.240.149.7 - - [27/Jan/2025:10:13:02 -0500] "GET /documents/5764_Sanket/2020/g_july/contra/?d=/var/softaculous/extplorer HTTP/1.1" 200 3669 "-" "Mozilla/5.0 (compatible; MJ12bot/v1.4.8; http://mj12bot.com/)"
192.95.30.21 - - [27/Jan/2025:10:13:03 -0500] "GET /plugins/ckeditor/samples/old/htmlwriter/assets/outputforflash/?MA HTTP/1.1" 200 777 "-" "Mozilla/5.0 (compatible; MJ12bot/v1.4.8; http://mj12bot.com/)"
154.54.249.214 - - [27/Jan/2025:10:13:04 -0500] "GET /documents/8897_Nehal/2020/f_june/receipt/recycle/?SA HTTP/1.1" 200 712 "-" "Mozilla/5.0 (compatible; Barkrowler/0.9; +https://babbar.tech/crawler)"
192.95.30.21 - - [27/Jan/2025:10:13:05 -0500] "GET /plugins/ckeditor/samples/old/htmlwriter/assets/outputforflash/?MD HTTP/1.1" 200 777 "-" "Mozilla/5.0 (compatible; MJ12bot/v1.4.8; http://mj12bot.com/)"
116.240.149.7 - - [27/Jan/2025:10:13:05 -0500] "GET /documents/5764_Sanket/2020/g_july/contra/?d=/var/softaculous/faveo HTTP/1.1" 200 3723 "-" "Mozilla/5.0 (compatible; MJ12bot/v1.4.8; http://mj12bot.com/)"
192.95.30.21 - - [27/Jan/2025:10:13:07 -0500] "GET /plugins/ckeditor/samples/old/htmlwriter/assets/outputforflash/?NA HTTP/1.1" 200 771 "-" "Mozilla/5.0 (compatible; MJ12bot/v1.4.8; http://mj12bot.com/)"
116.240.149.7 - - [27/Jan/2025:10:13:08 -0500] "GET /documents/5764_Sanket/2020/g_july/contra/?d=/var/softaculous/fcms HTTP/1.1" 200 3739 "-" "Mozilla/5.0 (compatible; MJ12bot/v1.4.8; http://mj12bot.com/)"
192.95.30.21 - - [27/Jan/2025:10:13:09 -0500] "GET /plugins/ckeditor/samples/old/htmlwriter/assets/outputforflash/?ND HTTP/1.1" 200 771 "-" "Mozilla/5.0 (compatible; MJ12bot/v1.4.8; http://mj12bot.com/)"
192.95.30.21 - - [27/Jan/2025:10:13:11 -0500] "GET /plugins/ckeditor/samples/old/htmlwriter/assets/outputforflash/?SA HTTP/1.1" 200 775 "-" "Mozilla/5.0 (compatible; MJ12bot/v1.4.8; http://mj12bot.com/)"
116.240.149.7 - - [27/Jan/2025:10:13:11 -0500] "GET /documents/5764_Sanket/2020/g_july/contra/?d=/var/softaculous/feng HTTP/1.1" 200 4106 "-" "Mozilla/5.0 (compatible; MJ12bot/v1.4.8; http://mj12bot.com/)"
