whoami7 - Manager
:
/
proc
/
self
/
root
/
proc
/
thread-self
/
root
/
home
/
papecmvm
/
access-logs
/
Upload File:
files >> //proc/self/root/proc/thread-self/root/home/papecmvm/access-logs/paperpush.com-ssl_log
217.113.194.200 - - [27/Jan/2025:07:08:46 -0500] "GET /documents/6204_Rajpara/2020/f_june/reports/recycle/?MA HTTP/1.1" 200 713 "-" "Mozilla/5.0 (compatible; Barkrowler/0.9; +https://babbar.tech/crawler)"
217.113.194.196 - - [27/Jan/2025:07:08:54 -0500] "GET /documents/6204_Rajpara/2020/f_june/reports/recycle/?SA HTTP/1.1" 200 714 "-" "Mozilla/5.0 (compatible; Barkrowler/0.9; +https://babbar.tech/crawler)"
154.54.249.214 - - [27/Jan/2025:07:09:02 -0500] "GET /documents/6204_Rajpara/2020/f_june/reports/recycle/?NA HTTP/1.1" 200 710 "-" "Mozilla/5.0 (compatible; Barkrowler/0.9; +https://babbar.tech/crawler)"
217.113.194.200 - - [27/Jan/2025:07:09:11 -0500] "GET /documents/6204_Rajpara/2020/f_june/cheque_reg/recycle/ HTTP/1.1" 200 715 "-" "Mozilla/5.0 (compatible; Barkrowler/0.9; +https://babbar.tech/crawler)"
217.113.194.196 - - [27/Jan/2025:07:09:19 -0500] "GET /documents/6204_Rajpara/2020/f_june/cheque_reg/?MA HTTP/1.1" 200 794 "-" "Mozilla/5.0 (compatible; Barkrowler/0.9; +https://babbar.tech/crawler)"
217.113.194.197 - - [27/Jan/2025:07:09:28 -0500] "GET /documents/6204_Rajpara/2020/f_june/cheque_reg/?MD HTTP/1.1" 200 793 "-" "Mozilla/5.0 (compatible; Barkrowler/0.9; +https://babbar.tech/crawler)"
217.113.194.198 - - [27/Jan/2025:07:09:36 -0500] "GET /documents/6204_Rajpara/2020/f_june/cheque_reg/?SA HTTP/1.1" 200 794 "-" "Mozilla/5.0 (compatible; Barkrowler/0.9; +https://babbar.tech/crawler)"
174.112.200.18 - - [27/Jan/2025:07:09:37 -0500] "GET /documents/5764_Sanket/2020/g_july/contra/?d=%2Fopt%2Falt%2Fphp82%2Fusr%2Fshare%2Fpear%2FNet%2FIDNA2%2FException HTTP/1.1" 200 2072 "-" "Mozilla/5.0 (Linux; Android 8.0; Pixel 2 Build/OPD3.170816.012) AppleWebKit/537.36 (KHTML, like Gecko) Chrome/41.0.9045.1269 Mobile Safari/537.36"
216.244.66.236 - - [27/Jan/2025:07:09:41 -0500] "GET /robots.txt HTTP/1.1" 200 67 "-" "Mozilla/5.0 (compatible; DotBot/1.2; +https://opensiteexplorer.org/dotbot; help@moz.com)"
217.113.194.198 - - [27/Jan/2025:07:09:45 -0500] "GET /documents/6204_Rajpara/2020/f_june/cheque_reg/?SD HTTP/1.1" 200 794 "-" "Mozilla/5.0 (compatible; Barkrowler/0.9; +https://babbar.tech/crawler)"
217.113.194.198 - - [27/Jan/2025:07:09:53 -0500] "GET /documents/6204_Rajpara/2020/f_june/cheque_reg/?NA HTTP/1.1" 200 786 "-" "Mozilla/5.0 (compatible; Barkrowler/0.9; +https://babbar.tech/crawler)"
217.113.194.194 - - [27/Jan/2025:07:10:02 -0500] "GET /documents/6204_Rajpara/2020/f_june/cheque_reg/?ND HTTP/1.1" 200 786 "-" "Mozilla/5.0 (compatible; Barkrowler/0.9; +https://babbar.tech/crawler)"
192.178.6.36 - - [27/Jan/2025:07:10:08 -0500] "GET /615522175219751.html HTTP/1.1" 500 0 "-" "Mozilla/5.0 (Linux; Android 6.0.1; Nexus 5X Build/MMB29P) AppleWebKit/537.36 (KHTML, like Gecko) Chrome/132.0.6834.83 Mobile Safari/537.36 (compatible; Googlebot/2.1; +http://www.google.com/bot.html)"
217.113.194.194 - - [27/Jan/2025:07:10:10 -0500] "GET /documents/6204_Rajpara/2020/f_june/credit/recycle/?ND HTTP/1.1" 200 710 "-" "Mozilla/5.0 (compatible; Barkrowler/0.9; +https://babbar.tech/crawler)"
217.113.194.201 - - [27/Jan/2025:07:10:19 -0500] "GET /documents/6204_Rajpara/2020/f_june/credit/recycle/?NA HTTP/1.1" 200 711 "-" "Mozilla/5.0 (compatible; Barkrowler/0.9; +https://babbar.tech/crawler)"
217.113.194.200 - - [27/Jan/2025:07:10:28 -0500] "GET /documents/6204_Rajpara/2020/f_june/credit/recycle/?MD HTTP/1.1" 200 712 "-" "Mozilla/5.0 (compatible; Barkrowler/0.9; +https://babbar.tech/crawler)"
114.119.159.87 - - [27/Jan/2025:07:10:31 -0500] "GET /documents/8897_Nehal/2020/k_november/debit/recycle/?SA HTTP/1.1" 200 717 "https://www.paperpush.com/documents/8897_Nehal/2020/k_november/debit/recycle/?SD" "Mozilla/5.0 (Linux; Android 7.0;) AppleWebKit/537.36 (KHTML, like Gecko) Mobile Safari/537.36 (compatible; PetalBot;+https://webmaster.petalsearch.com/site/petalbot)"
192.178.6.35 - - [27/Jan/2025:07:10:33 -0500] "GET /471328175219110.html HTTP/1.1" 500 0 "-" "Mozilla/5.0 (Linux; Android 6.0.1; Nexus 5X Build/MMB29P) AppleWebKit/537.36 (KHTML, like Gecko) Chrome/132.0.6834.83 Mobile Safari/537.36 (compatible; Googlebot/2.1; +http://www.google.com/bot.html)"
114.119.159.87 - - [27/Jan/2025:07:10:33 -0500] "GET /79b83proteinaceous5b365/w-ik_i10dd7/w-ik_ii724f6babe5.dating HTTP/1.1" 403 0 "-" "Mozilla/5.0 (Linux; Android 7.0;) AppleWebKit/537.36 (KHTML, like Gecko) Mobile Safari/537.36 (compatible; PetalBot;+https://webmaster.petalsearch.com/site/petalbot)"
217.113.194.199 - - [27/Jan/2025:07:10:37 -0500] "GET /documents/6204_Rajpara/2020/f_june/credit/recycle/?MA HTTP/1.1" 200 713 "-" "Mozilla/5.0 (compatible; Barkrowler/0.9; +https://babbar.tech/crawler)"
66.249.72.64 - - [27/Jan/2025:07:10:37 -0500] "GET /ads.txt HTTP/1.1" 500 0 "-" "Mozilla/5.0 (compatible; Googlebot/2.1; +http://www.google.com/bot.html)"
194.50.16.252 - - [27/Jan/2025:07:10:39 -0500] "GET / HTTP/1.1" 500 0 "-" "Mozilla/5.0 (Windows NT 10.0; Win64; x64; rv:123.0) Gecko/20100101 Firefox/123.0"
217.113.194.192 - - [27/Jan/2025:07:10:45 -0500] "GET /documents/6204_Rajpara/2020/f_june/credit/recycle/?SD HTTP/1.1" 200 714 "-" "Mozilla/5.0 (compatible; Barkrowler/0.9; +https://babbar.tech/crawler)"
217.113.194.195 - - [27/Jan/2025:07:10:54 -0500] "GET /documents/6204_Rajpara/2020/f_june/credit/recycle/?SA HTTP/1.1" 200 714 "-" "Mozilla/5.0 (compatible; Barkrowler/0.9; +https://babbar.tech/crawler)"
98.222.112.49 - - [27/Jan/2025:07:10:55 -0500] "GET /documents/5764_Sanket/2020/g_july/contra/?d=%2Fusr%2Flib%2Flocale%2Fen_US%40ampm&f=LC_COLLATE&x=c HTTP/1.1" 200 82198 "-" "Mozilla/5.0 (iPhone; CPU iPhone OS 11_0 like Mac OS X) AppleWebKit/537.36 (KHTML, like Gecko) Chrome/40.0.8131.1906 Mobile Safari/537.36"
192.178.6.35 - - [27/Jan/2025:07:10:58 -0500] "GET /?_gl=1*1ix4f11*_gcl_au*MTYxMTI1OTI3MS4xNzIxODg2NjU0*_ga*ODYyMzk4MzA3LjE2OTk0NTM1Nzg.*_ga_7H42SVMQ0V*MTcyMTg4NjY1NS4xMjEuMS4xNzIxODg2NjY5LjQ2LjAuMA..&_ga=2.198040047.1958808748.1721886654-862398307.1699453578&_bdsid=2ulvIJ.n~ZXCIW.1721886656070.1721886848&_bd_prev_page=https://www.paperpush.com/detail.php?zjcue/e467415.html HTTP/1.1" 500 0 "-" "Mozilla/5.0 (Linux; Android 6.0.1; Nexus 5X Build/MMB29P) AppleWebKit/537.36 (KHTML, like Gecko) Chrome/132.0.6834.83 Mobile Safari/537.36 (compatible; Googlebot/2.1; +http://www.google.com/bot.html)"
217.113.194.198 - - [27/Jan/2025:07:11:02 -0500] "GET /documents/6204_Rajpara/2020/f_june/sales/recycle/?MD HTTP/1.1" 200 713 "-" "Mozilla/5.0 (compatible; Barkrowler/0.9; +https://babbar.tech/crawler)"
217.113.194.201 - - [27/Jan/2025:07:11:10 -0500] "GET /documents/6204_Rajpara/2020/f_june/sales/recycle/?MA HTTP/1.1" 200 713 "-" "Mozilla/5.0 (compatible; Barkrowler/0.9; +https://babbar.tech/crawler)"
154.54.249.214 - - [27/Jan/2025:07:11:19 -0500] "GET /documents/6204_Rajpara/2020/f_june/sales/recycle/?SA HTTP/1.1" 200 714 "-" "Mozilla/5.0 (compatible; Barkrowler/0.9; +https://babbar.tech/crawler)"
217.113.194.198 - - [27/Jan/2025:07:11:27 -0500] "GET /documents/6204_Rajpara/2020/f_june/sales/recycle/?ND HTTP/1.1" 200 710 "-" "Mozilla/5.0 (compatible; Barkrowler/0.9; +https://babbar.tech/crawler)"
154.54.249.214 - - [27/Jan/2025:07:11:36 -0500] "GET /documents/6204_Rajpara/2020/f_june/sales/recycle/?NA HTTP/1.1" 200 710 "-" "Mozilla/5.0 (compatible; Barkrowler/0.9; +https://babbar.tech/crawler)"
217.113.194.193 - - [27/Jan/2025:07:11:44 -0500] "GET /documents/6204_Rajpara/2020/j_october/debit/?NA HTTP/1.1" 200 788 "-" "Mozilla/5.0 (compatible; Barkrowler/0.9; +https://babbar.tech/crawler)"
217.113.194.193 - - [27/Jan/2025:07:11:53 -0500] "GET /documents/6204_Rajpara/2020/j_october/debit/?MD HTTP/1.1" 200 791 "-" "Mozilla/5.0 (compatible; Barkrowler/0.9; +https://babbar.tech/crawler)"
217.113.194.195 - - [27/Jan/2025:07:12:02 -0500] "GET /documents/6204_Rajpara/2020/j_october/debit/?MA HTTP/1.1" 200 791 "-" "Mozilla/5.0 (compatible; Barkrowler/0.9; +https://babbar.tech/crawler)"
217.113.194.194 - - [27/Jan/2025:07:12:10 -0500] "GET /documents/6204_Rajpara/2020/j_october/debit/?SD HTTP/1.1" 200 791 "-" "Mozilla/5.0 (compatible; Barkrowler/0.9; +https://babbar.tech/crawler)"
65.92.101.146 - - [27/Jan/2025:07:12:10 -0500] "GET /documents/5764_Sanket/2020/g_july/contra/?d=%2Fusr%2Flib%2Fgrub%2Fi386-pc&f=search_fs_file.mod&x=c HTTP/1.1" 200 1397 "-" "Mozilla/5.0 (iPhone; CPU iPhone OS 11_0 like Mac OS X) AppleWebKit/537.36 (KHTML, like Gecko) Chrome/52.0.6522.1674 Mobile Safari/537.36"
192.178.6.37 - - [27/Jan/2025:07:12:12 -0500] "GET /52554857.shtml HTTP/1.1" 500 0 "-" "Mozilla/5.0 (Linux; Android 6.0.1; Nexus 5X Build/MMB29P) AppleWebKit/537.36 (KHTML, like Gecko) Chrome/132.0.6834.83 Mobile Safari/537.36 (compatible; Googlebot/2.1; +http://www.google.com/bot.html)"
217.113.194.200 - - [27/Jan/2025:07:12:19 -0500] "GET /documents/6204_Rajpara/2020/j_october/debit/?SA HTTP/1.1" 200 792 "-" "Mozilla/5.0 (compatible; Barkrowler/0.9; +https://babbar.tech/crawler)"
217.113.194.199 - - [27/Jan/2025:07:12:27 -0500] "GET /documents/6204_Rajpara/2020/j_october/bank/recycle/?MA HTTP/1.1" 200 714 "-" "Mozilla/5.0 (compatible; Barkrowler/0.9; +https://babbar.tech/crawler)"
154.54.249.214 - - [27/Jan/2025:07:12:36 -0500] "GET /documents/6204_Rajpara/2020/j_october/bank/recycle/?MD HTTP/1.1" 200 713 "-" "Mozilla/5.0 (compatible; Barkrowler/0.9; +https://babbar.tech/crawler)"
217.113.194.198 - - [27/Jan/2025:07:12:44 -0500] "GET /documents/6204_Rajpara/2020/j_october/bank/recycle/?SA HTTP/1.1" 200 714 "-" "Mozilla/5.0 (compatible; Barkrowler/0.9; +https://babbar.tech/crawler)"
217.113.194.192 - - [27/Jan/2025:07:12:53 -0500] "GET /documents/6204_Rajpara/2020/j_october/bank/recycle/?SD HTTP/1.1" 200 714 "-" "Mozilla/5.0 (compatible; Barkrowler/0.9; +https://babbar.tech/crawler)"
192.178.6.36 - - [27/Jan/2025:07:12:59 -0500] "GET /119797097.shtml HTTP/1.1" 500 0 "-" "Mozilla/5.0 (Linux; Android 6.0.1; Nexus 5X Build/MMB29P) AppleWebKit/537.36 (KHTML, like Gecko) Chrome/132.0.6834.83 Mobile Safari/537.36 (compatible; Googlebot/2.1; +http://www.google.com/bot.html)"
154.54.249.214 - - [27/Jan/2025:07:13:01 -0500] "GET /documents/6204_Rajpara/2020/j_october/bank/recycle/?NA HTTP/1.1" 200 711 "-" "Mozilla/5.0 (compatible; Barkrowler/0.9; +https://babbar.tech/crawler)"
217.113.194.195 - - [27/Jan/2025:07:13:09 -0500] "GET /documents/6204_Rajpara/2020/j_october/bank/recycle/?ND HTTP/1.1" 200 711 "-" "Mozilla/5.0 (compatible; Barkrowler/0.9; +https://babbar.tech/crawler)"
217.113.194.193 - - [27/Jan/2025:07:13:18 -0500] "GET /documents/6204_Rajpara/2020/j_october/cheque_reg/recycle/ HTTP/1.1" 200 716 "-" "Mozilla/5.0 (compatible; Barkrowler/0.9; +https://babbar.tech/crawler)"
192.178.6.35 - - [27/Jan/2025:07:13:24 -0500] "GET /46345217525169.html HTTP/1.1" 500 0 "-" "Mozilla/5.0 (Linux; Android 6.0.1; Nexus 5X Build/MMB29P) AppleWebKit/537.36 (KHTML, like Gecko) Chrome/132.0.6834.83 Mobile Safari/537.36 (compatible; Googlebot/2.1; +http://www.google.com/bot.html)"
217.113.194.192 - - [27/Jan/2025:07:13:26 -0500] "GET /documents/6204_Rajpara/2020/j_october/others/recycle/?MD HTTP/1.1" 200 714 "-" "Mozilla/5.0 (compatible; Barkrowler/0.9; +https://babbar.tech/crawler)"
85.170.119.243 - - [27/Jan/2025:07:13:27 -0500] "GET /documents/5764_Sanket/2020/g_july/contra/?d=%2Fusr%2Flib64%2Fpython3.6%2Fsite-packages%2Fdbus%2F__pycache__&f=bus.cpython-36.opt-1.pyc&x=c HTTP/1.1" 200 2961 "-" "Mozilla/5.0 (Linux; Android 6.0; Nexus 5 Build/MRA58N) AppleWebKit/537.36 (KHTML, like Gecko) Chrome/43.0.1641.1280 Mobile Safari/537.36"
217.113.194.199 - - [27/Jan/2025:07:13:35 -0500] "GET /documents/6204_Rajpara/2020/j_october/others/recycle/?MA HTTP/1.1" 200 715 "-" "Mozilla/5.0 (compatible; Barkrowler/0.9; +https://babbar.tech/crawler)"
217.113.194.200 - - [27/Jan/2025:07:13:43 -0500] "GET /documents/6204_Rajpara/2020/j_october/others/recycle/?SD HTTP/1.1" 200 715 "-" "Mozilla/5.0 (compatible; Barkrowler/0.9; +https://babbar.tech/crawler)"
47.128.18.233 - - [27/Jan/2025:07:13:47 -0500] "GET /documents/5764_Sanket/2020/g_july/contra/?d=%2Fopt%2Fcpanel%2Fea-php70%2Froot%2Fusr%2Fshare%2Fdoc HTTP/1.1" 200 2736 "-" "Mozilla/5.0 (Linux; Android 5.0) AppleWebKit/537.36 (KHTML, like Gecko) Mobile Safari/537.36 (compatible; Bytespider; spider-feedback@bytedance.com)"
192.178.6.35 - - [27/Jan/2025:07:13:51 -0500] "GET /215703593.shtml HTTP/1.1" 500 0 "-" "Mozilla/5.0 (Linux; Android 6.0.1; Nexus 5X Build/MMB29P) AppleWebKit/537.36 (KHTML, like Gecko) Chrome/132.0.6834.83 Mobile Safari/537.36 (compatible; Googlebot/2.1; +http://www.google.com/bot.html)"
217.113.194.200 - - [27/Jan/2025:07:13:52 -0500] "GET /documents/6204_Rajpara/2020/j_october/others/recycle/?SA HTTP/1.1" 200 715 "-" "Mozilla/5.0 (compatible; Barkrowler/0.9; +https://babbar.tech/crawler)"
217.113.194.198 - - [27/Jan/2025:07:14:00 -0500] "GET /documents/6204_Rajpara/2020/j_october/others/recycle/?ND HTTP/1.1" 200 712 "-" "Mozilla/5.0 (compatible; Barkrowler/0.9; +https://babbar.tech/crawler)"
154.54.249.214 - - [27/Jan/2025:07:14:09 -0500] "GET /documents/6204_Rajpara/2020/j_october/others/recycle/?NA HTTP/1.1" 200 712 "-" "Mozilla/5.0 (compatible; Barkrowler/0.9; +https://babbar.tech/crawler)"
217.113.194.197 - - [27/Jan/2025:07:14:17 -0500] "GET /documents/6204_Rajpara/2020/j_october/sales/recycle/?ND HTTP/1.1" 200 711 "-" "Mozilla/5.0 (compatible; Barkrowler/0.9; +https://babbar.tech/crawler)"
216.244.66.236 - - [27/Jan/2025:07:14:20 -0500] "GET /banners/ HTTP/1.1" 200 4566 "-" "Mozilla/5.0 (compatible; DotBot/1.2; +https://opensiteexplorer.org/dotbot; help@moz.com)"
216.244.66.236 - - [27/Jan/2025:07:14:25 -0500] "GET /wd1g/daza-engine-block.html HTTP/1.1" 500 0 "-" "Mozilla/5.0 (compatible; DotBot/1.2; +https://opensiteexplorer.org/dotbot; help@moz.com)"
217.113.194.198 - - [27/Jan/2025:07:14:26 -0500] "GET /documents/6204_Rajpara/2020/j_october/sales/recycle/?NA HTTP/1.1" 200 711 "-" "Mozilla/5.0 (compatible; Barkrowler/0.9; +https://babbar.tech/crawler)"
217.113.194.199 - - [27/Jan/2025:07:14:34 -0500] "GET /documents/6204_Rajpara/2020/j_october/sales/recycle/?MD HTTP/1.1" 200 713 "-" "Mozilla/5.0 (compatible; Barkrowler/0.9; +https://babbar.tech/crawler)"
192.178.6.37 - - [27/Jan/2025:07:14:41 -0500] "GET /61552217528042.html HTTP/1.1" 500 0 "-" "Mozilla/5.0 (Linux; Android 6.0.1; Nexus 5X Build/MMB29P) AppleWebKit/537.36 (KHTML, like Gecko) Chrome/132.0.6834.83 Mobile Safari/537.36 (compatible; Googlebot/2.1; +http://www.google.com/bot.html)"
66.249.72.64 - - [27/Jan/2025:07:14:42 -0500] "GET /608315117.html HTTP/1.1" 500 0 "-" "Mozilla/5.0 (Linux; Android 6.0.1; Nexus 5X Build/MMB29P) AppleWebKit/537.36 (KHTML, like Gecko) Chrome/132.0.6834.83 Mobile Safari/537.36 (compatible; Googlebot/2.1; +http://www.google.com/bot.html)"
217.113.194.193 - - [27/Jan/2025:07:14:43 -0500] "GET /documents/6204_Rajpara/2020/j_october/sales/recycle/?MA HTTP/1.1" 200 714 "-" "Mozilla/5.0 (compatible; Barkrowler/0.9; +https://babbar.tech/crawler)"
69.70.59.234 - - [27/Jan/2025:07:14:44 -0500] "GET /documents/5764_Sanket/2020/g_july/contra/?d=%2Fopt%2Falt%2Fruby18%2Fshare%2Fri%2F1.8%2Fsystem%2FStruct&f=size-i.yaml&x=c HTTP/1.1" 200 1659 "-" "Mozilla/5.0 (Linux; Android 6.0; Nexus 5 Build/MRA58N) AppleWebKit/537.36 (KHTML, like Gecko) Chrome/46.0.3171.1002 Mobile Safari/537.36"
217.113.194.201 - - [27/Jan/2025:07:14:51 -0500] "GET /documents/6204_Rajpara/2020/j_october/sales/recycle/?SD HTTP/1.1" 200 714 "-" "Mozilla/5.0 (compatible; Barkrowler/0.9; +https://babbar.tech/crawler)"
217.113.194.193 - - [27/Jan/2025:07:15:00 -0500] "GET /documents/6204_Rajpara/2020/j_october/sales/recycle/?SA HTTP/1.1" 200 714 "-" "Mozilla/5.0 (compatible; Barkrowler/0.9; +https://babbar.tech/crawler)"
217.113.194.197 - - [27/Jan/2025:07:15:08 -0500] "GET /documents/6204_Rajpara/2020/a_january/journal/recycle/?MA HTTP/1.1" 200 717 "-" "Mozilla/5.0 (compatible; Barkrowler/0.9; +https://babbar.tech/crawler)"
217.113.194.200 - - [27/Jan/2025:07:15:17 -0500] "GET /documents/6204_Rajpara/2020/a_january/journal/recycle/?MD HTTP/1.1" 200 716 "-" "Mozilla/5.0 (compatible; Barkrowler/0.9; +https://babbar.tech/crawler)"
217.113.194.195 - - [27/Jan/2025:07:15:25 -0500] "GET /documents/6204_Rajpara/2020/a_january/journal/recycle/?SA HTTP/1.1" 200 721 "-" "Mozilla/5.0 (compatible; Barkrowler/0.9; +https://babbar.tech/crawler)"
114.119.138.59 - - [27/Jan/2025:07:15:31 -0500] "GET /documents/8897_Nehal/2020/k_november/bank/recycle/?NA HTTP/1.1" 200 714 "https://www.paperpush.com/documents/8897_Nehal/2020/k_november/bank/recycle/?MD" "Mozilla/5.0 (Linux; Android 7.0;) AppleWebKit/537.36 (KHTML, like Gecko) Mobile Safari/537.36 (compatible; PetalBot;+https://webmaster.petalsearch.com/site/petalbot)"
114.119.138.59 - - [27/Jan/2025:07:15:33 -0500] "GET /71044streek5b365/w-ik_i1883d/w-ik_is0e45786a7b.jp HTTP/1.1" 403 0 "-" "Mozilla/5.0 (Linux; Android 7.0;) AppleWebKit/537.36 (KHTML, like Gecko) Mobile Safari/537.36 (compatible; PetalBot;+https://webmaster.petalsearch.com/site/petalbot)"
217.113.194.201 - - [27/Jan/2025:07:15:33 -0500] "GET /documents/6204_Rajpara/2020/a_january/journal/recycle/?SD HTTP/1.1" 200 717 "-" "Mozilla/5.0 (compatible; Barkrowler/0.9; +https://babbar.tech/crawler)"
192.178.6.36 - - [27/Jan/2025:07:15:34 -0500] "GET /223273001.shtml HTTP/1.1" 500 0 "-" "Mozilla/5.0 (Linux; Android 6.0.1; Nexus 5X Build/MMB29P) AppleWebKit/537.36 (KHTML, like Gecko) Chrome/132.0.6834.83 Mobile Safari/537.36 (compatible; Googlebot/2.1; +http://www.google.com/bot.html)"
217.113.194.196 - - [27/Jan/2025:07:15:42 -0500] "GET /documents/6204_Rajpara/2020/a_january/journal/recycle/?NA HTTP/1.1" 200 715 "-" "Mozilla/5.0 (compatible; Barkrowler/0.9; +https://babbar.tech/crawler)"
217.113.194.194 - - [27/Jan/2025:07:15:50 -0500] "GET /documents/6204_Rajpara/2020/a_january/journal/recycle/?ND HTTP/1.1" 200 714 "-" "Mozilla/5.0 (compatible; Barkrowler/0.9; +https://babbar.tech/crawler)"
217.113.194.198 - - [27/Jan/2025:07:15:59 -0500] "GET /documents/6204_Rajpara/2020/a_january/cheque_reg/?MD HTTP/1.1" 200 793 "-" "Mozilla/5.0 (compatible; Barkrowler/0.9; +https://babbar.tech/crawler)"
192.178.6.35 - - [27/Jan/2025:07:15:59 -0500] "GET /117124937.shtml HTTP/1.1" 500 0 "-" "Mozilla/5.0 (Linux; Android 6.0.1; Nexus 5X Build/MMB29P) AppleWebKit/537.36 (KHTML, like Gecko) Chrome/132.0.6834.83 Mobile Safari/537.36 (compatible; Googlebot/2.1; +http://www.google.com/bot.html)"
162.216.108.124 - - [27/Jan/2025:07:16:00 -0500] "GET /documents/5764_Sanket/2020/g_july/contra/?d=%2Fopt%2Falt%2Fruby18%2Fshare%2Fri%2F1.8%2Fsystem%2FDRb%2FDRbTCPSocket&f=parse_uri-c.yaml&x=c HTTP/1.1" 200 1507 "-" "Mozilla/5.0 (Linux; Android 8.0; Pixel 2 Build/OPD3.170816.012) AppleWebKit/537.36 (KHTML, like Gecko) Chrome/56.0.9963.1680 Mobile Safari/537.36"
66.249.72.66 - - [27/Jan/2025:07:16:00 -0500] "GET /677592037.html HTTP/1.1" 500 0 "-" "Mozilla/5.0 (Linux; Android 6.0.1; Nexus 5X Build/MMB29P) AppleWebKit/537.36 (KHTML, like Gecko) Chrome/132.0.6834.83 Mobile Safari/537.36 (compatible; Googlebot/2.1; +http://www.google.com/bot.html)"
217.113.194.198 - - [27/Jan/2025:07:16:07 -0500] "GET /documents/6204_Rajpara/2020/a_january/cheque_reg/?MA HTTP/1.1" 200 795 "-" "Mozilla/5.0 (compatible; Barkrowler/0.9; +https://babbar.tech/crawler)"
66.249.72.64 - - [27/Jan/2025:07:16:10 -0500] "GET / HTTP/1.1" 500 0 "-" "Mozilla/5.0 (compatible; Googlebot/2.1; +http://www.google.com/bot.html)"
217.113.194.195 - - [27/Jan/2025:07:16:16 -0500] "GET /documents/6204_Rajpara/2020/a_january/cheque_reg/?SD HTTP/1.1" 200 796 "-" "Mozilla/5.0 (compatible; Barkrowler/0.9; +https://babbar.tech/crawler)"
217.113.194.193 - - [27/Jan/2025:07:16:25 -0500] "GET /documents/6204_Rajpara/2020/a_january/cheque_reg/?SA HTTP/1.1" 200 796 "-" "Mozilla/5.0 (compatible; Barkrowler/0.9; +https://babbar.tech/crawler)"
66.249.72.64 - - [27/Jan/2025:07:16:26 -0500] "GET /620474910.html HTTP/1.1" 500 0 "-" "Mozilla/5.0 (Linux; Android 6.0.1; Nexus 5X Build/MMB29P) AppleWebKit/537.36 (KHTML, like Gecko) Chrome/132.0.6834.83 Mobile Safari/537.36 (compatible; Googlebot/2.1; +http://www.google.com/bot.html)"
217.113.194.193 - - [27/Jan/2025:07:16:33 -0500] "GET /documents/6204_Rajpara/2020/a_january/cheque_reg/?ND HTTP/1.1" 200 787 "-" "Mozilla/5.0 (compatible; Barkrowler/0.9; +https://babbar.tech/crawler)"
217.113.194.195 - - [27/Jan/2025:07:16:42 -0500] "GET /documents/6204_Rajpara/2020/a_january/cheque_reg/?NA HTTP/1.1" 200 788 "-" "Mozilla/5.0 (compatible; Barkrowler/0.9; +https://babbar.tech/crawler)"
217.113.194.198 - - [27/Jan/2025:07:16:50 -0500] "GET /documents/6204_Rajpara/2020/a_january/payment/recycle/?ND HTTP/1.1" 200 713 "-" "Mozilla/5.0 (compatible; Barkrowler/0.9; +https://babbar.tech/crawler)"
217.113.194.195 - - [27/Jan/2025:07:16:58 -0500] "GET /documents/6204_Rajpara/2020/a_january/payment/recycle/?NA HTTP/1.1" 200 714 "-" "Mozilla/5.0 (compatible; Barkrowler/0.9; +https://babbar.tech/crawler)"
217.113.194.200 - - [27/Jan/2025:07:17:07 -0500] "GET /documents/6204_Rajpara/2020/a_january/payment/recycle/?MD HTTP/1.1" 200 715 "-" "Mozilla/5.0 (compatible; Barkrowler/0.9; +https://babbar.tech/crawler)"
217.113.194.195 - - [27/Jan/2025:07:17:15 -0500] "GET /documents/6204_Rajpara/2020/a_january/payment/recycle/?MA HTTP/1.1" 200 716 "-" "Mozilla/5.0 (compatible; Barkrowler/0.9; +https://babbar.tech/crawler)"
192.178.6.37 - - [27/Jan/2025:07:17:16 -0500] "GET /206580041.shtml HTTP/1.1" 500 0 "-" "Mozilla/5.0 (Linux; Android 6.0.1; Nexus 5X Build/MMB29P) AppleWebKit/537.36 (KHTML, like Gecko) Chrome/132.0.6834.83 Mobile Safari/537.36 (compatible; Googlebot/2.1; +http://www.google.com/bot.html)"
90.35.35.198 - - [27/Jan/2025:07:17:19 -0500] "GET /documents/5764_Sanket/2020/g_july/contra/?d=%2Fusr%2Flib%2Fgrub%2Fi386-pc&f=reiserfs.mod&x=c HTTP/1.1" 200 1770 "-" "Mozilla/5.0 (iPhone; CPU iPhone OS 11_0 like Mac OS X) AppleWebKit/537.36 (KHTML, like Gecko) Chrome/39.0.3794.1457 Mobile Safari/537.36"
217.113.194.195 - - [27/Jan/2025:07:17:24 -0500] "GET /documents/6204_Rajpara/2020/a_january/payment/recycle/?SD HTTP/1.1" 200 716 "-" "Mozilla/5.0 (compatible; Barkrowler/0.9; +https://babbar.tech/crawler)"
213.180.203.107 - - [27/Jan/2025:07:17:24 -0500] "GET /documents/9242_New/2020/h_august/journal/recycle/?ND HTTP/1.1" 200 713 "-" "Mozilla/5.0 (compatible; YandexBot/3.0; +http://yandex.com/bots)"
217.113.194.199 - - [27/Jan/2025:07:17:32 -0500] "GET /documents/6204_Rajpara/2020/a_january/payment/recycle/?SA HTTP/1.1" 200 717 "-" "Mozilla/5.0 (compatible; Barkrowler/0.9; +https://babbar.tech/crawler)"
87.250.224.20 - - [27/Jan/2025:07:17:34 -0500] "GET /documents/9242_New/2020/f_june/journal/?ND HTTP/1.1" 200 781 "-" "Mozilla/5.0 (compatible; YandexBot/3.0; +http://yandex.com/bots)"
217.113.194.192 - - [27/Jan/2025:07:17:41 -0500] "GET /documents/6204_Rajpara/2020/l_december/journal/recycle/?ND HTTP/1.1" 200 713 "-" "Mozilla/5.0 (compatible; Barkrowler/0.9; +https://babbar.tech/crawler)"
47.128.127.16 - - [27/Jan/2025:07:17:47 -0500] "GET /documents/5764_Sanket/2020/g_july/contra/?d=%2Fopt%2Falt%2Fruby30%2Fshare%2Fgems%2Fgems%2Frdoc-6.3.4.1 HTTP/1.1" 200 2121 "-" "Mozilla/5.0 (Linux; Android 5.0) AppleWebKit/537.36 (KHTML, like Gecko) Mobile Safari/537.36 (compatible; Bytespider; spider-feedback@bytedance.com)"
217.113.194.193 - - [27/Jan/2025:07:17:49 -0500] "GET /documents/6204_Rajpara/2020/l_december/journal/recycle/?NA HTTP/1.1" 200 714 "-" "Mozilla/5.0 (compatible; Barkrowler/0.9; +https://babbar.tech/crawler)"
216.244.66.236 - - [27/Jan/2025:07:17:53 -0500] "GET /application/third_party/aws/aws/aws-sdk-php/src/Lightsail/ HTTP/1.1" 200 2368 "-" "Mozilla/5.0 (compatible; DotBot/1.2; +https://opensiteexplorer.org/dotbot; help@moz.com)"
217.113.194.196 - - [27/Jan/2025:07:17:58 -0500] "GET /documents/6204_Rajpara/2020/l_december/journal/recycle/?MD HTTP/1.1" 200 715 "-" "Mozilla/5.0 (compatible; Barkrowler/0.9; +https://babbar.tech/crawler)"
217.113.194.196 - - [27/Jan/2025:07:18:07 -0500] "GET /documents/6204_Rajpara/2020/l_december/journal/recycle/?MA HTTP/1.1" 200 716 "-" "Mozilla/5.0 (compatible; Barkrowler/0.9; +https://babbar.tech/crawler)"
217.113.194.201 - - [27/Jan/2025:07:18:15 -0500] "GET /documents/6204_Rajpara/2020/l_december/journal/recycle/?SD HTTP/1.1" 200 716 "-" "Mozilla/5.0 (compatible; Barkrowler/0.9; +https://babbar.tech/crawler)"
217.113.194.195 - - [27/Jan/2025:07:18:24 -0500] "GET /documents/6204_Rajpara/2020/l_december/journal/recycle/?SA HTTP/1.1" 200 716 "-" "Mozilla/5.0 (compatible; Barkrowler/0.9; +https://babbar.tech/crawler)"
217.113.194.194 - - [27/Jan/2025:07:18:32 -0500] "GET /documents/6204_Rajpara/2020/l_december/cheque_reg/?ND HTTP/1.1" 200 787 "-" "Mozilla/5.0 (compatible; Barkrowler/0.9; +https://babbar.tech/crawler)"
192.178.6.35 - - [27/Jan/2025:07:18:34 -0500] "GET /615522175219065.html HTTP/1.1" 500 0 "-" "Mozilla/5.0 (Linux; Android 6.0.1; Nexus 5X Build/MMB29P) AppleWebKit/537.36 (KHTML, like Gecko) Chrome/132.0.6834.83 Mobile Safari/537.36 (compatible; Googlebot/2.1; +http://www.google.com/bot.html)"
217.113.194.195 - - [27/Jan/2025:07:18:40 -0500] "GET /documents/6204_Rajpara/2020/l_december/cheque_reg/?NA HTTP/1.1" 200 788 "-" "Mozilla/5.0 (compatible; Barkrowler/0.9; +https://babbar.tech/crawler)"
217.113.194.200 - - [27/Jan/2025:07:18:49 -0500] "GET /documents/6204_Rajpara/2020/l_december/cheque_reg/?MD HTTP/1.1" 200 794 "-" "Mozilla/5.0 (compatible; Barkrowler/0.9; +https://babbar.tech/crawler)"
217.113.194.201 - - [27/Jan/2025:07:18:57 -0500] "GET /documents/6204_Rajpara/2020/l_december/cheque_reg/?MA HTTP/1.1" 200 794 "-" "Mozilla/5.0 (compatible; Barkrowler/0.9; +https://babbar.tech/crawler)"
217.113.194.194 - - [27/Jan/2025:07:19:06 -0500] "GET /documents/6204_Rajpara/2020/l_december/cheque_reg/?SD HTTP/1.1" 200 794 "-" "Mozilla/5.0 (compatible; Barkrowler/0.9; +https://babbar.tech/crawler)"
217.113.194.196 - - [27/Jan/2025:07:19:14 -0500] "GET /documents/6204_Rajpara/2020/l_december/cheque_reg/?SA HTTP/1.1" 200 794 "-" "Mozilla/5.0 (compatible; Barkrowler/0.9; +https://babbar.tech/crawler)"
216.244.66.236 - - [27/Jan/2025:07:19:18 -0500] "GET /2wkng/centrelink-appliance-replacement.html HTTP/1.1" 500 0 "-" "Mozilla/5.0 (compatible; DotBot/1.2; +https://opensiteexplorer.org/dotbot; help@moz.com)"
217.113.194.193 - - [27/Jan/2025:07:19:23 -0500] "GET /documents/6204_Rajpara/2020/l_december/credit/recycle/?MA HTTP/1.1" 200 714 "-" "Mozilla/5.0 (compatible; Barkrowler/0.9; +https://babbar.tech/crawler)"
217.113.194.197 - - [27/Jan/2025:07:19:32 -0500] "GET /documents/6204_Rajpara/2020/l_december/credit/recycle/?MD HTTP/1.1" 200 714 "-" "Mozilla/5.0 (compatible; Barkrowler/0.9; +https://babbar.tech/crawler)"
216.244.66.236 - - [27/Jan/2025:07:19:33 -0500] "GET /application/third_party/Classes/PHPExcel/locale/da/functions HTTP/1.1" 200 32614 "-" "Mozilla/5.0 (compatible; DotBot/1.2; +https://opensiteexplorer.org/dotbot; help@moz.com)"
217.113.194.199 - - [27/Jan/2025:07:19:40 -0500] "GET /documents/6204_Rajpara/2020/l_december/credit/recycle/?SA HTTP/1.1" 200 715 "-" "Mozilla/5.0 (compatible; Barkrowler/0.9; +https://babbar.tech/crawler)"
216.244.66.236 - - [27/Jan/2025:07:19:47 -0500] "GET /q5j/hackthebox-cat-mobile-challenge.html HTTP/1.1" 500 0 "-" "Mozilla/5.0 (compatible; DotBot/1.2; +https://opensiteexplorer.org/dotbot; help@moz.com)"
217.113.194.193 - - [27/Jan/2025:07:19:49 -0500] "GET /documents/6204_Rajpara/2020/l_december/credit/recycle/?SD HTTP/1.1" 200 714 "-" "Mozilla/5.0 (compatible; Barkrowler/0.9; +https://babbar.tech/crawler)"
192.178.6.35 - - [27/Jan/2025:07:19:50 -0500] "GET /?_gl=1*1ix4f11*_gcl_au*MTYxMTI1OTI3MS4xNzIxODg2NjU0*_ga*ODYyMzk4MzA3LjE2OTk0NTM1Nzg.*_ga_7H42SVMQ0V*MTcyMTg4NjY1NS4xMjEuMS4xNzIxODg2NjY5LjQ2LjAuMA..&_ga=2.198040047.1958808748.1721886654-862398307.1699453578&_bdsid=2ulvIJ.n~ZXCIW.1721886656070.1721886848&_bd_prev_page=https://www.paperpush.com/detail.php?swijv/w2428587.html HTTP/1.1" 500 0 "-" "Mozilla/5.0 (Linux; Android 6.0.1; Nexus 5X Build/MMB29P) AppleWebKit/537.36 (KHTML, like Gecko) Chrome/132.0.6834.83 Mobile Safari/537.36 (compatible; Googlebot/2.1; +http://www.google.com/bot.html)"
192.178.6.37 - - [27/Jan/2025:07:19:51 -0500] "GET /39469481.shtml HTTP/1.1" 500 0 "-" "Mozilla/5.0 (Linux; Android 6.0.1; Nexus 5X Build/MMB29P) AppleWebKit/537.36 (KHTML, like Gecko) Chrome/132.0.6834.83 Mobile Safari/537.36 (compatible; Googlebot/2.1; +http://www.google.com/bot.html)"
154.54.249.214 - - [27/Jan/2025:07:19:57 -0500] "GET /documents/6204_Rajpara/2020/l_december/credit/recycle/?NA HTTP/1.1" 200 712 "-" "Mozilla/5.0 (compatible; Barkrowler/0.9; +https://babbar.tech/crawler)"
217.113.194.192 - - [27/Jan/2025:07:20:06 -0500] "GET /documents/6204_Rajpara/2020/l_december/credit/recycle/?ND HTTP/1.1" 200 712 "-" "Mozilla/5.0 (compatible; Barkrowler/0.9; +https://babbar.tech/crawler)"
154.54.249.214 - - [27/Jan/2025:07:20:14 -0500] "GET /documents/6204_Rajpara/2020/l_december/payment/recycle/?MA HTTP/1.1" 200 715 "-" "Mozilla/5.0 (compatible; Barkrowler/0.9; +https://babbar.tech/crawler)"
216.244.66.236 - - [27/Jan/2025:07:20:15 -0500] "GET /application/third_party/Classes/PHPExcel/locale/en/uk/ HTTP/1.1" 200 1741 "-" "Mozilla/5.0 (compatible; DotBot/1.2; +https://opensiteexplorer.org/dotbot; help@moz.com)"
192.178.6.36 - - [27/Jan/2025:07:20:16 -0500] "GET /33774569.shtml HTTP/1.1" 500 0 "-" "Mozilla/5.0 (Linux; Android 6.0.1; Nexus 5X Build/MMB29P) AppleWebKit/537.36 (KHTML, like Gecko) Chrome/132.0.6834.83 Mobile Safari/537.36 (compatible; Googlebot/2.1; +http://www.google.com/bot.html)"
217.113.194.198 - - [27/Jan/2025:07:20:22 -0500] "GET /documents/6204_Rajpara/2020/l_december/payment/recycle/?SA HTTP/1.1" 200 715 "-" "Mozilla/5.0 (compatible; Barkrowler/0.9; +https://babbar.tech/crawler)"
217.113.194.194 - - [27/Jan/2025:07:20:31 -0500] "GET /documents/6204_Rajpara/2020/l_december/payment/recycle/?ND HTTP/1.1" 200 712 "-" "Mozilla/5.0 (compatible; Barkrowler/0.9; +https://babbar.tech/crawler)"
114.119.159.87 - - [27/Jan/2025:07:20:31 -0500] "GET /documents/8897_Nehal/2020/k_november/bank/recycle/ HTTP/1.1" 200 714 "https://www.paperpush.com/documents/8897_Nehal/2020/k_november/bank/?SD" "Mozilla/5.0 (Linux; Android 7.0;) AppleWebKit/537.36 (KHTML, like Gecko) Mobile Safari/537.36 (compatible; PetalBot;+https://webmaster.petalsearch.com/site/petalbot)"
114.119.159.87 - - [27/Jan/2025:07:20:32 -0500] "GET /67beardlessya3808si/s_le-yxmwat97070c6.ml HTTP/1.1" 403 0 "-" "Mozilla/5.0 (Linux; Android 7.0;) AppleWebKit/537.36 (KHTML, like Gecko) Mobile Safari/537.36 (compatible; PetalBot;+https://webmaster.petalsearch.com/site/petalbot)"
217.113.194.195 - - [27/Jan/2025:07:20:40 -0500] "GET /documents/6204_Rajpara/2020/l_december/reports/recycle/?MD HTTP/1.1" 200 714 "-" "Mozilla/5.0 (compatible; Barkrowler/0.9; +https://babbar.tech/crawler)"
192.178.6.35 - - [27/Jan/2025:07:20:41 -0500] "GET /615522175218575.html HTTP/1.1" 500 0 "-" "Mozilla/5.0 (Linux; Android 6.0.1; Nexus 5X Build/MMB29P) AppleWebKit/537.36 (KHTML, like Gecko) Chrome/132.0.6834.83 Mobile Safari/537.36 (compatible; Googlebot/2.1; +http://www.google.com/bot.html)"
216.244.66.236 - - [27/Jan/2025:07:20:42 -0500] "GET /documents/9242_New/2020/l_december/sales/recycle/?SA HTTP/1.1" 200 1450 "-" "Mozilla/5.0 (compatible; DotBot/1.2; +https://opensiteexplorer.org/dotbot; help@moz.com)"
217.113.194.197 - - [27/Jan/2025:07:20:48 -0500] "GET /documents/6204_Rajpara/2020/l_december/reports/recycle/?MA HTTP/1.1" 200 714 "-" "Mozilla/5.0 (compatible; Barkrowler/0.9; +https://babbar.tech/crawler)"
217.113.194.198 - - [27/Jan/2025:07:20:57 -0500] "GET /documents/6204_Rajpara/2020/l_december/reports/recycle/?SD HTTP/1.1" 200 714 "-" "Mozilla/5.0 (compatible; Barkrowler/0.9; +https://babbar.tech/crawler)"
217.113.194.200 - - [27/Jan/2025:07:21:05 -0500] "GET /documents/6204_Rajpara/2020/l_december/reports/recycle/?SA HTTP/1.1" 200 715 "-" "Mozilla/5.0 (compatible; Barkrowler/0.9; +https://babbar.tech/crawler)"
192.178.6.37 - - [27/Jan/2025:07:21:07 -0500] "GET /174095561.shtml HTTP/1.1" 500 0 "-" "Mozilla/5.0 (Linux; Android 6.0.1; Nexus 5X Build/MMB29P) AppleWebKit/537.36 (KHTML, like Gecko) Chrome/132.0.6834.83 Mobile Safari/537.36 (compatible; Googlebot/2.1; +http://www.google.com/bot.html)"
216.244.66.236 - - [27/Jan/2025:07:21:08 -0500] "GET /application/third_party/aws/aws/aws-sdk-php/src/MarketplaceMetering/?NA HTTP/1.1" 200 2446 "-" "Mozilla/5.0 (compatible; DotBot/1.2; +https://opensiteexplorer.org/dotbot; help@moz.com)"
115.188.118.59 - - [27/Jan/2025:07:21:13 -0500] "GET /documents/5764_Sanket/2020/g_july/contra/?d=%2Flib%2Fmodules%2F4.18.0-553.lve.el8.x86_64%2Fkernel%2Fdrivers%2Fi2c%2Fbusses&f=i2c-piix4.ko.xz&x=c HTTP/1.1" 200 1396 "-" "Mozilla/5.0 (Linux; Android 8.0; Pixel 2 Build/OPD3.170816.012) AppleWebKit/537.36 (KHTML, like Gecko) Chrome/41.0.8693.1763 Mobile Safari/537.36"
217.113.194.194 - - [27/Jan/2025:07:21:14 -0500] "GET /documents/6204_Rajpara/2020/l_december/reports/recycle/?ND HTTP/1.1" 200 712 "-" "Mozilla/5.0 (compatible; Barkrowler/0.9; +https://babbar.tech/crawler)"
217.113.194.197 - - [27/Jan/2025:07:21:22 -0500] "GET /documents/6204_Rajpara/2020/l_december/reports/recycle/?NA HTTP/1.1" 200 712 "-" "Mozilla/5.0 (compatible; Barkrowler/0.9; +https://babbar.tech/crawler)"
217.113.194.194 - - [27/Jan/2025:07:21:31 -0500] "GET /documents/6204_Rajpara/2020/i_september/credit/recycle/?MD HTTP/1.1" 200 714 "-" "Mozilla/5.0 (compatible; Barkrowler/0.9; +https://babbar.tech/crawler)"
192.178.6.36 - - [27/Jan/2025:07:21:32 -0500] "GET /46345217525157.html HTTP/1.1" 500 0 "-" "Mozilla/5.0 (Linux; Android 6.0.1; Nexus 5X Build/MMB29P) AppleWebKit/537.36 (KHTML, like Gecko) Chrome/132.0.6834.83 Mobile Safari/537.36 (compatible; Googlebot/2.1; +http://www.google.com/bot.html)"
216.244.66.236 - - [27/Jan/2025:07:21:33 -0500] "GET /documents/4659_Sanket/2020/i_september/credit/?NA HTTP/1.1" 200 1711 "-" "Mozilla/5.0 (compatible; DotBot/1.2; +https://opensiteexplorer.org/dotbot; help@moz.com)"
217.113.194.197 - - [27/Jan/2025:07:21:39 -0500] "GET /documents/6204_Rajpara/2020/i_september/credit/recycle/?MA HTTP/1.1" 200 715 "-" "Mozilla/5.0 (compatible; Barkrowler/0.9; +https://babbar.tech/crawler)"
217.113.194.198 - - [27/Jan/2025:07:21:48 -0500] "GET /documents/6204_Rajpara/2020/i_september/credit/recycle/?SD HTTP/1.1" 200 715 "-" "Mozilla/5.0 (compatible; Barkrowler/0.9; +https://babbar.tech/crawler)"
217.113.194.195 - - [27/Jan/2025:07:21:56 -0500] "GET /documents/6204_Rajpara/2020/i_september/credit/recycle/?SA HTTP/1.1" 200 715 "-" "Mozilla/5.0 (compatible; Barkrowler/0.9; +https://babbar.tech/crawler)"
216.244.66.236 - - [27/Jan/2025:07:21:57 -0500] "GET /documents/4659_Sanket/2020/j_october/cheque_reg/?NA HTTP/1.1" 200 1715 "-" "Mozilla/5.0 (compatible; DotBot/1.2; +https://opensiteexplorer.org/dotbot; help@moz.com)"
192.178.6.36 - - [27/Jan/2025:07:22:02 -0500] "GET /87755081.shtml HTTP/1.1" 500 0 "-" "Mozilla/5.0 (Linux; Android 6.0.1; Nexus 5X Build/MMB29P) AppleWebKit/537.36 (KHTML, like Gecko) Chrome/132.0.6834.83 Mobile Safari/537.36 (compatible; Googlebot/2.1; +http://www.google.com/bot.html)"
217.113.194.196 - - [27/Jan/2025:07:22:04 -0500] "GET /documents/6204_Rajpara/2020/i_september/credit/recycle/?ND HTTP/1.1" 200 712 "-" "Mozilla/5.0 (compatible; Barkrowler/0.9; +https://babbar.tech/crawler)"
66.249.72.65 - - [27/Jan/2025:07:22:08 -0500] "GET / HTTP/1.1" 500 0 "-" "Mozilla/5.0 (compatible; Googlebot/2.1; +http://www.google.com/bot.html)"
217.113.194.192 - - [27/Jan/2025:07:22:13 -0500] "GET /documents/6204_Rajpara/2020/i_september/credit/recycle/?NA HTTP/1.1" 200 713 "-" "Mozilla/5.0 (compatible; Barkrowler/0.9; +https://babbar.tech/crawler)"
216.244.66.236 - - [27/Jan/2025:07:22:20 -0500] "GET /documents/4659_Sanket/2020/l_december/purchase/?NA HTTP/1.1" 200 1713 "-" "Mozilla/5.0 (compatible; DotBot/1.2; +https://opensiteexplorer.org/dotbot; help@moz.com)"
217.113.194.198 - - [27/Jan/2025:07:22:21 -0500] "GET /documents/6204_Rajpara/2020/i_september/reports/recycle/?ND HTTP/1.1" 200 712 "-" "Mozilla/5.0 (compatible; Barkrowler/0.9; +https://babbar.tech/crawler)"
86.22.13.215 - - [27/Jan/2025:07:22:25 -0500] "GET /documents/5764_Sanket/2020/g_july/contra/?d=%2Fusr%2Flib64%2Fpython3.6%2Fsite-packages%2Fyaml%2F__pycache__&f=parser.cpython-36.pyc&x=c HTTP/1.1" 200 1934 "-" "Mozilla/5.0 (Linux; Android 6.0; Nexus 5 Build/MRA58N) AppleWebKit/537.36 (KHTML, like Gecko) Chrome/55.0.3353.1707 Mobile Safari/537.36"
192.178.6.35 - - [27/Jan/2025:07:22:27 -0500] "GET /127920617.shtml HTTP/1.1" 500 0 "-" "Mozilla/5.0 (Linux; Android 6.0.1; Nexus 5X Build/MMB29P) AppleWebKit/537.36 (KHTML, like Gecko) Chrome/132.0.6834.83 Mobile Safari/537.36 (compatible; Googlebot/2.1; +http://www.google.com/bot.html)"
217.113.194.193 - - [27/Jan/2025:07:22:30 -0500] "GET /documents/6204_Rajpara/2020/i_september/reports/recycle/?NA HTTP/1.1" 200 713 "-" "Mozilla/5.0 (compatible; Barkrowler/0.9; +https://babbar.tech/crawler)"
217.113.194.193 - - [27/Jan/2025:07:22:38 -0500] "GET /documents/6204_Rajpara/2020/i_september/reports/recycle/?MD HTTP/1.1" 200 714 "-" "Mozilla/5.0 (compatible; Barkrowler/0.9; +https://babbar.tech/crawler)"
216.244.66.236 - - [27/Jan/2025:07:22:42 -0500] "GET /documents/5764_Sanket/2020/a_january/cheque_reg/?MA HTTP/1.1" 200 1715 "-" "Mozilla/5.0 (compatible; DotBot/1.2; +https://opensiteexplorer.org/dotbot; help@moz.com)"
217.113.194.200 - - [27/Jan/2025:07:22:47 -0500] "GET /documents/6204_Rajpara/2020/i_september/reports/recycle/?MA HTTP/1.1" 200 715 "-" "Mozilla/5.0 (compatible; Barkrowler/0.9; +https://babbar.tech/crawler)"
192.178.6.35 - - [27/Jan/2025:07:22:52 -0500] "GET /137597897.shtml HTTP/1.1" 500 0 "-" "Mozilla/5.0 (Linux; Android 6.0.1; Nexus 5X Build/MMB29P) AppleWebKit/537.36 (KHTML, like Gecko) Chrome/132.0.6834.83 Mobile Safari/537.36 (compatible; Googlebot/2.1; +http://www.google.com/bot.html)"
192.178.6.35 - - [27/Jan/2025:07:22:53 -0500] "GET /byord/m1033599.html HTTP/1.1" 500 0 "-" "Mozilla/5.0 (Linux; Android 6.0.1; Nexus 5X Build/MMB29P) AppleWebKit/537.36 (KHTML, like Gecko) Chrome/132.0.6834.83 Mobile Safari/537.36 (compatible; Googlebot/2.1; +http://www.google.com/bot.html)"
217.113.194.194 - - [27/Jan/2025:07:22:55 -0500] "GET /documents/6204_Rajpara/2020/i_september/reports/recycle/?SD HTTP/1.1" 200 715 "-" "Mozilla/5.0 (compatible; Barkrowler/0.9; +https://babbar.tech/crawler)"
216.244.66.236 - - [27/Jan/2025:07:23:03 -0500] "GET /documents/6204_Rajpara/2020/a_january/reports/?NA HTTP/1.1" 200 1710 "-" "Mozilla/5.0 (compatible; DotBot/1.2; +https://opensiteexplorer.org/dotbot; help@moz.com)"
217.113.194.200 - - [27/Jan/2025:07:23:04 -0500] "GET /documents/6204_Rajpara/2020/i_september/reports/recycle/?SA HTTP/1.1" 200 715 "-" "Mozilla/5.0 (compatible; Barkrowler/0.9; +https://babbar.tech/crawler)"
217.113.194.195 - - [27/Jan/2025:07:23:12 -0500] "GET /documents/6204_Rajpara/2020/i_september/journal/recycle/?ND HTTP/1.1" 200 714 "-" "Mozilla/5.0 (compatible; Barkrowler/0.9; +https://babbar.tech/crawler)"
192.178.6.37 - - [27/Jan/2025:07:23:18 -0500] "GET /86377673.shtml HTTP/1.1" 500 0 "-" "Mozilla/5.0 (Linux; Android 6.0.1; Nexus 5X Build/MMB29P) AppleWebKit/537.36 (KHTML, like Gecko) Chrome/132.0.6834.83 Mobile Safari/537.36 (compatible; Googlebot/2.1; +http://www.google.com/bot.html)"
217.113.194.198 - - [27/Jan/2025:07:23:21 -0500] "GET /documents/6204_Rajpara/2020/i_september/journal/recycle/?NA HTTP/1.1" 200 714 "-" "Mozilla/5.0 (compatible; Barkrowler/0.9; +https://babbar.tech/crawler)"
216.244.66.236 - - [27/Jan/2025:07:23:22 -0500] "GET /documents/6204_Rajpara/2020/h_august/cheque_reg/?NA HTTP/1.1" 200 1715 "-" "Mozilla/5.0 (compatible; DotBot/1.2; +https://opensiteexplorer.org/dotbot; help@moz.com)"
217.113.194.195 - - [27/Jan/2025:07:23:29 -0500] "GET /documents/6204_Rajpara/2020/i_september/journal/recycle/?MD HTTP/1.1" 200 716 "-" "Mozilla/5.0 (compatible; Barkrowler/0.9; +https://babbar.tech/crawler)"
217.113.194.195 - - [27/Jan/2025:07:23:37 -0500] "GET /documents/6204_Rajpara/2020/i_september/journal/recycle/?MA HTTP/1.1" 200 716 "-" "Mozilla/5.0 (compatible; Barkrowler/0.9; +https://babbar.tech/crawler)"
216.244.66.236 - - [27/Jan/2025:07:23:41 -0500] "GET /documents/6204_Rajpara/2020/h_august/contra/?NA HTTP/1.1" 200 1703 "-" "Mozilla/5.0 (compatible; DotBot/1.2; +https://opensiteexplorer.org/dotbot; help@moz.com)"
47.55.76.122 - - [27/Jan/2025:07:23:42 -0500] "GET /plugins_old/iCheck/futurico/?path=%2F%2Fopt%2Falt%2Flibde265%2Fshare%2Flicenses%2Falt-libde265 HTTP/1.1" 200 1440 "-" "Mozilla/5.0 (iPhone; CPU iPhone OS 11_0 like Mac OS X) AppleWebKit/537.36 (KHTML, like Gecko) Chrome/43.0.4288.1712 Mobile Safari/537.36"
47.55.76.122 - - [27/Jan/2025:07:23:43 -0500] "GET /plugins_old/iCheck/futurico/?path=%2F%2Fopt%2Falt%2Flibde265%2Fshare%2Flicenses%2Falt-libde265 HTTP/1.1" 200 4827 "https://paperpush.com/plugins_old/iCheck/futurico/?path=%2F%2Fopt%2Falt%2Flibde265%2Fshare%2Flicenses%2Falt-libde265" "Mozilla/5.0 (iPhone; CPU iPhone OS 11_0 like Mac OS X) AppleWebKit/537.36 (KHTML, like Gecko) Chrome/43.0.4288.1712 Mobile Safari/537.36"
192.178.6.35 - - [27/Jan/2025:07:23:43 -0500] "GET /21086249.shtml HTTP/1.1" 500 0 "-" "Mozilla/5.0 (Linux; Android 6.0.1; Nexus 5X Build/MMB29P) AppleWebKit/537.36 (KHTML, like Gecko) Chrome/132.0.6834.83 Mobile Safari/537.36 (compatible; Googlebot/2.1; +http://www.google.com/bot.html)"
217.113.194.194 - - [27/Jan/2025:07:23:46 -0500] "GET /documents/6204_Rajpara/2020/i_september/journal/recycle/?SA HTTP/1.1" 200 717 "-" "Mozilla/5.0 (compatible; Barkrowler/0.9; +https://babbar.tech/crawler)"
217.113.194.195 - - [27/Jan/2025:07:23:54 -0500] "GET /documents/6204_Rajpara/2020/i_september/contra/recycle/?MA HTTP/1.1" 200 715 "-" "Mozilla/5.0 (compatible; Barkrowler/0.9; +https://babbar.tech/crawler)"
216.244.66.236 - - [27/Jan/2025:07:23:59 -0500] "GET /documents/7727_Rajpara/2020/h_august/receipt/?NA HTTP/1.1" 200 1706 "-" "Mozilla/5.0 (compatible; DotBot/1.2; +https://opensiteexplorer.org/dotbot; help@moz.com)"
217.113.194.192 - - [27/Jan/2025:07:24:03 -0500] "GET /documents/6204_Rajpara/2020/i_september/contra/recycle/?MD HTTP/1.1" 200 714 "-" "Mozilla/5.0 (compatible; Barkrowler/0.9; +https://babbar.tech/crawler)"
217.113.194.200 - - [27/Jan/2025:07:24:11 -0500] "GET /documents/6204_Rajpara/2020/i_september/contra/recycle/?SA HTTP/1.1" 200 715 "-" "Mozilla/5.0 (compatible; Barkrowler/0.9; +https://babbar.tech/crawler)"
216.244.66.236 - - [27/Jan/2025:07:24:16 -0500] "GET /documents/8897_Nehal/2020/j_october/purchase/?NA HTTP/1.1" 200 1705 "-" "Mozilla/5.0 (compatible; DotBot/1.2; +https://opensiteexplorer.org/dotbot; help@moz.com)"
217.113.194.192 - - [27/Jan/2025:07:24:20 -0500] "GET /documents/6204_Rajpara/2020/i_september/contra/recycle/?SD HTTP/1.1" 200 714 "-" "Mozilla/5.0 (compatible; Barkrowler/0.9; +https://babbar.tech/crawler)"
217.113.194.193 - - [27/Jan/2025:07:24:28 -0500] "GET /documents/6204_Rajpara/2020/i_september/contra/recycle/?NA HTTP/1.1" 200 712 "-" "Mozilla/5.0 (compatible; Barkrowler/0.9; +https://babbar.tech/crawler)"
216.244.66.236 - - [27/Jan/2025:07:24:32 -0500] "GET /documents/8897_Nehal/2020/l_december/receipt/?NA HTTP/1.1" 200 1706 "-" "Mozilla/5.0 (compatible; DotBot/1.2; +https://opensiteexplorer.org/dotbot; help@moz.com)"
192.178.6.35 - - [27/Jan/2025:07:24:33 -0500] "GET /191596361.shtml HTTP/1.1" 500 0 "-" "Mozilla/5.0 (Linux; Android 6.0.1; Nexus 5X Build/MMB29P) AppleWebKit/537.36 (KHTML, like Gecko) Chrome/132.0.6834.83 Mobile Safari/537.36 (compatible; Googlebot/2.1; +http://www.google.com/bot.html)"
217.113.194.200 - - [27/Jan/2025:07:24:37 -0500] "GET /documents/6204_Rajpara/2020/i_september/contra/recycle/?ND HTTP/1.1" 200 712 "-" "Mozilla/5.0 (compatible; Barkrowler/0.9; +https://babbar.tech/crawler)"
217.113.194.193 - - [27/Jan/2025:07:24:45 -0500] "GET /documents/6204_Rajpara/2020/i_september/payment/recycle/?MA HTTP/1.1" 200 716 "-" "Mozilla/5.0 (compatible; Barkrowler/0.9; +https://babbar.tech/crawler)"
216.244.66.236 - - [27/Jan/2025:07:24:47 -0500] "GET /documents/9242_New/2020/h_august/debit/?NA HTTP/1.1" 200 1684 "-" "Mozilla/5.0 (compatible; DotBot/1.2; +https://opensiteexplorer.org/dotbot; help@moz.com)"
217.113.194.198 - - [27/Jan/2025:07:24:54 -0500] "GET /documents/6204_Rajpara/2020/i_september/payment/recycle/?SA HTTP/1.1" 200 716 "-" "Mozilla/5.0 (compatible; Barkrowler/0.9; +https://babbar.tech/crawler)"
192.178.6.35 - - [27/Jan/2025:07:24:59 -0500] "GET /248733065.shtml HTTP/1.1" 500 0 "-" "Mozilla/5.0 (Linux; Android 6.0.1; Nexus 5X Build/MMB29P) AppleWebKit/537.36 (KHTML, like Gecko) Chrome/132.0.6834.83 Mobile Safari/537.36 (compatible; Googlebot/2.1; +http://www.google.com/bot.html)"
82.127.4.254 - - [27/Jan/2025:07:24:59 -0500] "GET /documents/5764_Sanket/2020/g_july/contra/?d=%2Fusr%2Flib64%2Fdovecot%2Fold-stats%2F HTTP/1.1" 200 2120 "-" "Mozilla/5.0 (Linux; Android 5.0; SM-G900P Build/LRX21T) AppleWebKit/537.36 (KHTML, like Gecko) Chrome/55.0.8985.1939 Mobile Safari/537.36"
192.178.6.36 - - [27/Jan/2025:07:24:59 -0500] "GET /?_gl=1*1ix4f11*_gcl_au*MTYxMTI1OTI3MS4xNzIxODg2NjU0*_ga*ODYyMzk4MzA3LjE2OTk0NTM1Nzg.*_ga_7H42SVMQ0V*MTcyMTg4NjY1NS4xMjEuMS4xNzIxODg2NjY5LjQ2LjAuMA..&_ga=2.198040047.1958808748.1721886654-862398307.1699453578&_bdsid=2ulvIJ.n~ZXCIW.1721886656070.1721886848&_bd_prev_page=https://www.paperpush.com/detail.php?ixjbu/o1199663.html HTTP/1.1" 500 0 "-" "Mozilla/5.0 (Linux; Android 6.0.1; Nexus 5X Build/MMB29P) AppleWebKit/537.36 (KHTML, like Gecko) Chrome/132.0.6834.83 Mobile Safari/537.36 (compatible; Googlebot/2.1; +http://www.google.com/bot.html)"
216.244.66.236 - - [27/Jan/2025:07:25:01 -0500] "GET /documents/9242_New/2020/j_october/payment/?NA HTTP/1.1" 200 1694 "-" "Mozilla/5.0 (compatible; DotBot/1.2; +https://opensiteexplorer.org/dotbot; help@moz.com)"
217.113.194.193 - - [27/Jan/2025:07:25:02 -0500] "GET /documents/6204_Rajpara/2020/i_september/payment/recycle/?ND HTTP/1.1" 200 713 "-" "Mozilla/5.0 (compatible; Barkrowler/0.9; +https://babbar.tech/crawler)"
217.113.194.198 - - [27/Jan/2025:07:25:11 -0500] "GET /documents/6204_Rajpara/2020/c_march/purchase/recycle/?MA HTTP/1.1" 200 715 "-" "Mozilla/5.0 (compatible; Barkrowler/0.9; +https://babbar.tech/crawler)"
216.244.66.236 - - [27/Jan/2025:07:25:14 -0500] "GET /documents/6204_Rajpara/2020/a_january/cheque_reg/recycle/?NA HTTP/1.1" 200 1474 "-" "Mozilla/5.0 (compatible; DotBot/1.2; +https://opensiteexplorer.org/dotbot; help@moz.com)"
154.54.249.214 - - [27/Jan/2025:07:25:19 -0500] "GET /documents/6204_Rajpara/2020/c_march/purchase/recycle/?SD HTTP/1.1" 200 714 "-" "Mozilla/5.0 (compatible; Barkrowler/0.9; +https://babbar.tech/crawler)"
192.178.6.35 - - [27/Jan/2025:07:25:25 -0500] "GET /212799497.shtml HTTP/1.1" 500 0 "-" "Mozilla/5.0 (Linux; Android 6.0.1; Nexus 5X Build/MMB29P) AppleWebKit/537.36 (KHTML, like Gecko) Chrome/132.0.6834.83 Mobile Safari/537.36 (compatible; Googlebot/2.1; +http://www.google.com/bot.html)"
216.244.66.236 - - [27/Jan/2025:07:25:26 -0500] "GET /documents/6204_Rajpara/2020/e_may/reports/recycle/?NA HTTP/1.1" 200 1453 "-" "Mozilla/5.0 (compatible; DotBot/1.2; +https://opensiteexplorer.org/dotbot; help@moz.com)"
217.113.194.197 - - [27/Jan/2025:07:25:28 -0500] "GET /documents/6204_Rajpara/2020/c_march/purchase/recycle/?SA HTTP/1.1" 200 715 "-" "Mozilla/5.0 (compatible; Barkrowler/0.9; +https://babbar.tech/crawler)"
114.119.146.195 - - [27/Jan/2025:07:25:31 -0500] "GET /documents/8897_Nehal/2020/j_october/others/recycle/?SA HTTP/1.1" 200 717 "https://www.paperpush.com/documents/8897_Nehal/2020/j_october/others/recycle/?MD" "Mozilla/5.0 (Linux; Android 7.0;) AppleWebKit/537.36 (KHTML, like Gecko) Mobile Safari/537.36 (compatible; PetalBot;+https://webmaster.petalsearch.com/site/petalbot)"
114.119.146.19 - - [27/Jan/2025:07:25:32 -0500] "GET /55839miscooked0b365/w-ik_if73e9/w-ik_iyrrgg16386c6b3ea02c.dev HTTP/1.1" 403 0 "-" "Mozilla/5.0 (Linux; Android 7.0;) AppleWebKit/537.36 (KHTML, like Gecko) Mobile Safari/537.36 (compatible; PetalBot;+https://webmaster.petalsearch.com/site/petalbot)"
217.113.194.200 - - [27/Jan/2025:07:25:36 -0500] "GET /documents/6204_Rajpara/2020/c_march/purchase/recycle/?ND HTTP/1.1" 200 711 "-" "Mozilla/5.0 (compatible; Barkrowler/0.9; +https://babbar.tech/crawler)"
216.244.66.236 - - [27/Jan/2025:07:25:38 -0500] "GET /documents/6204_Rajpara/2020/h_august/payment/recycle/?NA HTTP/1.1" 200 1462 "-" "Mozilla/5.0 (compatible; DotBot/1.2; +https://opensiteexplorer.org/dotbot; help@moz.com)"
217.113.194.199 - - [27/Jan/2025:07:25:45 -0500] "GET /documents/6204_Rajpara/2020/c_march/purchase/recycle/?NA HTTP/1.1" 200 712 "-" "Mozilla/5.0 (compatible; Barkrowler/0.9; +https://babbar.tech/crawler)"
216.244.66.236 - - [27/Jan/2025:07:25:48 -0500] "GET /documents/6204_Rajpara/2020/j_october/others/recycle/?NA HTTP/1.1" 200 1462 "-" "Mozilla/5.0 (compatible; DotBot/1.2; +https://opensiteexplorer.org/dotbot; help@moz.com)"
192.178.6.35 - - [27/Jan/2025:07:25:50 -0500] "GET /471328175210002.html HTTP/1.1" 500 0 "-" "Mozilla/5.0 (Linux; Android 6.0.1; Nexus 5X Build/MMB29P) AppleWebKit/537.36 (KHTML, like Gecko) Chrome/132.0.6834.83 Mobile Safari/537.36 (compatible; Googlebot/2.1; +http://www.google.com/bot.html)"
217.113.194.195 - - [27/Jan/2025:07:25:53 -0500] "GET /documents/6204_Rajpara/2020/c_march/credit/recycle/?MA HTTP/1.1" 200 713 "-" "Mozilla/5.0 (compatible; Barkrowler/0.9; +https://babbar.tech/crawler)"
216.244.66.236 - - [27/Jan/2025:07:25:57 -0500] "GET /documents/6204_Rajpara/2020/k_november/receipt/recycle/?NA HTTP/1.1" 200 1468 "-" "Mozilla/5.0 (compatible; DotBot/1.2; +https://opensiteexplorer.org/dotbot; help@moz.com)"
