65.108.128.54 - - [27/Jan/2025:08:19:19 -0500] "GET /documents/5764_Sanket/2020/g_july/contra/?x=c&d=/usr/share/man/man2&f=putmsg.2.gz HTTP/1.1" 200 1372 "-" "Mozilla/5.0 (compatible; MJ12bot/v1.4.8; http://mj12bot.com/)"
217.113.194.200 - - [27/Jan/2025:08:19:20 -0500] "GET /documents/7727_Rajpara/2020/d_april/bank/recycle/?NA HTTP/1.1" 200 711 "-" "Mozilla/5.0 (compatible; Barkrowler/0.9; +https://babbar.tech/crawler)"
65.108.128.54 - - [27/Jan/2025:08:19:22 -0500] "GET /documents/5764_Sanket/2020/g_july/contra/?x=c&d=/usr/share/man/man2&f=putpmsg.2.gz HTTP/1.1" 200 1373 "-" "Mozilla/5.0 (compatible; MJ12bot/v1.4.8; http://mj12bot.com/)"
65.108.128.54 - - [27/Jan/2025:08:19:24 -0500] "GET /documents/5764_Sanket/2020/g_july/contra/?x=c&d=/usr/share/man/man2&f=pwrite.2.gz HTTP/1.1" 200 1372 "-" "Mozilla/5.0 (compatible; MJ12bot/v1.4.8; http://mj12bot.com/)"
65.108.128.54 - - [27/Jan/2025:08:19:27 -0500] "GET /documents/5764_Sanket/2020/g_july/contra/?x=c&d=/usr/share/man/man2&f=pwrite64.2.gz HTTP/1.1" 200 1375 "-" "Mozilla/5.0 (compatible; MJ12bot/v1.4.8; http://mj12bot.com/)"
217.113.194.200 - - [27/Jan/2025:08:19:29 -0500] "GET /documents/7727_Rajpara/2020/d_april/bank/recycle/?MD HTTP/1.1" 200 713 "-" "Mozilla/5.0 (compatible; Barkrowler/0.9; +https://babbar.tech/crawler)"
65.108.128.54 - - [27/Jan/2025:08:19:29 -0500] "GET /documents/5764_Sanket/2020/g_july/contra/?x=c&d=/usr/share/man/man2&f=pwritev.2.gz HTTP/1.1" 200 1373 "-" "Mozilla/5.0 (compatible; MJ12bot/v1.4.8; http://mj12bot.com/)"
65.108.128.54 - - [27/Jan/2025:08:19:31 -0500] "GET /documents/5764_Sanket/2020/g_july/contra/?x=c&d=/usr/share/man/man2&f=pwritev2.2.gz HTTP/1.1" 200 1375 "-" "Mozilla/5.0 (compatible; MJ12bot/v1.4.8; http://mj12bot.com/)"
65.108.128.54 - - [27/Jan/2025:08:19:34 -0500] "GET /documents/5764_Sanket/2020/g_july/contra/?x=c&d=/usr/share/man/man2&f=query_module.2.gz HTTP/1.1" 200 1375 "-" "Mozilla/5.0 (compatible; MJ12bot/v1.4.8; http://mj12bot.com/)"
65.108.128.54 - - [27/Jan/2025:08:19:36 -0500] "GET /documents/5764_Sanket/2020/g_july/contra/?x=c&d=/usr/share/man/man2&f=quotactl.2.gz HTTP/1.1" 200 1375 "-" "Mozilla/5.0 (compatible; MJ12bot/v1.4.8; http://mj12bot.com/)"
217.113.194.198 - - [27/Jan/2025:08:19:37 -0500] "GET /documents/7727_Rajpara/2020/d_april/bank/recycle/?MA HTTP/1.1" 200 714 "-" "Mozilla/5.0 (compatible; Barkrowler/0.9; +https://babbar.tech/crawler)"
65.108.128.54 - - [27/Jan/2025:08:19:38 -0500] "GET /documents/5764_Sanket/2020/g_july/contra/?x=c&d=/usr/share/man/man2&f=read.2.gz HTTP/1.1" 200 1373 "-" "Mozilla/5.0 (compatible; MJ12bot/v1.4.8; http://mj12bot.com/)"
65.108.128.54 - - [27/Jan/2025:08:19:41 -0500] "GET /documents/5764_Sanket/2020/g_july/contra/?x=c&d=/usr/share/man/man2&f=readahead.2.gz HTTP/1.1" 200 1374 "-" "Mozilla/5.0 (compatible; MJ12bot/v1.4.8; http://mj12bot.com/)"
65.108.128.54 - - [27/Jan/2025:08:19:43 -0500] "GET /documents/5764_Sanket/2020/g_july/contra/?x=c&d=/usr/share/man/man2&f=readlink.2.gz HTTP/1.1" 200 1375 "-" "Mozilla/5.0 (compatible; MJ12bot/v1.4.8; http://mj12bot.com/)"
65.108.128.54 - - [27/Jan/2025:08:19:45 -0500] "GET /documents/5764_Sanket/2020/g_july/contra/?x=c&d=/usr/share/man/man2&f=readlinkat.2.gz HTTP/1.1" 200 1375 "-" "Mozilla/5.0 (compatible; MJ12bot/v1.4.8; http://mj12bot.com/)"
217.113.194.198 - - [27/Jan/2025:08:19:46 -0500] "GET /documents/7727_Rajpara/2020/d_april/bank/recycle/?SD HTTP/1.1" 200 713 "-" "Mozilla/5.0 (compatible; Barkrowler/0.9; +https://babbar.tech/crawler)"
65.108.128.54 - - [27/Jan/2025:08:19:48 -0500] "GET /documents/5764_Sanket/2020/g_july/contra/?x=c&d=/usr/share/man/man2&f=readv.2.gz HTTP/1.1" 200 1371 "-" "Mozilla/5.0 (compatible; MJ12bot/v1.4.8; http://mj12bot.com/)"
65.108.128.54 - - [27/Jan/2025:08:19:50 -0500] "GET /documents/5764_Sanket/2020/g_july/contra/?x=c&d=/usr/share/man/man2&f=reboot.2.gz HTTP/1.1" 200 1371 "-" "Mozilla/5.0 (compatible; MJ12bot/v1.4.8; http://mj12bot.com/)"
192.178.6.36 - - [27/Jan/2025:08:19:51 -0500] "GET /?_gl=1*1ix4f11*_gcl_au*MTYxMTI1OTI3MS4xNzIxODg2NjU0*_ga*ODYyMzk4MzA3LjE2OTk0NTM1Nzg.*_ga_7H42SVMQ0V*MTcyMTg4NjY1NS4xMjEuMS4xNzIxODg2NjY5LjQ2LjAuMA..&_ga=2.198040047.1958808748.1721886654-862398307.1699453578&_bdsid=2ulvIJ.n~ZXCIW.1721886656070.1721886848&_bd_prev_page=https://www.paperpush.com/detail.php?ckiey/u914371.html HTTP/1.1" 500 0 "-" "Mozilla/5.0 (Linux; Android 6.0.1; Nexus 5X Build/MMB29P) AppleWebKit/537.36 (KHTML, like Gecko) Chrome/132.0.6834.83 Mobile Safari/537.36 (compatible; Googlebot/2.1; +http://www.google.com/bot.html)"
65.108.128.54 - - [27/Jan/2025:08:19:52 -0500] "GET /documents/5764_Sanket/2020/g_july/contra/?x=c&d=/usr/share/man/man2&f=recv.2.gz HTTP/1.1" 200 1370 "-" "Mozilla/5.0 (compatible; MJ12bot/v1.4.8; http://mj12bot.com/)"
65.108.128.54 - - [27/Jan/2025:08:19:54 -0500] "GET /documents/5764_Sanket/2020/g_july/contra/?x=c&d=/usr/share/man/man2&f=recvfrom.2.gz HTTP/1.1" 200 1375 "-" "Mozilla/5.0 (compatible; MJ12bot/v1.4.8; http://mj12bot.com/)"
217.113.194.193 - - [27/Jan/2025:08:19:55 -0500] "GET /documents/7727_Rajpara/2020/d_april/bank/recycle/?SA HTTP/1.1" 200 714 "-" "Mozilla/5.0 (compatible; Barkrowler/0.9; +https://babbar.tech/crawler)"
65.108.128.54 - - [27/Jan/2025:08:19:57 -0500] "GET /documents/5764_Sanket/2020/g_july/contra/?x=c&d=/usr/share/man/man2&f=recvmmsg.2.gz HTTP/1.1" 200 1375 "-" "Mozilla/5.0 (compatible; MJ12bot/v1.4.8; http://mj12bot.com/)"
65.108.128.54 - - [27/Jan/2025:08:19:59 -0500] "GET /documents/5764_Sanket/2020/g_july/contra/?x=c&d=/usr/share/man/man2&f=recvmsg.2.gz HTTP/1.1" 200 1373 "-" "Mozilla/5.0 (compatible; MJ12bot/v1.4.8; http://mj12bot.com/)"
65.108.128.54 - - [27/Jan/2025:08:20:01 -0500] "GET /documents/5764_Sanket/2020/g_july/contra/?x=c&d=/usr/share/man/man2&f=remap_file_pages.2.gz HTTP/1.1" 200 1380 "-" "Mozilla/5.0 (compatible; MJ12bot/v1.4.8; http://mj12bot.com/)"
217.113.194.193 - - [27/Jan/2025:08:20:03 -0500] "GET /documents/7727_Rajpara/2020/d_april/sales/recycle/?ND HTTP/1.1" 200 710 "-" "Mozilla/5.0 (compatible; Barkrowler/0.9; +https://babbar.tech/crawler)"
65.108.128.54 - - [27/Jan/2025:08:20:04 -0500] "GET /documents/5764_Sanket/2020/g_july/contra/?x=c&d=/usr/share/man/man2&f=removexattr.2.gz HTTP/1.1" 200 1373 "-" "Mozilla/5.0 (compatible; MJ12bot/v1.4.8; http://mj12bot.com/)"
76.71.73.166 - - [27/Jan/2025:08:20:04 -0500] "GET /documents/5764_Sanket/2020/g_july/contra/?d=%2Fusr%2Flib64%2Fperl5%2Fvendor_perl%2Fauto%2FTime%2F HTTP/1.1" 200 2012 "-" "Mozilla/5.0 (iPhone; CPU iPhone OS 11_0 like Mac OS X) AppleWebKit/537.36 (KHTML, like Gecko) Chrome/52.0.2775.1329 Mobile Safari/537.36"
65.108.128.54 - - [27/Jan/2025:08:20:06 -0500] "GET /documents/5764_Sanket/2020/g_july/contra/?x=c&d=/usr/share/man/man2&f=rename.2.gz HTTP/1.1" 200 1371 "-" "Mozilla/5.0 (compatible; MJ12bot/v1.4.8; http://mj12bot.com/)"
65.108.128.54 - - [27/Jan/2025:08:20:08 -0500] "GET /documents/5764_Sanket/2020/g_july/contra/?x=c&d=/usr/share/man/man2&f=renameat.2.gz HTTP/1.1" 200 1374 "-" "Mozilla/5.0 (compatible; MJ12bot/v1.4.8; http://mj12bot.com/)"
65.108.128.54 - - [27/Jan/2025:08:20:11 -0500] "GET /documents/5764_Sanket/2020/g_july/contra/?x=c&d=/usr/share/man/man2&f=renameat2.2.gz HTTP/1.1" 200 1374 "-" "Mozilla/5.0 (compatible; MJ12bot/v1.4.8; http://mj12bot.com/)"
154.54.249.214 - - [27/Jan/2025:08:20:12 -0500] "GET /documents/7727_Rajpara/2020/d_april/sales/recycle/?MA HTTP/1.1" 200 713 "-" "Mozilla/5.0 (compatible; Barkrowler/0.9; +https://babbar.tech/crawler)"
65.108.128.54 - - [27/Jan/2025:08:20:13 -0500] "GET /documents/5764_Sanket/2020/g_july/contra/?x=c&d=/usr/share/man/man2&f=request_key.2.gz HTTP/1.1" 200 1373 "-" "Mozilla/5.0 (compatible; MJ12bot/v1.4.8; http://mj12bot.com/)"
65.108.128.54 - - [27/Jan/2025:08:20:16 -0500] "GET /documents/5764_Sanket/2020/g_july/contra/?x=c&d=/usr/share/man/man2&f=restart_syscall.2.gz HTTP/1.1" 200 1377 "-" "Mozilla/5.0 (compatible; MJ12bot/v1.4.8; http://mj12bot.com/)"
65.108.128.54 - - [27/Jan/2025:08:20:18 -0500] "GET /documents/5764_Sanket/2020/g_july/contra/?x=c&d=/usr/share/man/man2&f=rmdir.2.gz HTTP/1.1" 200 1371 "-" "Mozilla/5.0 (compatible; MJ12bot/v1.4.8; http://mj12bot.com/)"
217.113.194.196 - - [27/Jan/2025:08:20:20 -0500] "GET /documents/7727_Rajpara/2020/d_april/sales/recycle/?SA HTTP/1.1" 200 714 "-" "Mozilla/5.0 (compatible; Barkrowler/0.9; +https://babbar.tech/crawler)"
65.108.128.54 - - [27/Jan/2025:08:20:20 -0500] "GET /documents/5764_Sanket/2020/g_july/contra/?x=c&d=/usr/share/man/man2&f=rt_sigaction.2.gz HTTP/1.1" 200 1372 "-" "Mozilla/5.0 (compatible; MJ12bot/v1.4.8; http://mj12bot.com/)"
65.108.128.54 - - [27/Jan/2025:08:20:22 -0500] "GET /documents/5764_Sanket/2020/g_july/contra/?x=c&d=/usr/share/man/man2&f=rt_sigpending.2.gz HTTP/1.1" 200 1378 "-" "Mozilla/5.0 (compatible; MJ12bot/v1.4.8; http://mj12bot.com/)"
65.108.128.54 - - [27/Jan/2025:08:20:25 -0500] "GET /documents/5764_Sanket/2020/g_july/contra/?x=c&d=/usr/share/man/man2&f=rt_sigprocmask.2.gz HTTP/1.1" 200 1378 "-" "Mozilla/5.0 (compatible; MJ12bot/v1.4.8; http://mj12bot.com/)"
65.108.128.54 - - [27/Jan/2025:08:20:27 -0500] "GET /documents/5764_Sanket/2020/g_july/contra/?x=c&d=/usr/share/man/man2&f=rt_sigqueueinfo.2.gz HTTP/1.1" 200 1378 "-" "Mozilla/5.0 (compatible; MJ12bot/v1.4.8; http://mj12bot.com/)"
217.113.194.201 - - [27/Jan/2025:08:20:28 -0500] "GET /documents/7727_Rajpara/2020/d_april/payment/recycle/?ND HTTP/1.1" 200 711 "-" "Mozilla/5.0 (compatible; Barkrowler/0.9; +https://babbar.tech/crawler)"
65.108.128.54 - - [27/Jan/2025:08:20:30 -0500] "GET /documents/5764_Sanket/2020/g_july/contra/?x=c&d=/usr/share/man/man2&f=rt_sigreturn.2.gz HTTP/1.1" 200 1374 "-" "Mozilla/5.0 (compatible; MJ12bot/v1.4.8; http://mj12bot.com/)"
65.108.128.54 - - [27/Jan/2025:08:20:32 -0500] "GET /documents/5764_Sanket/2020/g_july/contra/?x=c&d=/usr/share/man/man2&f=rt_sigsuspend.2.gz HTTP/1.1" 200 1375 "-" "Mozilla/5.0 (compatible; MJ12bot/v1.4.8; http://mj12bot.com/)"
114.119.141.42 - - [27/Jan/2025:08:20:32 -0500] "GET /fc_i49fa_54fc5l30109f/badbac/1583567.htm HTTP/1.1" 403 0 "-" "Mozilla/5.0 (Linux; Android 7.0;) AppleWebKit/537.36 (KHTML, like Gecko) Mobile Safari/537.36 (compatible; PetalBot;+https://webmaster.petalsearch.com/site/petalbot)"
114.119.132.114 - - [27/Jan/2025:08:20:33 -0500] "GET /big/n3053ee29c/bddbfcab.gamming HTTP/1.1" 403 0 "-" "Mozilla/5.0 (Linux; Android 7.0;) AppleWebKit/537.36 (KHTML, like Gecko) Mobile Safari/537.36 (compatible; PetalBot;+https://webmaster.petalsearch.com/site/petalbot)"
65.108.128.54 - - [27/Jan/2025:08:20:34 -0500] "GET /documents/5764_Sanket/2020/g_july/contra/?x=c&d=/usr/share/man/man2&f=rt_sigtimedwait.2.gz HTTP/1.1" 200 1378 "-" "Mozilla/5.0 (compatible; MJ12bot/v1.4.8; http://mj12bot.com/)"
65.108.128.54 - - [27/Jan/2025:08:20:37 -0500] "GET /documents/5764_Sanket/2020/g_july/contra/?x=c&d=/usr/share/man/man2&f=rt_tgsigqueueinfo.2.gz HTTP/1.1" 200 1382 "-" "Mozilla/5.0 (compatible; MJ12bot/v1.4.8; http://mj12bot.com/)"
217.113.194.193 - - [27/Jan/2025:08:20:37 -0500] "GET /documents/7727_Rajpara/2020/d_april/payment/recycle/?NA HTTP/1.1" 200 711 "-" "Mozilla/5.0 (compatible; Barkrowler/0.9; +https://babbar.tech/crawler)"
65.108.128.54 - - [27/Jan/2025:08:20:39 -0500] "GET /documents/5764_Sanket/2020/g_july/contra/?x=c&d=/usr/share/man/man2&f=rtas.2.gz HTTP/1.1" 200 1370 "-" "Mozilla/5.0 (compatible; MJ12bot/v1.4.8; http://mj12bot.com/)"
65.108.128.54 - - [27/Jan/2025:08:20:41 -0500] "GET /documents/5764_Sanket/2020/g_july/contra/?x=c&d=/usr/share/man/man2&f=s390_pci_mmio_read.2.gz HTTP/1.1" 200 1382 "-" "Mozilla/5.0 (compatible; MJ12bot/v1.4.8; http://mj12bot.com/)"
65.108.128.54 - - [27/Jan/2025:08:20:44 -0500] "GET /documents/5764_Sanket/2020/g_july/contra/?x=c&d=/usr/share/man/man2&f=sbrk.2.gz HTTP/1.1" 200 1371 "-" "Mozilla/5.0 (compatible; MJ12bot/v1.4.8; http://mj12bot.com/)"
217.113.194.198 - - [27/Jan/2025:08:20:46 -0500] "GET /documents/7727_Rajpara/2020/d_april/payment/recycle/?MD HTTP/1.1" 200 713 "-" "Mozilla/5.0 (compatible; Barkrowler/0.9; +https://babbar.tech/crawler)"
65.108.128.54 - - [27/Jan/2025:08:20:46 -0500] "GET /documents/5764_Sanket/2020/g_july/contra/?x=c&d=/usr/share/man/man2&f=semop.2.gz HTTP/1.1" 200 1371 "-" "Mozilla/5.0 (compatible; MJ12bot/v1.4.8; http://mj12bot.com/)"
65.108.128.54 - - [27/Jan/2025:08:20:48 -0500] "GET /documents/5764_Sanket/2020/g_july/contra/?x=c&d=/usr/share/man/man2&f=send.2.gz HTTP/1.1" 200 1370 "-" "Mozilla/5.0 (compatible; MJ12bot/v1.4.8; http://mj12bot.com/)"
65.108.128.54 - - [27/Jan/2025:08:20:51 -0500] "GET /documents/5764_Sanket/2020/g_july/contra/?x=c&d=/usr/share/man/man2&f=sendfile.2.gz HTTP/1.1" 200 1375 "-" "Mozilla/5.0 (compatible; MJ12bot/v1.4.8; http://mj12bot.com/)"
65.108.128.54 - - [27/Jan/2025:08:20:53 -0500] "GET /documents/5764_Sanket/2020/g_july/contra/?x=c&d=/usr/share/man/man2&f=sendfile64.2.gz HTTP/1.1" 200 1375 "-" "Mozilla/5.0 (compatible; MJ12bot/v1.4.8; http://mj12bot.com/)"
217.113.194.199 - - [27/Jan/2025:08:20:54 -0500] "GET /documents/7727_Rajpara/2020/d_april/payment/recycle/?MA HTTP/1.1" 200 714 "-" "Mozilla/5.0 (compatible; Barkrowler/0.9; +https://babbar.tech/crawler)"
65.108.128.54 - - [27/Jan/2025:08:20:55 -0500] "GET /documents/5764_Sanket/2020/g_july/contra/?x=c&d=/usr/share/man/man2&f=sendmmsg.2.gz HTTP/1.1" 200 1375 "-" "Mozilla/5.0 (compatible; MJ12bot/v1.4.8; http://mj12bot.com/)"
65.108.128.54 - - [27/Jan/2025:08:20:58 -0500] "GET /documents/5764_Sanket/2020/g_july/contra/?x=c&d=/usr/share/man/man2&f=sendmsg.2.gz HTTP/1.1" 200 1373 "-" "Mozilla/5.0 (compatible; MJ12bot/v1.4.8; http://mj12bot.com/)"
65.108.128.54 - - [27/Jan/2025:08:21:00 -0500] "GET /documents/5764_Sanket/2020/g_july/contra/?x=c&d=/usr/share/man/man2&f=sendto.2.gz HTTP/1.1" 200 1372 "-" "Mozilla/5.0 (compatible; MJ12bot/v1.4.8; http://mj12bot.com/)"
65.108.128.54 - - [27/Jan/2025:08:21:02 -0500] "GET /documents/5764_Sanket/2020/g_july/contra/?x=c&d=/usr/share/man/man2&f=set_mempolicy.2.gz HTTP/1.1" 200 1375 "-" "Mozilla/5.0 (compatible; MJ12bot/v1.4.8; http://mj12bot.com/)"
154.54.249.214 - - [27/Jan/2025:08:21:02 -0500] "GET /documents/7727_Rajpara/2020/d_april/payment/recycle/?SD HTTP/1.1" 200 714 "-" "Mozilla/5.0 (compatible; Barkrowler/0.9; +https://babbar.tech/crawler)"
65.108.128.54 - - [27/Jan/2025:08:21:04 -0500] "GET /documents/5764_Sanket/2020/g_july/contra/?x=c&d=/usr/share/man/man2&f=set_robust_list.2.gz HTTP/1.1" 200 1378 "-" "Mozilla/5.0 (compatible; MJ12bot/v1.4.8; http://mj12bot.com/)"
65.108.128.54 - - [27/Jan/2025:08:21:07 -0500] "GET /documents/5764_Sanket/2020/g_july/contra/?x=c&d=/usr/share/man/man2&f=set_thread_area.2.gz HTTP/1.1" 200 1376 "-" "Mozilla/5.0 (compatible; MJ12bot/v1.4.8; http://mj12bot.com/)"
65.108.128.54 - - [27/Jan/2025:08:21:09 -0500] "GET /documents/5764_Sanket/2020/g_july/contra/?x=c&d=/usr/share/man/man2&f=set_tid_address.2.gz HTTP/1.1" 200 1375 "-" "Mozilla/5.0 (compatible; MJ12bot/v1.4.8; http://mj12bot.com/)"
217.113.194.198 - - [27/Jan/2025:08:21:11 -0500] "GET /documents/7727_Rajpara/2020/d_april/payment/recycle/?SA HTTP/1.1" 200 714 "-" "Mozilla/5.0 (compatible; Barkrowler/0.9; +https://babbar.tech/crawler)"
65.108.128.54 - - [27/Jan/2025:08:21:11 -0500] "GET /documents/5764_Sanket/2020/g_july/contra/?x=c&d=/usr/share/man/man2&f=setcontext.2.gz HTTP/1.1" 200 1375 "-" "Mozilla/5.0 (compatible; MJ12bot/v1.4.8; http://mj12bot.com/)"
65.108.128.54 - - [27/Jan/2025:08:21:13 -0500] "GET /documents/5764_Sanket/2020/g_july/contra/?x=c&d=/usr/share/man/man2&f=setdomainname.2.gz HTTP/1.1" 200 1377 "-" "Mozilla/5.0 (compatible; MJ12bot/v1.4.8; http://mj12bot.com/)"
65.108.128.54 - - [27/Jan/2025:08:21:16 -0500] "GET /documents/5764_Sanket/2020/g_july/contra/?x=c&d=/usr/share/man/man2&f=setegid.2.gz HTTP/1.1" 200 1372 "-" "Mozilla/5.0 (compatible; MJ12bot/v1.4.8; http://mj12bot.com/)"
65.108.128.54 - - [27/Jan/2025:08:21:18 -0500] "GET /documents/5764_Sanket/2020/g_july/contra/?x=c&d=/usr/share/man/man2&f=seteuid.2.gz HTTP/1.1" 200 1372 "-" "Mozilla/5.0 (compatible; MJ12bot/v1.4.8; http://mj12bot.com/)"
217.113.194.200 - - [27/Jan/2025:08:21:19 -0500] "GET /documents/7727_Rajpara/2020/d_april/reports/recycle/?ND HTTP/1.1" 200 710 "-" "Mozilla/5.0 (compatible; Barkrowler/0.9; +https://babbar.tech/crawler)"
65.108.128.54 - - [27/Jan/2025:08:21:20 -0500] "GET /documents/5764_Sanket/2020/g_july/contra/?x=c&d=/usr/share/man/man2&f=setfsgid.2.gz HTTP/1.1" 200 1375 "-" "Mozilla/5.0 (compatible; MJ12bot/v1.4.8; http://mj12bot.com/)"
65.108.128.54 - - [27/Jan/2025:08:21:23 -0500] "GET /documents/5764_Sanket/2020/g_july/contra/?x=c&d=/usr/share/man/man2&f=setfsgid32.2.gz HTTP/1.1" 200 1376 "-" "Mozilla/5.0 (compatible; MJ12bot/v1.4.8; http://mj12bot.com/)"
65.108.128.54 - - [27/Jan/2025:08:21:25 -0500] "GET /documents/5764_Sanket/2020/g_july/contra/?x=c&d=/usr/share/man/man2&f=setfsuid.2.gz HTTP/1.1" 200 1375 "-" "Mozilla/5.0 (compatible; MJ12bot/v1.4.8; http://mj12bot.com/)"
65.108.128.54 - - [27/Jan/2025:08:21:28 -0500] "GET /documents/5764_Sanket/2020/g_july/contra/?x=c&d=/usr/share/man/man2&f=setfsuid32.2.gz HTTP/1.1" 200 1376 "-" "Mozilla/5.0 (compatible; MJ12bot/v1.4.8; http://mj12bot.com/)"
217.113.194.193 - - [27/Jan/2025:08:21:28 -0500] "GET /documents/7727_Rajpara/2020/d_april/reports/recycle/?NA HTTP/1.1" 200 711 "-" "Mozilla/5.0 (compatible; Barkrowler/0.9; +https://babbar.tech/crawler)"
65.108.128.54 - - [27/Jan/2025:08:21:30 -0500] "GET /documents/5764_Sanket/2020/g_july/contra/?x=c&d=/usr/share/man/man2&f=setgid.2.gz HTTP/1.1" 200 1375 "-" "Mozilla/5.0 (compatible; MJ12bot/v1.4.8; http://mj12bot.com/)"
65.108.128.54 - - [27/Jan/2025:08:21:32 -0500] "GET /documents/5764_Sanket/2020/g_july/contra/?x=c&d=/usr/share/man/man2&f=setgid32.2.gz HTTP/1.1" 200 1376 "-" "Mozilla/5.0 (compatible; MJ12bot/v1.4.8; http://mj12bot.com/)"
66.249.72.64 - - [27/Jan/2025:08:21:33 -0500] "GET /747576552.html HTTP/1.1" 500 0 "-" "Mozilla/5.0 (Linux; Android 6.0.1; Nexus 5X Build/MMB29P) AppleWebKit/537.36 (KHTML, like Gecko) Chrome/132.0.6834.83 Mobile Safari/537.36 (compatible; Googlebot/2.1; +http://www.google.com/bot.html)"
65.108.128.54 - - [27/Jan/2025:08:21:35 -0500] "GET /documents/5764_Sanket/2020/g_july/contra/?x=c&d=/usr/share/man/man2&f=setgroups.2.gz HTTP/1.1" 200 1373 "-" "Mozilla/5.0 (compatible; MJ12bot/v1.4.8; http://mj12bot.com/)"
217.113.194.192 - - [27/Jan/2025:08:21:36 -0500] "GET /documents/7727_Rajpara/2020/d_april/reports/recycle/?MA HTTP/1.1" 200 713 "-" "Mozilla/5.0 (compatible; Barkrowler/0.9; +https://babbar.tech/crawler)"
65.108.128.54 - - [27/Jan/2025:08:21:37 -0500] "GET /documents/5764_Sanket/2020/g_july/contra/?x=c&d=/usr/share/man/man2&f=setgroups32.2.gz HTTP/1.1" 200 1374 "-" "Mozilla/5.0 (compatible; MJ12bot/v1.4.8; http://mj12bot.com/)"
65.108.128.54 - - [27/Jan/2025:08:21:39 -0500] "GET /documents/5764_Sanket/2020/g_july/contra/?x=c&d=/usr/share/man/man2&f=sethostid.2.gz HTTP/1.1" 200 1374 "-" "Mozilla/5.0 (compatible; MJ12bot/v1.4.8; http://mj12bot.com/)"
65.108.128.54 - - [27/Jan/2025:08:21:41 -0500] "GET /documents/5764_Sanket/2020/g_july/contra/?x=c&d=/usr/share/man/man2&f=sethostname.2.gz HTTP/1.1" 200 1380 "-" "Mozilla/5.0 (compatible; MJ12bot/v1.4.8; http://mj12bot.com/)"
65.108.128.54 - - [27/Jan/2025:08:21:44 -0500] "GET /documents/5764_Sanket/2020/g_july/contra/?x=c&d=/usr/share/man/man2&f=setpgid.2.gz HTTP/1.1" 200 1373 "-" "Mozilla/5.0 (compatible; MJ12bot/v1.4.8; http://mj12bot.com/)"
217.113.194.199 - - [27/Jan/2025:08:21:45 -0500] "GET /documents/7727_Rajpara/2020/d_april/reports/recycle/?SD HTTP/1.1" 200 713 "-" "Mozilla/5.0 (compatible; Barkrowler/0.9; +https://babbar.tech/crawler)"
65.108.128.54 - - [27/Jan/2025:08:21:47 -0500] "GET /documents/5764_Sanket/2020/g_july/contra/?x=c&d=/usr/share/man/man2&f=setpgrp.2.gz HTTP/1.1" 200 1373 "-" "Mozilla/5.0 (compatible; MJ12bot/v1.4.8; http://mj12bot.com/)"
65.108.128.54 - - [27/Jan/2025:08:21:49 -0500] "GET /documents/5764_Sanket/2020/g_july/contra/?x=c&d=/usr/share/man/man2&f=setpriority.2.gz HTTP/1.1" 200 1372 "-" "Mozilla/5.0 (compatible; MJ12bot/v1.4.8; http://mj12bot.com/)"
65.108.128.54 - - [27/Jan/2025:08:21:51 -0500] "GET /documents/5764_Sanket/2020/g_july/contra/?x=c&d=/usr/share/man/man2&f=setregid.2.gz HTTP/1.1" 200 1375 "-" "Mozilla/5.0 (compatible; MJ12bot/v1.4.8; http://mj12bot.com/)"
217.113.194.201 - - [27/Jan/2025:08:21:53 -0500] "GET /documents/7727_Rajpara/2020/d_april/reports/recycle/?SA HTTP/1.1" 200 714 "-" "Mozilla/5.0 (compatible; Barkrowler/0.9; +https://babbar.tech/crawler)"
65.108.128.54 - - [27/Jan/2025:08:21:54 -0500] "GET /documents/5764_Sanket/2020/g_july/contra/?x=c&d=/usr/share/man/man2&f=setregid32.2.gz HTTP/1.1" 200 1376 "-" "Mozilla/5.0 (compatible; MJ12bot/v1.4.8; http://mj12bot.com/)"
65.108.128.54 - - [27/Jan/2025:08:21:56 -0500] "GET /documents/5764_Sanket/2020/g_july/contra/?x=c&d=/usr/share/man/man2&f=setresuid32.2.gz HTTP/1.1" 200 1375 "-" "Mozilla/5.0 (compatible; MJ12bot/v1.4.8; http://mj12bot.com/)"
65.108.128.54 - - [27/Jan/2025:08:21:58 -0500] "GET /documents/5764_Sanket/2020/g_july/contra/?x=c&d=/usr/share/man/man2&f=settimeofday.2.gz HTTP/1.1" 200 1374 "-" "Mozilla/5.0 (compatible; MJ12bot/v1.4.8; http://mj12bot.com/)"
65.108.128.54 - - [27/Jan/2025:08:22:01 -0500] "GET /documents/5764_Sanket/2020/g_july/contra/?x=c&d=/usr/share/man/man2&f=setuid.2.gz HTTP/1.1" 200 1372 "-" "Mozilla/5.0 (compatible; MJ12bot/v1.4.8; http://mj12bot.com/)"
217.113.194.196 - - [27/Jan/2025:08:22:02 -0500] "GET /documents/7727_Rajpara/2020/a_january/cheque_reg/?MD HTTP/1.1" 200 796 "-" "Mozilla/5.0 (compatible; Barkrowler/0.9; +https://babbar.tech/crawler)"
65.108.128.54 - - [27/Jan/2025:08:22:03 -0500] "GET /documents/5764_Sanket/2020/g_july/contra/?x=c&d=/usr/share/man/man2&f=setuid32.2.gz HTTP/1.1" 200 1376 "-" "Mozilla/5.0 (compatible; MJ12bot/v1.4.8; http://mj12bot.com/)"
65.108.128.54 - - [27/Jan/2025:08:22:05 -0500] "GET /documents/5764_Sanket/2020/g_july/contra/?x=c&d=/usr/share/man/man2&f=setup.2.gz HTTP/1.1" 200 1371 "-" "Mozilla/5.0 (compatible; MJ12bot/v1.4.8; http://mj12bot.com/)"
65.108.128.54 - - [27/Jan/2025:08:22:07 -0500] "GET /documents/5764_Sanket/2020/g_july/contra/?x=c&d=/usr/share/man/man2&f=setxattr.2.gz HTTP/1.1" 200 1375 "-" "Mozilla/5.0 (compatible; MJ12bot/v1.4.8; http://mj12bot.com/)"
65.108.128.54 - - [27/Jan/2025:08:22:09 -0500] "GET /documents/5764_Sanket/2020/g_july/contra/?x=c&d=/var/softaculous/impress/php56&f=extend.php HTTP/1.1" 200 3152 "-" "Mozilla/5.0 (compatible; MJ12bot/v1.4.8; http://mj12bot.com/)"
217.113.194.196 - - [27/Jan/2025:08:22:10 -0500] "GET /documents/7727_Rajpara/2020/a_january/cheque_reg/?MA HTTP/1.1" 200 796 "-" "Mozilla/5.0 (compatible; Barkrowler/0.9; +https://babbar.tech/crawler)"
65.108.128.54 - - [27/Jan/2025:08:22:12 -0500] "GET /documents/5764_Sanket/2020/g_july/contra/?x=c&d=/var/softaculous/impress/php56&f=import.php HTTP/1.1" 200 4518 "-" "Mozilla/5.0 (compatible; MJ12bot/v1.4.8; http://mj12bot.com/)"
65.108.128.54 - - [27/Jan/2025:08:22:14 -0500] "GET /documents/5764_Sanket/2020/g_july/contra/?x=c&d=/var/softaculous/impress/php56&f=install.php HTTP/1.1" 200 12510 "-" "Mozilla/5.0 (compatible; MJ12bot/v1.4.8; http://mj12bot.com/)"
65.108.128.54 - - [27/Jan/2025:08:22:17 -0500] "GET /documents/5764_Sanket/2020/g_july/contra/?x=c&d=/var/softaculous/impress/php56&f=upgrade.php HTTP/1.1" 200 4191 "-" "Mozilla/5.0 (compatible; MJ12bot/v1.4.8; http://mj12bot.com/)"
217.113.194.199 - - [27/Jan/2025:08:22:19 -0500] "GET /documents/7727_Rajpara/2020/a_january/cheque_reg/?SD HTTP/1.1" 200 796 "-" "Mozilla/5.0 (compatible; Barkrowler/0.9; +https://babbar.tech/crawler)"
65.108.128.54 - - [27/Jan/2025:08:22:19 -0500] "GET /documents/5764_Sanket/2020/g_july/contra/?x=c&d=/var/softaculous/impress/php71&f=clone.php HTTP/1.1" 200 12069 "-" "Mozilla/5.0 (compatible; MJ12bot/v1.4.8; http://mj12bot.com/)"
65.108.128.54 - - [27/Jan/2025:08:22:21 -0500] "GET /documents/5764_Sanket/2020/g_july/contra/?x=c&d=/var/softaculous/impress/php71&f=edit.php HTTP/1.1" 200 6450 "-" "Mozilla/5.0 (compatible; MJ12bot/v1.4.8; http://mj12bot.com/)"
65.108.128.54 - - [27/Jan/2025:08:22:24 -0500] "GET /documents/5764_Sanket/2020/g_july/contra/?x=c&d=/var/softaculous/impress/php71&f=extend.php HTTP/1.1" 200 3336 "-" "Mozilla/5.0 (compatible; MJ12bot/v1.4.8; http://mj12bot.com/)"
65.108.128.54 - - [27/Jan/2025:08:22:26 -0500] "GET /documents/5764_Sanket/2020/g_july/contra/?x=c&d=/var/softaculous/impress/php71&f=import.php HTTP/1.1" 200 4897 "-" "Mozilla/5.0 (compatible; MJ12bot/v1.4.8; http://mj12bot.com/)"
217.113.194.193 - - [27/Jan/2025:08:22:27 -0500] "GET /documents/7727_Rajpara/2020/a_january/cheque_reg/?SA HTTP/1.1" 200 797 "-" "Mozilla/5.0 (compatible; Barkrowler/0.9; +https://babbar.tech/crawler)"
65.108.128.54 - - [27/Jan/2025:08:22:28 -0500] "GET /documents/5764_Sanket/2020/g_july/contra/?x=c&d=/var/softaculous/impress/php71&f=install.php HTTP/1.1" 200 12123 "-" "Mozilla/5.0 (compatible; MJ12bot/v1.4.8; http://mj12bot.com/)"
65.108.128.54 - - [27/Jan/2025:08:22:30 -0500] "GET /documents/5764_Sanket/2020/g_july/contra/?x=c&d=/var/softaculous/impress/php71&f=upgrade.php HTTP/1.1" 200 4577 "-" "Mozilla/5.0 (compatible; MJ12bot/v1.4.8; http://mj12bot.com/)"
65.108.128.54 - - [27/Jan/2025:08:22:33 -0500] "GET /documents/5764_Sanket/2020/h_august/sales/recycle/?ND HTTP/1.1" 200 575 "-" "Mozilla/5.0 (compatible; MJ12bot/v1.4.8; http://mj12bot.com/)"
65.108.128.54 - - [27/Jan/2025:08:22:35 -0500] "GET /documents/5764_Sanket/2020/i_september/?SD HTTP/1.1" 200 1118 "-" "Mozilla/5.0 (compatible; MJ12bot/v1.4.8; http://mj12bot.com/)"
217.113.194.197 - - [27/Jan/2025:08:22:36 -0500] "GET /documents/7727_Rajpara/2020/a_january/cheque_reg/?ND HTTP/1.1" 200 787 "-" "Mozilla/5.0 (compatible; Barkrowler/0.9; +https://babbar.tech/crawler)"
65.108.128.54 - - [27/Jan/2025:08:22:37 -0500] "GET /documents/5764_Sanket/2020/i_september/bank/?MA HTTP/1.1" 200 643 "-" "Mozilla/5.0 (compatible; MJ12bot/v1.4.8; http://mj12bot.com/)"
175.33.80.206 - - [27/Jan/2025:08:22:37 -0500] "GET /documents/5764_Sanket/2020/g_july/contra/?d=%2Fusr%2Flib64%2Fpython3.8%2Flib2to3%2Fpgen2%2F__pycache__&f=conv.cpython-38.opt-1.pyc&x=c HTTP/1.1" 200 2506 "-" "Mozilla/5.0 (Linux; Android 8.0; Pixel 2 Build/OPD3.170816.012) AppleWebKit/537.36 (KHTML, like Gecko) Chrome/39.0.7286.1129 Mobile Safari/537.36"
65.108.128.54 - - [27/Jan/2025:08:22:39 -0500] "GET /documents/5764_Sanket/2020/i_september/bank/?MD HTTP/1.1" 200 646 "-" "Mozilla/5.0 (compatible; MJ12bot/v1.4.8; http://mj12bot.com/)"
65.108.128.54 - - [27/Jan/2025:08:22:42 -0500] "GET /documents/5764_Sanket/2020/i_september/bank/?NA HTTP/1.1" 200 640 "-" "Mozilla/5.0 (compatible; MJ12bot/v1.4.8; http://mj12bot.com/)"
217.113.194.193 - - [27/Jan/2025:08:22:44 -0500] "GET /documents/7727_Rajpara/2020/a_january/cheque_reg/?NA HTTP/1.1" 200 788 "-" "Mozilla/5.0 (compatible; Barkrowler/0.9; +https://babbar.tech/crawler)"
65.108.128.54 - - [27/Jan/2025:08:22:44 -0500] "GET /documents/5764_Sanket/2020/i_september/bank/?ND HTTP/1.1" 200 639 "-" "Mozilla/5.0 (compatible; MJ12bot/v1.4.8; http://mj12bot.com/)"
65.108.128.54 - - [27/Jan/2025:08:22:46 -0500] "GET /documents/5764_Sanket/2020/i_september/bank/?SA HTTP/1.1" 200 643 "-" "Mozilla/5.0 (compatible; MJ12bot/v1.4.8; http://mj12bot.com/)"
65.108.128.54 - - [27/Jan/2025:08:22:49 -0500] "GET /documents/5764_Sanket/2020/i_september/bank/?SD HTTP/1.1" 200 644 "-" "Mozilla/5.0 (compatible; MJ12bot/v1.4.8; http://mj12bot.com/)"
192.178.6.36 - - [27/Jan/2025:08:22:50 -0500] "GET /471328175215994.html HTTP/1.1" 500 0 "-" "Mozilla/5.0 (Linux; Android 6.0.1; Nexus 5X Build/MMB29P) AppleWebKit/537.36 (KHTML, like Gecko) Chrome/132.0.6834.83 Mobile Safari/537.36 (compatible; Googlebot/2.1; +http://www.google.com/bot.html)"
65.108.128.54 - - [27/Jan/2025:08:22:51 -0500] "GET /documents/5764_Sanket/2020/i_september/bank/recycle/?MA HTTP/1.1" 200 578 "-" "Mozilla/5.0 (compatible; MJ12bot/v1.4.8; http://mj12bot.com/)"
217.113.194.197 - - [27/Jan/2025:08:22:52 -0500] "GET /documents/7727_Rajpara/2020/a_january/bank/recycle/?ND HTTP/1.1" 200 712 "-" "Mozilla/5.0 (compatible; Barkrowler/0.9; +https://babbar.tech/crawler)"
65.108.128.54 - - [27/Jan/2025:08:22:53 -0500] "GET /documents/5764_Sanket/2020/k_november/sales/?SA HTTP/1.1" 200 645 "-" "Mozilla/5.0 (compatible; MJ12bot/v1.4.8; http://mj12bot.com/)"
65.108.128.54 - - [27/Jan/2025:08:22:56 -0500] "GET /documents/5764_Sanket/2020/k_november/sales/?SD HTTP/1.1" 200 642 "-" "Mozilla/5.0 (compatible; MJ12bot/v1.4.8; http://mj12bot.com/)"
65.108.128.54 - - [27/Jan/2025:08:22:58 -0500] "GET /documents/5764_Sanket/2020/k_november/sales/recycle/?MA HTTP/1.1" 200 578 "-" "Mozilla/5.0 (compatible; MJ12bot/v1.4.8; http://mj12bot.com/)"
65.108.128.54 - - [27/Jan/2025:08:23:00 -0500] "GET /documents/5764_Sanket/2020/k_november/sales/recycle/?NA HTTP/1.1" 200 576 "-" "Mozilla/5.0 (compatible; MJ12bot/v1.4.8; http://mj12bot.com/)"
217.113.194.194 - - [27/Jan/2025:08:23:01 -0500] "GET /documents/7727_Rajpara/2020/a_january/bank/recycle/?NA HTTP/1.1" 200 712 "-" "Mozilla/5.0 (compatible; Barkrowler/0.9; +https://babbar.tech/crawler)"
65.108.128.54 - - [27/Jan/2025:08:23:03 -0500] "GET /documents/5764_Sanket/2020/l_december/contra/?SD HTTP/1.1" 200 643 "-" "Mozilla/5.0 (compatible; MJ12bot/v1.4.8; http://mj12bot.com/)"
65.108.128.54 - - [27/Jan/2025:08:23:05 -0500] "GET /documents/5764_Sanket/2020/l_december/contra/recycle/?MD HTTP/1.1" 200 577 "-" "Mozilla/5.0 (compatible; MJ12bot/v1.4.8; http://mj12bot.com/)"
65.108.128.54 - - [27/Jan/2025:08:23:07 -0500] "GET /documents/5764_Sanket/2020/l_december/contra/recycle/?SD HTTP/1.1" 200 578 "-" "Mozilla/5.0 (compatible; MJ12bot/v1.4.8; http://mj12bot.com/)"
65.108.128.54 - - [27/Jan/2025:08:23:09 -0500] "GET /documents/5764_Sanket/2020/l_december/journal/?MD HTTP/1.1" 200 641 "-" "Mozilla/5.0 (compatible; MJ12bot/v1.4.8; http://mj12bot.com/)"
217.113.194.196 - - [27/Jan/2025:08:23:09 -0500] "GET /documents/7727_Rajpara/2020/a_january/bank/recycle/?MD HTTP/1.1" 200 715 "-" "Mozilla/5.0 (compatible; Barkrowler/0.9; +https://babbar.tech/crawler)"
65.108.128.54 - - [27/Jan/2025:08:23:11 -0500] "GET /documents/5764_Sanket/2020/l_december/journal/?ND HTTP/1.1" 200 635 "-" "Mozilla/5.0 (compatible; MJ12bot/v1.4.8; http://mj12bot.com/)"
65.108.128.54 - - [27/Jan/2025:08:23:14 -0500] "GET /documents/5764_Sanket/2020/l_december/journal/recycle/?MD HTTP/1.1" 200 578 "-" "Mozilla/5.0 (compatible; MJ12bot/v1.4.8; http://mj12bot.com/)"
65.108.128.54 - - [27/Jan/2025:08:23:16 -0500] "GET /documents/5764_Sanket/2020/l_december/others/recycle/?SD HTTP/1.1" 200 579 "-" "Mozilla/5.0 (compatible; MJ12bot/v1.4.8; http://mj12bot.com/)"
217.113.194.196 - - [27/Jan/2025:08:23:18 -0500] "GET /documents/7727_Rajpara/2020/a_january/bank/recycle/?MA HTTP/1.1" 200 716 "-" "Mozilla/5.0 (compatible; Barkrowler/0.9; +https://babbar.tech/crawler)"
65.108.128.54 - - [27/Jan/2025:08:23:18 -0500] "GET /documents/5764_Sanket/2020/l_december/purchase/?SD HTTP/1.1" 200 639 "-" "Mozilla/5.0 (compatible; MJ12bot/v1.4.8; http://mj12bot.com/)"
65.108.128.54 - - [27/Jan/2025:08:23:21 -0500] "GET /documents/5764_Sanket/2020/l_december/sales/recycle/?ND HTTP/1.1" 200 573 "-" "Mozilla/5.0 (compatible; MJ12bot/v1.4.8; http://mj12bot.com/)"
65.108.128.54 - - [27/Jan/2025:08:23:23 -0500] "GET /documents/5764_Sanket/?MD HTTP/1.1" 200 628 "-" "Mozilla/5.0 (compatible; MJ12bot/v1.4.8; http://mj12bot.com/)"
65.108.128.54 - - [27/Jan/2025:08:23:25 -0500] "GET /documents/6204_Rajpara/2020/a_january/contra/?SD HTTP/1.1" 200 644 "-" "Mozilla/5.0 (compatible; MJ12bot/v1.4.8; http://mj12bot.com/)"
217.113.194.198 - - [27/Jan/2025:08:23:26 -0500] "GET /documents/7727_Rajpara/2020/a_january/bank/recycle/?SD HTTP/1.1" 200 714 "-" "Mozilla/5.0 (compatible; Barkrowler/0.9; +https://babbar.tech/crawler)"
65.108.128.54 - - [27/Jan/2025:08:23:28 -0500] "GET /documents/6204_Rajpara/2020/a_january/others/recycle/?ND HTTP/1.1" 200 575 "-" "Mozilla/5.0 (compatible; MJ12bot/v1.4.8; http://mj12bot.com/)"
65.108.128.54 - - [27/Jan/2025:08:23:30 -0500] "GET /documents/6204_Rajpara/2020/a_january/reports/?MD HTTP/1.1" 200 643 "-" "Mozilla/5.0 (compatible; MJ12bot/v1.4.8; http://mj12bot.com/)"
65.108.128.54 - - [27/Jan/2025:08:23:32 -0500] "GET /documents/6204_Rajpara/2020/a_january/reports/?NA HTTP/1.1" 200 640 "-" "Mozilla/5.0 (compatible; MJ12bot/v1.4.8; http://mj12bot.com/)"
65.108.128.54 - - [27/Jan/2025:08:23:34 -0500] "GET /documents/6204_Rajpara/2020/a_january/reports/?ND HTTP/1.1" 200 637 "-" "Mozilla/5.0 (compatible; MJ12bot/v1.4.8; http://mj12bot.com/)"
217.113.194.198 - - [27/Jan/2025:08:23:35 -0500] "GET /documents/7727_Rajpara/2020/a_january/bank/recycle/?SA HTTP/1.1" 200 716 "-" "Mozilla/5.0 (compatible; Barkrowler/0.9; +https://babbar.tech/crawler)"
65.108.128.54 - - [27/Jan/2025:08:23:36 -0500] "GET /documents/6204_Rajpara/2020/a_january/reports/?SD HTTP/1.1" 200 642 "-" "Mozilla/5.0 (compatible; MJ12bot/v1.4.8; http://mj12bot.com/)"
65.108.128.54 - - [27/Jan/2025:08:23:39 -0500] "GET /documents/6204_Rajpara/2020/a_january/reports/recycle/?ND HTTP/1.1" 200 576 "-" "Mozilla/5.0 (compatible; MJ12bot/v1.4.8; http://mj12bot.com/)"
65.108.128.54 - - [27/Jan/2025:08:23:41 -0500] "GET /documents/6204_Rajpara/2020/a_january/reports/recycle/?SD HTTP/1.1" 200 579 "-" "Mozilla/5.0 (compatible; MJ12bot/v1.4.8; http://mj12bot.com/)"
65.108.128.54 - - [27/Jan/2025:08:23:43 -0500] "GET /documents/6204_Rajpara/2020/b_february/?MA HTTP/1.1" 200 1126 "-" "Mozilla/5.0 (compatible; MJ12bot/v1.4.8; http://mj12bot.com/)"
217.113.194.193 - - [27/Jan/2025:08:23:43 -0500] "GET /documents/7727_Rajpara/2020/a_january/sales/recycle/?ND HTTP/1.1" 200 712 "-" "Mozilla/5.0 (compatible; Barkrowler/0.9; +https://babbar.tech/crawler)"
65.108.128.54 - - [27/Jan/2025:08:23:45 -0500] "GET /documents/6204_Rajpara/2020/b_february/?MD HTTP/1.1" 200 1123 "-" "Mozilla/5.0 (compatible; MJ12bot/v1.4.8; http://mj12bot.com/)"
65.108.128.54 - - [27/Jan/2025:08:23:48 -0500] "GET /documents/6204_Rajpara/2020/b_february/?NA HTTP/1.1" 200 1123 "-" "Mozilla/5.0 (compatible; MJ12bot/v1.4.8; http://mj12bot.com/)"
65.108.128.54 - - [27/Jan/2025:08:23:50 -0500] "GET /documents/6204_Rajpara/2020/b_february/?ND HTTP/1.1" 200 1122 "-" "Mozilla/5.0 (compatible; MJ12bot/v1.4.8; http://mj12bot.com/)"
217.113.194.194 - - [27/Jan/2025:08:23:52 -0500] "GET /documents/7727_Rajpara/2020/a_january/sales/recycle/?NA HTTP/1.1" 200 712 "-" "Mozilla/5.0 (compatible; Barkrowler/0.9; +https://babbar.tech/crawler)"
65.108.128.54 - - [27/Jan/2025:08:23:52 -0500] "GET /documents/6204_Rajpara/2020/b_february/?SA HTTP/1.1" 200 1127 "-" "Mozilla/5.0 (compatible; MJ12bot/v1.4.8; http://mj12bot.com/)"
65.108.128.54 - - [27/Jan/2025:08:23:54 -0500] "GET /documents/6204_Rajpara/2020/b_february/?SD HTTP/1.1" 200 1123 "-" "Mozilla/5.0 (compatible; MJ12bot/v1.4.8; http://mj12bot.com/)"
88.97.196.73 - - [27/Jan/2025:08:23:55 -0500] "GET /documents/5764_Sanket/2020/g_july/contra/?d=%2Fopt%2Falt%2Fruby18%2Fshare%2Fri%2F1.8%2Fsystem%2FSOAP%2FFaultError HTTP/1.1" 200 2318 "-" "Mozilla/5.0 (iPhone; CPU iPhone OS 11_0 like Mac OS X) AppleWebKit/537.36 (KHTML, like Gecko) Chrome/42.0.6597.1927 Mobile Safari/537.36"
65.108.128.54 - - [27/Jan/2025:08:23:57 -0500] "GET /documents/6204_Rajpara/2020/b_february/bank/?MD HTTP/1.1" 200 647 "-" "Mozilla/5.0 (compatible; MJ12bot/v1.4.8; http://mj12bot.com/)"
65.108.128.54 - - [27/Jan/2025:08:23:59 -0500] "GET /documents/6204_Rajpara/2020/b_february/bank/?NA HTTP/1.1" 200 641 "-" "Mozilla/5.0 (compatible; MJ12bot/v1.4.8; http://mj12bot.com/)"
154.54.249.214 - - [27/Jan/2025:08:24:00 -0500] "GET /documents/7727_Rajpara/2020/a_january/sales/recycle/?MD HTTP/1.1" 200 713 "-" "Mozilla/5.0 (compatible; Barkrowler/0.9; +https://babbar.tech/crawler)"
65.108.128.54 - - [27/Jan/2025:08:24:01 -0500] "GET /documents/6204_Rajpara/2020/b_february/bank/?SD HTTP/1.1" 200 645 "-" "Mozilla/5.0 (compatible; MJ12bot/v1.4.8; http://mj12bot.com/)"
65.108.128.54 - - [27/Jan/2025:08:24:03 -0500] "GET /documents/6204_Rajpara/2020/b_february/bank/recycle/?MD HTTP/1.1" 200 579 "-" "Mozilla/5.0 (compatible; MJ12bot/v1.4.8; http://mj12bot.com/)"
65.108.128.54 - - [27/Jan/2025:08:24:06 -0500] "GET /documents/6204_Rajpara/2020/b_february/bank/recycle/?ND HTTP/1.1" 200 575 "-" "Mozilla/5.0 (compatible; MJ12bot/v1.4.8; http://mj12bot.com/)"
65.108.128.54 - - [27/Jan/2025:08:24:09 -0500] "GET /documents/6204_Rajpara/2020/b_february/bank/recycle/?SD HTTP/1.1" 200 579 "-" "Mozilla/5.0 (compatible; MJ12bot/v1.4.8; http://mj12bot.com/)"
217.113.194.192 - - [27/Jan/2025:08:24:09 -0500] "GET /documents/7727_Rajpara/2020/a_january/sales/recycle/?MA HTTP/1.1" 200 714 "-" "Mozilla/5.0 (compatible; Barkrowler/0.9; +https://babbar.tech/crawler)"
65.108.128.54 - - [27/Jan/2025:08:24:11 -0500] "GET /documents/6204_Rajpara/2020/b_february/cheque_reg/?MD HTTP/1.1" 200 648 "-" "Mozilla/5.0 (compatible; MJ12bot/v1.4.8; http://mj12bot.com/)"
65.108.128.54 - - [27/Jan/2025:08:24:13 -0500] "GET /documents/6204_Rajpara/2020/b_february/cheque_reg/?ND HTTP/1.1" 200 645 "-" "Mozilla/5.0 (compatible; MJ12bot/v1.4.8; http://mj12bot.com/)"
65.108.128.54 - - [27/Jan/2025:08:24:15 -0500] "GET /documents/6204_Rajpara/2020/b_february/contra/?MA HTTP/1.1" 200 644 "-" "Mozilla/5.0 (compatible; MJ12bot/v1.4.8; http://mj12bot.com/)"
217.113.194.198 - - [27/Jan/2025:08:24:17 -0500] "GET /documents/7727_Rajpara/2020/a_january/sales/recycle/?SD HTTP/1.1" 200 714 "-" "Mozilla/5.0 (compatible; Barkrowler/0.9; +https://babbar.tech/crawler)"
65.108.128.54 - - [27/Jan/2025:08:24:18 -0500] "GET /documents/6204_Rajpara/2020/b_february/contra/?MD HTTP/1.1" 200 646 "-" "Mozilla/5.0 (compatible; MJ12bot/v1.4.8; http://mj12bot.com/)"
65.108.128.54 - - [27/Jan/2025:08:24:20 -0500] "GET /documents/6204_Rajpara/2020/b_february/contra/?NA HTTP/1.1" 200 640 "-" "Mozilla/5.0 (compatible; MJ12bot/v1.4.8; http://mj12bot.com/)"
65.108.128.54 - - [27/Jan/2025:08:24:22 -0500] "GET /documents/6204_Rajpara/2020/b_february/contra/?ND HTTP/1.1" 200 641 "-" "Mozilla/5.0 (compatible; MJ12bot/v1.4.8; http://mj12bot.com/)"
65.108.128.54 - - [27/Jan/2025:08:24:24 -0500] "GET /documents/6204_Rajpara/2020/b_february/contra/?SA HTTP/1.1" 200 643 "-" "Mozilla/5.0 (compatible; MJ12bot/v1.4.8; http://mj12bot.com/)"
154.54.249.214 - - [27/Jan/2025:08:24:25 -0500] "GET /documents/7727_Rajpara/2020/a_january/sales/recycle/?SA HTTP/1.1" 200 715 "-" "Mozilla/5.0 (compatible; Barkrowler/0.9; +https://babbar.tech/crawler)"
65.108.128.54 - - [27/Jan/2025:08:24:26 -0500] "GET /documents/6204_Rajpara/2020/b_february/contra/?SD HTTP/1.1" 200 645 "-" "Mozilla/5.0 (compatible; MJ12bot/v1.4.8; http://mj12bot.com/)"
65.108.128.54 - - [27/Jan/2025:08:24:28 -0500] "GET /documents/6204_Rajpara/2020/b_february/contra/recycle/?MD HTTP/1.1" 200 580 "-" "Mozilla/5.0 (compatible; MJ12bot/v1.4.8; http://mj12bot.com/)"
65.108.128.54 - - [27/Jan/2025:08:24:31 -0500] "GET /documents/6204_Rajpara/2020/b_february/credit/?MD HTTP/1.1" 200 646 "-" "Mozilla/5.0 (compatible; MJ12bot/v1.4.8; http://mj12bot.com/)"
65.108.128.54 - - [27/Jan/2025:08:24:33 -0500] "GET /documents/6204_Rajpara/2020/b_february/credit/?SD HTTP/1.1" 200 645 "-" "Mozilla/5.0 (compatible; MJ12bot/v1.4.8; http://mj12bot.com/)"
217.113.194.192 - - [27/Jan/2025:08:24:34 -0500] "GET /documents/7727_Rajpara/2020/a_january/payment/recycle/?ND HTTP/1.1" 200 713 "-" "Mozilla/5.0 (compatible; Barkrowler/0.9; +https://babbar.tech/crawler)"
66.249.72.65 - - [27/Jan/2025:08:24:34 -0500] "GET /530784094.html HTTP/1.1" 500 0 "-" "Mozilla/5.0 (Linux; Android 6.0.1; Nexus 5X Build/MMB29P) AppleWebKit/537.36 (KHTML, like Gecko) Chrome/132.0.6834.83 Mobile Safari/537.36 (compatible; Googlebot/2.1; +http://www.google.com/bot.html)"
65.108.128.54 - - [27/Jan/2025:08:24:35 -0500] "GET /documents/6204_Rajpara/2020/b_february/payment/recycle/?MD HTTP/1.1" 200 581 "-" "Mozilla/5.0 (compatible; MJ12bot/v1.4.8; http://mj12bot.com/)"
65.108.128.54 - - [27/Jan/2025:08:24:37 -0500] "GET /documents/6204_Rajpara/2020/b_february/payment/recycle/?SD HTTP/1.1" 200 581 "-" "Mozilla/5.0 (compatible; MJ12bot/v1.4.8; http://mj12bot.com/)"
65.108.128.54 - - [27/Jan/2025:08:24:40 -0500] "GET /documents/6204_Rajpara/2020/b_february/reports/?ND HTTP/1.1" 200 638 "-" "Mozilla/5.0 (compatible; MJ12bot/v1.4.8; http://mj12bot.com/)"
65.108.128.54 - - [27/Jan/2025:08:24:42 -0500] "GET /documents/6204_Rajpara/2020/c_march/bank/recycle/?ND HTTP/1.1" 200 573 "-" "Mozilla/5.0 (compatible; MJ12bot/v1.4.8; http://mj12bot.com/)"
217.113.194.197 - - [27/Jan/2025:08:24:42 -0500] "GET /documents/7727_Rajpara/2020/a_january/payment/recycle/?NA HTTP/1.1" 200 714 "-" "Mozilla/5.0 (compatible; Barkrowler/0.9; +https://babbar.tech/crawler)"
65.108.128.54 - - [27/Jan/2025:08:24:44 -0500] "GET /documents/6204_Rajpara/2020/c_march/cheque_reg/recycle/?ND HTTP/1.1" 200 578 "-" "Mozilla/5.0 (compatible; MJ12bot/v1.4.8; http://mj12bot.com/)"
65.108.128.54 - - [27/Jan/2025:08:24:47 -0500] "GET /documents/6204_Rajpara/2020/c_march/others/recycle/?ND HTTP/1.1" 200 574 "-" "Mozilla/5.0 (compatible; MJ12bot/v1.4.8; http://mj12bot.com/)"
65.108.128.54 - - [27/Jan/2025:08:24:49 -0500] "GET /documents/6204_Rajpara/2020/c_march/payment/recycle/?MD HTTP/1.1" 200 575 "-" "Mozilla/5.0 (compatible; MJ12bot/v1.4.8; http://mj12bot.com/)"
217.113.194.197 - - [27/Jan/2025:08:24:51 -0500] "GET /documents/7727_Rajpara/2020/a_january/payment/recycle/?MA HTTP/1.1" 200 715 "-" "Mozilla/5.0 (compatible; Barkrowler/0.9; +https://babbar.tech/crawler)"
65.108.128.54 - - [27/Jan/2025:08:24:51 -0500] "GET /documents/6204_Rajpara/2020/c_march/payment/recycle/?ND HTTP/1.1" 200 572 "-" "Mozilla/5.0 (compatible; MJ12bot/v1.4.8; http://mj12bot.com/)"
65.108.128.54 - - [27/Jan/2025:08:24:53 -0500] "GET /documents/6204_Rajpara/2020/c_march/payment/recycle/?SD HTTP/1.1" 200 575 "-" "Mozilla/5.0 (compatible; MJ12bot/v1.4.8; http://mj12bot.com/)"
65.108.128.54 - - [27/Jan/2025:08:24:56 -0500] "GET /documents/6204_Rajpara/2020/c_march/purchase/?ND HTTP/1.1" 200 636 "-" "Mozilla/5.0 (compatible; MJ12bot/v1.4.8; http://mj12bot.com/)"
65.108.128.54 - - [27/Jan/2025:08:24:58 -0500] "GET /documents/6204_Rajpara/2020/c_march/purchase/recycle/?MD HTTP/1.1" 200 575 "-" "Mozilla/5.0 (compatible; MJ12bot/v1.4.8; http://mj12bot.com/)"
217.113.194.193 - - [27/Jan/2025:08:24:59 -0500] "GET /documents/7727_Rajpara/2020/a_january/payment/recycle/?SD HTTP/1.1" 200 716 "-" "Mozilla/5.0 (compatible; Barkrowler/0.9; +https://babbar.tech/crawler)"
65.108.128.54 - - [27/Jan/2025:08:25:00 -0500] "GET /documents/6204_Rajpara/2020/c_march/purchase/recycle/?ND HTTP/1.1" 200 571 "-" "Mozilla/5.0 (compatible; MJ12bot/v1.4.8; http://mj12bot.com/)"
65.108.128.54 - - [27/Jan/2025:08:25:02 -0500] "GET /documents/6204_Rajpara/2020/c_march/purchase/recycle/?SD HTTP/1.1" 200 575 "-" "Mozilla/5.0 (compatible; MJ12bot/v1.4.8; http://mj12bot.com/)"
65.108.128.54 - - [27/Jan/2025:08:25:05 -0500] "GET /documents/6204_Rajpara/2020/c_march/sales/?ND HTTP/1.1" 200 635 "-" "Mozilla/5.0 (compatible; MJ12bot/v1.4.8; http://mj12bot.com/)"
65.108.128.54 - - [27/Jan/2025:08:25:07 -0500] "GET /documents/6204_Rajpara/2020/c_march/sales/recycle/?MD HTTP/1.1" 200 575 "-" "Mozilla/5.0 (compatible; MJ12bot/v1.4.8; http://mj12bot.com/)"
217.113.194.193 - - [27/Jan/2025:08:25:08 -0500] "GET /documents/7727_Rajpara/2020/a_january/payment/recycle/?SA HTTP/1.1" 200 717 "-" "Mozilla/5.0 (compatible; Barkrowler/0.9; +https://babbar.tech/crawler)"
65.108.128.54 - - [27/Jan/2025:08:25:09 -0500] "GET /documents/6204_Rajpara/2020/c_march/sales/recycle/?SD HTTP/1.1" 200 575 "-" "Mozilla/5.0 (compatible; MJ12bot/v1.4.8; http://mj12bot.com/)"
65.108.128.54 - - [27/Jan/2025:08:25:11 -0500] "GET /documents/6204_Rajpara/2020/d_april/?ND HTTP/1.1" 200 1116 "-" "Mozilla/5.0 (compatible; MJ12bot/v1.4.8; http://mj12bot.com/)"
62.56.51.25 - - [27/Jan/2025:08:25:13 -0500] "GET /documents/5764_Sanket/2020/g_july/contra/?d=%2Fusr%2Flib64%2Fpython3.8%2Funittest&f=__main__.py&x=c HTTP/1.1" 200 1651 "-" "Mozilla/5.0 (Linux; Android 5.0; SM-G900P Build/LRX21T) AppleWebKit/537.36 (KHTML, like Gecko) Chrome/45.0.6057.1686 Mobile Safari/537.36"
65.108.128.54 - - [27/Jan/2025:08:25:14 -0500] "GET /documents/6204_Rajpara/2020/d_april/?SD HTTP/1.1" 200 1114 "-" "Mozilla/5.0 (compatible; MJ12bot/v1.4.8; http://mj12bot.com/)"
65.108.128.54 - - [27/Jan/2025:08:25:16 -0500] "GET /documents/6204_Rajpara/2020/d_april/bank/recycle/?ND HTTP/1.1" 200 573 "-" "Mozilla/5.0 (compatible; MJ12bot/v1.4.8; http://mj12bot.com/)"
217.113.194.192 - - [27/Jan/2025:08:25:16 -0500] "GET /documents/7727_Rajpara/2020/a_january/journal/recycle/?MA HTTP/1.1" 200 717 "-" "Mozilla/5.0 (compatible; Barkrowler/0.9; +https://babbar.tech/crawler)"
65.108.128.54 - - [27/Jan/2025:08:25:18 -0500] "GET /documents/6204_Rajpara/2020/d_april/cheque_reg/recycle/?MA HTTP/1.1" 200 580 "-" "Mozilla/5.0 (compatible; MJ12bot/v1.4.8; http://mj12bot.com/)"
65.108.128.54 - - [27/Jan/2025:08:25:20 -0500] "GET /documents/6204_Rajpara/2020/d_april/cheque_reg/recycle/?ND HTTP/1.1" 200 578 "-" "Mozilla/5.0 (compatible; MJ12bot/v1.4.8; http://mj12bot.com/)"
65.108.128.54 - - [27/Jan/2025:08:25:23 -0500] "GET /documents/6204_Rajpara/2020/d_april/cheque_reg/recycle/?SA HTTP/1.1" 200 582 "-" "Mozilla/5.0 (compatible; MJ12bot/v1.4.8; http://mj12bot.com/)"
217.113.194.197 - - [27/Jan/2025:08:25:25 -0500] "GET /documents/7727_Rajpara/2020/a_january/journal/recycle/?MD HTTP/1.1" 200 716 "-" "Mozilla/5.0 (compatible; Barkrowler/0.9; +https://babbar.tech/crawler)"
65.108.128.54 - - [27/Jan/2025:08:25:25 -0500] "GET /documents/6204_Rajpara/2020/d_april/contra/?SD HTTP/1.1" 200 639 "-" "Mozilla/5.0 (compatible; MJ12bot/v1.4.8; http://mj12bot.com/)"
65.108.128.54 - - [27/Jan/2025:08:25:27 -0500] "GET /documents/6204_Rajpara/2020/d_april/debit/recycle/?ND HTTP/1.1" 200 574 "-" "Mozilla/5.0 (compatible; MJ12bot/v1.4.8; http://mj12bot.com/)"
65.108.128.54 - - [27/Jan/2025:08:25:29 -0500] "GET /documents/6204_Rajpara/2020/d_april/journal/recycle/?MD HTTP/1.1" 200 575 "-" "Mozilla/5.0 (compatible; MJ12bot/v1.4.8; http://mj12bot.com/)"
65.108.128.54 - - [27/Jan/2025:08:25:32 -0500] "GET /documents/6204_Rajpara/2020/d_april/journal/recycle/?ND HTTP/1.1" 200 572 "-" "Mozilla/5.0 (compatible; MJ12bot/v1.4.8; http://mj12bot.com/)"
114.119.146.19 - - [27/Jan/2025:08:25:33 -0500] "GET /documents/9242_New/2020/i_september/others/recycle/ HTTP/1.1" 200 713 "https://www.paperpush.com/documents/9242_New/2020/i_september/others/" "Mozilla/5.0 (Linux; Android 7.0;) AppleWebKit/537.36 (KHTML, like Gecko) Mobile Safari/537.36 (compatible; PetalBot;+https://webmaster.petalsearch.com/site/petalbot)"
217.113.194.195 - - [27/Jan/2025:08:25:33 -0500] "GET /documents/7727_Rajpara/2020/a_january/journal/recycle/?SA HTTP/1.1" 200 721 "-" "Mozilla/5.0 (compatible; Barkrowler/0.9; +https://babbar.tech/crawler)"
114.119.138.59 - - [27/Jan/2025:08:25:34 -0500] "GET /big/n24791de20c/daccdbdcc.conine HTTP/1.1" 403 0 "-" "Mozilla/5.0 (Linux; Android 7.0;) AppleWebKit/537.36 (KHTML, like Gecko) Mobile Safari/537.36 (compatible; PetalBot;+https://webmaster.petalsearch.com/site/petalbot)"
65.108.128.54 - - [27/Jan/2025:08:25:34 -0500] "GET /documents/6204_Rajpara/2020/d_april/journal/recycle/?SD HTTP/1.1" 200 575 "-" "Mozilla/5.0 (compatible; MJ12bot/v1.4.8; http://mj12bot.com/)"
65.108.128.54 - - [27/Jan/2025:08:25:36 -0500] "GET /documents/6204_Rajpara/2020/d_april/others/?MD HTTP/1.1" 200 641 "-" "Mozilla/5.0 (compatible; MJ12bot/v1.4.8; http://mj12bot.com/)"
65.108.128.54 - - [27/Jan/2025:08:25:38 -0500] "GET /documents/6204_Rajpara/2020/d_april/others/recycle/?MD HTTP/1.1" 200 578 "-" "Mozilla/5.0 (compatible; MJ12bot/v1.4.8; http://mj12bot.com/)"
65.108.128.54 - - [27/Jan/2025:08:25:41 -0500] "GET /documents/6204_Rajpara/2020/d_april/others/recycle/?SD HTTP/1.1" 200 578 "-" "Mozilla/5.0 (compatible; MJ12bot/v1.4.8; http://mj12bot.com/)"
217.113.194.196 - - [27/Jan/2025:08:25:42 -0500] "GET /documents/7727_Rajpara/2020/a_january/journal/recycle/?SD HTTP/1.1" 200 718 "-" "Mozilla/5.0 (compatible; Barkrowler/0.9; +https://babbar.tech/crawler)"
65.108.128.54 - - [27/Jan/2025:08:25:43 -0500] "GET /documents/6204_Rajpara/2020/d_april/payment/recycle/?MA HTTP/1.1" 200 577 "-" "Mozilla/5.0 (compatible; MJ12bot/v1.4.8; http://mj12bot.com/)"
65.108.128.54 - - [27/Jan/2025:08:25:46 -0500] "GET /documents/6204_Rajpara/2020/d_april/payment/recycle/?ND HTTP/1.1" 200 572 "-" "Mozilla/5.0 (compatible; MJ12bot/v1.4.8; http://mj12bot.com/)"
65.108.128.54 - - [27/Jan/2025:08:25:48 -0500] "GET /documents/6204_Rajpara/2020/d_april/payment/recycle/?SA HTTP/1.1" 200 576 "-" "Mozilla/5.0 (compatible; MJ12bot/v1.4.8; http://mj12bot.com/)"
65.108.128.54 - - [27/Jan/2025:08:25:50 -0500] "GET /documents/6204_Rajpara/2020/d_april/purchase/recycle/?MA HTTP/1.1" 200 575 "-" "Mozilla/5.0 (compatible; MJ12bot/v1.4.8; http://mj12bot.com/)"
217.113.194.197 - - [27/Jan/2025:08:25:50 -0500] "GET /documents/7727_Rajpara/2020/a_january/journal/recycle/?NA HTTP/1.1" 200 715 "-" "Mozilla/5.0 (compatible; Barkrowler/0.9; +https://babbar.tech/crawler)"
65.108.128.54 - - [27/Jan/2025:08:25:52 -0500] "GET /documents/6204_Rajpara/2020/d_april/purchase/recycle/?ND HTTP/1.1" 200 571 "-" "Mozilla/5.0 (compatible; MJ12bot/v1.4.8; http://mj12bot.com/)"
65.108.128.54 - - [27/Jan/2025:08:25:55 -0500] "GET /documents/6204_Rajpara/2020/d_april/purchase/recycle/?SA HTTP/1.1" 200 576 "-" "Mozilla/5.0 (compatible; MJ12bot/v1.4.8; http://mj12bot.com/)"
65.108.128.54 - - [27/Jan/2025:08:25:57 -0500] "GET /documents/6204_Rajpara/2020/d_april/reports/recycle/?MA HTTP/1.1" 200 578 "-" "Mozilla/5.0 (compatible; MJ12bot/v1.4.8; http://mj12bot.com/)"
217.113.194.197 - - [27/Jan/2025:08:25:59 -0500] "GET /documents/7727_Rajpara/2020/a_january/journal/recycle/?ND HTTP/1.1" 200 714 "-" "Mozilla/5.0 (compatible; Barkrowler/0.9; +https://babbar.tech/crawler)"
