66.249.72.65 - - [27/Jan/2025:13:20:37 -0500] "GET /index.php/b65e1unsentiently4795zujf365/w-ik_iba105/w-ik_ivvhn69372ea0b0586.ps HTTP/1.1" 500 0 "-" "Googlebot/2.1 (+http://www.google.com/bot.html)"
114.119.152.128 - - [27/Jan/2025:13:20:38 -0500] "GET /plugins/datatables/extensions/AutoFill/examples/?NA HTTP/1.1" 200 709 "https://www.paperpush.com/plugins/datatables/extensions/AutoFill/examples/?MD" "Mozilla/5.0 (Linux; Android 7.0;) AppleWebKit/537.36 (KHTML, like Gecko) Mobile Safari/537.36 (compatible; PetalBot;+https://webmaster.petalsearch.com/site/petalbot)"
114.119.132.114 - - [27/Jan/2025:13:20:39 -0500] "GET /35f4aglucothiose4b365/w-ik_i5689e/w-ik_iy4e8c026c37.hospital HTTP/1.1" 403 0 "-" "Mozilla/5.0 (Linux; Android 7.0;) AppleWebKit/537.36 (KHTML, like Gecko) Mobile Safari/537.36 (compatible; PetalBot;+https://webmaster.petalsearch.com/site/petalbot)"
47.128.28.32 - - [27/Jan/2025:13:20:55 -0500] "GET /documents/5764_Sanket/2020/g_july/contra/?d=%2Fusr%2Flib64%2Fpython3.6%2Fsite-packages%2Fgpg%2Fconstants%2Fdata%2F__pycache__ HTTP/1.1" 200 2409 "-" "Mozilla/5.0 (Linux; Android 5.0) AppleWebKit/537.36 (KHTML, like Gecko) Mobile Safari/537.36 (compatible; Bytespider; spider-feedback@bytedance.com)"
192.178.6.35 - - [27/Jan/2025:13:20:58 -0500] "GET /4828937.shtml HTTP/1.1" 500 0 "-" "Mozilla/5.0 (Linux; Android 6.0.1; Nexus 5X Build/MMB29P) AppleWebKit/537.36 (KHTML, like Gecko) Chrome/132.0.6834.83 Mobile Safari/537.36 (compatible; Googlebot/2.1; +http://www.google.com/bot.html)"
192.178.6.36 - - [27/Jan/2025:13:21:33 -0500] "GET /264341993.shtml HTTP/1.1" 500 0 "-" "Mozilla/5.0 (Linux; Android 6.0.1; Nexus 5X Build/MMB29P) AppleWebKit/537.36 (KHTML, like Gecko) Chrome/132.0.6834.83 Mobile Safari/537.36 (compatible; Googlebot/2.1; +http://www.google.com/bot.html)"
192.178.6.35 - - [27/Jan/2025:13:22:09 -0500] "GET /?_gl=1*1ix4f11*_gcl_au*MTYxMTI1OTI3MS4xNzIxODg2NjU0*_ga*ODYyMzk4MzA3LjE2OTk0NTM1Nzg.*_ga_7H42SVMQ0V*MTcyMTg4NjY1NS4xMjEuMS4xNzIxODg2NjY5LjQ2LjAuMA..&_ga=2.198040047.1958808748.1721886654-862398307.1699453578&_bdsid=2ulvIJ.n~ZXCIW.1721886656070.1721886848&_bd_prev_page=https://www.paperpush.com/detail.php?bubdz/b1106466.html HTTP/1.1" 500 0 "-" "Mozilla/5.0 (Linux; Android 6.0.1; Nexus 5X Build/MMB29P) AppleWebKit/537.36 (KHTML, like Gecko) Chrome/132.0.6834.83 Mobile Safari/537.36 (compatible; Googlebot/2.1; +http://www.google.com/bot.html)"
211.26.210.207 - - [27/Jan/2025:13:22:24 -0500] "GET /documents/5764_Sanket/2020/g_july/contra/?d=%2Fusr%2Flib64%2Fperl5%2Fvendor_perl%2FUnicode%2FCollate%2FLocale&f=nso.pl&x=c HTTP/1.1" 200 1860 "-" "Mozilla/5.0 (Linux; Android 6.0; Nexus 5 Build/MRA58N) AppleWebKit/537.36 (KHTML, like Gecko) Chrome/40.0.5258.1251 Mobile Safari/537.36"
192.178.6.35 - - [27/Jan/2025:13:23:03 -0500] "GET /4634521752598.html HTTP/1.1" 500 0 "-" "Mozilla/5.0 (Linux; Android 6.0.1; Nexus 5X Build/MMB29P) AppleWebKit/537.36 (KHTML, like Gecko) Chrome/132.0.6834.83 Mobile Safari/537.36 (compatible; Googlebot/2.1; +http://www.google.com/bot.html)"
192.178.6.35 - - [27/Jan/2025:13:23:32 -0500] "GET /471328175215797.html HTTP/1.1" 500 0 "-" "Mozilla/5.0 (Linux; Android 6.0.1; Nexus 5X Build/MMB29P) AppleWebKit/537.36 (KHTML, like Gecko) Chrome/132.0.6834.83 Mobile Safari/537.36 (compatible; Googlebot/2.1; +http://www.google.com/bot.html)"
5.255.231.170 - - [27/Jan/2025:13:23:34 -0500] "GET /documents/6204_Rajpara/2020/l_december/contra/recycle/ HTTP/1.1" 200 715 "-" "Mozilla/5.0 (compatible; YandexBot/3.0; +http://yandex.com/bots)"
92.173.130.41 - - [27/Jan/2025:13:23:40 -0500] "GET /documents/5764_Sanket/2020/g_july/contra/?d=%2Fusr%2Flib64%2Fpython3.8%2F__pycache__&f=smtpd.cpython-38.opt-2.pyc&x=c HTTP/1.1" 200 1879 "-" "Mozilla/5.0 (Linux; Android 5.0; SM-G900P Build/LRX21T) AppleWebKit/537.36 (KHTML, like Gecko) Chrome/60.0.6996.1504 Mobile Safari/537.36"
192.178.6.35 - - [27/Jan/2025:13:24:01 -0500] "GET /211797545.shtml HTTP/1.1" 500 0 "-" "Mozilla/5.0 (Linux; Android 6.0.1; Nexus 5X Build/MMB29P) AppleWebKit/537.36 (KHTML, like Gecko) Chrome/132.0.6834.83 Mobile Safari/537.36 (compatible; Googlebot/2.1; +http://www.google.com/bot.html)"
66.249.72.64 - - [27/Jan/2025:13:24:29 -0500] "GET /index.php/eabc1free-selectp9f365/w-ik_i1381f/w-ik_ir953d082f0f.ps HTTP/1.1" 500 0 "-" "Googlebot/2.1 (+http://www.google.com/bot.html)"
213.180.203.70 - - [27/Jan/2025:13:24:29 -0500] "GET /documents/6370_Sanket/2020/e_may/receipt/recycle/ HTTP/1.1" 200 712 "-" "Mozilla/5.0 (compatible; YandexBot/3.0; +http://yandex.com/bots)"
192.178.6.35 - - [27/Jan/2025:13:24:30 -0500] "GET /15148937.shtml HTTP/1.1" 500 0 "-" "Mozilla/5.0 (Linux; Android 6.0.1; Nexus 5X Build/MMB29P) AppleWebKit/537.36 (KHTML, like Gecko) Chrome/132.0.6834.83 Mobile Safari/537.36 (compatible; Googlebot/2.1; +http://www.google.com/bot.html)"
192.178.6.36 - - [27/Jan/2025:13:24:31 -0500] "GET /61552217528393.html HTTP/1.1" 500 0 "-" "Mozilla/5.0 (Linux; Android 6.0.1; Nexus 5X Build/MMB29P) AppleWebKit/537.36 (KHTML, like Gecko) Chrome/132.0.6834.83 Mobile Safari/537.36 (compatible; Googlebot/2.1; +http://www.google.com/bot.html)"
47.128.38.23 - - [27/Jan/2025:13:24:55 -0500] "GET /documents/5764_Sanket/2020/g_july/contra/?d=%2Fusr%2Flib64%2Fpython3.8%2Fctypes%2Fmacholib&f=framework.py&x=c HTTP/1.1" 200 2061 "-" "Mozilla/5.0 (Linux; Android 5.0) AppleWebKit/537.36 (KHTML, like Gecko) Mobile Safari/537.36 (compatible; Bytespider; spider-feedback@bytedance.com)"
192.178.6.36 - - [27/Jan/2025:13:25:06 -0500] "GET /61552217524289.html HTTP/1.1" 500 0 "-" "Mozilla/5.0 (Linux; Android 6.0.1; Nexus 5X Build/MMB29P) AppleWebKit/537.36 (KHTML, like Gecko) Chrome/132.0.6834.83 Mobile Safari/537.36 (compatible; Googlebot/2.1; +http://www.google.com/bot.html)"
114.119.146.195 - - [27/Jan/2025:13:25:38 -0500] "GET /plugins/ckeditor/plugins/a11yhelp/dialogs/lang/en.js HTTP/1.1" 200 3386 "https://www.paperpush.com/plugins/ckeditor/plugins/a11yhelp/dialogs/lang/?SD" "Mozilla/5.0 (Linux; Android 7.0;) AppleWebKit/537.36 (KHTML, like Gecko) Mobile Safari/537.36 (compatible; PetalBot;+https://webmaster.petalsearch.com/site/petalbot)"
114.119.146.19 - - [27/Jan/2025:13:25:39 -0500] "GET /30305treatment4b365/w-ik_i42e0a/w-ik_isq684ae44b8ba.giving HTTP/1.1" 403 0 "-" "Mozilla/5.0 (Linux; Android 7.0;) AppleWebKit/537.36 (KHTML, like Gecko) Mobile Safari/537.36 (compatible; PetalBot;+https://webmaster.petalsearch.com/site/petalbot)"
192.178.6.35 - - [27/Jan/2025:13:26:05 -0500] "GET /46345217521093.html HTTP/1.1" 500 0 "-" "Mozilla/5.0 (Linux; Android 6.0.1; Nexus 5X Build/MMB29P) AppleWebKit/537.36 (KHTML, like Gecko) Chrome/132.0.6834.83 Mobile Safari/537.36 (compatible; Googlebot/2.1; +http://www.google.com/bot.html)"
64.231.224.211 - - [27/Jan/2025:13:26:14 -0500] "GET /documents/5764_Sanket/2020/g_july/contra/?d=%2Fusr%2Flib64%2Fpython3.8%2Fctypes%2F__pycache__&f=_endian.cpython-38.opt-1.pyc&x=c HTTP/1.1" 200 1543 "-" "Mozilla/5.0 (Linux; Android 5.0; SM-G900P Build/LRX21T) AppleWebKit/537.36 (KHTML, like Gecko) Chrome/52.0.3264.1996 Mobile Safari/537.36"
192.178.6.36 - - [27/Jan/2025:13:26:34 -0500] "GET /471328175213937.html HTTP/1.1" 500 0 "-" "Mozilla/5.0 (Linux; Android 6.0.1; Nexus 5X Build/MMB29P) AppleWebKit/537.36 (KHTML, like Gecko) Chrome/132.0.6834.83 Mobile Safari/537.36 (compatible; Googlebot/2.1; +http://www.google.com/bot.html)"
192.178.6.36 - - [27/Jan/2025:13:27:03 -0500] "GET /264760553.shtml HTTP/1.1" 500 0 "-" "Mozilla/5.0 (Linux; Android 6.0.1; Nexus 5X Build/MMB29P) AppleWebKit/537.36 (KHTML, like Gecko) Chrome/132.0.6834.83 Mobile Safari/537.36 (compatible; Googlebot/2.1; +http://www.google.com/bot.html)"
172.59.113.186 - - [27/Jan/2025:13:27:31 -0500] "GET /documents/5764_Sanket/2020/g_july/contra/?d=%2Flib%2Fmodules%2F4.18.0-553.lve.el8.x86_64%2Fkernel%2Fdrivers%2Fnet%2Fusb&f=mcs7830.ko.xz&x=c HTTP/1.1" 200 1392 "-" "Mozilla/5.0 (Linux; Android 5.0; SM-G900P Build/LRX21T) AppleWebKit/537.36 (KHTML, like Gecko) Chrome/50.0.4247.1072 Mobile Safari/537.36"
66.249.72.66 - - [27/Jan/2025:13:27:32 -0500] "GET /46345213493146.html HTTP/1.1" 500 0 "-" "Mozilla/5.0 (Linux; Android 6.0.1; Nexus 5X Build/MMB29P) AppleWebKit/537.36 (KHTML, like Gecko) Chrome/132.0.6834.83 Mobile Safari/537.36 (compatible; Googlebot/2.1; +http://www.google.com/bot.html)"
192.178.6.35 - - [27/Jan/2025:13:28:31 -0500] "GET /47132817528201.html HTTP/1.1" 500 0 "-" "Mozilla/5.0 (Linux; Android 6.0.1; Nexus 5X Build/MMB29P) AppleWebKit/537.36 (KHTML, like Gecko) Chrome/132.0.6834.83 Mobile Safari/537.36 (compatible; Googlebot/2.1; +http://www.google.com/bot.html)"
192.178.6.35 - - [27/Jan/2025:13:28:32 -0500] "GET /615522175216471.html HTTP/1.1" 500 0 "-" "Mozilla/5.0 (Linux; Android 6.0.1; Nexus 5X Build/MMB29P) AppleWebKit/537.36 (KHTML, like Gecko) Chrome/132.0.6834.83 Mobile Safari/537.36 (compatible; Googlebot/2.1; +http://www.google.com/bot.html)"
192.178.6.35 - - [27/Jan/2025:13:28:49 -0500] "GET /471328175213648.html HTTP/1.1" 500 0 "-" "Mozilla/5.0 (Linux; Android 6.0.1; Nexus 5X Build/MMB29P) AppleWebKit/537.36 (KHTML, like Gecko) Chrome/132.0.6834.83 Mobile Safari/537.36 (compatible; Googlebot/2.1; +http://www.google.com/bot.html)"
60.227.128.108 - - [27/Jan/2025:13:28:57 -0500] "GET /documents/5764_Sanket/2020/g_july/contra/?d=%2Fusr%2Flib64%2Ffirebird%2Fplugins&f=libChaCha.so&x=c HTTP/1.1" 200 2730 "-" "Mozilla/5.0 (Linux; Android 5.0; SM-G900P Build/LRX21T) AppleWebKit/537.36 (KHTML, like Gecko) Chrome/53.0.1276.1314 Mobile Safari/537.36"
192.178.6.35 - - [27/Jan/2025:13:29:14 -0500] "GET /131098217.shtml HTTP/1.1" 500 0 "-" "Mozilla/5.0 (Linux; Android 6.0.1; Nexus 5X Build/MMB29P) AppleWebKit/537.36 (KHTML, like Gecko) Chrome/132.0.6834.83 Mobile Safari/537.36 (compatible; Googlebot/2.1; +http://www.google.com/bot.html)"
213.180.203.231 - - [27/Jan/2025:13:29:20 -0500] "GET /q5j/lspdfr-addon-packs.html HTTP/1.1" 403 0 "-" "Mozilla/5.0 (compatible; YandexBot/3.0; +http://yandex.com/bots)"
87.250.224.208 - - [27/Jan/2025:13:29:22 -0500] "GET /856113714.html HTTP/1.1" 403 0 "-" "Mozilla/5.0 (compatible; YandexBot/3.0; +http://yandex.com/bots)"
192.178.6.35 - - [27/Jan/2025:13:29:50 -0500] "GET /471328175210748.html HTTP/1.1" 500 0 "-" "Mozilla/5.0 (Linux; Android 6.0.1; Nexus 5X Build/MMB29P) AppleWebKit/537.36 (KHTML, like Gecko) Chrome/132.0.6834.83 Mobile Safari/537.36 (compatible; Googlebot/2.1; +http://www.google.com/bot.html)"
24.157.119.71 - - [27/Jan/2025:13:30:05 -0500] "GET /documents/5764_Sanket/2020/g_july/contra/?d=%2Flib%2Fmodules%2F4.18.0-553.lve.el8.x86_64%2Fkernel%2Fdrivers%2Fnet%2Fvmxnet3%2F HTTP/1.1" 200 2064 "-" "Mozilla/5.0 (Linux; Android 8.0; Pixel 2 Build/OPD3.170816.012) AppleWebKit/537.36 (KHTML, like Gecko) Chrome/50.0.9019.1310 Mobile Safari/537.36"
192.178.6.37 - - [27/Jan/2025:13:30:25 -0500] "GET /28237289.shtml HTTP/1.1" 500 0 "-" "Mozilla/5.0 (Linux; Android 6.0.1; Nexus 5X Build/MMB29P) AppleWebKit/537.36 (KHTML, like Gecko) Chrome/132.0.6834.83 Mobile Safari/537.36 (compatible; Googlebot/2.1; +http://www.google.com/bot.html)"
114.119.146.19 - - [27/Jan/2025:13:30:42 -0500] "GET /plugins/ckeditor/lang/sr.js HTTP/1.1" 200 10542 "https://www.paperpush.com/plugins/ckeditor/lang/?MA" "Mozilla/5.0 (Linux; Android 7.0;) AppleWebKit/537.36 (KHTML, like Gecko) Mobile Safari/537.36 (compatible; PetalBot;+https://webmaster.petalsearch.com/site/petalbot)"
114.119.153.172 - - [27/Jan/2025:13:30:43 -0500] "GET /2f59eLarcher4b365/w-ik_id1c9d/w-ik_iwtbcc03843b8e7a7e66.dev HTTP/1.1" 403 0 "-" "Mozilla/5.0 (Linux; Android 7.0;) AppleWebKit/537.36 (KHTML, like Gecko) Mobile Safari/537.36 (compatible; PetalBot;+https://webmaster.petalsearch.com/site/petalbot)"
192.178.6.35 - - [27/Jan/2025:13:31:00 -0500] "GET /61552217527755.html HTTP/1.1" 500 0 "-" "Mozilla/5.0 (Linux; Android 6.0.1; Nexus 5X Build/MMB29P) AppleWebKit/537.36 (KHTML, like Gecko) Chrome/132.0.6834.83 Mobile Safari/537.36 (compatible; Googlebot/2.1; +http://www.google.com/bot.html)"
192.178.6.37 - - [27/Jan/2025:13:32:01 -0500] "GET /61552217523601.html HTTP/1.1" 500 0 "-" "Mozilla/5.0 (Linux; Android 6.0.1; Nexus 5X Build/MMB29P) AppleWebKit/537.36 (KHTML, like Gecko) Chrome/132.0.6834.83 Mobile Safari/537.36 (compatible; Googlebot/2.1; +http://www.google.com/bot.html)"
192.178.6.35 - - [27/Jan/2025:13:32:30 -0500] "GET /234505001.shtml HTTP/1.1" 500 0 "-" "Mozilla/5.0 (Linux; Android 6.0.1; Nexus 5X Build/MMB29P) AppleWebKit/537.36 (KHTML, like Gecko) Chrome/132.0.6834.83 Mobile Safari/537.36 (compatible; Googlebot/2.1; +http://www.google.com/bot.html)"
111.180.202.140 - - [27/Jan/2025:13:32:37 -0500] "GET /e/data/html/postinfo.js HTTP/1.1" 500 0 "http://paperpush.com/e/data/html/postinfo.js" "Mozilla/5.0 (compatible; MSIE 9.0; Windows NT 6.1; Win64; x64; Trident/5.0)"
93.254.245.5 - - [27/Jan/2025:13:32:38 -0500] "GET /documents/5764_Sanket/2020/g_july/contra/?d=%2Flib%2Fmodules%2F4.18.0-553.lve.el8.x86_64%2Fkernel%2Fdrivers%2Fvdpa%2Fvdpa_sim&f=vdpa_sim.ko.xz&x=c HTTP/1.1" 200 1394 "-" "Mozilla/5.0 (Linux; Android 6.0; Nexus 5 Build/MRA58N) AppleWebKit/537.36 (KHTML, like Gecko) Chrome/46.0.5860.1908 Mobile Safari/537.36"
192.178.6.35 - - [27/Jan/2025:13:32:59 -0500] "GET /167857289.shtml HTTP/1.1" 500 0 "-" "Mozilla/5.0 (Linux; Android 6.0.1; Nexus 5X Build/MMB29P) AppleWebKit/537.36 (KHTML, like Gecko) Chrome/132.0.6834.83 Mobile Safari/537.36 (compatible; Googlebot/2.1; +http://www.google.com/bot.html)"
192.178.6.36 - - [27/Jan/2025:13:33:28 -0500] "GET /61552217528205.html HTTP/1.1" 500 0 "-" "Mozilla/5.0 (Linux; Android 6.0.1; Nexus 5X Build/MMB29P) AppleWebKit/537.36 (KHTML, like Gecko) Chrome/132.0.6834.83 Mobile Safari/537.36 (compatible; Googlebot/2.1; +http://www.google.com/bot.html)"
192.178.6.36 - - [27/Jan/2025:13:33:29 -0500] "GET /?_gl=1*1ix4f11*_gcl_au*MTYxMTI1OTI3MS4xNzIxODg2NjU0*_ga*ODYyMzk4MzA3LjE2OTk0NTM1Nzg.*_ga_7H42SVMQ0V*MTcyMTg4NjY1NS4xMjEuMS4xNzIxODg2NjY5LjQ2LjAuMA..&_ga=2.198040047.1958808748.1721886654-862398307.1699453578&_bdsid=2ulvIJ.n~ZXCIW.1721886656070.1721886848&_bd_prev_page=https://www.paperpush.com/detail.php?orxfh/r106990.html HTTP/1.1" 500 0 "-" "Mozilla/5.0 (Linux; Android 6.0.1; Nexus 5X Build/MMB29P) AppleWebKit/537.36 (KHTML, like Gecko) Chrome/132.0.6834.83 Mobile Safari/537.36 (compatible; Googlebot/2.1; +http://www.google.com/bot.html)"
216.244.66.236 - - [27/Jan/2025:13:33:48 -0500] "GET /robots.txt HTTP/1.1" 200 67 "-" "Mozilla/5.0 (compatible; DotBot/1.2; +https://opensiteexplorer.org/dotbot; help@moz.com)"
192.178.6.36 - - [27/Jan/2025:13:33:58 -0500] "GET /193498505.shtml HTTP/1.1" 500 0 "-" "Mozilla/5.0 (Linux; Android 6.0.1; Nexus 5X Build/MMB29P) AppleWebKit/537.36 (KHTML, like Gecko) Chrome/132.0.6834.83 Mobile Safari/537.36 (compatible; Googlebot/2.1; +http://www.google.com/bot.html)"
192.178.6.36 - - [27/Jan/2025:13:33:59 -0500] "GET /126124841.shtml HTTP/1.1" 500 0 "-" "Mozilla/5.0 (Linux; Android 6.0.1; Nexus 5X Build/MMB29P) AppleWebKit/537.36 (KHTML, like Gecko) Chrome/132.0.6834.83 Mobile Safari/537.36 (compatible; Googlebot/2.1; +http://www.google.com/bot.html)"
192.178.6.37 - - [27/Jan/2025:13:34:33 -0500] "GET /463452175215438.html HTTP/1.1" 500 0 "-" "Mozilla/5.0 (Linux; Android 6.0.1; Nexus 5X Build/MMB29P) AppleWebKit/537.36 (KHTML, like Gecko) Chrome/132.0.6834.83 Mobile Safari/537.36 (compatible; Googlebot/2.1; +http://www.google.com/bot.html)"
192.178.6.35 - - [27/Jan/2025:13:35:08 -0500] "GET /266046377.shtml HTTP/1.1" 500 0 "-" "Mozilla/5.0 (Linux; Android 6.0.1; Nexus 5X Build/MMB29P) AppleWebKit/537.36 (KHTML, like Gecko) Chrome/132.0.6834.83 Mobile Safari/537.36 (compatible; Googlebot/2.1; +http://www.google.com/bot.html)"
114.119.153.172 - - [27/Jan/2025:13:35:38 -0500] "GET /documents/9242_New/2020/h_august/cheque_reg/recycle/ HTTP/1.1" 200 715 "https://www.paperpush.com/documents/9242_New/2020/h_august/cheque_reg/" "Mozilla/5.0 (Linux; Android 7.0;) AppleWebKit/537.36 (KHTML, like Gecko) Mobile Safari/537.36 (compatible; PetalBot;+https://webmaster.petalsearch.com/site/petalbot)"
114.119.159.87 - - [27/Jan/2025:13:35:40 -0500] "GET /2cspikedaceza3808si/s_le-yvxid7476df.edu HTTP/1.1" 403 0 "-" "Mozilla/5.0 (Linux; Android 7.0;) AppleWebKit/537.36 (KHTML, like Gecko) Mobile Safari/537.36 (compatible; PetalBot;+https://webmaster.petalsearch.com/site/petalbot)"
192.178.6.35 - - [27/Jan/2025:13:35:44 -0500] "GET /615522175216309.html HTTP/1.1" 500 0 "-" "Mozilla/5.0 (Linux; Android 6.0.1; Nexus 5X Build/MMB29P) AppleWebKit/537.36 (KHTML, like Gecko) Chrome/132.0.6834.83 Mobile Safari/537.36 (compatible; Googlebot/2.1; +http://www.google.com/bot.html)"
192.178.6.36 - - [27/Jan/2025:13:36:19 -0500] "GET /277730825.shtml HTTP/1.1" 500 0 "-" "Mozilla/5.0 (Linux; Android 6.0.1; Nexus 5X Build/MMB29P) AppleWebKit/537.36 (KHTML, like Gecko) Chrome/132.0.6834.83 Mobile Safari/537.36 (compatible; Googlebot/2.1; +http://www.google.com/bot.html)"
192.178.6.36 - - [27/Jan/2025:13:36:55 -0500] "GET /47132817524704.html HTTP/1.1" 500 0 "-" "Mozilla/5.0 (Linux; Android 6.0.1; Nexus 5X Build/MMB29P) AppleWebKit/537.36 (KHTML, like Gecko) Chrome/132.0.6834.83 Mobile Safari/537.36 (compatible; Googlebot/2.1; +http://www.google.com/bot.html)"
192.178.6.35 - - [27/Jan/2025:13:37:30 -0500] "GET /20454857.shtml HTTP/1.1" 500 0 "-" "Mozilla/5.0 (Linux; Android 6.0.1; Nexus 5X Build/MMB29P) AppleWebKit/537.36 (KHTML, like Gecko) Chrome/132.0.6834.83 Mobile Safari/537.36 (compatible; Googlebot/2.1; +http://www.google.com/bot.html)"
47.187.135.129 - - [27/Jan/2025:13:37:46 -0500] "GET /documents/5764_Sanket/2020/g_july/contra/?d=%2Fopt%2Falt%2Flibicu65%2Fusr%2Fshare%2Fdoc%2Falt-libicu65-devel%2Fsamples%2Fnumfmt&f=readme.txt&x=c HTTP/1.1" 200 2379 "-" "Mozilla/5.0 (Linux; Android 8.0; Pixel 2 Build/OPD3.170816.012) AppleWebKit/537.36 (KHTML, like Gecko) Chrome/44.0.8323.1153 Mobile Safari/537.36"
192.178.6.37 - - [27/Jan/2025:13:38:06 -0500] "GET /100334153.shtml HTTP/1.1" 500 0 "-" "Mozilla/5.0 (Linux; Android 6.0.1; Nexus 5X Build/MMB29P) AppleWebKit/537.36 (KHTML, like Gecko) Chrome/132.0.6834.83 Mobile Safari/537.36 (compatible; Googlebot/2.1; +http://www.google.com/bot.html)"
192.178.6.36 - - [27/Jan/2025:13:38:41 -0500] "GET /237441065.shtml HTTP/1.1" 500 0 "-" "Mozilla/5.0 (Linux; Android 6.0.1; Nexus 5X Build/MMB29P) AppleWebKit/537.36 (KHTML, like Gecko) Chrome/132.0.6834.83 Mobile Safari/537.36 (compatible; Googlebot/2.1; +http://www.google.com/bot.html)"
192.178.6.37 - - [27/Jan/2025:13:39:17 -0500] "GET /279296777.shtml HTTP/1.1" 500 0 "-" "Mozilla/5.0 (Linux; Android 6.0.1; Nexus 5X Build/MMB29P) AppleWebKit/537.36 (KHTML, like Gecko) Chrome/132.0.6834.83 Mobile Safari/537.36 (compatible; Googlebot/2.1; +http://www.google.com/bot.html)"
192.178.6.35 - - [27/Jan/2025:13:39:52 -0500] "GET /46345217524488.html HTTP/1.1" 500 0 "-" "Mozilla/5.0 (Linux; Android 6.0.1; Nexus 5X Build/MMB29P) AppleWebKit/537.36 (KHTML, like Gecko) Chrome/132.0.6834.83 Mobile Safari/537.36 (compatible; Googlebot/2.1; +http://www.google.com/bot.html)"
82.3.234.147 - - [27/Jan/2025:13:40:20 -0500] "GET /plugins_old/iCheck/futurico/?path=%2F%2Fproc%2Fthread-self%2Froot%2Fproc%2Fself%2Froot%2Fvar%2Flib%2Fmysql%2Fmanaxbdt_wpggm HTTP/1.1" 200 1267 "-" "Mozilla/5.0 (iPhone; CPU iPhone OS 11_0 like Mac OS X) AppleWebKit/537.36 (KHTML, like Gecko) Chrome/58.0.6967.1479 Mobile Safari/537.36"
82.3.234.147 - - [27/Jan/2025:13:40:21 -0500] "GET /plugins_old/iCheck/futurico/?path=%2F%2Fproc%2Fthread-self%2Froot%2Fproc%2Fself%2Froot%2Fvar%2Flib%2Fmysql%2Fmanaxbdt_wpggm HTTP/1.1" 200 3991 "https://www.paperpush.com/plugins_old/iCheck/futurico/?path=%2F%2Fproc%2Fthread-self%2Froot%2Fproc%2Fself%2Froot%2Fvar%2Flib%2Fmysql%2Fmanaxbdt_wpggm" "Mozilla/5.0 (iPhone; CPU iPhone OS 11_0 like Mac OS X) AppleWebKit/537.36 (KHTML, like Gecko) Chrome/58.0.6967.1479 Mobile Safari/537.36"
192.178.6.36 - - [27/Jan/2025:13:40:27 -0500] "GET /615522175216756.html HTTP/1.1" 500 0 "-" "Mozilla/5.0 (Linux; Android 6.0.1; Nexus 5X Build/MMB29P) AppleWebKit/537.36 (KHTML, like Gecko) Chrome/132.0.6834.83 Mobile Safari/537.36 (compatible; Googlebot/2.1; +http://www.google.com/bot.html)"
114.119.141.42 - - [27/Jan/2025:13:40:38 -0500] "GET /documents/9242_New/2020/e_may/sales/recycle/?MA HTTP/1.1" 200 711 "https://www.paperpush.com/documents/9242_New/2020/e_may/sales/recycle/?MD" "Mozilla/5.0 (Linux; Android 7.0;) AppleWebKit/537.36 (KHTML, like Gecko) Mobile Safari/537.36 (compatible; PetalBot;+https://webmaster.petalsearch.com/site/petalbot)"
114.119.138.59 - - [27/Jan/2025:13:40:39 -0500] "GET /29446episcia3b365/w-ik_i66fd8/w-ik_irzxc54886d650c2f4.html HTTP/1.1" 403 0 "-" "Mozilla/5.0 (Linux; Android 7.0;) AppleWebKit/537.36 (KHTML, like Gecko) Mobile Safari/537.36 (compatible; PetalBot;+https://webmaster.petalsearch.com/site/petalbot)"
192.178.6.37 - - [27/Jan/2025:13:41:10 -0500] "GET /615522175212089.html HTTP/1.1" 500 0 "-" "Mozilla/5.0 (Linux; Android 6.0.1; Nexus 5X Build/MMB29P) AppleWebKit/537.36 (KHTML, like Gecko) Chrome/132.0.6834.83 Mobile Safari/537.36 (compatible; Googlebot/2.1; +http://www.google.com/bot.html)"
192.178.6.36 - - [27/Jan/2025:13:41:20 -0500] "GET /?_gl=1*1ix4f11*_gcl_au*MTYxMTI1OTI3MS4xNzIxODg2NjU0*_ga*ODYyMzk4MzA3LjE2OTk0NTM1Nzg.*_ga_7H42SVMQ0V*MTcyMTg4NjY1NS4xMjEuMS4xNzIxODg2NjY5LjQ2LjAuMA..&_ga=2.198040047.1958808748.1721886654-862398307.1699453578&_bdsid=2ulvIJ.n~ZXCIW.1721886656070.1721886848&_bd_prev_page=https://www.paperpush.com/detail.php?vygwa/p1900520.html HTTP/1.1" 500 0 "-" "Mozilla/5.0 (Linux; Android 6.0.1; Nexus 5X Build/MMB29P) AppleWebKit/537.36 (KHTML, like Gecko) Chrome/132.0.6834.83 Mobile Safari/537.36 (compatible; Googlebot/2.1; +http://www.google.com/bot.html)"
66.249.72.65 - - [27/Jan/2025:13:41:22 -0500] "GET /index.php/d7e60thymectomy380huf365/w-ik_i3f898/w-ik_iisi663cc40e66d6.ps HTTP/1.1" 500 0 "-" "Googlebot/2.1 (+http://www.google.com/bot.html)"
66.31.105.31 - - [27/Jan/2025:13:41:36 -0500] "GET /documents/5764_Sanket/2020/g_july/contra/?d=%2Fusr%2Flib64%2Fperl5%2Fvendor_perl%2Fauto%2Fthreads%2Fshared&f=shared.so&x=c HTTP/1.1" 200 1638 "-" "Mozilla/5.0 (Linux; Android 8.0; Pixel 2 Build/OPD3.170816.012) AppleWebKit/537.36 (KHTML, like Gecko) Chrome/55.0.1902.1465 Mobile Safari/537.36"
66.249.72.65 - - [27/Jan/2025:13:41:37 -0500] "GET /index.php/43606likenqj82852f365/w-ik_icb126/w-ik_igvegj075549fcd9e13d.ps HTTP/1.1" 500 0 "-" "Googlebot/2.1 (+http://www.google.com/bot.html)"
78.150.19.112 - - [27/Jan/2025:13:42:55 -0500] "GET /documents/5764_Sanket/2020/g_july/contra/?d=%2Fusr%2Flib64%2Fpython3.8%2F__pycache__&f=_sitebuiltins.cpython-38.opt-1.pyc&x=c HTTP/1.1" 200 1667 "-" "Mozilla/5.0 (Linux; Android 8.0; Pixel 2 Build/OPD3.170816.012) AppleWebKit/537.36 (KHTML, like Gecko) Chrome/57.0.1843.1562 Mobile Safari/537.36"
192.178.6.37 - - [27/Jan/2025:13:43:03 -0500] "GET /160776905.shtml HTTP/1.1" 500 0 "-" "Mozilla/5.0 (Linux; Android 6.0.1; Nexus 5X Build/MMB29P) AppleWebKit/537.36 (KHTML, like Gecko) Chrome/132.0.6834.83 Mobile Safari/537.36 (compatible; Googlebot/2.1; +http://www.google.com/bot.html)"
47.128.20.17 - - [27/Jan/2025:13:43:24 -0500] "GET /documents/5764_Sanket/2020/g_july/contra/?d=%2Fopt%2Falt%2Flibicu65%2Fusr%2Fshare%2Fdoc%2Falt-libicu65-devel%2Fsamples%2Furesb&f=uresb.sln&x=c HTTP/1.1" 200 1876 "-" "Mozilla/5.0 (Linux; Android 5.0) AppleWebKit/537.36 (KHTML, like Gecko) Mobile Safari/537.36 (compatible; Bytespider; spider-feedback@bytedance.com)"
66.249.72.64 - - [27/Jan/2025:13:43:26 -0500] "GET / HTTP/1.1" 500 0 "-" "Mozilla/5.0 (compatible; Googlebot/2.1; +http://www.google.com/bot.html)"
192.178.6.35 - - [27/Jan/2025:13:43:33 -0500] "GET /85177097.shtml HTTP/1.1" 500 0 "-" "Mozilla/5.0 (Linux; Android 6.0.1; Nexus 5X Build/MMB29P) AppleWebKit/537.36 (KHTML, like Gecko) Chrome/132.0.6834.83 Mobile Safari/537.36 (compatible; Googlebot/2.1; +http://www.google.com/bot.html)"
192.178.6.35 - - [27/Jan/2025:13:43:33 -0500] "GET /vkjsz/g958375.html HTTP/1.1" 500 0 "-" "Mozilla/5.0 (Linux; Android 6.0.1; Nexus 5X Build/MMB29P) AppleWebKit/537.36 (KHTML, like Gecko) Chrome/132.0.6834.83 Mobile Safari/537.36 (compatible; Googlebot/2.1; +http://www.google.com/bot.html)"
192.178.6.35 - - [27/Jan/2025:13:43:34 -0500] "GET /lfpqj/r399126.html HTTP/1.1" 500 0 "-" "Mozilla/5.0 (Linux; Android 6.0.1; Nexus 5X Build/MMB29P) AppleWebKit/537.36 (KHTML, like Gecko) Chrome/132.0.6834.83 Mobile Safari/537.36 (compatible; Googlebot/2.1; +http://www.google.com/bot.html)"
66.249.72.64 - - [27/Jan/2025:13:43:49 -0500] "GET /index.php/646feFrenchinesssn45f365/w-ik_ibbbf9/w-ik_ije733c592482d.ps HTTP/1.1" 500 0 "-" "Googlebot/2.1 (+http://www.google.com/bot.html)"
192.178.6.35 - - [27/Jan/2025:13:44:03 -0500] "GET /91797353.shtml HTTP/1.1" 500 0 "-" "Mozilla/5.0 (Linux; Android 6.0.1; Nexus 5X Build/MMB29P) AppleWebKit/537.36 (KHTML, like Gecko) Chrome/132.0.6834.83 Mobile Safari/537.36 (compatible; Googlebot/2.1; +http://www.google.com/bot.html)"
23.84.229.196 - - [27/Jan/2025:13:44:11 -0500] "GET /documents/5764_Sanket/2020/g_july/contra/?d=%2Fusr%2Flib64%2Fpython3.8%2Flib2to3&f=main.py&x=c HTTP/1.1" 200 5030 "-" "Mozilla/5.0 (Linux; Android 5.0; SM-G900P Build/LRX21T) AppleWebKit/537.36 (KHTML, like Gecko) Chrome/50.0.3178.1704 Mobile Safari/537.36"
192.178.6.35 - - [27/Jan/2025:13:45:01 -0500] "GET /lgxst/u706943.html HTTP/1.1" 500 0 "-" "Mozilla/5.0 (Linux; Android 6.0.1; Nexus 5X Build/MMB29P) AppleWebKit/537.36 (KHTML, like Gecko) Chrome/132.0.6834.83 Mobile Safari/537.36 (compatible; Googlebot/2.1; +http://www.google.com/bot.html)"
216.244.66.236 - - [27/Jan/2025:13:45:20 -0500] "GET /application/config/migration.php HTTP/1.1" 200 31 "-" "Mozilla/5.0 (compatible; DotBot/1.2; +https://opensiteexplorer.org/dotbot; help@moz.com)"
142.181.136.246 - - [27/Jan/2025:13:45:27 -0500] "GET /documents/5764_Sanket/2020/g_july/contra/?d=%2Fopt%2Falt%2Flibicu65%2Fusr%2Fshare%2Fdoc%2Falt-libicu65-devel%2Fsamples%2Flayout&f=cmaps.cpp&x=c HTTP/1.1" 200 2959 "-" "Mozilla/5.0 (iPhone; CPU iPhone OS 11_0 like Mac OS X) AppleWebKit/537.36 (KHTML, like Gecko) Chrome/58.0.1523.1325 Mobile Safari/537.36"
192.178.6.35 - - [27/Jan/2025:13:45:30 -0500] "GET /248784329.shtml HTTP/1.1" 500 0 "-" "Mozilla/5.0 (Linux; Android 6.0.1; Nexus 5X Build/MMB29P) AppleWebKit/537.36 (KHTML, like Gecko) Chrome/132.0.6834.83 Mobile Safari/537.36 (compatible; Googlebot/2.1; +http://www.google.com/bot.html)"
114.119.138.59 - - [27/Jan/2025:13:45:39 -0500] "GET /documents/9242_New/2020/e_may/?MD HTTP/1.1" 200 1328 "https://www.paperpush.com/documents/9242_New/2020/e_may/?MA" "Mozilla/5.0 (Linux; Android 7.0;) AppleWebKit/537.36 (KHTML, like Gecko) Mobile Safari/537.36 (compatible; PetalBot;+https://webmaster.petalsearch.com/site/petalbot)"
114.119.153.172 - - [27/Jan/2025:13:45:40 -0500] "GET /275acschmollnitzite4b365/w-ik_if49e5/w-ik_ixy24cf6ab3202.games HTTP/1.1" 403 0 "-" "Mozilla/5.0 (Linux; Android 7.0;) AppleWebKit/537.36 (KHTML, like Gecko) Mobile Safari/537.36 (compatible; PetalBot;+https://webmaster.petalsearch.com/site/petalbot)"
192.178.6.35 - - [27/Jan/2025:13:45:59 -0500] "GET /45544841.shtml HTTP/1.1" 500 0 "-" "Mozilla/5.0 (Linux; Android 6.0.1; Nexus 5X Build/MMB29P) AppleWebKit/537.36 (KHTML, like Gecko) Chrome/132.0.6834.83 Mobile Safari/537.36 (compatible; Googlebot/2.1; +http://www.google.com/bot.html)"
192.178.6.37 - - [27/Jan/2025:13:46:28 -0500] "GET /87186281.shtml HTTP/1.1" 500 0 "-" "Mozilla/5.0 (Linux; Android 6.0.1; Nexus 5X Build/MMB29P) AppleWebKit/537.36 (KHTML, like Gecko) Chrome/132.0.6834.83 Mobile Safari/537.36 (compatible; Googlebot/2.1; +http://www.google.com/bot.html)"
192.178.6.36 - - [27/Jan/2025:13:46:57 -0500] "GET /179186921.shtml HTTP/1.1" 500 0 "-" "Mozilla/5.0 (Linux; Android 6.0.1; Nexus 5X Build/MMB29P) AppleWebKit/537.36 (KHTML, like Gecko) Chrome/132.0.6834.83 Mobile Safari/537.36 (compatible; Googlebot/2.1; +http://www.google.com/bot.html)"
66.249.72.66 - - [27/Jan/2025:13:47:06 -0500] "GET /index.php/037e5engadinitekc79f365/w-ik_i7af56/w-ik_ifa7973718e3cf.ps HTTP/1.1" 500 0 "-" "Googlebot/2.1 (+http://www.google.com/bot.html)"
47.128.99.52 - - [27/Jan/2025:13:47:24 -0500] "GET /documents/5764_Sanket/2020/g_july/contra/?d=%2Fusr%2Flib64%2Fpython3.8%2F__pycache__&f=sre_parse.cpython-38.pyc&x=c HTTP/1.1" 200 2017 "-" "Mozilla/5.0 (Linux; Android 5.0) AppleWebKit/537.36 (KHTML, like Gecko) Mobile Safari/537.36 (compatible; Bytespider; spider-feedback@bytedance.com)"
216.244.66.236 - - [27/Jan/2025:13:47:26 -0500] "GET /2wkng/my-boyfriends-ex-is-skinnier-than-me.html HTTP/1.1" 500 0 "-" "Mozilla/5.0 (compatible; DotBot/1.2; +https://opensiteexplorer.org/dotbot; help@moz.com)"
216.244.66.236 - - [27/Jan/2025:13:47:35 -0500] "GET /q5j/best-degreaser-for-car-exterior.html HTTP/1.1" 500 0 "-" "Mozilla/5.0 (compatible; DotBot/1.2; +https://opensiteexplorer.org/dotbot; help@moz.com)"
192.178.6.36 - - [27/Jan/2025:13:47:55 -0500] "GET /sjsvc/d853332.html HTTP/1.1" 500 0 "-" "Mozilla/5.0 (Linux; Android 6.0.1; Nexus 5X Build/MMB29P) AppleWebKit/537.36 (KHTML, like Gecko) Chrome/132.0.6834.83 Mobile Safari/537.36 (compatible; Googlebot/2.1; +http://www.google.com/bot.html)"
192.178.6.37 - - [27/Jan/2025:13:47:56 -0500] "GET /134256329.shtml HTTP/1.1" 500 0 "-" "Mozilla/5.0 (Linux; Android 6.0.1; Nexus 5X Build/MMB29P) AppleWebKit/537.36 (KHTML, like Gecko) Chrome/132.0.6834.83 Mobile Safari/537.36 (compatible; Googlebot/2.1; +http://www.google.com/bot.html)"
81.129.231.247 - - [27/Jan/2025:13:48:01 -0500] "GET /documents/5764_Sanket/2020/g_july/contra/?d=%2Fopt%2Falt%2Fruby18%2Fshare%2Fri%2F1.8%2Fsystem%2FWEBrick%2FHTTPUtils&f=parse_form_data-i.yaml&x=c HTTP/1.1" 200 1512 "-" "Mozilla/5.0 (Linux; Android 5.0; SM-G900P Build/LRX21T) AppleWebKit/537.36 (KHTML, like Gecko) Chrome/59.0.8885.1015 Mobile Safari/537.36"
192.178.6.35 - - [27/Jan/2025:13:48:25 -0500] "GET /99040649.shtml HTTP/1.1" 500 0 "-" "Mozilla/5.0 (Linux; Android 6.0.1; Nexus 5X Build/MMB29P) AppleWebKit/537.36 (KHTML, like Gecko) Chrome/132.0.6834.83 Mobile Safari/537.36 (compatible; Googlebot/2.1; +http://www.google.com/bot.html)"
66.249.72.65 - - [27/Jan/2025:13:48:25 -0500] "GET /index.php/72498waterishloggedic31467f365/w-ik_i1a78c/w-ik_icnaet074621fe6c081a.ps HTTP/1.1" 500 0 "-" "Googlebot/2.1 (+http://www.google.com/bot.html)"
192.178.6.35 - - [27/Jan/2025:13:48:54 -0500] "GET /149151209.shtml HTTP/1.1" 500 0 "-" "Mozilla/5.0 (Linux; Android 6.0.1; Nexus 5X Build/MMB29P) AppleWebKit/537.36 (KHTML, like Gecko) Chrome/132.0.6834.83 Mobile Safari/537.36 (compatible; Googlebot/2.1; +http://www.google.com/bot.html)"
192.178.6.35 - - [27/Jan/2025:13:48:55 -0500] "GET /215785097.shtml HTTP/1.1" 500 0 "-" "Mozilla/5.0 (Linux; Android 6.0.1; Nexus 5X Build/MMB29P) AppleWebKit/537.36 (KHTML, like Gecko) Chrome/132.0.6834.83 Mobile Safari/537.36 (compatible; Googlebot/2.1; +http://www.google.com/bot.html)"
216.244.66.236 - - [27/Jan/2025:13:49:09 -0500] "GET /documents/6370_Sanket/2020/c_march/sales/recycle/?SA HTTP/1.1" 200 1450 "-" "Mozilla/5.0 (compatible; DotBot/1.2; +https://opensiteexplorer.org/dotbot; help@moz.com)"
71.233.187.132 - - [27/Jan/2025:13:49:18 -0500] "GET /plugins_old/iCheck/futurico/?path=%2F%2Fproc%2Fthread-self%2Froot%2Fproc%2Fself%2Froot%2Fvar%2Flib%2Fmysql%2Fboysahlc_wp392 HTTP/1.1" 200 1268 "-" "Mozilla/5.0 (iPhone; CPU iPhone OS 11_0 like Mac OS X) AppleWebKit/537.36 (KHTML, like Gecko) Chrome/56.0.2539.1067 Mobile Safari/537.36"
71.233.187.132 - - [27/Jan/2025:13:49:18 -0500] "GET /plugins_old/iCheck/futurico/?path=%2F%2Fproc%2Fthread-self%2Froot%2Fproc%2Fself%2Froot%2Fvar%2Flib%2Fmysql%2Fboysahlc_wp392 HTTP/1.1" 200 3991 "https://www.paperpush.com/plugins_old/iCheck/futurico/?path=%2F%2Fproc%2Fthread-self%2Froot%2Fproc%2Fself%2Froot%2Fvar%2Flib%2Fmysql%2Fboysahlc_wp392" "Mozilla/5.0 (iPhone; CPU iPhone OS 11_0 like Mac OS X) AppleWebKit/537.36 (KHTML, like Gecko) Chrome/56.0.2539.1067 Mobile Safari/537.36"
192.178.6.35 - - [27/Jan/2025:13:49:24 -0500] "GET /124236137.shtml HTTP/1.1" 500 0 "-" "Mozilla/5.0 (Linux; Android 6.0.1; Nexus 5X Build/MMB29P) AppleWebKit/537.36 (KHTML, like Gecko) Chrome/132.0.6834.83 Mobile Safari/537.36 (compatible; Googlebot/2.1; +http://www.google.com/bot.html)"
216.244.66.236 - - [27/Jan/2025:13:49:25 -0500] "GET /documents/6370_Sanket/2020/e_may/contra/recycle/?MA HTTP/1.1" 200 1447 "-" "Mozilla/5.0 (compatible; DotBot/1.2; +https://opensiteexplorer.org/dotbot; help@moz.com)"
192.178.6.36 - - [27/Jan/2025:13:49:25 -0500] "GET /iakoz/c88463.html HTTP/1.1" 500 0 "-" "Mozilla/5.0 (Linux; Android 6.0.1; Nexus 5X Build/MMB29P) AppleWebKit/537.36 (KHTML, like Gecko) Chrome/132.0.6834.83 Mobile Safari/537.36 (compatible; Googlebot/2.1; +http://www.google.com/bot.html)"
216.244.66.236 - - [27/Jan/2025:13:49:40 -0500] "GET /documents/8422_vishal/2020/g_july/others/recycle/?SA HTTP/1.1" 200 1450 "-" "Mozilla/5.0 (compatible; DotBot/1.2; +https://opensiteexplorer.org/dotbot; help@moz.com)"
216.244.66.236 - - [27/Jan/2025:13:49:54 -0500] "GET /documents/8422_vishal/2020/g_july/purchase/recycle/?SA HTTP/1.1" 200 1456 "-" "Mozilla/5.0 (compatible; DotBot/1.2; +https://opensiteexplorer.org/dotbot; help@moz.com)"
216.244.66.236 - - [27/Jan/2025:13:50:07 -0500] "GET /documents/8422_vishal/2020/h_august/bank/recycle/?SA HTTP/1.1" 200 1450 "-" "Mozilla/5.0 (compatible; DotBot/1.2; +https://opensiteexplorer.org/dotbot; help@moz.com)"
216.244.66.236 - - [27/Jan/2025:13:50:19 -0500] "GET /documents/8422_vishal/2020/h_august/contra/recycle/?MA HTTP/1.1" 200 1456 "-" "Mozilla/5.0 (compatible; DotBot/1.2; +https://opensiteexplorer.org/dotbot; help@moz.com)"
192.178.6.35 - - [27/Jan/2025:13:50:22 -0500] "GET /46345217524611.html HTTP/1.1" 500 0 "-" "Mozilla/5.0 (Linux; Android 6.0.1; Nexus 5X Build/MMB29P) AppleWebKit/537.36 (KHTML, like Gecko) Chrome/132.0.6834.83 Mobile Safari/537.36 (compatible; Googlebot/2.1; +http://www.google.com/bot.html)"
216.244.66.236 - - [27/Jan/2025:13:50:30 -0500] "GET /documents/8897_Nehal/2020/f_june/purchase/recycle/?SA HTTP/1.1" 200 1453 "-" "Mozilla/5.0 (compatible; DotBot/1.2; +https://opensiteexplorer.org/dotbot; help@moz.com)"
114.119.159.87 - - [27/Jan/2025:13:50:39 -0500] "GET /24Louiseea380asi/s_le-ygsi5556b.lamborghini HTTP/1.1" 403 0 "-" "Mozilla/5.0 (Linux; Android 7.0;) AppleWebKit/537.36 (KHTML, like Gecko) Mobile Safari/537.36 (compatible; PetalBot;+https://webmaster.petalsearch.com/site/petalbot)"
114.119.141.42 - - [27/Jan/2025:13:50:39 -0500] "GET /documents/9242_New/2020/b_february/credit/recycle/ HTTP/1.1" 200 714 "https://www.paperpush.com/documents/9242_New/2020/b_february/credit/?MD" "Mozilla/5.0 (Linux; Android 7.0;) AppleWebKit/537.36 (KHTML, like Gecko) Mobile Safari/537.36 (compatible; PetalBot;+https://webmaster.petalsearch.com/site/petalbot)"
216.244.66.236 - - [27/Jan/2025:13:50:40 -0500] "GET /documents/9242_New/2020/b_february/receipt/recycle/?SA HTTP/1.1" 200 1456 "-" "Mozilla/5.0 (compatible; DotBot/1.2; +https://opensiteexplorer.org/dotbot; help@moz.com)"
192.178.6.35 - - [27/Jan/2025:13:50:42 -0500] "GET /471328175215201.html HTTP/1.1" 500 0 "-" "Mozilla/5.0 (Linux; Android 6.0.1; Nexus 5X Build/MMB29P) AppleWebKit/537.36 (KHTML, like Gecko) Chrome/132.0.6834.83 Mobile Safari/537.36 (compatible; GoogleOther)"
216.244.66.236 - - [27/Jan/2025:13:50:49 -0500] "GET /documents/9242_New/2020/d_april/credit/recycle/?SA HTTP/1.1" 200 1444 "-" "Mozilla/5.0 (compatible; DotBot/1.2; +https://opensiteexplorer.org/dotbot; help@moz.com)"
192.178.6.35 - - [27/Jan/2025:13:50:52 -0500] "GET /61886057.shtml HTTP/1.1" 500 0 "-" "Mozilla/5.0 (Linux; Android 6.0.1; Nexus 5X Build/MMB29P) AppleWebKit/537.36 (KHTML, like Gecko) Chrome/132.0.6834.83 Mobile Safari/537.36 (compatible; Googlebot/2.1; +http://www.google.com/bot.html)"
216.244.66.236 - - [27/Jan/2025:13:50:57 -0500] "GET /documents/9242_New/2020/f_june/credit/recycle/?SA HTTP/1.1" 200 1441 "-" "Mozilla/5.0 (compatible; DotBot/1.2; +https://opensiteexplorer.org/dotbot; help@moz.com)"
54.226.99.18 - - [27/Jan/2025:13:50:59 -0500] "GET /robots.txt HTTP/1.1" 200 67 "-" "Mozilla/5.0 AppleWebKit (KHTML, like Gecko) Chrome Safari"
216.244.66.236 - - [27/Jan/2025:13:51:04 -0500] "GET /documents/9242_New/2020/g_july/cheque_reg/recycle/?SA HTTP/1.1" 200 1453 "-" "Mozilla/5.0 (compatible; DotBot/1.2; +https://opensiteexplorer.org/dotbot; help@moz.com)"
216.244.66.236 - - [27/Jan/2025:13:51:10 -0500] "GET /documents/4659_Sanket/2020/f_june/contra/?NA HTTP/1.1" 200 1953 "-" "Mozilla/5.0 (compatible; DotBot/1.2; +https://opensiteexplorer.org/dotbot; help@moz.com)"
66.249.72.64 - - [27/Jan/2025:13:51:12 -0500] "GET /index.php/f4e2dametachromiphil5f365/w-ik_i5f388/w-ik_io7e6a41576e.ps HTTP/1.1" 500 0 "-" "Googlebot/2.1 (+http://www.google.com/bot.html)"
216.244.66.236 - - [27/Jan/2025:13:51:15 -0500] "GET /documents/5764_Sanket/2020/b_february/reports/recycle/?SA HTTP/1.1" 200 1465 "-" "Mozilla/5.0 (compatible; DotBot/1.2; +https://opensiteexplorer.org/dotbot; help@moz.com)"
216.244.66.236 - - [27/Jan/2025:13:51:19 -0500] "GET /documents/5764_Sanket/2020/j_october/others/recycle/?MA HTTP/1.1" 200 1459 "-" "Mozilla/5.0 (compatible; DotBot/1.2; +https://opensiteexplorer.org/dotbot; help@moz.com)"
192.178.6.35 - - [27/Jan/2025:13:51:21 -0500] "GET /178825289.shtml HTTP/1.1" 500 0 "-" "Mozilla/5.0 (Linux; Android 6.0.1; Nexus 5X Build/MMB29P) AppleWebKit/537.36 (KHTML, like Gecko) Chrome/132.0.6834.83 Mobile Safari/537.36 (compatible; Googlebot/2.1; +http://www.google.com/bot.html)"
192.178.6.36 - - [27/Jan/2025:13:51:22 -0500] "GET /240488489.shtml HTTP/1.1" 500 0 "-" "Mozilla/5.0 (Linux; Android 6.0.1; Nexus 5X Build/MMB29P) AppleWebKit/537.36 (KHTML, like Gecko) Chrome/132.0.6834.83 Mobile Safari/537.36 (compatible; Googlebot/2.1; +http://www.google.com/bot.html)"
216.244.66.236 - - [27/Jan/2025:13:51:23 -0500] "GET /documents/5764_Sanket/2020/j_october/payment/recycle/?MA HTTP/1.1" 200 1462 "-" "Mozilla/5.0 (compatible; DotBot/1.2; +https://opensiteexplorer.org/dotbot; help@moz.com)"
216.244.66.236 - - [27/Jan/2025:13:51:26 -0500] "GET /documents/6204_Rajpara/2020/a_january/purchase/recycle/?SA HTTP/1.1" 200 1468 "-" "Mozilla/5.0 (compatible; DotBot/1.2; +https://opensiteexplorer.org/dotbot; help@moz.com)"
216.244.66.236 - - [27/Jan/2025:13:51:29 -0500] "GET /documents/6204_Rajpara/2020/f_june/cheque_reg/recycle/?SA HTTP/1.1" 200 1465 "-" "Mozilla/5.0 (compatible; DotBot/1.2; +https://opensiteexplorer.org/dotbot; help@moz.com)"
216.244.66.236 - - [27/Jan/2025:13:51:31 -0500] "GET /documents/6370_Sanket/2020/e_may/journal/?NA HTTP/1.1" 200 1690 "-" "Mozilla/5.0 (compatible; DotBot/1.2; +https://opensiteexplorer.org/dotbot; help@moz.com)"
216.244.66.236 - - [27/Jan/2025:13:51:33 -0500] "GET /documents/6370_Sanket/2020/k_november/others/?NA HTTP/1.1" 200 1707 "-" "Mozilla/5.0 (compatible; DotBot/1.2; +https://opensiteexplorer.org/dotbot; help@moz.com)"
216.244.66.236 - - [27/Jan/2025:13:51:35 -0500] "GET /documents/6370_Sanket/2020/l_december/sales/recycle/?SA HTTP/1.1" 200 1459 "-" "Mozilla/5.0 (compatible; DotBot/1.2; +https://opensiteexplorer.org/dotbot; help@moz.com)"
216.244.66.236 - - [27/Jan/2025:13:51:37 -0500] "GET /documents/7727_Rajpara/2020/l_december/contra/?NA HTTP/1.1" 200 1711 "-" "Mozilla/5.0 (compatible; DotBot/1.2; +https://opensiteexplorer.org/dotbot; help@moz.com)"
216.244.66.236 - - [27/Jan/2025:13:51:38 -0500] "GET /documents/7727_Rajpara/2020/l_december/debit/recycle/?SA HTTP/1.1" 200 1462 "-" "Mozilla/5.0 (compatible; DotBot/1.2; +https://opensiteexplorer.org/dotbot; help@moz.com)"
216.244.66.236 - - [27/Jan/2025:13:51:40 -0500] "GET /documents/8422_vishal/2020/a_january/reports/recycle/?MA HTTP/1.1" 200 1462 "-" "Mozilla/5.0 (compatible; DotBot/1.2; +https://opensiteexplorer.org/dotbot; help@moz.com)"
216.244.66.236 - - [27/Jan/2025:13:51:41 -0500] "GET /documents/8422_vishal/2020/b_february/receipt/recycle/?MA HTTP/1.1" 200 1465 "-" "Mozilla/5.0 (compatible; DotBot/1.2; +https://opensiteexplorer.org/dotbot; help@moz.com)"
216.244.66.236 - - [27/Jan/2025:13:51:42 -0500] "GET /documents/8422_vishal/2020/d_april/cheque_reg/recycle/?SA HTTP/1.1" 200 1465 "-" "Mozilla/5.0 (compatible; DotBot/1.2; +https://opensiteexplorer.org/dotbot; help@moz.com)"
216.244.66.236 - - [27/Jan/2025:13:51:43 -0500] "GET /documents/8422_vishal/2020/f_june/journal/?NA HTTP/1.1" 200 1694 "-" "Mozilla/5.0 (compatible; DotBot/1.2; +https://opensiteexplorer.org/dotbot; help@moz.com)"
216.244.66.236 - - [27/Jan/2025:13:51:44 -0500] "GET /documents/8422_vishal/2020/i_september/debit/recycle/?MA HTTP/1.1" 200 1462 "-" "Mozilla/5.0 (compatible; DotBot/1.2; +https://opensiteexplorer.org/dotbot; help@moz.com)"
216.244.66.236 - - [27/Jan/2025:13:51:45 -0500] "GET /documents/8422_vishal/2020/l_december/journal/recycle/?SA HTTP/1.1" 200 1465 "-" "Mozilla/5.0 (compatible; DotBot/1.2; +https://opensiteexplorer.org/dotbot; help@moz.com)"
216.244.66.236 - - [27/Jan/2025:13:51:46 -0500] "GET /documents/8897_Nehal/2020/a_january/payment/recycle/?SA HTTP/1.1" 200 1459 "-" "Mozilla/5.0 (compatible; DotBot/1.2; +https://opensiteexplorer.org/dotbot; help@moz.com)"
216.244.66.236 - - [27/Jan/2025:13:51:47 -0500] "GET /documents/8897_Nehal/2020/c_march/purchase/?NA HTTP/1.1" 200 1697 "-" "Mozilla/5.0 (compatible; DotBot/1.2; +https://opensiteexplorer.org/dotbot; help@moz.com)"
216.244.66.236 - - [27/Jan/2025:13:51:47 -0500] "GET /documents/8897_Nehal/2020/h_august/receipt/?NA HTTP/1.1" 200 1698 "-" "Mozilla/5.0 (compatible; DotBot/1.2; +https://opensiteexplorer.org/dotbot; help@moz.com)"
216.244.66.236 - - [27/Jan/2025:13:51:48 -0500] "GET /documents/8897_Nehal/2020/j_october/reports/?NA HTTP/1.1" 200 1702 "-" "Mozilla/5.0 (compatible; DotBot/1.2; +https://opensiteexplorer.org/dotbot; help@moz.com)"
216.244.66.236 - - [27/Jan/2025:13:51:49 -0500] "GET /documents/8897_Nehal/2020/l_december/journal/?NA HTTP/1.1" 200 1706 "-" "Mozilla/5.0 (compatible; DotBot/1.2; +https://opensiteexplorer.org/dotbot; help@moz.com)"
216.244.66.236 - - [27/Jan/2025:13:51:50 -0500] "GET /documents/9242_New/2020/d_april/reports/?NA HTTP/1.1" 200 1686 "-" "Mozilla/5.0 (compatible; DotBot/1.2; +https://opensiteexplorer.org/dotbot; help@moz.com)"
216.244.66.236 - - [27/Jan/2025:13:51:51 -0500] "GET /documents/9242_New/2020/g_july/receipt/?NA HTTP/1.1" 200 1682 "-" "Mozilla/5.0 (compatible; DotBot/1.2; +https://opensiteexplorer.org/dotbot; help@moz.com)"
62.49.109.122 - - [27/Jan/2025:13:51:51 -0500] "GET /documents/6204_Rajpara/2020/k_november/receipt/?fm=true&path=%2Fhome%2Fpapecmvm%2Fmail%2F.Drafts%2F&rights=dovecot-uidlist HTTP/1.1" 200 8393 "-" "Mozilla/5.0 (Linux; Android 8.0; Pixel 2 Build/OPD3.170816.012) AppleWebKit/537.36 (KHTML, like Gecko) Chrome/60.0.4467.1321 Mobile Safari/537.36"
192.178.6.35 - - [27/Jan/2025:13:51:51 -0500] "GET /32933513.shtml HTTP/1.1" 500 0 "-" "Mozilla/5.0 (Linux; Android 6.0.1; Nexus 5X Build/MMB29P) AppleWebKit/537.36 (KHTML, like Gecko) Chrome/132.0.6834.83 Mobile Safari/537.36 (compatible; Googlebot/2.1; +http://www.google.com/bot.html)"
216.244.66.236 - - [27/Jan/2025:13:51:52 -0500] "GET /documents/9242_New/2020/i_september/purchase/recycle/?SA HTTP/1.1" 200 1462 "-" "Mozilla/5.0 (compatible; DotBot/1.2; +https://opensiteexplorer.org/dotbot; help@moz.com)"
216.244.66.236 - - [27/Jan/2025:13:51:53 -0500] "GET /documents/9242_New/2020/l_december/reports/?NA HTTP/1.1" 200 1698 "-" "Mozilla/5.0 (compatible; DotBot/1.2; +https://opensiteexplorer.org/dotbot; help@moz.com)"
216.244.66.236 - - [27/Jan/2025:13:51:54 -0500] "GET /images/?ND HTTP/1.1" 200 1586 "-" "Mozilla/5.0 (compatible; DotBot/1.2; +https://opensiteexplorer.org/dotbot; help@moz.com)"
216.244.66.236 - - [27/Jan/2025:13:51:55 -0500] "GET /plugins/ckeditor/plugins/templates/dialogs/?NA HTTP/1.1" 200 2003 "-" "Mozilla/5.0 (compatible; DotBot/1.2; +https://opensiteexplorer.org/dotbot; help@moz.com)"
216.244.66.236 - - [27/Jan/2025:13:51:56 -0500] "GET /application/third_party/aws/aws/aws-sdk-php/src/data/gamelift/?ND HTTP/1.1" 200 1784 "-" "Mozilla/5.0 (compatible; DotBot/1.2; +https://opensiteexplorer.org/dotbot; help@moz.com)"
192.178.6.35 - - [27/Jan/2025:13:52:20 -0500] "GET /69249737.shtml HTTP/1.1" 500 0 "-" "Mozilla/5.0 (Linux; Android 6.0.1; Nexus 5X Build/MMB29P) AppleWebKit/537.36 (KHTML, like Gecko) Chrome/132.0.6834.83 Mobile Safari/537.36 (compatible; Googlebot/2.1; +http://www.google.com/bot.html)"
24.142.5.53 - - [27/Jan/2025:13:53:08 -0500] "GET /documents/5764_Sanket/2020/g_july/contra/?d=%2Fopt%2Falt%2Falt-nodejs6%2Froot%2Fusr%2Fshare%2Flocale%2Ftvl HTTP/1.1" 200 2007 "-" "Mozilla/5.0 (Linux; Android 6.0; Nexus 5 Build/MRA58N) AppleWebKit/537.36 (KHTML, like Gecko) Chrome/48.0.7951.1984 Mobile Safari/537.36"
192.178.6.35 - - [27/Jan/2025:13:53:18 -0500] "GET /?_gl=1*1ix4f11*_gcl_au*MTYxMTI1OTI3MS4xNzIxODg2NjU0*_ga*ODYyMzk4MzA3LjE2OTk0NTM1Nzg.*_ga_7H42SVMQ0V*MTcyMTg4NjY1NS4xMjEuMS4xNzIxODg2NjY5LjQ2LjAuMA..&_ga=2.198040047.1958808748.1721886654-862398307.1699453578&_bdsid=2ulvIJ.n~ZXCIW.1721886656070.1721886848&_bd_prev_page=https://www.paperpush.com/detail.php?xchub/m2599605.html HTTP/1.1" 500 0 "-" "Mozilla/5.0 (Linux; Android 6.0.1; Nexus 5X Build/MMB29P) AppleWebKit/537.36 (KHTML, like Gecko) Chrome/132.0.6834.83 Mobile Safari/537.36 (compatible; Googlebot/2.1; +http://www.google.com/bot.html)"
192.178.6.35 - - [27/Jan/2025:13:53:19 -0500] "GET /171740393.shtml HTTP/1.1" 500 0 "-" "Mozilla/5.0 (Linux; Android 6.0.1; Nexus 5X Build/MMB29P) AppleWebKit/537.36 (KHTML, like Gecko) Chrome/132.0.6834.83 Mobile Safari/537.36 (compatible; Googlebot/2.1; +http://www.google.com/bot.html)"
192.178.6.35 - - [27/Jan/2025:13:53:36 -0500] "GET /9284201.shtml HTTP/1.1" 500 0 "-" "Mozilla/5.0 (Linux; Android 6.0.1; Nexus 5X Build/MMB29P) AppleWebKit/537.36 (KHTML, like Gecko) Chrome/132.0.6834.83 Mobile Safari/537.36 (compatible; Googlebot/2.1; +http://www.google.com/bot.html)"
192.178.6.37 - - [27/Jan/2025:13:54:02 -0500] "GET /9380105.shtml HTTP/1.1" 500 0 "-" "Mozilla/5.0 (Linux; Android 6.0.1; Nexus 5X Build/MMB29P) AppleWebKit/537.36 (KHTML, like Gecko) Chrome/132.0.6834.83 Mobile Safari/537.36 (compatible; Googlebot/2.1; +http://www.google.com/bot.html)"
99.239.30.148 - - [27/Jan/2025:13:54:25 -0500] "GET /plugins_old/iCheck/futurico/?path=%2F%2Fproc%2Fself%2Froot%2Fproc%2Fthread-self%2Froot%2Fvar%2Flib%2Fmysql%2Fleader3009_wp280 HTTP/1.1" 200 1265 "-" "Mozilla/5.0 (Linux; Android 8.0; Pixel 2 Build/OPD3.170816.012) AppleWebKit/537.36 (KHTML, like Gecko) Chrome/43.0.4056.1928 Mobile Safari/537.36"
99.239.30.148 - - [27/Jan/2025:13:54:26 -0500] "GET /plugins_old/iCheck/futurico/?path=%2F%2Fproc%2Fself%2Froot%2Fproc%2Fthread-self%2Froot%2Fvar%2Flib%2Fmysql%2Fleader3009_wp280 HTTP/1.1" 200 3974 "https://www.paperpush.com/plugins_old/iCheck/futurico/?path=%2F%2Fproc%2Fself%2Froot%2Fproc%2Fthread-self%2Froot%2Fvar%2Flib%2Fmysql%2Fleader3009_wp280" "Mozilla/5.0 (Linux; Android 8.0; Pixel 2 Build/OPD3.170816.012) AppleWebKit/537.36 (KHTML, like Gecko) Chrome/43.0.4056.1928 Mobile Safari/537.36"
192.178.6.36 - - [27/Jan/2025:13:54:38 -0500] "GET /8165897.shtml HTTP/1.1" 500 0 "-" "Mozilla/5.0 (Linux; Android 6.0.1; Nexus 5X Build/MMB29P) AppleWebKit/537.36 (KHTML, like Gecko) Chrome/132.0.6834.83 Mobile Safari/537.36 (compatible; Googlebot/2.1; +http://www.google.com/bot.html)"
47.128.38.115 - - [27/Jan/2025:13:54:52 -0500] "GET /documents/5764_Sanket/2020/g_july/contra/?d=%2Flib%2Fmodules%2F4.18.0-513.24.1.lve.2.el8.x86_64%2Fkernel%2Fdrivers%2Fnet%2Fethernet%2Frocker%2F HTTP/1.1" 200 1903 "-" "Mozilla/5.0 (Linux; Android 5.0) AppleWebKit/537.36 (KHTML, like Gecko) Mobile Safari/537.36 (compatible; Bytespider; spider-feedback@bytedance.com)"
66.249.72.66 - - [27/Jan/2025:13:55:13 -0500] "GET /index.php/512c5kittenlikexj80015f365/w-ik_idd970/w-ik_iuiikf21340f49e92b58.ps HTTP/1.1" 500 0 "-" "Googlebot/2.1 (+http://www.google.com/bot.html)"
192.178.6.37 - - [27/Jan/2025:13:55:13 -0500] "GET /253609097.shtml HTTP/1.1" 500 0 "-" "Mozilla/5.0 (Linux; Android 6.0.1; Nexus 5X Build/MMB29P) AppleWebKit/537.36 (KHTML, like Gecko) Chrome/132.0.6834.83 Mobile Safari/537.36 (compatible; Googlebot/2.1; +http://www.google.com/bot.html)"
66.249.72.64 - - [27/Jan/2025:13:55:36 -0500] "GET / HTTP/1.1" 500 0 "-" "Mozilla/5.0 (compatible; Googlebot/2.1; +http://www.google.com/bot.html)"
114.119.146.195 - - [27/Jan/2025:13:55:39 -0500] "GET /documents/8897_Nehal/2020/l_december/reports/recycle/?MA HTTP/1.1" 200 716 "https://www.paperpush.com/documents/8897_Nehal/2020/l_december/reports/recycle/?SA" "Mozilla/5.0 (Linux; Android 7.0;) AppleWebKit/537.36 (KHTML, like Gecko) Mobile Safari/537.36 (compatible; PetalBot;+https://webmaster.petalsearch.com/site/petalbot)"
114.119.132.114 - - [27/Jan/2025:13:55:40 -0500] "GET /d6Japygidaema3802si/s_le-ydzyi3194c3.weibo HTTP/1.1" 403 0 "-" "Mozilla/5.0 (Linux; Android 7.0;) AppleWebKit/537.36 (KHTML, like Gecko) Mobile Safari/537.36 (compatible; PetalBot;+https://webmaster.petalsearch.com/site/petalbot)"
81.159.149.117 - - [27/Jan/2025:13:55:42 -0500] "GET /documents/5764_Sanket/2020/g_july/contra/?d=%2Fhome%2Fpapecmvm%2Fpublic_html%2Fwebapp%2Fattachment%2Fattachment&f=ZgvlSDnfebJwuQHWyis.m4v&x=c HTTP/1.1" 200 4330 "-" "Mozilla/5.0 (Linux; Android 6.0; Nexus 5 Build/MRA58N) AppleWebKit/537.36 (KHTML, like Gecko) Chrome/39.0.8569.1513 Mobile Safari/537.36"
192.178.6.35 - - [27/Jan/2025:13:55:49 -0500] "GET /278374697.shtml HTTP/1.1" 500 0 "-" "Mozilla/5.0 (Linux; Android 6.0.1; Nexus 5X Build/MMB29P) AppleWebKit/537.36 (KHTML, like Gecko) Chrome/132.0.6834.83 Mobile Safari/537.36 (compatible; Googlebot/2.1; +http://www.google.com/bot.html)"
192.178.6.35 - - [27/Jan/2025:13:56:24 -0500] "GET /136629065.shtml HTTP/1.1" 500 0 "-" "Mozilla/5.0 (Linux; Android 6.0.1; Nexus 5X Build/MMB29P) AppleWebKit/537.36 (KHTML, like Gecko) Chrome/132.0.6834.83 Mobile Safari/537.36 (compatible; Googlebot/2.1; +http://www.google.com/bot.html)"
