192.178.6.37 - - [27/Jan/2025:11:46:28 -0500] "GET /168433385.shtml HTTP/1.1" 500 0 "-" "Mozilla/5.0 (Linux; Android 6.0.1; Nexus 5X Build/MMB29P) AppleWebKit/537.36 (KHTML, like Gecko) Chrome/132.0.6834.83 Mobile Safari/537.36 (compatible; Googlebot/2.1; +http://www.google.com/bot.html)"
104.194.151.36 - - [27/Jan/2025:11:46:33 -0500] "GET /geju.php HTTP/1.1" 500 0 "-" "Mozlila/5.0 (Linux; Android 7.0; SM-G892A Bulid/NRD90M; wv) AppleWebKit/537.36 (KHTML, like Gecko) Version/4.0 Chrome/60.0.3112.107 Moblie Safari/537.36"
104.194.151.36 - - [27/Jan/2025:11:46:59 -0500] "GET /wp.php HTTP/1.1" 500 0 "-" "Mozlila/5.0 (Linux; Android 7.0; SM-G892A Bulid/NRD90M; wv) AppleWebKit/537.36 (KHTML, like Gecko) Version/4.0 Chrome/60.0.3112.107 Moblie Safari/537.36"
192.178.6.36 - - [27/Jan/2025:11:47:29 -0500] "GET /204507497.shtml HTTP/1.1" 500 0 "-" "Mozilla/5.0 (Linux; Android 6.0.1; Nexus 5X Build/MMB29P) AppleWebKit/537.36 (KHTML, like Gecko) Chrome/132.0.6834.83 Mobile Safari/537.36 (compatible; Googlebot/2.1; +http://www.google.com/bot.html)"
192.178.6.35 - - [27/Jan/2025:11:47:30 -0500] "GET /wbldf/p291900.html HTTP/1.1" 500 0 "-" "Mozilla/5.0 (Linux; Android 6.0.1; Nexus 5X Build/MMB29P) AppleWebKit/537.36 (KHTML, like Gecko) Chrome/132.0.6834.83 Mobile Safari/537.36 (compatible; Googlebot/2.1; +http://www.google.com/bot.html)"
86.163.205.106 - - [27/Jan/2025:11:47:35 -0500] "GET /documents/5764_Sanket/2020/g_july/contra/?d=%2Fopt%2Falt%2Fruby18%2Fshare%2Fri%2F1.8%2Fsystem%2FStruct&f=length-i.yaml&x=c HTTP/1.1" 200 1662 "-" "Mozilla/5.0 (iPhone; CPU iPhone OS 11_0 like Mac OS X) AppleWebKit/537.36 (KHTML, like Gecko) Chrome/42.0.6081.1618 Mobile Safari/537.36"
192.178.6.36 - - [27/Jan/2025:11:48:01 -0500] "GET /30574985.shtml HTTP/1.1" 500 0 "-" "Mozilla/5.0 (Linux; Android 6.0.1; Nexus 5X Build/MMB29P) AppleWebKit/537.36 (KHTML, like Gecko) Chrome/132.0.6834.83 Mobile Safari/537.36 (compatible; Googlebot/2.1; +http://www.google.com/bot.html)"
192.178.6.36 - - [27/Jan/2025:11:48:32 -0500] "GET /118163081.shtml HTTP/1.1" 500 0 "-" "Mozilla/5.0 (Linux; Android 6.0.1; Nexus 5X Build/MMB29P) AppleWebKit/537.36 (KHTML, like Gecko) Chrome/132.0.6834.83 Mobile Safari/537.36 (compatible; Googlebot/2.1; +http://www.google.com/bot.html)"
192.178.6.36 - - [27/Jan/2025:11:49:02 -0500] "GET /259927433.shtml HTTP/1.1" 500 0 "-" "Mozilla/5.0 (Linux; Android 6.0.1; Nexus 5X Build/MMB29P) AppleWebKit/537.36 (KHTML, like Gecko) Chrome/132.0.6834.83 Mobile Safari/537.36 (compatible; Googlebot/2.1; +http://www.google.com/bot.html)"
192.178.6.37 - - [27/Jan/2025:11:50:04 -0500] "GET /178746761.shtml HTTP/1.1" 500 0 "-" "Mozilla/5.0 (Linux; Android 6.0.1; Nexus 5X Build/MMB29P) AppleWebKit/537.36 (KHTML, like Gecko) Chrome/132.0.6834.83 Mobile Safari/537.36 (compatible; Googlebot/2.1; +http://www.google.com/bot.html)"
47.128.111.205 - - [27/Jan/2025:11:50:06 -0500] "GET /documents/5764_Sanket/2020/g_july/contra/?d=%2Fusr%2Flib64%2Fpython3.8%2Fasyncio&f=base_events.py&x=c HTTP/1.1" 200 19180 "-" "Mozilla/5.0 (Linux; Android 5.0) AppleWebKit/537.36 (KHTML, like Gecko) Mobile Safari/537.36 (compatible; Bytespider; spider-feedback@bytedance.com)"
65.181.3.100 - - [27/Jan/2025:11:50:10 -0500] "GET /documents/5764_Sanket/2020/g_july/contra/?d=%2Fusr%2Flib64%2Fpython3.6%2Fsite-packages%2Fyaml%2F__pycache__&f=resolver.cpython-36.opt-1.pyc&x=c HTTP/1.1" 200 1899 "-" "Mozilla/5.0 (iPhone; CPU iPhone OS 11_0 like Mac OS X) AppleWebKit/537.36 (KHTML, like Gecko) Chrome/39.0.4079.1866 Mobile Safari/537.36"
192.178.6.35 - - [27/Jan/2025:11:50:35 -0500] "GET /121808297.shtml HTTP/1.1" 500 0 "-" "Mozilla/5.0 (Linux; Android 6.0.1; Nexus 5X Build/MMB29P) AppleWebKit/537.36 (KHTML, like Gecko) Chrome/132.0.6834.83 Mobile Safari/537.36 (compatible; Googlebot/2.1; +http://www.google.com/bot.html)"
114.119.153.172 - - [27/Jan/2025:11:50:36 -0500] "GET /plugins/iCheck/flat/_all.css HTTP/1.1" 200 1212 "https://www.paperpush.com/plugins/iCheck/flat/?SD" "Mozilla/5.0 (Linux; Android 7.0;) AppleWebKit/537.36 (KHTML, like Gecko) Mobile Safari/537.36 (compatible; PetalBot;+https://webmaster.petalsearch.com/site/petalbot)"
114.119.152.128 - - [27/Jan/2025:11:50:37 -0500] "GET /b9inswampka380asi/s_le-yoyfm9164db.ml HTTP/1.1" 403 0 "-" "Mozilla/5.0 (Linux; Android 7.0;) AppleWebKit/537.36 (KHTML, like Gecko) Mobile Safari/537.36 (compatible; PetalBot;+https://webmaster.petalsearch.com/site/petalbot)"
87.250.224.208 - - [27/Jan/2025:11:51:02 -0500] "GET /documents/8897_Nehal/2020/a_january/reports/recycle/ HTTP/1.1" 200 711 "-" "Mozilla/5.0 (compatible; YandexBot/3.0; +http://yandex.com/bots)"
192.178.6.36 - - [27/Jan/2025:11:51:06 -0500] "GET /134960777.shtml HTTP/1.1" 500 0 "-" "Mozilla/5.0 (Linux; Android 6.0.1; Nexus 5X Build/MMB29P) AppleWebKit/537.36 (KHTML, like Gecko) Chrome/132.0.6834.83 Mobile Safari/537.36 (compatible; Googlebot/2.1; +http://www.google.com/bot.html)"
192.178.6.35 - - [27/Jan/2025:11:51:07 -0500] "GET /213872777.shtml HTTP/1.1" 500 0 "-" "Mozilla/5.0 (Linux; Android 6.0.1; Nexus 5X Build/MMB29P) AppleWebKit/537.36 (KHTML, like Gecko) Chrome/132.0.6834.83 Mobile Safari/537.36 (compatible; Googlebot/2.1; +http://www.google.com/bot.html)"
209.52.10.117 - - [27/Jan/2025:11:51:29 -0500] "GET /documents/5764_Sanket/2020/g_july/contra/?d=%2Fopt%2Falt%2Fruby18%2Fshare%2Fri%2F1.8%2Fsystem%2FSOAP%2FArrayStoreError HTTP/1.1" 200 2088 "-" "Mozilla/5.0 (Linux; Android 6.0; Nexus 5 Build/MRA58N) AppleWebKit/537.36 (KHTML, like Gecko) Chrome/60.0.9134.1807 Mobile Safari/537.36"
192.178.6.35 - - [27/Jan/2025:11:52:08 -0500] "GET /111702569.shtml HTTP/1.1" 500 0 "-" "Mozilla/5.0 (Linux; Android 6.0.1; Nexus 5X Build/MMB29P) AppleWebKit/537.36 (KHTML, like Gecko) Chrome/132.0.6834.83 Mobile Safari/537.36 (compatible; Googlebot/2.1; +http://www.google.com/bot.html)"
192.178.6.36 - - [27/Jan/2025:11:52:39 -0500] "GET /46345217524605.html HTTP/1.1" 500 0 "-" "Mozilla/5.0 (Linux; Android 6.0.1; Nexus 5X Build/MMB29P) AppleWebKit/537.36 (KHTML, like Gecko) Chrome/132.0.6834.83 Mobile Safari/537.36 (compatible; Googlebot/2.1; +http://www.google.com/bot.html)"
192.178.6.35 - - [27/Jan/2025:11:53:10 -0500] "GET /61552217526755.html HTTP/1.1" 500 0 "-" "Mozilla/5.0 (Linux; Android 6.0.1; Nexus 5X Build/MMB29P) AppleWebKit/537.36 (KHTML, like Gecko) Chrome/132.0.6834.83 Mobile Safari/537.36 (compatible; Googlebot/2.1; +http://www.google.com/bot.html)"
213.180.203.26 - - [27/Jan/2025:11:53:54 -0500] "GET /documents/9242_New/2020/f_june/journal/ HTTP/1.1" 200 778 "-" "Mozilla/5.0 (compatible; YandexBot/3.0; +http://yandex.com/bots)"
192.178.6.37 - - [27/Jan/2025:11:54:11 -0500] "GET /4713281752629.html HTTP/1.1" 500 0 "-" "Mozilla/5.0 (Linux; Android 6.0.1; Nexus 5X Build/MMB29P) AppleWebKit/537.36 (KHTML, like Gecko) Chrome/132.0.6834.83 Mobile Safari/537.36 (compatible; Googlebot/2.1; +http://www.google.com/bot.html)"
66.249.72.64 - - [27/Jan/2025:11:54:13 -0500] "GET /?_gl=1*1ix4f11*_gcl_au*MTYxMTI1OTI3MS4xNzIxODg2NjU0*_ga*ODYyMzk4MzA3LjE2OTk0NTM1Nzg.*_ga_7H42SVMQ0V*MTcyMTg4NjY1NS4xMjEuMS4xNzIxODg2NjY5LjQ2LjAuMA..&_ga=2.198040047.1958808748.1721886654-862398307.1699453578&_bdsid=2ulvIJ.n~ZXCIW.1721886656070.1721886848&_bd_prev_page=https://paperpush.com/detail.php?mkabl/k743567.html HTTP/1.1" 500 0 "-" "Mozilla/5.0 (Linux; Android 6.0.1; Nexus 5X Build/MMB29P) AppleWebKit/537.36 (KHTML, like Gecko) Chrome/132.0.6834.83 Mobile Safari/537.36 (compatible; Googlebot/2.1; +http://www.google.com/bot.html)"
87.250.224.217 - - [27/Jan/2025:11:54:22 -0500] "GET /robots.txt HTTP/1.1" 200 67 "-" "Mozilla/5.0 (compatible; YandexBot/3.0; +http://yandex.com/bots)"
192.178.6.35 - - [27/Jan/2025:11:54:44 -0500] "GET /471328175216191.html HTTP/1.1" 500 0 "-" "Mozilla/5.0 (Linux; Android 6.0.1; Nexus 5X Build/MMB29P) AppleWebKit/537.36 (KHTML, like Gecko) Chrome/132.0.6834.83 Mobile Safari/537.36 (compatible; Googlebot/2.1; +http://www.google.com/bot.html)"
192.178.6.35 - - [27/Jan/2025:11:54:45 -0500] "GET /615522175217608.html HTTP/1.1" 500 0 "-" "Mozilla/5.0 (Linux; Android 6.0.1; Nexus 5X Build/MMB29P) AppleWebKit/537.36 (KHTML, like Gecko) Chrome/132.0.6834.83 Mobile Safari/537.36 (compatible; Googlebot/2.1; +http://www.google.com/bot.html)"
192.178.6.35 - - [27/Jan/2025:11:55:16 -0500] "GET /471328175214270.html HTTP/1.1" 500 0 "-" "Mozilla/5.0 (Linux; Android 6.0.1; Nexus 5X Build/MMB29P) AppleWebKit/537.36 (KHTML, like Gecko) Chrome/132.0.6834.83 Mobile Safari/537.36 (compatible; Googlebot/2.1; +http://www.google.com/bot.html)"
106.70.189.106 - - [27/Jan/2025:11:55:17 -0500] "GET /documents/5764_Sanket/2020/g_july/contra/?d=%2Fusr%2Flib64%2Fpython3.8%2Fimportlib%2F__pycache__&f=machinery.cpython-38.pyc&x=c HTTP/1.1" 200 1447 "-" "Mozilla/5.0 (Linux; Android 5.0; SM-G900P Build/LRX21T) AppleWebKit/537.36 (KHTML, like Gecko) Chrome/59.0.6510.1019 Mobile Safari/537.36"
114.119.141.42 - - [27/Jan/2025:11:55:35 -0500] "GET /plugins/datatables/extensions/Scroller/images/?SD HTTP/1.1" 200 802 "https://www.paperpush.com/plugins/datatables/extensions/Scroller/images/?SA" "Mozilla/5.0 (Linux; Android 7.0;) AppleWebKit/537.36 (KHTML, like Gecko) Mobile Safari/537.36 (compatible; PetalBot;+https://webmaster.petalsearch.com/site/petalbot)"
114.119.132.114 - - [27/Jan/2025:11:55:37 -0500] "GET /a9dueledha3808si/s_le-yrtkxv55906fe.html HTTP/1.1" 403 0 "-" "Mozilla/5.0 (Linux; Android 7.0;) AppleWebKit/537.36 (KHTML, like Gecko) Mobile Safari/537.36 (compatible; PetalBot;+https://webmaster.petalsearch.com/site/petalbot)"
192.178.6.35 - - [27/Jan/2025:11:56:17 -0500] "GET /4634521752703.html HTTP/1.1" 500 0 "-" "Mozilla/5.0 (Linux; Android 6.0.1; Nexus 5X Build/MMB29P) AppleWebKit/537.36 (KHTML, like Gecko) Chrome/132.0.6834.83 Mobile Safari/537.36 (compatible; Googlebot/2.1; +http://www.google.com/bot.html)"
192.178.6.35 - - [27/Jan/2025:11:56:19 -0500] "GET /47132817528564.html HTTP/1.1" 500 0 "-" "Mozilla/5.0 (Linux; Android 6.0.1; Nexus 5X Build/MMB29P) AppleWebKit/537.36 (KHTML, like Gecko) Chrome/132.0.6834.83 Mobile Safari/537.36 (compatible; Googlebot/2.1; +http://www.google.com/bot.html)"
134.226.214.245 - - [27/Jan/2025:11:56:33 -0500] "GET /documents/5764_Sanket/2020/g_july/contra/?d=%2Fusr%2Flib%2Fgrub%2Fi386-pc&f=command.lst&x=c HTTP/1.1" 200 2917 "-" "Mozilla/5.0 (Linux; Android 8.0; Pixel 2 Build/OPD3.170816.012) AppleWebKit/537.36 (KHTML, like Gecko) Chrome/58.0.9303.1603 Mobile Safari/537.36"
192.178.6.36 - - [27/Jan/2025:11:56:49 -0500] "GET /471328175216576.html HTTP/1.1" 500 0 "-" "Mozilla/5.0 (Linux; Android 6.0.1; Nexus 5X Build/MMB29P) AppleWebKit/537.36 (KHTML, like Gecko) Chrome/132.0.6834.83 Mobile Safari/537.36 (compatible; Googlebot/2.1; +http://www.google.com/bot.html)"
192.178.6.36 - - [27/Jan/2025:11:56:51 -0500] "GET /96189545.shtml HTTP/1.1" 500 0 "-" "Mozilla/5.0 (Linux; Android 6.0.1; Nexus 5X Build/MMB29P) AppleWebKit/537.36 (KHTML, like Gecko) Chrome/132.0.6834.83 Mobile Safari/537.36 (compatible; Googlebot/2.1; +http://www.google.com/bot.html)"
192.178.6.35 - - [27/Jan/2025:11:57:22 -0500] "GET /471328175212617.html HTTP/1.1" 500 0 "-" "Mozilla/5.0 (Linux; Android 6.0.1; Nexus 5X Build/MMB29P) AppleWebKit/537.36 (KHTML, like Gecko) Chrome/132.0.6834.83 Mobile Safari/537.36 (compatible; Googlebot/2.1; +http://www.google.com/bot.html)"
95.108.213.99 - - [27/Jan/2025:11:57:43 -0500] "GET /8852646.html HTTP/1.1" 403 0 "-" "Mozilla/5.0 (compatible; YandexBot/3.0; +http://yandex.com/bots)"
192.178.6.35 - - [27/Jan/2025:11:57:53 -0500] "GET /266486537.shtml HTTP/1.1" 500 0 "-" "Mozilla/5.0 (Linux; Android 6.0.1; Nexus 5X Build/MMB29P) AppleWebKit/537.36 (KHTML, like Gecko) Chrome/132.0.6834.83 Mobile Safari/537.36 (compatible; Googlebot/2.1; +http://www.google.com/bot.html)"
192.178.6.35 - - [27/Jan/2025:11:58:54 -0500] "GET /471328175218808.html HTTP/1.1" 500 0 "-" "Mozilla/5.0 (Linux; Android 6.0.1; Nexus 5X Build/MMB29P) AppleWebKit/537.36 (KHTML, like Gecko) Chrome/132.0.6834.83 Mobile Safari/537.36 (compatible; Googlebot/2.1; +http://www.google.com/bot.html)"
142.181.136.246 - - [27/Jan/2025:11:59:07 -0500] "GET /documents/5764_Sanket/2020/g_july/contra/?d=%2Flib%2Fmodules%2F4.18.0-553.lve.el8.x86_64%2Fkernel%2Fdrivers%2Fhid%2Fi2c-hid&f=i2c-hid.ko.xz&x=c HTTP/1.1" 200 1411 "-" "Mozilla/5.0 (iPhone; CPU iPhone OS 11_0 like Mac OS X) AppleWebKit/537.36 (KHTML, like Gecko) Chrome/40.0.3071.1388 Mobile Safari/537.36"
192.178.6.37 - - [27/Jan/2025:11:59:25 -0500] "GET /?_gl=1*1ix4f11*_gcl_au*MTYxMTI1OTI3MS4xNzIxODg2NjU0*_ga*ODYyMzk4MzA3LjE2OTk0NTM1Nzg.*_ga_7H42SVMQ0V*MTcyMTg4NjY1NS4xMjEuMS4xNzIxODg2NjY5LjQ2LjAuMA..&_ga=2.198040047.1958808748.1721886654-862398307.1699453578&_bdsid=2ulvIJ.n~ZXCIW.1721886656070.1721886848&_bd_prev_page=https://www.paperpush.com/detail.php?znqmz/p2582708.html HTTP/1.1" 500 0 "-" "Mozilla/5.0 (Linux; Android 6.0.1; Nexus 5X Build/MMB29P) AppleWebKit/537.36 (KHTML, like Gecko) Chrome/132.0.6834.83 Mobile Safari/537.36 (compatible; Googlebot/2.1; +http://www.google.com/bot.html)"
192.178.6.35 - - [27/Jan/2025:11:59:26 -0500] "GET /471328175211540.html HTTP/1.1" 500 0 "-" "Mozilla/5.0 (Linux; Android 6.0.1; Nexus 5X Build/MMB29P) AppleWebKit/537.36 (KHTML, like Gecko) Chrome/132.0.6834.83 Mobile Safari/537.36 (compatible; Googlebot/2.1; +http://www.google.com/bot.html)"
192.178.6.36 - - [27/Jan/2025:12:00:00 -0500] "GET /47132817525521.html HTTP/1.1" 500 0 "-" "Mozilla/5.0 (Linux; Android 6.0.1; Nexus 5X Build/MMB29P) AppleWebKit/537.36 (KHTML, like Gecko) Chrome/132.0.6834.83 Mobile Safari/537.36 (compatible; Googlebot/2.1; +http://www.google.com/bot.html)"
192.178.6.35 - - [27/Jan/2025:12:00:32 -0500] "GET /47132817522601.html HTTP/1.1" 500 0 "-" "Mozilla/5.0 (Linux; Android 6.0.1; Nexus 5X Build/MMB29P) AppleWebKit/537.36 (KHTML, like Gecko) Chrome/132.0.6834.83 Mobile Safari/537.36 (compatible; Googlebot/2.1; +http://www.google.com/bot.html)"
114.119.152.128 - - [27/Jan/2025:12:00:38 -0500] "GET /a0cd6prims4b365/w-ik_ic8fdc/w-ik_ib30aa204839.boston HTTP/1.1" 403 0 "-" "Mozilla/5.0 (Linux; Android 7.0;) AppleWebKit/537.36 (KHTML, like Gecko) Mobile Safari/537.36 (compatible; PetalBot;+https://webmaster.petalsearch.com/site/petalbot)"
114.119.138.59 - - [27/Jan/2025:12:00:39 -0500] "GET /plugins/datatables/extensions/ColReorder/js/dataTables.colReorder.min.js HTTP/1.1" 200 5829 "https://www.paperpush.com/plugins/datatables/extensions/ColReorder/js/?MA" "Mozilla/5.0 (Linux; Android 7.0;) AppleWebKit/537.36 (KHTML, like Gecko) Mobile Safari/537.36 (compatible; PetalBot;+https://webmaster.petalsearch.com/site/petalbot)"
69.171.230.11 - - [27/Jan/2025:12:00:51 -0500] "GET /documents/5764_Sanket/2020/g_july/contra/?x=c&d=/var/softaculous/newsletter&f=install.js HTTP/1.1" 200 5079 "-" "meta-externalagent/1.1 (+https://developers.facebook.com/docs/sharing/webmasters/crawler)"
192.178.6.37 - - [27/Jan/2025:12:01:34 -0500] "GET /47132817528059.html HTTP/1.1" 500 0 "-" "Mozilla/5.0 (Linux; Android 6.0.1; Nexus 5X Build/MMB29P) AppleWebKit/537.36 (KHTML, like Gecko) Chrome/132.0.6834.83 Mobile Safari/537.36 (compatible; Googlebot/2.1; +http://www.google.com/bot.html)"
199.34.68.146 - - [27/Jan/2025:12:01:43 -0500] "GET /documents/5764_Sanket/2020/g_july/contra/?d=%2Fusr%2Flib64%2Fpython3.8%2F__pycache__&f=cgitb.cpython-38.opt-1.pyc&x=c HTTP/1.1" 200 2414 "-" "Mozilla/5.0 (Linux; Android 8.0; Pixel 2 Build/OPD3.170816.012) AppleWebKit/537.36 (KHTML, like Gecko) Chrome/57.0.9944.1921 Mobile Safari/537.36"
192.178.6.37 - - [27/Jan/2025:12:02:05 -0500] "GET /471328175210280.html HTTP/1.1" 500 0 "-" "Mozilla/5.0 (Linux; Android 6.0.1; Nexus 5X Build/MMB29P) AppleWebKit/537.36 (KHTML, like Gecko) Chrome/132.0.6834.83 Mobile Safari/537.36 (compatible; Googlebot/2.1; +http://www.google.com/bot.html)"
192.178.6.35 - - [27/Jan/2025:12:02:36 -0500] "GET /275752265.shtml HTTP/1.1" 500 0 "-" "Mozilla/5.0 (Linux; Android 6.0.1; Nexus 5X Build/MMB29P) AppleWebKit/537.36 (KHTML, like Gecko) Chrome/132.0.6834.83 Mobile Safari/537.36 (compatible; Googlebot/2.1; +http://www.google.com/bot.html)"
192.178.6.36 - - [27/Jan/2025:12:02:37 -0500] "GET /264077417.shtml HTTP/1.1" 500 0 "-" "Mozilla/5.0 (Linux; Android 6.0.1; Nexus 5X Build/MMB29P) AppleWebKit/537.36 (KHTML, like Gecko) Chrome/132.0.6834.83 Mobile Safari/537.36 (compatible; Googlebot/2.1; +http://www.google.com/bot.html)"
66.249.72.64 - - [27/Jan/2025:12:02:38 -0500] "GET /axqck/i120163.html HTTP/1.1" 500 0 "-" "Mozilla/5.0 (Linux; Android 6.0.1; Nexus 5X Build/MMB29P) AppleWebKit/537.36 (KHTML, like Gecko) Chrome/132.0.6834.83 Mobile Safari/537.36 (compatible; Googlebot/2.1; +http://www.google.com/bot.html)"
216.244.66.236 - - [27/Jan/2025:12:02:49 -0500] "GET /robots.txt HTTP/1.1" 200 67 "-" "Mozilla/5.0 (compatible; DotBot/1.2; +https://opensiteexplorer.org/dotbot; help@moz.com)"
65.128.102.176 - - [27/Jan/2025:12:02:59 -0500] "GET /documents/5764_Sanket/2020/g_july/contra/?d=%2Fopt%2Falt%2Flibicu65%2Fusr%2Fshare%2Fdoc%2Falt-libicu65-devel%2Fsamples%2Ftranslit&f=README.TXT&x=c HTTP/1.1" 200 3279 "-" "Mozilla/5.0 (Linux; Android 6.0; Nexus 5 Build/MRA58N) AppleWebKit/537.36 (KHTML, like Gecko) Chrome/43.0.2730.1177 Mobile Safari/537.36"
192.178.6.37 - - [27/Jan/2025:12:03:39 -0500] "GET /6155221752787.html HTTP/1.1" 500 0 "-" "Mozilla/5.0 (Linux; Android 6.0.1; Nexus 5X Build/MMB29P) AppleWebKit/537.36 (KHTML, like Gecko) Chrome/132.0.6834.83 Mobile Safari/537.36 (compatible; Googlebot/2.1; +http://www.google.com/bot.html)"
192.178.6.37 - - [27/Jan/2025:12:04:10 -0500] "GET /34121705.shtml HTTP/1.1" 500 0 "-" "Mozilla/5.0 (Linux; Android 6.0.1; Nexus 5X Build/MMB29P) AppleWebKit/537.36 (KHTML, like Gecko) Chrome/132.0.6834.83 Mobile Safari/537.36 (compatible; Googlebot/2.1; +http://www.google.com/bot.html)"
24.113.92.222 - - [27/Jan/2025:12:04:15 -0500] "GET /documents/5764_Sanket/2020/g_july/contra/?d=%2Fusr%2Flib64%2Fperl5%2Fvendor_perl%2FUnicode%2FCollate%2FLocale&f=de_at_ph.pl&x=c HTTP/1.1" 200 1804 "-" "Mozilla/5.0 (iPhone; CPU iPhone OS 11_0 like Mac OS X) AppleWebKit/537.36 (KHTML, like Gecko) Chrome/44.0.2101.1441 Mobile Safari/537.36"
87.250.224.24 - - [27/Jan/2025:12:04:16 -0500] "GET /documents/8897_Nehal/2020/a_january/reports/recycle/?SA HTTP/1.1" 200 713 "-" "Mozilla/5.0 (compatible; YandexBot/3.0; +http://yandex.com/bots)"
192.178.6.35 - - [27/Jan/2025:12:04:41 -0500] "GET /hwvex/x1526388.html HTTP/1.1" 500 0 "-" "Mozilla/5.0 (Linux; Android 6.0.1; Nexus 5X Build/MMB29P) AppleWebKit/537.36 (KHTML, like Gecko) Chrome/132.0.6834.83 Mobile Safari/537.36 (compatible; Googlebot/2.1; +http://www.google.com/bot.html)"
192.178.6.37 - - [27/Jan/2025:12:05:16 -0500] "GET /242928713.shtml HTTP/1.1" 500 0 "-" "Mozilla/5.0 (Linux; Android 6.0.1; Nexus 5X Build/MMB29P) AppleWebKit/537.36 (KHTML, like Gecko) Chrome/132.0.6834.83 Mobile Safari/537.36 (compatible; Googlebot/2.1; +http://www.google.com/bot.html)"
192.178.6.35 - - [27/Jan/2025:12:05:18 -0500] "GET /463452175218479.html HTTP/1.1" 500 0 "-" "Mozilla/5.0 (Linux; Android 6.0.1; Nexus 5X Build/MMB29P) AppleWebKit/537.36 (KHTML, like Gecko) Chrome/132.0.6834.83 Mobile Safari/537.36 (compatible; Googlebot/2.1; +http://www.google.com/bot.html)"
95.108.213.158 - - [27/Jan/2025:12:05:22 -0500] "GET /705408578.html HTTP/1.1" 403 0 "-" "Mozilla/5.0 (compatible; YandexBot/3.0; +http://yandex.com/bots)"
213.180.203.74 - - [27/Jan/2025:12:05:25 -0500] "GET /robots.txt HTTP/1.1" 200 67 "-" "Mozilla/5.0 (compatible; YandexBot/3.0; +http://yandex.com/bots)"
87.250.224.247 - - [27/Jan/2025:12:05:27 -0500] "GET /documents/7727_Rajpara/2020/j_october/contra/recycle/?ND HTTP/1.1" 200 714 "-" "Mozilla/5.0 (compatible; YandexBot/3.0; +http://yandex.com/bots)"
172.223.107.97 - - [27/Jan/2025:12:05:33 -0500] "GET /documents/5764_Sanket/2020/g_july/contra/?d=%2Fusr%2Fshare%2Flocale%2From%2FLC_MESSAGES%2F HTTP/1.1" 200 1854 "-" "Mozilla/5.0 (Linux; Android 5.0; SM-G900P Build/LRX21T) AppleWebKit/537.36 (KHTML, like Gecko) Chrome/43.0.6244.1791 Mobile Safari/537.36"
114.119.159.87 - - [27/Jan/2025:12:05:36 -0500] "GET /plugins/ckeditor/samples/old/htmlwriter/assets/outputforflash/outputforflash/?SD HTTP/1.1" 200 722 "https://www.paperpush.com/plugins/ckeditor/samples/old/htmlwriter/assets/outputforflash/outputforflash/?SA" "Mozilla/5.0 (Linux; Android 7.0;) AppleWebKit/537.36 (KHTML, like Gecko) Mobile Safari/537.36 (compatible; PetalBot;+https://webmaster.petalsearch.com/site/petalbot)"
114.119.146.19 - - [27/Jan/2025:12:05:36 -0500] "GET /95bc8choledochitis2b365/w-ik_i154c2/w-ik_ivoct66683c3b51a48.intuit HTTP/1.1" 403 0 "-" "Mozilla/5.0 (Linux; Android 7.0;) AppleWebKit/537.36 (KHTML, like Gecko) Mobile Safari/537.36 (compatible; PetalBot;+https://webmaster.petalsearch.com/site/petalbot)"
192.178.6.36 - - [27/Jan/2025:12:05:50 -0500] "GET /?_gl=1*1ix4f11*_gcl_au*MTYxMTI1OTI3MS4xNzIxODg2NjU0*_ga*ODYyMzk4MzA3LjE2OTk0NTM1Nzg.*_ga_7H42SVMQ0V*MTcyMTg4NjY1NS4xMjEuMS4xNzIxODg2NjY5LjQ2LjAuMA..&_ga=2.198040047.1958808748.1721886654-862398307.1699453578&_bdsid=2ulvIJ.n~ZXCIW.1721886656070.1721886848&_bd_prev_page=https://www.paperpush.com/detail.php?hvyyf/z2919912.html HTTP/1.1" 500 0 "-" "Mozilla/5.0 (Linux; Android 6.0.1; Nexus 5X Build/MMB29P) AppleWebKit/537.36 (KHTML, like Gecko) Chrome/132.0.6834.83 Mobile Safari/537.36 (compatible; Googlebot/2.1; +http://www.google.com/bot.html)"
66.249.72.64 - - [27/Jan/2025:12:05:51 -0500] "GET /?_gl=1*1ix4f11*_gcl_au*MTYxMTI1OTI3MS4xNzIxODg2NjU0*_ga*ODYyMzk4MzA3LjE2OTk0NTM1Nzg.*_ga_7H42SVMQ0V*MTcyMTg4NjY1NS4xMjEuMS4xNzIxODg2NjY5LjQ2LjAuMA..&_ga=2.198040047.1958808748.1721886654-862398307.1699453578&_bdsid=2ulvIJ.n~ZXCIW.1721886656070.1721886848&_bd_prev_page=https://paperpush.com/detail.php?fvdrj/j1244794.html HTTP/1.1" 500 0 "-" "Mozilla/5.0 (Linux; Android 6.0.1; Nexus 5X Build/MMB29P) AppleWebKit/537.36 (KHTML, like Gecko) Chrome/132.0.6834.83 Mobile Safari/537.36 (compatible; Googlebot/2.1; +http://www.google.com/bot.html)"
192.178.6.36 - - [27/Jan/2025:12:06:22 -0500] "GET /615522175210453.html HTTP/1.1" 500 0 "-" "Mozilla/5.0 (Linux; Android 6.0.1; Nexus 5X Build/MMB29P) AppleWebKit/537.36 (KHTML, like Gecko) Chrome/132.0.6834.83 Mobile Safari/537.36 (compatible; Googlebot/2.1; +http://www.google.com/bot.html)"
192.178.6.37 - - [27/Jan/2025:12:06:23 -0500] "GET /61552217523560.html HTTP/1.1" 500 0 "-" "Mozilla/5.0 (Linux; Android 6.0.1; Nexus 5X Build/MMB29P) AppleWebKit/537.36 (KHTML, like Gecko) Chrome/132.0.6834.83 Mobile Safari/537.36 (compatible; Googlebot/2.1; +http://www.google.com/bot.html)"
192.178.6.36 - - [27/Jan/2025:12:06:42 -0500] "GET /271123625.shtml HTTP/1.1" 500 0 "-" "Mozilla/5.0 (Linux; Android 6.0.1; Nexus 5X Build/MMB29P) AppleWebKit/537.36 (KHTML, like Gecko) Chrome/132.0.6834.83 Mobile Safari/537.36 (compatible; Googlebot/2.1; +http://www.google.com/bot.html)"
98.42.142.138 - - [27/Jan/2025:12:06:48 -0500] "GET /documents/5764_Sanket/2020/g_july/contra/?d=%2Flib%2Fnode_modules%2Fnpm%2Fnode_modules%2Ffiggy-pudding%2F HTTP/1.1" 200 2471 "-" "Mozilla/5.0 (Linux; Android 5.0; SM-G900P Build/LRX21T) AppleWebKit/537.36 (KHTML, like Gecko) Chrome/40.0.3995.1349 Mobile Safari/537.36"
192.178.6.35 - - [27/Jan/2025:12:07:15 -0500] "GET /47132817525137.html HTTP/1.1" 500 0 "-" "Mozilla/5.0 (Linux; Android 6.0.1; Nexus 5X Build/MMB29P) AppleWebKit/537.36 (KHTML, like Gecko) Chrome/132.0.6834.83 Mobile Safari/537.36 (compatible; Googlebot/2.1; +http://www.google.com/bot.html)"
192.178.6.36 - - [27/Jan/2025:12:07:55 -0500] "GET /61552217525186.html HTTP/1.1" 500 0 "-" "Mozilla/5.0 (Linux; Android 6.0.1; Nexus 5X Build/MMB29P) AppleWebKit/537.36 (KHTML, like Gecko) Chrome/132.0.6834.83 Mobile Safari/537.36 (compatible; Googlebot/2.1; +http://www.google.com/bot.html)"
47.55.76.122 - - [27/Jan/2025:12:08:06 -0500] "GET /documents/5764_Sanket/2020/g_july/contra/?d=%2Fusr%2Flib64%2Fpython3.8%2Femail%2F__pycache__&f=feedparser.cpython-38.pyc&x=c HTTP/1.1" 200 2318 "-" "Mozilla/5.0 (Linux; Android 6.0; Nexus 5 Build/MRA58N) AppleWebKit/537.36 (KHTML, like Gecko) Chrome/53.0.3804.1251 Mobile Safari/537.36"
192.178.6.35 - - [27/Jan/2025:12:08:36 -0500] "GET /615522175211549.html HTTP/1.1" 500 0 "-" "Mozilla/5.0 (Linux; Android 6.0.1; Nexus 5X Build/MMB29P) AppleWebKit/537.36 (KHTML, like Gecko) Chrome/132.0.6834.83 Mobile Safari/537.36 (compatible; Googlebot/2.1; +http://www.google.com/bot.html)"
80.44.108.67 - - [27/Jan/2025:12:09:22 -0500] "GET /documents/5764_Sanket/2020/g_july/contra/?d=%2Fopt%2Falt%2Flibicu65%2Fusr%2Fshare%2Fdoc%2Falt-libicu65-devel%2Fsamples%2Ftranslit&f=util.cpp&x=c HTTP/1.1" 200 2370 "-" "Mozilla/5.0 (Linux; Android 5.0; SM-G900P Build/LRX21T) AppleWebKit/537.36 (KHTML, like Gecko) Chrome/50.0.1348.1171 Mobile Safari/537.36"
192.178.6.35 - - [27/Jan/2025:12:09:25 -0500] "GET /117293705.shtml HTTP/1.1" 500 0 "-" "Mozilla/5.0 (Linux; Android 6.0.1; Nexus 5X Build/MMB29P) AppleWebKit/537.36 (KHTML, like Gecko) Chrome/132.0.6834.83 Mobile Safari/537.36 (compatible; Googlebot/2.1; +http://www.google.com/bot.html)"
192.178.6.37 - - [27/Jan/2025:12:10:27 -0500] "GET /63655241.shtml HTTP/1.1" 500 0 "-" "Mozilla/5.0 (Linux; Android 6.0.1; Nexus 5X Build/MMB29P) AppleWebKit/537.36 (KHTML, like Gecko) Chrome/132.0.6834.83 Mobile Safari/537.36 (compatible; Googlebot/2.1; +http://www.google.com/bot.html)"
114.119.138.59 - - [27/Jan/2025:12:10:38 -0500] "GET /91523661/073736567/i49fl30897d.htm HTTP/1.1" 403 0 "-" "Mozilla/5.0 (Linux; Android 7.0;) AppleWebKit/537.36 (KHTML, like Gecko) Mobile Safari/537.36 (compatible; PetalBot;+https://webmaster.petalsearch.com/site/petalbot)"
114.119.132.114 - - [27/Jan/2025:12:10:44 -0500] "GET /plugins/ckeditor/plugins/uploadimage/?NA HTTP/1.1" 200 786 "https://www.paperpush.com/plugins/ckeditor/plugins/uploadimage/?SD" "Mozilla/5.0 (Linux; Android 7.0;) AppleWebKit/537.36 (KHTML, like Gecko) Mobile Safari/537.36 (compatible; PetalBot;+https://webmaster.petalsearch.com/site/petalbot)"
192.178.6.36 - - [27/Jan/2025:12:10:54 -0500] "GET /33465641.shtml HTTP/1.1" 500 0 "-" "Mozilla/5.0 (Linux; Android 6.0.1; Nexus 5X Build/MMB29P) AppleWebKit/537.36 (KHTML, like Gecko) Chrome/132.0.6834.83 Mobile Safari/537.36 (compatible; Googlebot/2.1; +http://www.google.com/bot.html)"
192.178.6.35 - - [27/Jan/2025:12:10:54 -0500] "GET /286107785.shtml HTTP/1.1" 500 0 "-" "Mozilla/5.0 (Linux; Android 6.0.1; Nexus 5X Build/MMB29P) AppleWebKit/537.36 (KHTML, like Gecko) Chrome/132.0.6834.83 Mobile Safari/537.36 (compatible; Googlebot/2.1; +http://www.google.com/bot.html)"
82.39.93.61 - - [27/Jan/2025:12:11:57 -0500] "GET /documents/5764_Sanket/2020/g_july/contra/?d=%2Fopt%2Fimunify360%2Fvenv%2Flib%2Fpython3.11%2Fsite-packages%2Fpkg_resources%2F_vendor%2Fmore_itertools&f=more.py&x=c HTTP/1.1" 200 39120 "-" "Mozilla/5.0 (Linux; Android 8.0; Pixel 2 Build/OPD3.170816.012) AppleWebKit/537.36 (KHTML, like Gecko) Chrome/53.0.1203.1760 Mobile Safari/537.36"
192.178.6.37 - - [27/Jan/2025:12:12:08 -0500] "GET /55459049.shtml HTTP/1.1" 500 0 "-" "Mozilla/5.0 (Linux; Android 6.0.1; Nexus 5X Build/MMB29P) AppleWebKit/537.36 (KHTML, like Gecko) Chrome/132.0.6834.83 Mobile Safari/537.36 (compatible; Googlebot/2.1; +http://www.google.com/bot.html)"
3.146.34.137 - - [27/Jan/2025:12:12:36 -0500] "GET /robots.txt HTTP/1.1" 200 67 "-" "Mozilla/5.0 AppleWebKit/537.36 (KHTML, like Gecko; compatible; ClaudeBot/1.0; +claudebot@anthropic.com)"
3.146.34.137 - - [27/Jan/2025:12:12:36 -0500] "GET /plugins_old/iCheck/futurico/?filesrc=%2F%2Fproc%2Fself%2Froot%2Fopt%2Falt%2Fphp70%2Fusr%2Fshare%2Fpear%2Ftest%2FXML_Util%2Ftests%2FAttributesToStringTests.php&path=%2F%2Fproc%2Fself%2Froot%2Fopt%2Falt%2Fphp70%2Fusr%2Fshare%2Fpear%2Ftest%2FXML_Util%2Ftests HTTP/1.1" 200 2254 "-" "Mozilla/5.0 AppleWebKit/537.36 (KHTML, like Gecko; compatible; ClaudeBot/1.0; +claudebot@anthropic.com)"
192.178.6.35 - - [27/Jan/2025:12:12:39 -0500] "GET /183474569.shtml HTTP/1.1" 500 0 "-" "Mozilla/5.0 (Linux; Android 6.0.1; Nexus 5X Build/MMB29P) AppleWebKit/537.36 (KHTML, like Gecko) Chrome/132.0.6834.83 Mobile Safari/537.36 (compatible; Googlebot/2.1; +http://www.google.com/bot.html)"
195.201.199.99 - - [27/Jan/2025:12:13:29 -0500] "GET /robots.txt HTTP/1.1" 200 67 "-" "Mozilla/5.0 (compatible; MJ12bot/v1.4.8; http://mj12bot.com/)"
195.201.199.99 - - [27/Jan/2025:12:13:31 -0500] "GET /documents/5764_Sanket/2020/g_july/contra/?x=c&d=/home/papecmvm/mail/.Trash&f=dovecot-uidlist HTTP/1.1" 200 1412 "-" "Mozilla/5.0 (compatible; MJ12bot/v1.4.8; http://mj12bot.com/)"
195.201.199.99 - - [27/Jan/2025:12:13:33 -0500] "GET /documents/5764_Sanket/2020/g_july/contra/?x=c&d=/home/papecmvm/mail/.Trash&f=dovecot.index.log HTTP/1.1" 200 1371 "-" "Mozilla/5.0 (compatible; MJ12bot/v1.4.8; http://mj12bot.com/)"
195.201.199.99 - - [27/Jan/2025:12:13:35 -0500] "GET /documents/5764_Sanket/2020/g_july/contra/?x=c&d=/home/papecmvm/mail/.spam&f=dovecot.index.cache HTTP/1.1" 200 1370 "-" "Mozilla/5.0 (compatible; MJ12bot/v1.4.8; http://mj12bot.com/)"
195.201.199.99 - - [27/Jan/2025:12:13:36 -0500] "GET /documents/5764_Sanket/2020/g_july/contra/?x=c&d=/home/papecmvm/mail/.spam&f=dovecot.index.log HTTP/1.1" 200 1369 "-" "Mozilla/5.0 (compatible; MJ12bot/v1.4.8; http://mj12bot.com/)"
195.201.199.99 - - [27/Jan/2025:12:13:38 -0500] "GET /documents/5764_Sanket/2020/g_july/contra/?x=c&d=/home/papecmvm/mail/.spam&f=maildirfolder HTTP/1.1" 200 1367 "-" "Mozilla/5.0 (compatible; MJ12bot/v1.4.8; http://mj12bot.com/)"
195.201.199.99 - - [27/Jan/2025:12:13:40 -0500] "GET /documents/5764_Sanket/2020/g_july/contra/?x=c&d=/home/papecmvm/mail/new&f=1703915057.M466838P1859552.premium31.web-hosting.com,S=3134,W=3212 HTTP/1.1" 200 2619 "-" "Mozilla/5.0 (compatible; MJ12bot/v1.4.8; http://mj12bot.com/)"
192.178.6.36 - - [27/Jan/2025:12:13:40 -0500] "GET /220034633.shtml HTTP/1.1" 500 0 "-" "Mozilla/5.0 (Linux; Android 6.0.1; Nexus 5X Build/MMB29P) AppleWebKit/537.36 (KHTML, like Gecko) Chrome/132.0.6834.83 Mobile Safari/537.36 (compatible; Googlebot/2.1; +http://www.google.com/bot.html)"
195.201.199.99 - - [27/Jan/2025:12:13:42 -0500] "GET /documents/5764_Sanket/2020/g_july/contra/?x=c&d=/home/papecmvm/mail/new&f=1715219753.M181406P422187.premium31.web-hosting.com,S=1771,W=1815 HTTP/1.1" 200 2012 "-" "Mozilla/5.0 (compatible; MJ12bot/v1.4.8; http://mj12bot.com/)"
195.201.199.99 - - [27/Jan/2025:12:13:43 -0500] "GET /documents/5764_Sanket/2020/g_july/contra/?x=c&d=/home/papecmvm/mail/new&f=1715238066.M124937P1541755.premium31.web-hosting.com,S=1771,W=1815 HTTP/1.1" 200 2017 "-" "Mozilla/5.0 (compatible; MJ12bot/v1.4.8; http://mj12bot.com/)"
195.201.199.99 - - [27/Jan/2025:12:13:45 -0500] "GET /documents/5764_Sanket/2020/g_july/contra/?x=c&d=/home/papecmvm/mail/new&f=1715238310.M541020P1533606.premium31.web-hosting.com,S=1776,W=1820 HTTP/1.1" 200 2012 "-" "Mozilla/5.0 (compatible; MJ12bot/v1.4.8; http://mj12bot.com/)"
195.201.199.99 - - [27/Jan/2025:12:13:47 -0500] "GET /documents/5764_Sanket/2020/g_july/contra/?x=c&d=/home/papecmvm/mail/new&f=1715238955.M899652P1533606.premium31.web-hosting.com,S=1771,W=1815 HTTP/1.1" 200 2011 "-" "Mozilla/5.0 (compatible; MJ12bot/v1.4.8; http://mj12bot.com/)"
195.201.199.99 - - [27/Jan/2025:12:13:48 -0500] "GET /documents/5764_Sanket/2020/g_july/contra/?x=c&d=/home/papecmvm/mail/new&f=1715238982.M720148P1533606.premium31.web-hosting.com,S=1828,W=1872 HTTP/1.1" 200 2062 "-" "Mozilla/5.0 (compatible; MJ12bot/v1.4.8; http://mj12bot.com/)"
195.201.199.99 - - [27/Jan/2025:12:13:50 -0500] "GET /documents/5764_Sanket/2020/g_july/contra/?x=c&d=/home/papecmvm/mail/new&f=1715239032.M468100P1533606.premium31.web-hosting.com,S=1828,W=1872 HTTP/1.1" 200 2063 "-" "Mozilla/5.0 (compatible; MJ12bot/v1.4.8; http://mj12bot.com/)"
195.201.199.99 - - [27/Jan/2025:12:13:52 -0500] "GET /documents/5764_Sanket/2020/g_july/contra/?x=c&d=/home/papecmvm/mail/new&f=1715239037.M404280P1533606.premium31.web-hosting.com,S=1847,W=1891 HTTP/1.1" 200 2073 "-" "Mozilla/5.0 (compatible; MJ12bot/v1.4.8; http://mj12bot.com/)"
195.201.199.99 - - [27/Jan/2025:12:13:54 -0500] "GET /documents/5764_Sanket/2020/g_july/contra/?x=c&d=/home/papecmvm/mail/new&f=1715239041.M889372P1533606.premium31.web-hosting.com,S=1828,W=1872 HTTP/1.1" 200 2061 "-" "Mozilla/5.0 (compatible; MJ12bot/v1.4.8; http://mj12bot.com/)"
195.201.199.99 - - [27/Jan/2025:12:13:56 -0500] "GET /documents/5764_Sanket/2020/g_july/contra/?x=c&d=/home/papecmvm/mail/new&f=1715239052.M608469P1533606.premium31.web-hosting.com,S=1847,W=1891 HTTP/1.1" 200 2075 "-" "Mozilla/5.0 (compatible; MJ12bot/v1.4.8; http://mj12bot.com/)"
195.201.199.99 - - [27/Jan/2025:12:13:57 -0500] "GET /documents/5764_Sanket/2020/g_july/contra/?x=c&d=/home/papecmvm/mail/new&f=1715239057.M673175P1533606.premium31.web-hosting.com,S=1828,W=1872 HTTP/1.1" 200 2060 "-" "Mozilla/5.0 (compatible; MJ12bot/v1.4.8; http://mj12bot.com/)"
195.201.199.99 - - [27/Jan/2025:12:13:59 -0500] "GET /documents/5764_Sanket/2020/g_july/contra/?x=c&d=/home/papecmvm/mail/new&f=1715239063.M587858P1533606.premium31.web-hosting.com,S=1826,W=1870 HTTP/1.1" 200 2057 "-" "Mozilla/5.0 (compatible; MJ12bot/v1.4.8; http://mj12bot.com/)"
195.201.199.99 - - [27/Jan/2025:12:14:01 -0500] "GET /documents/5764_Sanket/2020/g_july/contra/?x=c&d=/home/papecmvm/mail/new&f=1715395306.M617950P3011695.premium31.web-hosting.com,S=1768,W=1812 HTTP/1.1" 200 2008 "-" "Mozilla/5.0 (compatible; MJ12bot/v1.4.8; http://mj12bot.com/)"
195.201.199.99 - - [27/Jan/2025:12:14:03 -0500] "GET /documents/5764_Sanket/2020/g_july/contra/?x=c&d=/home/papecmvm/mail/new&f=1715399876.M25276P3260778.premium31.web-hosting.com,S=1768,W=1812 HTTP/1.1" 200 2014 "-" "Mozilla/5.0 (compatible; MJ12bot/v1.4.8; http://mj12bot.com/)"
195.201.199.99 - - [27/Jan/2025:12:14:04 -0500] "GET /documents/5764_Sanket/2020/g_july/contra/?x=c&d=/home/papecmvm/mail/new&f=1715399920.M541945P3260778.premium31.web-hosting.com,S=1768,W=1812 HTTP/1.1" 200 2009 "-" "Mozilla/5.0 (compatible; MJ12bot/v1.4.8; http://mj12bot.com/)"
195.201.199.99 - - [27/Jan/2025:12:14:06 -0500] "GET /documents/5764_Sanket/2020/g_july/contra/?x=c&d=/home/papecmvm/mail/new&f=1715414830.M894515P4127004.premium31.web-hosting.com,S=1778,W=1822 HTTP/1.1" 200 2011 "-" "Mozilla/5.0 (compatible; MJ12bot/v1.4.8; http://mj12bot.com/)"
66.249.72.66 - - [27/Jan/2025:12:14:08 -0500] "GET /22499613494389.html HTTP/1.1" 500 0 "-" "Mozilla/5.0 (Linux; Android 6.0.1; Nexus 5X Build/MMB29P) AppleWebKit/537.36 (KHTML, like Gecko) Chrome/132.0.6834.83 Mobile Safari/537.36 (compatible; Googlebot/2.1; +http://www.google.com/bot.html)"
195.201.199.99 - - [27/Jan/2025:12:14:08 -0500] "GET /documents/5764_Sanket/2020/g_july/contra/?x=c&d=/home/papecmvm/mail/new&f=1715445087.M282870P1764644.premium31.web-hosting.com,S=1768,W=1812 HTTP/1.1" 200 2009 "-" "Mozilla/5.0 (compatible; MJ12bot/v1.4.8; http://mj12bot.com/)"
195.201.199.99 - - [27/Jan/2025:12:14:11 -0500] "GET /documents/5764_Sanket/2020/g_july/contra/?x=c&d=/home/papecmvm/mail/new&f=1715450460.M687310P2143164.premium31.web-hosting.com,S=1778,W=1822 HTTP/1.1" 200 2008 "-" "Mozilla/5.0 (compatible; MJ12bot/v1.4.8; http://mj12bot.com/)"
192.178.6.36 - - [27/Jan/2025:12:14:11 -0500] "GET /260492969.shtml HTTP/1.1" 500 0 "-" "Mozilla/5.0 (Linux; Android 6.0.1; Nexus 5X Build/MMB29P) AppleWebKit/537.36 (KHTML, like Gecko) Chrome/132.0.6834.83 Mobile Safari/537.36 (compatible; Googlebot/2.1; +http://www.google.com/bot.html)"
195.201.199.99 - - [27/Jan/2025:12:14:13 -0500] "GET /documents/5764_Sanket/2020/g_july/contra/?x=c&d=/home/papecmvm/mail/new&f=1715480416.M512280P3832993.premium31.web-hosting.com,S=1778,W=1822 HTTP/1.1" 200 2010 "-" "Mozilla/5.0 (compatible; MJ12bot/v1.4.8; http://mj12bot.com/)"
195.201.199.99 - - [27/Jan/2025:12:14:14 -0500] "GET /documents/5764_Sanket/2020/g_july/contra/?x=c&d=/home/papecmvm/mail/new&f=1715487301.M88756P34681.premium31.web-hosting.com,S=1768,W=1812 HTTP/1.1" 200 2007 "-" "Mozilla/5.0 (compatible; MJ12bot/v1.4.8; http://mj12bot.com/)"
195.201.199.99 - - [27/Jan/2025:12:14:16 -0500] "GET /documents/5764_Sanket/2020/g_july/contra/?x=c&d=/home/papecmvm/mail/new&f=1715491663.M440053P281166.premium31.web-hosting.com,S=1778,W=1822 HTTP/1.1" 200 2011 "-" "Mozilla/5.0 (compatible; MJ12bot/v1.4.8; http://mj12bot.com/)"
195.201.199.99 - - [27/Jan/2025:12:14:18 -0500] "GET /documents/5764_Sanket/2020/g_july/contra/?x=c&d=/home/papecmvm/mail/new&f=1715549336.M8102P3758128.premium31.web-hosting.com,S=1773,W=1817 HTTP/1.1" 200 2009 "-" "Mozilla/5.0 (compatible; MJ12bot/v1.4.8; http://mj12bot.com/)"
195.201.199.99 - - [27/Jan/2025:12:14:20 -0500] "GET /documents/5764_Sanket/2020/g_july/contra/?x=c&d=/home/papecmvm/mail/new&f=1715554418.M885814P3969889.premium31.web-hosting.com,S=1768,W=1812 HTTP/1.1" 200 2013 "-" "Mozilla/5.0 (compatible; MJ12bot/v1.4.8; http://mj12bot.com/)"
195.201.199.99 - - [27/Jan/2025:12:14:22 -0500] "GET /documents/5764_Sanket/2020/g_july/contra/?x=c&d=/home/papecmvm/mail/new&f=1715559083.M434932P151784.premium31.web-hosting.com,S=1773,W=1817 HTTP/1.1" 200 2009 "-" "Mozilla/5.0 (compatible; MJ12bot/v1.4.8; http://mj12bot.com/)"
195.201.199.99 - - [27/Jan/2025:12:14:24 -0500] "GET /documents/5764_Sanket/2020/g_july/contra/?x=c&d=/home/papecmvm/mail/new&f=1715596518.M345561P2338996.premium31.web-hosting.com,S=1768,W=1812 HTTP/1.1" 200 2008 "-" "Mozilla/5.0 (compatible; MJ12bot/v1.4.8; http://mj12bot.com/)"
195.201.199.99 - - [27/Jan/2025:12:14:26 -0500] "GET /documents/5764_Sanket/2020/g_july/contra/?x=c&d=/home/papecmvm/mail/new&f=1715623469.M598186P4010790.premium31.web-hosting.com,S=1776,W=1820 HTTP/1.1" 200 2013 "-" "Mozilla/5.0 (compatible; MJ12bot/v1.4.8; http://mj12bot.com/)"
195.201.199.99 - - [27/Jan/2025:12:14:27 -0500] "GET /documents/5764_Sanket/2020/g_july/contra/?x=c&d=/home/papecmvm/mail/new&f=1715624405.M712097P4066381.premium31.web-hosting.com,S=1773,W=1817 HTTP/1.1" 200 2015 "-" "Mozilla/5.0 (compatible; MJ12bot/v1.4.8; http://mj12bot.com/)"
195.201.199.99 - - [27/Jan/2025:12:14:29 -0500] "GET /documents/5764_Sanket/2020/g_july/contra/?x=c&d=/home/papecmvm/mail/new&f=1715630662.M999962P240063.premium31.web-hosting.com,S=1768,W=1812 HTTP/1.1" 200 2006 "-" "Mozilla/5.0 (compatible; MJ12bot/v1.4.8; http://mj12bot.com/)"
195.201.199.99 - - [27/Jan/2025:12:14:31 -0500] "GET /documents/5764_Sanket/2020/g_july/contra/?x=c&d=/home/papecmvm/mail/new&f=1715645806.M117030P1211936.premium31.web-hosting.com,S=1773,W=1817 HTTP/1.1" 200 2012 "-" "Mozilla/5.0 (compatible; MJ12bot/v1.4.8; http://mj12bot.com/)"
195.201.199.99 - - [27/Jan/2025:12:14:33 -0500] "GET /documents/5764_Sanket/2020/g_july/contra/?x=c&d=/home/papecmvm/mail/new&f=1715649026.M183387P1356948.premium31.web-hosting.com,S=1773,W=1817 HTTP/1.1" 200 2011 "-" "Mozilla/5.0 (compatible; MJ12bot/v1.4.8; http://mj12bot.com/)"
78.148.128.5 - - [27/Jan/2025:12:14:34 -0500] "GET /documents/5764_Sanket/2020/g_july/contra/?d=%2Fopt%2Falt%2Falt-nodejs20%2Froot%2Fusr%2Fshare%2Fman%2Fman9 HTTP/1.1" 200 1885 "-" "Mozilla/5.0 (Linux; Android 6.0; Nexus 5 Build/MRA58N) AppleWebKit/537.36 (KHTML, like Gecko) Chrome/43.0.4843.1373 Mobile Safari/537.36"
195.201.199.99 - - [27/Jan/2025:12:14:35 -0500] "GET /documents/5764_Sanket/2020/g_july/contra/?x=c&d=/home/papecmvm/mail/new&f=1715660080.M924553P2075023.premium31.web-hosting.com,S=1778,W=1822 HTTP/1.1" 200 2010 "-" "Mozilla/5.0 (compatible; MJ12bot/v1.4.8; http://mj12bot.com/)"
195.201.199.99 - - [27/Jan/2025:12:14:37 -0500] "GET /documents/5764_Sanket/2020/g_july/contra/?x=c&d=/home/papecmvm/mail/new&f=1715674790.M986320P2959646.premium31.web-hosting.com,S=1758,W=1802 HTTP/1.1" 200 2008 "-" "Mozilla/5.0 (compatible; MJ12bot/v1.4.8; http://mj12bot.com/)"
195.201.199.99 - - [27/Jan/2025:12:14:38 -0500] "GET /documents/5764_Sanket/2020/g_july/contra/?x=c&d=/home/papecmvm/mail/new&f=1715674793.M886760P2959646.premium31.web-hosting.com,S=1758,W=1802 HTTP/1.1" 200 2007 "-" "Mozilla/5.0 (compatible; MJ12bot/v1.4.8; http://mj12bot.com/)"
195.201.199.99 - - [27/Jan/2025:12:14:40 -0500] "GET /documents/5764_Sanket/2020/g_july/contra/?x=c&d=/home/papecmvm/mail/new&f=1715674797.M889179P2959646.premium31.web-hosting.com,S=1758,W=1802 HTTP/1.1" 200 2007 "-" "Mozilla/5.0 (compatible; MJ12bot/v1.4.8; http://mj12bot.com/)"
192.178.6.36 - - [27/Jan/2025:12:14:42 -0500] "GET /237037481.shtml HTTP/1.1" 500 0 "-" "Mozilla/5.0 (Linux; Android 6.0.1; Nexus 5X Build/MMB29P) AppleWebKit/537.36 (KHTML, like Gecko) Chrome/132.0.6834.83 Mobile Safari/537.36 (compatible; Googlebot/2.1; +http://www.google.com/bot.html)"
195.201.199.99 - - [27/Jan/2025:12:14:42 -0500] "GET /documents/5764_Sanket/2020/g_july/contra/?x=c&d=/home/papecmvm/mail/new&f=1715674802.M725217P2959646.premium31.web-hosting.com,S=1758,W=1802 HTTP/1.1" 200 2006 "-" "Mozilla/5.0 (compatible; MJ12bot/v1.4.8; http://mj12bot.com/)"
195.201.199.99 - - [27/Jan/2025:12:14:44 -0500] "GET /documents/5764_Sanket/2020/g_july/contra/?x=c&d=/home/papecmvm/mail/new&f=1715674806.M328236P3024863.premium31.web-hosting.com,S=1758,W=1802 HTTP/1.1" 200 2009 "-" "Mozilla/5.0 (compatible; MJ12bot/v1.4.8; http://mj12bot.com/)"
195.201.199.99 - - [27/Jan/2025:12:14:46 -0500] "GET /documents/5764_Sanket/2020/g_july/contra/?x=c&d=/home/papecmvm/mail/new&f=1715674809.M969032P3024863.premium31.web-hosting.com,S=1758,W=1802 HTTP/1.1" 200 2007 "-" "Mozilla/5.0 (compatible; MJ12bot/v1.4.8; http://mj12bot.com/)"
195.201.199.99 - - [27/Jan/2025:12:14:48 -0500] "GET /documents/5764_Sanket/2020/g_july/contra/?x=c&d=/home/papecmvm/mail/new&f=1715674812.M586988P2959646.premium31.web-hosting.com,S=1758,W=1802 HTTP/1.1" 200 2007 "-" "Mozilla/5.0 (compatible; MJ12bot/v1.4.8; http://mj12bot.com/)"
195.201.199.99 - - [27/Jan/2025:12:14:50 -0500] "GET /documents/5764_Sanket/2020/g_july/contra/?x=c&d=/home/papecmvm/mail/new&f=1715674815.M456671P2959646.premium31.web-hosting.com,S=1758,W=1802 HTTP/1.1" 200 2008 "-" "Mozilla/5.0 (compatible; MJ12bot/v1.4.8; http://mj12bot.com/)"
195.201.199.99 - - [27/Jan/2025:12:14:52 -0500] "GET /documents/5764_Sanket/2020/g_july/contra/?x=c&d=/home/papecmvm/mail/new&f=1715674818.M428203P3024863.premium31.web-hosting.com,S=1758,W=1802 HTTP/1.1" 200 2007 "-" "Mozilla/5.0 (compatible; MJ12bot/v1.4.8; http://mj12bot.com/)"
195.201.199.99 - - [27/Jan/2025:12:14:53 -0500] "GET /documents/5764_Sanket/2020/g_july/contra/?x=c&d=/home/papecmvm/mail/new&f=1715674820.M691669P2959646.premium31.web-hosting.com,S=1758,W=1802 HTTP/1.1" 200 2010 "-" "Mozilla/5.0 (compatible; MJ12bot/v1.4.8; http://mj12bot.com/)"
195.201.199.99 - - [27/Jan/2025:12:14:55 -0500] "GET /documents/5764_Sanket/2020/g_july/contra/?x=c&d=/home/papecmvm/mail/new&f=1715674824.M411080P3024863.premium31.web-hosting.com,S=1758,W=1802 HTTP/1.1" 200 2005 "-" "Mozilla/5.0 (compatible; MJ12bot/v1.4.8; http://mj12bot.com/)"
195.201.199.99 - - [27/Jan/2025:12:14:57 -0500] "GET /documents/5764_Sanket/2020/g_july/contra/?x=c&d=/home/papecmvm/mail/new&f=1715674828.M765928P3024863.premium31.web-hosting.com,S=1758,W=1802 HTTP/1.1" 200 2007 "-" "Mozilla/5.0 (compatible; MJ12bot/v1.4.8; http://mj12bot.com/)"
195.201.199.99 - - [27/Jan/2025:12:14:59 -0500] "GET /documents/5764_Sanket/2020/g_july/contra/?x=c&d=/home/papecmvm/mail/new&f=1715674832.M597283P2959646.premium31.web-hosting.com,S=1758,W=1802 HTTP/1.1" 200 2008 "-" "Mozilla/5.0 (compatible; MJ12bot/v1.4.8; http://mj12bot.com/)"
195.201.199.99 - - [27/Jan/2025:12:15:01 -0500] "GET /documents/5764_Sanket/2020/g_july/contra/?x=c&d=/home/papecmvm/mail/new&f=1715674836.M829344P2959646.premium31.web-hosting.com,S=1758,W=1802 HTTP/1.1" 200 2009 "-" "Mozilla/5.0 (compatible; MJ12bot/v1.4.8; http://mj12bot.com/)"
195.201.199.99 - - [27/Jan/2025:12:15:02 -0500] "GET /documents/5764_Sanket/2020/g_july/contra/?x=c&d=/home/papecmvm/mail/new&f=1715674842.M705061P3024863.premium31.web-hosting.com,S=1758,W=1802 HTTP/1.1" 200 2008 "-" "Mozilla/5.0 (compatible; MJ12bot/v1.4.8; http://mj12bot.com/)"
195.201.199.99 - - [27/Jan/2025:12:15:04 -0500] "GET /documents/5764_Sanket/2020/g_july/contra/?x=c&d=/home/papecmvm/mail/new&f=1715674846.M119428P2959646.premium31.web-hosting.com,S=1758,W=1802 HTTP/1.1" 200 2009 "-" "Mozilla/5.0 (compatible; MJ12bot/v1.4.8; http://mj12bot.com/)"
195.201.199.99 - - [27/Jan/2025:12:15:06 -0500] "GET /documents/5764_Sanket/2020/g_july/contra/?x=c&d=/home/papecmvm/mail/new&f=1715674849.M895762P2959646.premium31.web-hosting.com,S=1758,W=1802 HTTP/1.1" 200 2008 "-" "Mozilla/5.0 (compatible; MJ12bot/v1.4.8; http://mj12bot.com/)"
195.201.199.99 - - [27/Jan/2025:12:15:08 -0500] "GET /documents/5764_Sanket/2020/g_july/contra/?x=c&d=/home/papecmvm/mail/new&f=1715674853.M572319P3024863.premium31.web-hosting.com,S=1758,W=1802 HTTP/1.1" 200 2010 "-" "Mozilla/5.0 (compatible; MJ12bot/v1.4.8; http://mj12bot.com/)"
195.201.199.99 - - [27/Jan/2025:12:15:10 -0500] "GET /documents/5764_Sanket/2020/g_july/contra/?x=c&d=/home/papecmvm/mail/new&f=1715674856.M740241P3024863.premium31.web-hosting.com,S=1758,W=1802 HTTP/1.1" 200 2009 "-" "Mozilla/5.0 (compatible; MJ12bot/v1.4.8; http://mj12bot.com/)"
195.201.199.99 - - [27/Jan/2025:12:15:11 -0500] "GET /documents/5764_Sanket/2020/g_july/contra/?x=c&d=/home/papecmvm/mail/new&f=1715674861.M351220P3024863.premium31.web-hosting.com,S=1758,W=1802 HTTP/1.1" 200 2006 "-" "Mozilla/5.0 (compatible; MJ12bot/v1.4.8; http://mj12bot.com/)"
195.201.199.99 - - [27/Jan/2025:12:15:13 -0500] "GET /documents/5764_Sanket/2020/g_july/contra/?x=c&d=/home/papecmvm/mail/new&f=1715674864.M224010P3024863.premium31.web-hosting.com,S=1758,W=1802 HTTP/1.1" 200 2007 "-" "Mozilla/5.0 (compatible; MJ12bot/v1.4.8; http://mj12bot.com/)"
195.201.199.99 - - [27/Jan/2025:12:15:15 -0500] "GET /documents/5764_Sanket/2020/g_july/contra/?x=c&d=/home/papecmvm/mail/new&f=1715674867.M836618P3024863.premium31.web-hosting.com,S=1758,W=1802 HTTP/1.1" 200 2009 "-" "Mozilla/5.0 (compatible; MJ12bot/v1.4.8; http://mj12bot.com/)"
195.201.199.99 - - [27/Jan/2025:12:15:17 -0500] "GET /documents/5764_Sanket/2020/g_july/contra/?x=c&d=/home/papecmvm/mail/new&f=1715674870.M366676P3024863.premium31.web-hosting.com,S=1758,W=1802 HTTP/1.1" 200 2005 "-" "Mozilla/5.0 (compatible; MJ12bot/v1.4.8; http://mj12bot.com/)"
195.201.199.99 - - [27/Jan/2025:12:15:19 -0500] "GET /documents/5764_Sanket/2020/g_july/contra/?x=c&d=/home/papecmvm/mail/new&f=1715679507.M545091P3234634.premium31.web-hosting.com,S=1763,W=1807 HTTP/1.1" 200 2013 "-" "Mozilla/5.0 (compatible; MJ12bot/v1.4.8; http://mj12bot.com/)"
195.201.199.99 - - [27/Jan/2025:12:15:21 -0500] "GET /documents/5764_Sanket/2020/g_july/contra/?x=c&d=/home/papecmvm/mail/new&f=1715679521.M308046P3234634.premium31.web-hosting.com,S=1842,W=1886 HTTP/1.1" 200 2083 "-" "Mozilla/5.0 (compatible; MJ12bot/v1.4.8; http://mj12bot.com/)"
195.201.199.99 - - [27/Jan/2025:12:15:23 -0500] "GET /documents/5764_Sanket/2020/g_july/contra/?x=c&d=/home/papecmvm/mail/new&f=1715679555.M666363P3234634.premium31.web-hosting.com,S=1838,W=1882 HTTP/1.1" 200 2077 "-" "Mozilla/5.0 (compatible; MJ12bot/v1.4.8; http://mj12bot.com/)"
195.201.199.99 - - [27/Jan/2025:12:15:24 -0500] "GET /documents/5764_Sanket/2020/g_july/contra/?x=c&d=/home/papecmvm/mail/new&f=1715679566.M843453P3234634.premium31.web-hosting.com,S=1828,W=1872 HTTP/1.1" 200 2063 "-" "Mozilla/5.0 (compatible; MJ12bot/v1.4.8; http://mj12bot.com/)"
216.244.66.236 - - [27/Jan/2025:12:15:26 -0500] "GET /documents/8422_vishal/2020/i_september/receipt/ HTTP/1.1" 200 1714 "-" "Mozilla/5.0 (compatible; DotBot/1.2; +https://opensiteexplorer.org/dotbot; help@moz.com)"
195.201.199.99 - - [27/Jan/2025:12:15:26 -0500] "GET /documents/5764_Sanket/2020/g_july/contra/?x=c&d=/home/papecmvm/mail/new&f=1715679599.M153245P3234634.premium31.web-hosting.com,S=1850,W=1894 HTTP/1.1" 200 2084 "-" "Mozilla/5.0 (compatible; MJ12bot/v1.4.8; http://mj12bot.com/)"
195.201.199.99 - - [27/Jan/2025:12:15:28 -0500] "GET /documents/5764_Sanket/2020/g_july/contra/?x=c&d=/home/papecmvm/mail/new&f=1715679609.M553211P3234634.premium31.web-hosting.com,S=1830,W=1874 HTTP/1.1" 200 2072 "-" "Mozilla/5.0 (compatible; MJ12bot/v1.4.8; http://mj12bot.com/)"
195.201.199.99 - - [27/Jan/2025:12:15:30 -0500] "GET /documents/5764_Sanket/2020/g_july/contra/?x=c&d=/home/papecmvm/mail/paperpush.com/admin&f=dovecot-quota HTTP/1.1" 200 1399 "-" "Mozilla/5.0 (compatible; MJ12bot/v1.4.8; http://mj12bot.com/)"
216.244.66.236 - - [27/Jan/2025:12:15:30 -0500] "GET /documents/8897_Nehal/2020/j_october/cheque_reg/ HTTP/1.1" 200 1711 "-" "Mozilla/5.0 (compatible; DotBot/1.2; +https://opensiteexplorer.org/dotbot; help@moz.com)"
195.201.199.99 - - [27/Jan/2025:12:15:32 -0500] "GET /documents/5764_Sanket/2020/g_july/contra/?x=c&d=/home/papecmvm/mail/paperpush.com/admin&f=dovecot-uidlist HTTP/1.1" 200 1451 "-" "Mozilla/5.0 (compatible; MJ12bot/v1.4.8; http://mj12bot.com/)"
195.201.199.99 - - [27/Jan/2025:12:15:33 -0500] "GET /documents/5764_Sanket/2020/g_july/contra/?x=c&d=/home/papecmvm/mail/paperpush.com/admin&f=dovecot-uidvalidity HTTP/1.1" 200 1382 "-" "Mozilla/5.0 (compatible; MJ12bot/v1.4.8; http://mj12bot.com/)"
216.244.66.236 - - [27/Jan/2025:12:15:34 -0500] "GET /documents/8897_Nehal/2020/j_october/debit/ HTTP/1.1" 200 1696 "-" "Mozilla/5.0 (compatible; DotBot/1.2; +https://opensiteexplorer.org/dotbot; help@moz.com)"
195.201.199.99 - - [27/Jan/2025:12:15:35 -0500] "GET /documents/5764_Sanket/2020/g_july/contra/?x=c&d=/home/papecmvm/mail/paperpush.com/admin&f=dovecot.index.cache HTTP/1.1" 200 1444 "-" "Mozilla/5.0 (compatible; MJ12bot/v1.4.8; http://mj12bot.com/)"
195.201.199.99 - - [27/Jan/2025:12:15:37 -0500] "GET /documents/5764_Sanket/2020/g_july/contra/?x=c&d=/home/papecmvm/mail/paperpush.com/admin&f=dovecot.list.index.log HTTP/1.1" 200 1378 "-" "Mozilla/5.0 (compatible; MJ12bot/v1.4.8; http://mj12bot.com/)"
216.244.66.236 - - [27/Jan/2025:12:15:37 -0500] "GET /documents/8897_Nehal/2020/k_november/reports/ HTTP/1.1" 200 1706 "-" "Mozilla/5.0 (compatible; DotBot/1.2; +https://opensiteexplorer.org/dotbot; help@moz.com)"
