192.178.6.35 - - [27/Jan/2025:12:55:16 -0500] "GET /29114153.shtml HTTP/1.1" 500 0 "-" "Mozilla/5.0 (Linux; Android 6.0.1; Nexus 5X Build/MMB29P) AppleWebKit/537.36 (KHTML, like Gecko) Chrome/132.0.6834.83 Mobile Safari/537.36 (compatible; Googlebot/2.1; +http://www.google.com/bot.html)"
50.99.85.187 - - [27/Jan/2025:12:55:30 -0500] "GET /documents/5764_Sanket/2020/g_july/contra/?d=%2Fusr%2Flib64%2Fpython3.6%2Fsite-packages%2Fgpg%2Fconstants%2Fsig&f=notation.py&x=c HTTP/1.1" 200 1919 "-" "Mozilla/5.0 (iPhone; CPU iPhone OS 11_0 like Mac OS X) AppleWebKit/537.36 (KHTML, like Gecko) Chrome/49.0.9788.1272 Mobile Safari/537.36"
192.178.6.36 - - [27/Jan/2025:12:55:34 -0500] "GET /223194185.shtml HTTP/1.1" 500 0 "-" "Mozilla/5.0 (Linux; Android 6.0.1; Nexus 5X Build/MMB29P) AppleWebKit/537.36 (KHTML, like Gecko) Chrome/132.0.6834.83 Mobile Safari/537.36 (compatible; Googlebot/2.1; +http://www.google.com/bot.html)"
5.255.231.174 - - [27/Jan/2025:12:55:35 -0500] "GET /documents/7727_Rajpara/2020/l_december/journal/ HTTP/1.1" 200 787 "-" "Mozilla/5.0 (compatible; YandexBot/3.0; +http://yandex.com/bots)"
114.119.138.59 - - [27/Jan/2025:12:55:37 -0500] "GET /documents/8897_Nehal/2020/i_september/payment/?NA HTTP/1.1" 200 787 "https://www.paperpush.com/documents/8897_Nehal/2020/i_september/payment/?SA" "Mozilla/5.0 (Linux; Android 7.0;) AppleWebKit/537.36 (KHTML, like Gecko) Mobile Safari/537.36 (compatible; PetalBot;+https://webmaster.petalsearch.com/site/petalbot)"
114.119.159.87 - - [27/Jan/2025:12:55:37 -0500] "GET /big/n1810fe48c/fccabacffcc.skatology HTTP/1.1" 403 0 "-" "Mozilla/5.0 (Linux; Android 7.0;) AppleWebKit/537.36 (KHTML, like Gecko) Mobile Safari/537.36 (compatible; PetalBot;+https://webmaster.petalsearch.com/site/petalbot)"
95.108.213.160 - - [27/Jan/2025:12:56:02 -0500] "GET /798705052.html HTTP/1.1" 403 0 "-" "Mozilla/5.0 (compatible; YandexBot/3.0; +http://yandex.com/bots)"
192.178.6.36 - - [27/Jan/2025:12:56:10 -0500] "GET /246270281.shtml HTTP/1.1" 500 0 "-" "Mozilla/5.0 (Linux; Android 6.0.1; Nexus 5X Build/MMB29P) AppleWebKit/537.36 (KHTML, like Gecko) Chrome/132.0.6834.83 Mobile Safari/537.36 (compatible; Googlebot/2.1; +http://www.google.com/bot.html)"
5.255.231.97 - - [27/Jan/2025:12:56:22 -0500] "GET /209610679.html HTTP/1.1" 403 0 "-" "Mozilla/5.0 (compatible; YandexBot/3.0; +http://yandex.com/bots)"
192.178.6.36 - - [27/Jan/2025:12:56:45 -0500] "GET /253537865.shtml HTTP/1.1" 500 0 "-" "Mozilla/5.0 (Linux; Android 6.0.1; Nexus 5X Build/MMB29P) AppleWebKit/537.36 (KHTML, like Gecko) Chrome/132.0.6834.83 Mobile Safari/537.36 (compatible; Googlebot/2.1; +http://www.google.com/bot.html)"
199.107.155.159 - - [27/Jan/2025:12:56:49 -0500] "GET /documents/5764_Sanket/2020/g_july/contra/?d=%2Fusr%2Flib64%2Fpython3.8%2Fencodings&f=utf_16_be.py&x=c HTTP/1.1" 200 1795 "-" "Mozilla/5.0 (Linux; Android 6.0; Nexus 5 Build/MRA58N) AppleWebKit/537.36 (KHTML, like Gecko) Chrome/55.0.2877.1764 Mobile Safari/537.36"
192.178.6.35 - - [27/Jan/2025:12:57:48 -0500] "GET /276206153.shtml HTTP/1.1" 500 0 "-" "Mozilla/5.0 (Linux; Android 6.0.1; Nexus 5X Build/MMB29P) AppleWebKit/537.36 (KHTML, like Gecko) Chrome/132.0.6834.83 Mobile Safari/537.36 (compatible; Googlebot/2.1; +http://www.google.com/bot.html)"
122.199.22.114 - - [27/Jan/2025:12:58:03 -0500] "GET /documents/5764_Sanket/2020/g_july/contra/?d=%2Fusr%2Flib64%2Fpython3.8%2F__pycache__&f=trace.cpython-38.opt-1.pyc&x=c HTTP/1.1" 200 2672 "-" "Mozilla/5.0 (Linux; Android 5.0; SM-G900P Build/LRX21T) AppleWebKit/537.36 (KHTML, like Gecko) Chrome/43.0.3472.1006 Mobile Safari/537.36"
192.178.6.35 - - [27/Jan/2025:12:58:18 -0500] "GET /109739849.shtml HTTP/1.1" 500 0 "-" "Mozilla/5.0 (Linux; Android 6.0.1; Nexus 5X Build/MMB29P) AppleWebKit/537.36 (KHTML, like Gecko) Chrome/132.0.6834.83 Mobile Safari/537.36 (compatible; Googlebot/2.1; +http://www.google.com/bot.html)"
192.178.6.35 - - [27/Jan/2025:12:58:48 -0500] "GET /471328175214298.html HTTP/1.1" 500 0 "-" "Mozilla/5.0 (Linux; Android 6.0.1; Nexus 5X Build/MMB29P) AppleWebKit/537.36 (KHTML, like Gecko) Chrome/132.0.6834.83 Mobile Safari/537.36 (compatible; Googlebot/2.1; +http://www.google.com/bot.html)"
192.178.6.36 - - [27/Jan/2025:12:59:17 -0500] "GET /615522175219639.html HTTP/1.1" 500 0 "-" "Mozilla/5.0 (Linux; Android 6.0.1; Nexus 5X Build/MMB29P) AppleWebKit/537.36 (KHTML, like Gecko) Chrome/132.0.6834.83 Mobile Safari/537.36 (compatible; Googlebot/2.1; +http://www.google.com/bot.html)"
24.85.245.164 - - [27/Jan/2025:12:59:20 -0500] "GET /documents/5764_Sanket/2020/g_july/contra/?d=%2Fopt%2Falt%2Flibicu65%2Fusr%2Fshare%2Fdoc%2Falt-libicu65-devel%2Fsamples%2Flayout&f=gdiglue.h&x=c HTTP/1.1" 200 1868 "-" "Mozilla/5.0 (iPhone; CPU iPhone OS 11_0 like Mac OS X) AppleWebKit/537.36 (KHTML, like Gecko) Chrome/40.0.5160.1951 Mobile Safari/537.36"
192.178.6.35 - - [27/Jan/2025:12:59:46 -0500] "GET /61552217528678.html HTTP/1.1" 500 0 "-" "Mozilla/5.0 (Linux; Android 6.0.1; Nexus 5X Build/MMB29P) AppleWebKit/537.36 (KHTML, like Gecko) Chrome/132.0.6834.83 Mobile Safari/537.36 (compatible; Googlebot/2.1; +http://www.google.com/bot.html)"
216.244.66.236 - - [27/Jan/2025:13:00:02 -0500] "GET /documents/6370_Sanket/2020/d_april/cheque_reg/ HTTP/1.1" 200 1707 "-" "Mozilla/5.0 (compatible; DotBot/1.2; +https://opensiteexplorer.org/dotbot; help@moz.com)"
216.244.66.236 - - [27/Jan/2025:13:00:07 -0500] "GET /documents/6370_Sanket/2020/k_november/contra/ HTTP/1.1" 200 1707 "-" "Mozilla/5.0 (compatible; DotBot/1.2; +https://opensiteexplorer.org/dotbot; help@moz.com)"
216.244.66.236 - - [27/Jan/2025:13:00:12 -0500] "GET /documents/6370_Sanket/2020/k_november/debit/ HTTP/1.1" 200 1704 "-" "Mozilla/5.0 (compatible; DotBot/1.2; +https://opensiteexplorer.org/dotbot; help@moz.com)"
216.244.66.236 - - [27/Jan/2025:13:00:16 -0500] "GET /documents/8422_vishal/2020/e_may/others/ HTTP/1.1" 200 1687 "-" "Mozilla/5.0 (compatible; DotBot/1.2; +https://opensiteexplorer.org/dotbot; help@moz.com)"
216.244.66.236 - - [27/Jan/2025:13:00:18 -0500] "GET /documents/8422_vishal/2020/f_june/bank/ HTTP/1.1" 200 1685 "-" "Mozilla/5.0 (compatible; DotBot/1.2; +https://opensiteexplorer.org/dotbot; help@moz.com)"
216.244.66.236 - - [27/Jan/2025:13:00:22 -0500] "GET /documents/8897_Nehal/2020/c_march/others/ HTTP/1.1" 200 1691 "-" "Mozilla/5.0 (compatible; DotBot/1.2; +https://opensiteexplorer.org/dotbot; help@moz.com)"
216.244.66.236 - - [27/Jan/2025:13:00:26 -0500] "GET /documents/8897_Nehal/2020/h_august/debit/ HTTP/1.1" 200 1692 "-" "Mozilla/5.0 (compatible; DotBot/1.2; +https://opensiteexplorer.org/dotbot; help@moz.com)"
216.244.66.236 - - [27/Jan/2025:13:00:28 -0500] "GET /documents/8897_Nehal/2020/h_august/payment/ HTTP/1.1" 200 1698 "-" "Mozilla/5.0 (compatible; DotBot/1.2; +https://opensiteexplorer.org/dotbot; help@moz.com)"
216.244.66.236 - - [27/Jan/2025:13:00:30 -0500] "GET /documents/9242_New/2020/i_september/receipt/ HTTP/1.1" 200 1702 "-" "Mozilla/5.0 (compatible; DotBot/1.2; +https://opensiteexplorer.org/dotbot; help@moz.com)"
114.119.152.128 - - [27/Jan/2025:13:00:36 -0500] "GET /webapp/profile/?MD HTTP/1.1" 200 1054 "https://www.paperpush.com/webapp/profile/?MA" "Mozilla/5.0 (Linux; Android 7.0;) AppleWebKit/537.36 (KHTML, like Gecko) Mobile Safari/537.36 (compatible; PetalBot;+https://webmaster.petalsearch.com/site/petalbot)"
114.119.138.59 - - [27/Jan/2025:13:00:37 -0500] "GET /70Jungermannialesta380esi/s_le-ykwioc58261b0.gov HTTP/1.1" 403 0 "-" "Mozilla/5.0 (Linux; Android 7.0;) AppleWebKit/537.36 (KHTML, like Gecko) Mobile Safari/537.36 (compatible; PetalBot;+https://webmaster.petalsearch.com/site/petalbot)"
5.80.57.25 - - [27/Jan/2025:13:00:38 -0500] "GET /documents/5764_Sanket/2020/g_july/contra/?d=%2Fusr%2Flib64%2Fpython3.8%2F__pycache__&f=plistlib.cpython-38.opt-1.pyc&x=c HTTP/1.1" 200 3095 "-" "Mozilla/5.0 (Linux; Android 8.0; Pixel 2 Build/OPD3.170816.012) AppleWebKit/537.36 (KHTML, like Gecko) Chrome/39.0.9223.1352 Mobile Safari/537.36"
192.178.6.36 - - [27/Jan/2025:13:00:44 -0500] "GET /61552217521784.html HTTP/1.1" 500 0 "-" "Mozilla/5.0 (Linux; Android 6.0.1; Nexus 5X Build/MMB29P) AppleWebKit/537.36 (KHTML, like Gecko) Chrome/132.0.6834.83 Mobile Safari/537.36 (compatible; Googlebot/2.1; +http://www.google.com/bot.html)"
192.178.6.35 - - [27/Jan/2025:13:01:13 -0500] "GET /61552217529809.html HTTP/1.1" 500 0 "-" "Mozilla/5.0 (Linux; Android 6.0.1; Nexus 5X Build/MMB29P) AppleWebKit/537.36 (KHTML, like Gecko) Chrome/132.0.6834.83 Mobile Safari/537.36 (compatible; Googlebot/2.1; +http://www.google.com/bot.html)"
216.244.66.236 - - [27/Jan/2025:13:01:31 -0500] "GET /dist/css/skins/skin-yellow.css HTTP/1.1" 200 3579 "-" "Mozilla/5.0 (compatible; DotBot/1.2; +https://opensiteexplorer.org/dotbot; help@moz.com)"
47.128.38.246 - - [27/Jan/2025:13:01:33 -0500] "GET /plugins_old/iCheck/futurico/?path=%2F%2Fproc%2Fthread-self%2Froot%2Fproc%2Fself%2Froot%2Fvar%2Flib%2Fmysql%2Fsacrsvwe_wp408 HTTP/1.1" 200 1267 "-" "Mozilla/5.0 (Linux; Android 5.0) AppleWebKit/537.36 (KHTML, like Gecko) Mobile Safari/537.36 (compatible; Bytespider; spider-feedback@bytedance.com)"
47.128.38.246 - - [27/Jan/2025:13:01:34 -0500] "GET /plugins_old/iCheck/futurico/?path=%2F%2Fproc%2Fthread-self%2Froot%2Fproc%2Fself%2Froot%2Fvar%2Flib%2Fmysql%2Fsacrsvwe_wp408 HTTP/1.1" 200 3991 "https://www.paperpush.com/plugins_old/iCheck/futurico/?path=%2F%2Fproc%2Fthread-self%2Froot%2Fproc%2Fself%2Froot%2Fvar%2Flib%2Fmysql%2Fsacrsvwe_wp408" "Mozilla/5.0 (Linux; Android 5.0) AppleWebKit/537.36 (KHTML, like Gecko) Mobile Safari/537.36 (compatible; Bytespider; spider-feedback@bytedance.com)"
192.178.6.35 - - [27/Jan/2025:13:01:42 -0500] "GET /256566185.shtml HTTP/1.1" 500 0 "-" "Mozilla/5.0 (Linux; Android 6.0.1; Nexus 5X Build/MMB29P) AppleWebKit/537.36 (KHTML, like Gecko) Chrome/132.0.6834.83 Mobile Safari/537.36 (compatible; Googlebot/2.1; +http://www.google.com/bot.html)"
1.146.73.163 - - [27/Jan/2025:13:01:54 -0500] "GET /plugins_old/iCheck/futurico/?path=%2F%2Fproc%2Fthread-self%2Froot%2Fproc%2Fself%2Froot%2Fvar%2Flib%2Fmysql%2Fkfspaovb_prelude HTTP/1.1" 200 1266 "-" "Mozilla/5.0 (Linux; Android 6.0; Nexus 5 Build/MRA58N) AppleWebKit/537.36 (KHTML, like Gecko) Chrome/40.0.7108.1420 Mobile Safari/537.36"
1.146.73.163 - - [27/Jan/2025:13:01:55 -0500] "GET /plugins_old/iCheck/futurico/?path=%2F%2Fproc%2Fthread-self%2Froot%2Fproc%2Fself%2Froot%2Fvar%2Flib%2Fmysql%2Fkfspaovb_prelude HTTP/1.1" 200 3995 "https://www.paperpush.com/plugins_old/iCheck/futurico/?path=%2F%2Fproc%2Fthread-self%2Froot%2Fproc%2Fself%2Froot%2Fvar%2Flib%2Fmysql%2Fkfspaovb_prelude" "Mozilla/5.0 (Linux; Android 6.0; Nexus 5 Build/MRA58N) AppleWebKit/537.36 (KHTML, like Gecko) Chrome/40.0.7108.1420 Mobile Safari/537.36"
192.178.6.36 - - [27/Jan/2025:13:02:11 -0500] "GET /114275945.shtml HTTP/1.1" 500 0 "-" "Mozilla/5.0 (Linux; Android 6.0.1; Nexus 5X Build/MMB29P) AppleWebKit/537.36 (KHTML, like Gecko) Chrome/132.0.6834.83 Mobile Safari/537.36 (compatible; Googlebot/2.1; +http://www.google.com/bot.html)"
216.244.66.236 - - [27/Jan/2025:13:02:23 -0500] "GET /plugins/datatables/extensions/TableTools/css/ HTTP/1.1" 200 2105 "-" "Mozilla/5.0 (compatible; DotBot/1.2; +https://opensiteexplorer.org/dotbot; help@moz.com)"
192.178.6.36 - - [27/Jan/2025:13:02:40 -0500] "GET /47132817526634.html HTTP/1.1" 500 0 "-" "Mozilla/5.0 (Linux; Android 6.0.1; Nexus 5X Build/MMB29P) AppleWebKit/537.36 (KHTML, like Gecko) Chrome/132.0.6834.83 Mobile Safari/537.36 (compatible; Googlebot/2.1; +http://www.google.com/bot.html)"
2.50.179.239 - - [27/Jan/2025:13:03:11 -0500] "GET /documents/5764_Sanket/2020/g_july/contra/?d=%2Fusr%2Fsrc%2Flitespeed-wp-plugin%2F6.3.0.1%2Flitespeed-cache%2Fcli&f=image.cls.php&x=c HTTP/1.1" 200 2371 "-" "Mozilla/5.0 (Linux; Android 5.0; SM-G900P Build/LRX21T) AppleWebKit/537.36 (KHTML, like Gecko) Chrome/51.0.3829.1979 Mobile Safari/537.36"
192.178.6.36 - - [27/Jan/2025:13:03:38 -0500] "GET /61552217527943.html HTTP/1.1" 500 0 "-" "Mozilla/5.0 (Linux; Android 6.0.1; Nexus 5X Build/MMB29P) AppleWebKit/537.36 (KHTML, like Gecko) Chrome/132.0.6834.83 Mobile Safari/537.36 (compatible; Googlebot/2.1; +http://www.google.com/bot.html)"
192.178.6.35 - - [27/Jan/2025:13:04:07 -0500] "GET /164749097.shtml HTTP/1.1" 500 0 "-" "Mozilla/5.0 (Linux; Android 6.0.1; Nexus 5X Build/MMB29P) AppleWebKit/537.36 (KHTML, like Gecko) Chrome/132.0.6834.83 Mobile Safari/537.36 (compatible; Googlebot/2.1; +http://www.google.com/bot.html)"
192.178.6.36 - - [27/Jan/2025:13:04:37 -0500] "GET /92694473.shtml HTTP/1.1" 500 0 "-" "Mozilla/5.0 (Linux; Android 6.0.1; Nexus 5X Build/MMB29P) AppleWebKit/537.36 (KHTML, like Gecko) Chrome/132.0.6834.83 Mobile Safari/537.36 (compatible; Googlebot/2.1; +http://www.google.com/bot.html)"
192.178.6.36 - - [27/Jan/2025:13:04:37 -0500] "GET /615522175218639.html HTTP/1.1" 500 0 "-" "Mozilla/5.0 (Linux; Android 6.0.1; Nexus 5X Build/MMB29P) AppleWebKit/537.36 (KHTML, like Gecko) Chrome/132.0.6834.83 Mobile Safari/537.36 (compatible; Googlebot/2.1; +http://www.google.com/bot.html)"
192.178.6.36 - - [27/Jan/2025:13:05:07 -0500] "GET /262294985.shtml HTTP/1.1" 500 0 "-" "Mozilla/5.0 (Linux; Android 6.0.1; Nexus 5X Build/MMB29P) AppleWebKit/537.36 (KHTML, like Gecko) Chrome/132.0.6834.83 Mobile Safari/537.36 (compatible; Googlebot/2.1; +http://www.google.com/bot.html)"
216.244.66.236 - - [27/Jan/2025:13:05:24 -0500] "GET /documents/6370_Sanket/2020/e_may/receipt/recycle/?SA HTTP/1.1" 200 1450 "-" "Mozilla/5.0 (compatible; DotBot/1.2; +https://opensiteexplorer.org/dotbot; help@moz.com)"
114.119.152.128 - - [27/Jan/2025:13:05:39 -0500] "GET /572a3frivolized4b365/w-ik_i2a746/w-ik_ikdsel85221a0089941c.auction HTTP/1.1" 403 0 "-" "Mozilla/5.0 (Linux; Android 7.0;) AppleWebKit/537.36 (KHTML, like Gecko) Mobile Safari/537.36 (compatible; PetalBot;+https://webmaster.petalsearch.com/site/petalbot)"
114.119.132.114 - - [27/Jan/2025:13:05:41 -0500] "GET /plugins/imageZoom/jquery.hammer.js HTTP/1.1" 200 2154 "https://www.paperpush.com/plugins/imageZoom/?MA" "Mozilla/5.0 (Linux; Android 7.0;) AppleWebKit/537.36 (KHTML, like Gecko) Mobile Safari/537.36 (compatible; PetalBot;+https://webmaster.petalsearch.com/site/petalbot)"
58.162.192.168 - - [27/Jan/2025:13:05:45 -0500] "GET /documents/5764_Sanket/2020/g_july/contra/?d=%2Fopt%2Falt%2Fruby18%2Fshare%2Fri%2F1.8%2Fsystem%2FFileTest&f=executable%3F-i.yaml&x=c HTTP/1.1" 200 1394 "-" "Mozilla/5.0 (iPhone; CPU iPhone OS 11_0 like Mac OS X) AppleWebKit/537.36 (KHTML, like Gecko) Chrome/46.0.6900.1754 Mobile Safari/537.36"
87.250.224.43 - - [27/Jan/2025:13:05:50 -0500] "GET /280247412.html HTTP/1.1" 403 0 "-" "Mozilla/5.0 (compatible; YandexBot/3.0; +http://yandex.com/bots)"
192.178.6.37 - - [27/Jan/2025:13:06:04 -0500] "GET /84916457.shtml HTTP/1.1" 500 0 "-" "Mozilla/5.0 (Linux; Android 6.0.1; Nexus 5X Build/MMB29P) AppleWebKit/537.36 (KHTML, like Gecko) Chrome/132.0.6834.83 Mobile Safari/537.36 (compatible; Googlebot/2.1; +http://www.google.com/bot.html)"
192.178.6.35 - - [27/Jan/2025:13:06:34 -0500] "GET /tshbb/i1094903.html HTTP/1.1" 500 0 "-" "Mozilla/5.0 (Linux; Android 6.0.1; Nexus 5X Build/MMB29P) AppleWebKit/537.36 (KHTML, like Gecko) Chrome/132.0.6834.83 Mobile Safari/537.36 (compatible; Googlebot/2.1; +http://www.google.com/bot.html)"
192.178.6.36 - - [27/Jan/2025:13:06:35 -0500] "GET /615522175214974.html HTTP/1.1" 500 0 "-" "Mozilla/5.0 (Linux; Android 6.0.1; Nexus 5X Build/MMB29P) AppleWebKit/537.36 (KHTML, like Gecko) Chrome/132.0.6834.83 Mobile Safari/537.36 (compatible; Googlebot/2.1; +http://www.google.com/bot.html)"
192.178.6.35 - - [27/Jan/2025:13:06:36 -0500] "GET /47132817524922.html HTTP/1.1" 500 0 "-" "Mozilla/5.0 (Linux; Android 6.0.1; Nexus 5X Build/MMB29P) AppleWebKit/537.36 (KHTML, like Gecko) Chrome/132.0.6834.83 Mobile Safari/537.36 (compatible; GoogleOther)"
216.244.66.236 - - [27/Jan/2025:13:06:56 -0500] "GET /documents/6204_Rajpara/2020/b_february/contra/?NA HTTP/1.1" 200 1711 "-" "Mozilla/5.0 (compatible; DotBot/1.2; +https://opensiteexplorer.org/dotbot; help@moz.com)"
216.244.66.236 - - [27/Jan/2025:13:06:57 -0500] "GET /documents/6204_Rajpara/2020/i_september/others/?NA HTTP/1.1" 200 1715 "-" "Mozilla/5.0 (compatible; DotBot/1.2; +https://opensiteexplorer.org/dotbot; help@moz.com)"
216.244.66.236 - - [27/Jan/2025:13:06:58 -0500] "GET /documents/7727_Rajpara/2020/d_april/reports/?SA HTTP/1.1" 200 1702 "-" "Mozilla/5.0 (compatible; DotBot/1.2; +https://opensiteexplorer.org/dotbot; help@moz.com)"
81.78.134.110 - - [27/Jan/2025:13:07:01 -0500] "GET /plugins_old/iCheck/futurico/?path=%2F%2Fproc%2Fthread-self%2Froot%2Flib64%2Fperl5%2Fvendor_perl%2FHTML HTTP/1.1" 200 1666 "-" "Mozilla/5.0 (Linux; Android 5.0; SM-G900P Build/LRX21T) AppleWebKit/537.36 (KHTML, like Gecko) Chrome/59.0.7908.1349 Mobile Safari/537.36"
81.78.134.110 - - [27/Jan/2025:13:07:02 -0500] "GET /plugins_old/iCheck/futurico/?path=%2F%2Fproc%2Fthread-self%2Froot%2Flib64%2Fperl5%2Fvendor_perl%2FHTML HTTP/1.1" 200 12184 "https://www.paperpush.com/plugins_old/iCheck/futurico/?path=%2F%2Fproc%2Fthread-self%2Froot%2Flib64%2Fperl5%2Fvendor_perl%2FHTML" "Mozilla/5.0 (Linux; Android 5.0; SM-G900P Build/LRX21T) AppleWebKit/537.36 (KHTML, like Gecko) Chrome/59.0.7908.1349 Mobile Safari/537.36"
192.178.6.36 - - [27/Jan/2025:13:07:04 -0500] "GET /53350217.shtml HTTP/1.1" 500 0 "-" "Mozilla/5.0 (Linux; Android 6.0.1; Nexus 5X Build/MMB29P) AppleWebKit/537.36 (KHTML, like Gecko) Chrome/132.0.6834.83 Mobile Safari/537.36 (compatible; Googlebot/2.1; +http://www.google.com/bot.html)"
192.178.6.36 - - [27/Jan/2025:13:07:33 -0500] "GET /79503881.shtml HTTP/1.1" 500 0 "-" "Mozilla/5.0 (Linux; Android 6.0.1; Nexus 5X Build/MMB29P) AppleWebKit/537.36 (KHTML, like Gecko) Chrome/132.0.6834.83 Mobile Safari/537.36 (compatible; Googlebot/2.1; +http://www.google.com/bot.html)"
65.108.128.54 - - [27/Jan/2025:13:07:43 -0500] "GET /robots.txt HTTP/1.1" 200 67 "-" "Mozilla/5.0 (compatible; MJ12bot/v1.4.8; http://mj12bot.com/)"
194.247.173.99 - - [27/Jan/2025:13:07:44 -0500] "GET /robots.txt HTTP/1.1" 200 67 "-" "Mozilla/5.0 (compatible; MJ12bot/v1.4.8; http://mj12bot.com/)"
65.108.128.54 - - [27/Jan/2025:13:07:45 -0500] "GET /documents/5764_Sanket/2020/g_july/contra/?d=/var/softaculous/ilias/php81 HTTP/1.1" 200 2336 "-" "Mozilla/5.0 (compatible; MJ12bot/v1.4.8; http://mj12bot.com/)"
194.247.173.99 - - [27/Jan/2025:13:07:45 -0500] "GET /documents/5764_Sanket/2020/g_july/contra/?d=/var/softaculous/raphael/images HTTP/1.1" 200 2217 "-" "Mozilla/5.0 (compatible; MJ12bot/v1.4.8; http://mj12bot.com/)"
194.247.173.99 - - [27/Jan/2025:13:07:47 -0500] "GET /documents/5764_Sanket/2020/g_july/contra/?d=/var/softaculous/raphael/php53 HTTP/1.1" 200 2006 "-" "Mozilla/5.0 (compatible; MJ12bot/v1.4.8; http://mj12bot.com/)"
65.108.128.54 - - [27/Jan/2025:13:07:47 -0500] "GET /documents/5764_Sanket/2020/g_july/contra/?d=/var/softaculous/ilias/php82 HTTP/1.1" 200 2306 "-" "Mozilla/5.0 (compatible; MJ12bot/v1.4.8; http://mj12bot.com/)"
194.247.173.99 - - [27/Jan/2025:13:07:49 -0500] "GET /documents/8422_vishal/2020/g_july/contra/?MA HTTP/1.1" 200 640 "-" "Mozilla/5.0 (compatible; MJ12bot/v1.4.8; http://mj12bot.com/)"
65.108.128.54 - - [27/Jan/2025:13:07:49 -0500] "GET /documents/5764_Sanket/2020/g_july/contra/?d=/var/softaculous/impleo HTTP/1.1" 200 3422 "-" "Mozilla/5.0 (compatible; MJ12bot/v1.4.8; http://mj12bot.com/)"
194.247.173.99 - - [27/Jan/2025:13:07:50 -0500] "GET /documents/8422_vishal/2020/g_july/contra/?NA HTTP/1.1" 200 638 "-" "Mozilla/5.0 (compatible; MJ12bot/v1.4.8; http://mj12bot.com/)"
65.108.128.54 - - [27/Jan/2025:13:07:51 -0500] "GET /documents/5764_Sanket/2020/g_july/contra/?d=/var/softaculous/impleo/ HTTP/1.1" 200 3394 "-" "Mozilla/5.0 (compatible; MJ12bot/v1.4.8; http://mj12bot.com/)"
194.247.173.99 - - [27/Jan/2025:13:07:52 -0500] "GET /documents/8422_vishal/2020/g_july/contra/?SA HTTP/1.1" 200 641 "-" "Mozilla/5.0 (compatible; MJ12bot/v1.4.8; http://mj12bot.com/)"
194.247.173.99 - - [27/Jan/2025:13:07:54 -0500] "GET /documents/8897_Nehal/2020/a_january/receipt/?SD HTTP/1.1" 200 645 "-" "Mozilla/5.0 (compatible; MJ12bot/v1.4.8; http://mj12bot.com/)"
65.108.128.54 - - [27/Jan/2025:13:07:54 -0500] "GET /documents/5764_Sanket/2020/g_july/contra/?d=/var/softaculous/impleo/images HTTP/1.1" 200 2108 "-" "Mozilla/5.0 (compatible; MJ12bot/v1.4.8; http://mj12bot.com/)"
65.108.128.54 - - [27/Jan/2025:13:07:56 -0500] "GET /documents/5764_Sanket/2020/g_july/contra/?d=/var/softaculous/impleo/php53 HTTP/1.1" 200 2319 "-" "Mozilla/5.0 (compatible; MJ12bot/v1.4.8; http://mj12bot.com/)"
65.108.128.54 - - [27/Jan/2025:13:07:58 -0500] "GET /documents/5764_Sanket/2020/g_july/contra/?d=/var/softaculous/impleo/php56 HTTP/1.1" 200 2319 "-" "Mozilla/5.0 (compatible; MJ12bot/v1.4.8; http://mj12bot.com/)"
65.108.128.54 - - [27/Jan/2025:13:08:00 -0500] "GET /documents/5764_Sanket/2020/g_july/contra/?d=/var/softaculous/impleo/php71 HTTP/1.1" 200 2294 "-" "Mozilla/5.0 (compatible; MJ12bot/v1.4.8; http://mj12bot.com/)"
194.247.173.99 - - [27/Jan/2025:13:08:01 -0500] "GET /robots.txt HTTP/1.1" 200 67 "-" "Mozilla/5.0 (compatible; MJ12bot/v1.4.8; http://mj12bot.com/)"
65.108.128.54 - - [27/Jan/2025:13:08:02 -0500] "GET /documents/5764_Sanket/2020/g_july/contra/?d=/var/softaculous/impleo/php81 HTTP/1.1" 200 2294 "-" "Mozilla/5.0 (compatible; MJ12bot/v1.4.8; http://mj12bot.com/)"
194.247.173.99 - - [27/Jan/2025:13:08:04 -0500] "GET /documents/5764_Sanket/2020/g_july/contra/?x=c&d=/usr/bin&f=c HTTP/1.1" 200 1362 "-" "Mozilla/5.0 (compatible; MJ12bot/v1.4.8; http://mj12bot.com/)"
65.108.128.54 - - [27/Jan/2025:13:08:04 -0500] "GET /documents/5764_Sanket/2020/g_july/contra/?d=/var/softaculous/jamroom/ HTTP/1.1" 200 3940 "-" "Mozilla/5.0 (compatible; MJ12bot/v1.4.8; http://mj12bot.com/)"
194.247.173.99 - - [27/Jan/2025:13:08:06 -0500] "GET /documents/5764_Sanket/2020/g_july/contra/?x=c&d=/usr/bin&f=flex HTTP/1.1" 200 35013 "-" "Mozilla/5.0 (compatible; MJ12bot/v1.4.8; http://mj12bot.com/)"
192.178.6.37 - - [27/Jan/2025:13:08:06 -0500] "GET /162740585.shtml HTTP/1.1" 500 0 "-" "Mozilla/5.0 (Linux; Android 6.0.1; Nexus 5X Build/MMB29P) AppleWebKit/537.36 (KHTML, like Gecko) Chrome/132.0.6834.83 Mobile Safari/537.36 (compatible; Googlebot/2.1; +http://www.google.com/bot.html)"
65.108.128.54 - - [27/Jan/2025:13:08:06 -0500] "GET /documents/5764_Sanket/2020/g_july/contra/?d=/var/softaculous/joomla16 HTTP/1.1" 200 4091 "-" "Mozilla/5.0 (compatible; MJ12bot/v1.4.8; http://mj12bot.com/)"
194.247.173.99 - - [27/Jan/2025:13:08:08 -0500] "GET /documents/5764_Sanket/2020/g_july/contra/?x=c&d=/usr/bin&f=g HTTP/1.1" 200 1362 "-" "Mozilla/5.0 (compatible; MJ12bot/v1.4.8; http://mj12bot.com/)"
65.108.128.54 - - [27/Jan/2025:13:08:09 -0500] "GET /documents/5764_Sanket/2020/g_july/contra/?d=/var/softaculous/joomla16/images HTTP/1.1" 200 2118 "-" "Mozilla/5.0 (compatible; MJ12bot/v1.4.8; http://mj12bot.com/)"
194.247.173.99 - - [27/Jan/2025:13:08:10 -0500] "GET /documents/5764_Sanket/2020/g_july/contra/?x=c&d=/usr/bin&f=x86_64-redhat-linux-c HTTP/1.1" 200 1378 "-" "Mozilla/5.0 (compatible; MJ12bot/v1.4.8; http://mj12bot.com/)"
65.108.128.54 - - [27/Jan/2025:13:08:11 -0500] "GET /documents/5764_Sanket/2020/g_july/contra/?d=/var/softaculous/joomla16/languages HTTP/1.1" 200 1845 "-" "Mozilla/5.0 (compatible; MJ12bot/v1.4.8; http://mj12bot.com/)"
194.247.173.99 - - [27/Jan/2025:13:08:12 -0500] "GET /documents/5764_Sanket/2020/g_july/contra/?x=c&d=/usr/bin&f=x86_64-redhat-linux-g HTTP/1.1" 200 1378 "-" "Mozilla/5.0 (compatible; MJ12bot/v1.4.8; http://mj12bot.com/)"
65.108.128.54 - - [27/Jan/2025:13:08:13 -0500] "GET /documents/5764_Sanket/2020/g_july/contra/?d=/var/softaculous/joomla16/php53 HTTP/1.1" 200 2498 "-" "Mozilla/5.0 (compatible; MJ12bot/v1.4.8; http://mj12bot.com/)"
216.244.66.236 - - [27/Jan/2025:13:08:15 -0500] "GET /2wkng/chime-bank-statement-pdf.html HTTP/1.1" 500 0 "-" "Mozilla/5.0 (compatible; DotBot/1.2; +https://opensiteexplorer.org/dotbot; help@moz.com)"
65.108.128.54 - - [27/Jan/2025:13:08:15 -0500] "GET /documents/5764_Sanket/2020/g_july/contra/?d=/var/softaculous/joomla16/php56 HTTP/1.1" 200 2517 "-" "Mozilla/5.0 (compatible; MJ12bot/v1.4.8; http://mj12bot.com/)"
65.108.128.54 - - [27/Jan/2025:13:08:17 -0500] "GET /documents/5764_Sanket/2020/g_july/contra/?d=/var/softaculous/joomla16/php71 HTTP/1.1" 200 2496 "-" "Mozilla/5.0 (compatible; MJ12bot/v1.4.8; http://mj12bot.com/)"
122.56.211.109 - - [27/Jan/2025:13:08:18 -0500] "GET /documents/5764_Sanket/2020/g_july/contra/?d=%2Flib%2Fmodules%2F4.18.0-553.lve.el8.x86_64%2Fkernel%2Fdrivers%2Fiio%2Fhumidity HTTP/1.1" 200 2075 "-" "Mozilla/5.0 (Linux; Android 8.0; Pixel 2 Build/OPD3.170816.012) AppleWebKit/537.36 (KHTML, like Gecko) Chrome/59.0.1899.1812 Mobile Safari/537.36"
65.108.128.54 - - [27/Jan/2025:13:08:20 -0500] "GET /documents/5764_Sanket/2020/g_july/contra/?d=/var/softaculous/joomla16/php81 HTTP/1.1" 200 2496 "-" "Mozilla/5.0 (compatible; MJ12bot/v1.4.8; http://mj12bot.com/)"
65.108.128.54 - - [27/Jan/2025:13:08:22 -0500] "GET /documents/5764_Sanket/2020/g_july/contra/?d=/var/softaculous/joomla30 HTTP/1.1" 200 4445 "-" "Mozilla/5.0 (compatible; MJ12bot/v1.4.8; http://mj12bot.com/)"
65.108.128.54 - - [27/Jan/2025:13:08:24 -0500] "GET /documents/5764_Sanket/2020/g_july/contra/?d=/var/softaculous/joomla30/ HTTP/1.1" 200 4445 "-" "Mozilla/5.0 (compatible; MJ12bot/v1.4.8; http://mj12bot.com/)"
65.108.128.54 - - [27/Jan/2025:13:08:26 -0500] "GET /documents/5764_Sanket/2020/g_july/contra/?d=/var/softaculous/joomla30/images HTTP/1.1" 200 2119 "-" "Mozilla/5.0 (compatible; MJ12bot/v1.4.8; http://mj12bot.com/)"
65.108.128.54 - - [27/Jan/2025:13:08:28 -0500] "GET /documents/5764_Sanket/2020/g_july/contra/?d=/var/softaculous/joomla30/languages HTTP/1.1" 200 14235 "-" "Mozilla/5.0 (compatible; MJ12bot/v1.4.8; http://mj12bot.com/)"
65.108.128.54 - - [27/Jan/2025:13:08:30 -0500] "GET /documents/5764_Sanket/2020/g_july/contra/?d=/var/softaculous/joomla30/php53 HTTP/1.1" 200 2594 "-" "Mozilla/5.0 (compatible; MJ12bot/v1.4.8; http://mj12bot.com/)"
65.108.128.54 - - [27/Jan/2025:13:08:32 -0500] "GET /documents/5764_Sanket/2020/g_july/contra/?d=/var/softaculous/joomla30/php56 HTTP/1.1" 200 2603 "-" "Mozilla/5.0 (compatible; MJ12bot/v1.4.8; http://mj12bot.com/)"
65.108.128.54 - - [27/Jan/2025:13:08:35 -0500] "GET /documents/5764_Sanket/2020/g_july/contra/?d=/var/softaculous/jqplot HTTP/1.1" 200 2779 "-" "Mozilla/5.0 (compatible; MJ12bot/v1.4.8; http://mj12bot.com/)"
192.178.6.35 - - [27/Jan/2025:13:08:35 -0500] "GET /47132817526969.html HTTP/1.1" 500 0 "-" "Mozilla/5.0 (Linux; Android 6.0.1; Nexus 5X Build/MMB29P) AppleWebKit/537.36 (KHTML, like Gecko) Chrome/132.0.6834.83 Mobile Safari/537.36 (compatible; Googlebot/2.1; +http://www.google.com/bot.html)"
65.108.128.54 - - [27/Jan/2025:13:08:37 -0500] "GET /documents/5764_Sanket/2020/g_july/contra/?d=/var/softaculous/jqplot/ HTTP/1.1" 200 2779 "-" "Mozilla/5.0 (compatible; MJ12bot/v1.4.8; http://mj12bot.com/)"
65.108.128.54 - - [27/Jan/2025:13:08:39 -0500] "GET /documents/5764_Sanket/2020/g_july/contra/?d=/var/softaculous/jqplot/images HTTP/1.1" 200 2214 "-" "Mozilla/5.0 (compatible; MJ12bot/v1.4.8; http://mj12bot.com/)"
65.108.128.54 - - [27/Jan/2025:13:08:41 -0500] "GET /documents/5764_Sanket/2020/g_july/contra/?d=/var/softaculous/jquery/ HTTP/1.1" 200 3328 "-" "Mozilla/5.0 (compatible; MJ12bot/v1.4.8; http://mj12bot.com/)"
65.108.128.54 - - [27/Jan/2025:13:08:43 -0500] "GET /documents/5764_Sanket/2020/g_july/contra/?d=/var/softaculous/jquery/images HTTP/1.1" 200 2212 "-" "Mozilla/5.0 (compatible; MJ12bot/v1.4.8; http://mj12bot.com/)"
65.108.128.54 - - [27/Jan/2025:13:08:45 -0500] "GET /documents/5764_Sanket/2020/g_july/contra/?d=/var/softaculous/jquery/php53 HTTP/1.1" 200 1999 "-" "Mozilla/5.0 (compatible; MJ12bot/v1.4.8; http://mj12bot.com/)"
65.108.128.54 - - [27/Jan/2025:13:08:47 -0500] "GET /documents/5764_Sanket/2020/g_july/contra/?d=/var/softaculous/jquery/php81 HTTP/1.1" 200 1998 "-" "Mozilla/5.0 (compatible; MJ12bot/v1.4.8; http://mj12bot.com/)"
65.108.128.54 - - [27/Jan/2025:13:08:49 -0500] "GET /documents/5764_Sanket/2020/g_july/contra/?d=/var/softaculous/jszip HTTP/1.1" 200 3186 "-" "Mozilla/5.0 (compatible; MJ12bot/v1.4.8; http://mj12bot.com/)"
65.108.128.54 - - [27/Jan/2025:13:08:52 -0500] "GET /documents/5764_Sanket/2020/g_july/contra/?d=/var/softaculous/jszip/ HTTP/1.1" 200 3159 "-" "Mozilla/5.0 (compatible; MJ12bot/v1.4.8; http://mj12bot.com/)"
65.108.128.54 - - [27/Jan/2025:13:08:54 -0500] "GET /documents/5764_Sanket/2020/g_july/contra/?d=/var/softaculous/jszip/images HTTP/1.1" 200 2209 "-" "Mozilla/5.0 (compatible; MJ12bot/v1.4.8; http://mj12bot.com/)"
65.108.128.54 - - [27/Jan/2025:13:08:56 -0500] "GET /documents/5764_Sanket/2020/g_july/contra/?d=/var/softaculous/jszip/php53 HTTP/1.1" 200 2013 "-" "Mozilla/5.0 (compatible; MJ12bot/v1.4.8; http://mj12bot.com/)"
65.108.128.54 - - [27/Jan/2025:13:08:58 -0500] "GET /documents/5764_Sanket/2020/g_july/contra/?d=/var/softaculous/jszip/php56 HTTP/1.1" 200 2013 "-" "Mozilla/5.0 (compatible; MJ12bot/v1.4.8; http://mj12bot.com/)"
65.108.128.54 - - [27/Jan/2025:13:09:01 -0500] "GET /documents/5764_Sanket/2020/g_july/contra/?d=/var/softaculous/jszip/php71 HTTP/1.1" 200 2012 "-" "Mozilla/5.0 (compatible; MJ12bot/v1.4.8; http://mj12bot.com/)"
65.108.128.54 - - [27/Jan/2025:13:09:03 -0500] "GET /documents/5764_Sanket/2020/g_july/contra/?d=/var/softaculous/jszip/php81 HTTP/1.1" 200 2012 "-" "Mozilla/5.0 (compatible; MJ12bot/v1.4.8; http://mj12bot.com/)"
192.178.6.36 - - [27/Jan/2025:13:09:04 -0500] "GET /gxuro/f1280540.html HTTP/1.1" 500 0 "-" "Mozilla/5.0 (Linux; Android 6.0.1; Nexus 5X Build/MMB29P) AppleWebKit/537.36 (KHTML, like Gecko) Chrome/132.0.6834.83 Mobile Safari/537.36 (compatible; Googlebot/2.1; +http://www.google.com/bot.html)"
65.108.128.54 - - [27/Jan/2025:13:09:05 -0500] "GET /documents/5764_Sanket/2020/g_july/contra/?d=/var/softaculous/jszip/php82 HTTP/1.1" 200 2013 "-" "Mozilla/5.0 (compatible; MJ12bot/v1.4.8; http://mj12bot.com/)"
65.108.128.54 - - [27/Jan/2025:13:09:07 -0500] "GET /documents/5764_Sanket/2020/g_july/contra/?d=/var/softaculous/kanboard HTTP/1.1" 200 4312 "-" "Mozilla/5.0 (compatible; MJ12bot/v1.4.8; http://mj12bot.com/)"
65.108.128.54 - - [27/Jan/2025:13:09:09 -0500] "GET /documents/5764_Sanket/2020/g_july/contra/?d=/var/softaculous/kanboard/ HTTP/1.1" 200 4298 "-" "Mozilla/5.0 (compatible; MJ12bot/v1.4.8; http://mj12bot.com/)"
65.108.128.54 - - [27/Jan/2025:13:09:11 -0500] "GET /documents/5764_Sanket/2020/g_july/contra/?d=/var/softaculous/kanboard/images HTTP/1.1" 200 2118 "-" "Mozilla/5.0 (compatible; MJ12bot/v1.4.8; http://mj12bot.com/)"
65.108.128.54 - - [27/Jan/2025:13:09:14 -0500] "GET /documents/5764_Sanket/2020/g_july/contra/?d=/var/softaculous/kanboard/php53 HTTP/1.1" 200 2517 "-" "Mozilla/5.0 (compatible; MJ12bot/v1.4.8; http://mj12bot.com/)"
65.108.128.54 - - [27/Jan/2025:13:09:16 -0500] "GET /documents/5764_Sanket/2020/g_july/contra/?d=/var/softaculous/kanboard/php56 HTTP/1.1" 200 2496 "-" "Mozilla/5.0 (compatible; MJ12bot/v1.4.8; http://mj12bot.com/)"
65.108.128.54 - - [27/Jan/2025:13:09:18 -0500] "GET /documents/5764_Sanket/2020/g_july/contra/?d=/var/softaculous/kanboard/php71 HTTP/1.1" 200 2516 "-" "Mozilla/5.0 (compatible; MJ12bot/v1.4.8; http://mj12bot.com/)"
65.108.128.54 - - [27/Jan/2025:13:09:21 -0500] "GET /documents/5764_Sanket/2020/g_july/contra/?d=/var/softaculous/kanboard/php81 HTTP/1.1" 200 2496 "-" "Mozilla/5.0 (compatible; MJ12bot/v1.4.8; http://mj12bot.com/)"
65.108.128.54 - - [27/Jan/2025:13:09:23 -0500] "GET /documents/5764_Sanket/2020/g_july/contra/?d=/var/softaculous/kanboard/php82 HTTP/1.1" 200 2516 "-" "Mozilla/5.0 (compatible; MJ12bot/v1.4.8; http://mj12bot.com/)"
65.108.128.54 - - [27/Jan/2025:13:09:25 -0500] "GET /documents/5764_Sanket/2020/g_july/contra/?d=/var/softaculous/kimai HTTP/1.1" 200 4062 "-" "Mozilla/5.0 (compatible; MJ12bot/v1.4.8; http://mj12bot.com/)"
65.108.128.54 - - [27/Jan/2025:13:09:27 -0500] "GET /documents/5764_Sanket/2020/g_july/contra/?d=/var/softaculous/kimai/ HTTP/1.1" 200 4024 "-" "Mozilla/5.0 (compatible; MJ12bot/v1.4.8; http://mj12bot.com/)"
65.108.128.54 - - [27/Jan/2025:13:09:30 -0500] "GET /documents/5764_Sanket/2020/g_july/contra/?d=/var/softaculous/kimai/images HTTP/1.1" 200 2110 "-" "Mozilla/5.0 (compatible; MJ12bot/v1.4.8; http://mj12bot.com/)"
65.108.128.54 - - [27/Jan/2025:13:09:32 -0500] "GET /documents/5764_Sanket/2020/g_july/contra/?d=/var/softaculous/kimai/php53 HTTP/1.1" 200 2337 "-" "Mozilla/5.0 (compatible; MJ12bot/v1.4.8; http://mj12bot.com/)"
192.178.6.35 - - [27/Jan/2025:13:09:34 -0500] "GET /46345217522899.html HTTP/1.1" 500 0 "-" "Mozilla/5.0 (Linux; Android 6.0.1; Nexus 5X Build/MMB29P) AppleWebKit/537.36 (KHTML, like Gecko) Chrome/132.0.6834.83 Mobile Safari/537.36 (compatible; Googlebot/2.1; +http://www.google.com/bot.html)"
65.108.128.54 - - [27/Jan/2025:13:09:34 -0500] "GET /documents/5764_Sanket/2020/g_july/contra/?d=/var/softaculous/kimai/php56 HTTP/1.1" 200 2337 "-" "Mozilla/5.0 (compatible; MJ12bot/v1.4.8; http://mj12bot.com/)"
65.108.128.54 - - [27/Jan/2025:13:09:36 -0500] "GET /documents/5764_Sanket/2020/g_july/contra/?d=/var/softaculous/kimai/php71 HTTP/1.1" 200 2308 "-" "Mozilla/5.0 (compatible; MJ12bot/v1.4.8; http://mj12bot.com/)"
65.108.128.54 - - [27/Jan/2025:13:09:39 -0500] "GET /documents/5764_Sanket/2020/g_july/contra/?d=/var/softaculous/kimai/php81 HTTP/1.1" 200 2308 "-" "Mozilla/5.0 (compatible; MJ12bot/v1.4.8; http://mj12bot.com/)"
216.244.66.236 - - [27/Jan/2025:13:09:40 -0500] "GET /hgrvaw8/the-venue-los-angeles.html HTTP/1.1" 500 0 "-" "Mozilla/5.0 (compatible; DotBot/1.2; +https://opensiteexplorer.org/dotbot; help@moz.com)"
65.108.128.54 - - [27/Jan/2025:13:09:41 -0500] "GET /documents/5764_Sanket/2020/g_july/contra/?d=/var/softaculous/kimai/php82 HTTP/1.1" 200 2308 "-" "Mozilla/5.0 (compatible; MJ12bot/v1.4.8; http://mj12bot.com/)"
65.108.128.54 - - [27/Jan/2025:13:09:44 -0500] "GET /documents/5764_Sanket/2020/g_july/contra/?d=/var/softaculous/kirby HTTP/1.1" 200 4161 "-" "Mozilla/5.0 (compatible; MJ12bot/v1.4.8; http://mj12bot.com/)"
65.108.128.54 - - [27/Jan/2025:13:09:46 -0500] "GET /documents/5764_Sanket/2020/g_july/contra/?d=/var/softaculous/kirby/ HTTP/1.1" 200 4095 "-" "Mozilla/5.0 (compatible; MJ12bot/v1.4.8; http://mj12bot.com/)"
65.108.128.54 - - [27/Jan/2025:13:09:48 -0500] "GET /documents/5764_Sanket/2020/g_july/contra/?d=/var/softaculous/kirby/images HTTP/1.1" 200 2110 "-" "Mozilla/5.0 (compatible; MJ12bot/v1.4.8; http://mj12bot.com/)"
65.108.128.54 - - [27/Jan/2025:13:09:50 -0500] "GET /documents/5764_Sanket/2020/g_july/contra/?d=/var/softaculous/kirby/php53 HTTP/1.1" 200 2417 "-" "Mozilla/5.0 (compatible; MJ12bot/v1.4.8; http://mj12bot.com/)"
65.108.128.54 - - [27/Jan/2025:13:09:53 -0500] "GET /documents/5764_Sanket/2020/g_july/contra/?d=/var/softaculous/kirby/php56 HTTP/1.1" 200 2398 "-" "Mozilla/5.0 (compatible; MJ12bot/v1.4.8; http://mj12bot.com/)"
65.108.128.54 - - [27/Jan/2025:13:09:55 -0500] "GET /documents/5764_Sanket/2020/g_july/contra/?d=/var/softaculous/kirby/php71 HTTP/1.1" 200 2398 "-" "Mozilla/5.0 (compatible; MJ12bot/v1.4.8; http://mj12bot.com/)"
65.108.128.54 - - [27/Jan/2025:13:09:57 -0500] "GET /documents/5764_Sanket/2020/g_july/contra/?d=/var/softaculous/kirby/php81 HTTP/1.1" 200 2398 "-" "Mozilla/5.0 (compatible; MJ12bot/v1.4.8; http://mj12bot.com/)"
65.108.128.54 - - [27/Jan/2025:13:09:59 -0500] "GET /documents/5764_Sanket/2020/g_july/contra/?d=/var/softaculous/kirby/php82 HTTP/1.1" 200 2398 "-" "Mozilla/5.0 (compatible; MJ12bot/v1.4.8; http://mj12bot.com/)"
65.108.128.54 - - [27/Jan/2025:13:10:02 -0500] "GET /documents/5764_Sanket/2020/g_july/contra/?d=/var/softaculous/kohana HTTP/1.1" 200 3098 "-" "Mozilla/5.0 (compatible; MJ12bot/v1.4.8; http://mj12bot.com/)"
192.178.6.36 - - [27/Jan/2025:13:10:03 -0500] "GET /?_gl=1*1ix4f11*_gcl_au*MTYxMTI1OTI3MS4xNzIxODg2NjU0*_ga*ODYyMzk4MzA3LjE2OTk0NTM1Nzg.*_ga_7H42SVMQ0V*MTcyMTg4NjY1NS4xMjEuMS4xNzIxODg2NjY5LjQ2LjAuMA..&_ga=2.198040047.1958808748.1721886654-862398307.1699453578&_bdsid=2ulvIJ.n~ZXCIW.1721886656070.1721886848&_bd_prev_page=https://www.paperpush.com/detail.php?lxqzn/i1099115.html HTTP/1.1" 500 0 "-" "Mozilla/5.0 (Linux; Android 6.0.1; Nexus 5X Build/MMB29P) AppleWebKit/537.36 (KHTML, like Gecko) Chrome/132.0.6834.83 Mobile Safari/537.36 (compatible; Googlebot/2.1; +http://www.google.com/bot.html)"
65.108.128.54 - - [27/Jan/2025:13:10:04 -0500] "GET /documents/5764_Sanket/2020/g_july/contra/?d=/var/softaculous/kohana/ HTTP/1.1" 200 3098 "-" "Mozilla/5.0 (compatible; MJ12bot/v1.4.8; http://mj12bot.com/)"
65.108.128.54 - - [27/Jan/2025:13:10:07 -0500] "GET /documents/5764_Sanket/2020/g_july/contra/?d=/var/softaculous/kohana/images HTTP/1.1" 200 2104 "-" "Mozilla/5.0 (compatible; MJ12bot/v1.4.8; http://mj12bot.com/)"
65.108.128.54 - - [27/Jan/2025:13:10:09 -0500] "GET /documents/5764_Sanket/2020/g_july/contra/?d=/var/softaculous/kohana/php53 HTTP/1.1" 200 1999 "-" "Mozilla/5.0 (compatible; MJ12bot/v1.4.8; http://mj12bot.com/)"
65.108.128.54 - - [27/Jan/2025:13:10:12 -0500] "GET /documents/5764_Sanket/2020/g_july/contra/?d=/var/softaculous/kohana/php56 HTTP/1.1" 200 1999 "-" "Mozilla/5.0 (compatible; MJ12bot/v1.4.8; http://mj12bot.com/)"
65.108.128.54 - - [27/Jan/2025:13:10:14 -0500] "GET /documents/5764_Sanket/2020/g_july/contra/?d=/var/softaculous/kohana/php71 HTTP/1.1" 200 1999 "-" "Mozilla/5.0 (compatible; MJ12bot/v1.4.8; http://mj12bot.com/)"
65.108.128.54 - - [27/Jan/2025:13:10:16 -0500] "GET /documents/5764_Sanket/2020/g_july/contra/?d=/var/softaculous/kohana/php81 HTTP/1.1" 200 1999 "-" "Mozilla/5.0 (compatible; MJ12bot/v1.4.8; http://mj12bot.com/)"
65.108.128.54 - - [27/Jan/2025:13:10:19 -0500] "GET /documents/5764_Sanket/2020/g_july/contra/?d=/var/softaculous/koken HTTP/1.1" 200 3610 "-" "Mozilla/5.0 (compatible; MJ12bot/v1.4.8; http://mj12bot.com/)"
65.108.128.54 - - [27/Jan/2025:13:10:21 -0500] "GET /documents/5764_Sanket/2020/g_july/contra/?d=/var/softaculous/koken/ HTTP/1.1" 200 3581 "-" "Mozilla/5.0 (compatible; MJ12bot/v1.4.8; http://mj12bot.com/)"
65.108.128.54 - - [27/Jan/2025:13:10:23 -0500] "GET /documents/5764_Sanket/2020/g_july/contra/?d=/var/softaculous/koken/images HTTP/1.1" 200 2110 "-" "Mozilla/5.0 (compatible; MJ12bot/v1.4.8; http://mj12bot.com/)"
87.250.224.57 - - [27/Jan/2025:13:10:25 -0500] "GET /documents/6370_Sanket/2020/a_january/bank/recycle/?SA HTTP/1.1" 200 714 "-" "Mozilla/5.0 (compatible; YandexBot/3.0; +http://yandex.com/bots)"
65.108.128.54 - - [27/Jan/2025:13:10:26 -0500] "GET /documents/5764_Sanket/2020/g_july/contra/?d=/var/softaculous/koken/php53 HTTP/1.1" 200 2207 "-" "Mozilla/5.0 (compatible; MJ12bot/v1.4.8; http://mj12bot.com/)"
65.108.128.54 - - [27/Jan/2025:13:10:28 -0500] "GET /documents/5764_Sanket/2020/g_july/contra/?d=/var/softaculous/koken/php56 HTTP/1.1" 200 2207 "-" "Mozilla/5.0 (compatible; MJ12bot/v1.4.8; http://mj12bot.com/)"
65.108.128.54 - - [27/Jan/2025:13:10:30 -0500] "GET /documents/5764_Sanket/2020/g_july/contra/?d=/var/softaculous/koken/php71 HTTP/1.1" 200 2207 "-" "Mozilla/5.0 (compatible; MJ12bot/v1.4.8; http://mj12bot.com/)"
192.178.6.35 - - [27/Jan/2025:13:10:32 -0500] "GET /282691721.shtml HTTP/1.1" 500 0 "-" "Mozilla/5.0 (Linux; Android 6.0.1; Nexus 5X Build/MMB29P) AppleWebKit/537.36 (KHTML, like Gecko) Chrome/132.0.6834.83 Mobile Safari/537.36 (compatible; Googlebot/2.1; +http://www.google.com/bot.html)"
65.108.128.54 - - [27/Jan/2025:13:10:32 -0500] "GET /documents/5764_Sanket/2020/g_july/contra/?d=/var/softaculous/koken/php81 HTTP/1.1" 200 2207 "-" "Mozilla/5.0 (compatible; MJ12bot/v1.4.8; http://mj12bot.com/)"
65.108.128.54 - - [27/Jan/2025:13:10:35 -0500] "GET /documents/5764_Sanket/2020/g_july/contra/?d=/var/softaculous/kopage HTTP/1.1" 200 3240 "-" "Mozilla/5.0 (compatible; MJ12bot/v1.4.8; http://mj12bot.com/)"
65.108.128.54 - - [27/Jan/2025:13:10:37 -0500] "GET /documents/5764_Sanket/2020/g_july/contra/?d=/var/softaculous/kopage/ HTTP/1.1" 200 3275 "-" "Mozilla/5.0 (compatible; MJ12bot/v1.4.8; http://mj12bot.com/)"
65.108.128.54 - - [27/Jan/2025:13:10:40 -0500] "GET /documents/5764_Sanket/2020/g_july/contra/?d=/var/softaculous/kopage/images HTTP/1.1" 200 2106 "-" "Mozilla/5.0 (compatible; MJ12bot/v1.4.8; http://mj12bot.com/)"
65.108.128.54 - - [27/Jan/2025:13:10:42 -0500] "GET /documents/5764_Sanket/2020/g_july/contra/?d=/var/softaculous/kopage/php53 HTTP/1.1" 200 2096 "-" "Mozilla/5.0 (compatible; MJ12bot/v1.4.8; http://mj12bot.com/)"
114.119.132.114 - - [27/Jan/2025:13:10:42 -0500] "GET /5716cmisadapt5b365/w-ik_ia9891/w-ik_irr529e1d3bf87.pwc HTTP/1.1" 403 0 "-" "Mozilla/5.0 (Linux; Android 7.0;) AppleWebKit/537.36 (KHTML, like Gecko) Mobile Safari/537.36 (compatible; PetalBot;+https://webmaster.petalsearch.com/site/petalbot)"
114.119.153.172 - - [27/Jan/2025:13:10:43 -0500] "GET /plugins/iCheck/square/yellow.css HTTP/1.1" 200 490 "https://www.paperpush.com/plugins/iCheck/square/?MD" "Mozilla/5.0 (Linux; Android 7.0;) AppleWebKit/537.36 (KHTML, like Gecko) Mobile Safari/537.36 (compatible; PetalBot;+https://webmaster.petalsearch.com/site/petalbot)"
65.108.128.54 - - [27/Jan/2025:13:10:44 -0500] "GET /documents/5764_Sanket/2020/g_july/contra/?d=/var/softaculous/kopage/php56 HTTP/1.1" 200 2096 "-" "Mozilla/5.0 (compatible; MJ12bot/v1.4.8; http://mj12bot.com/)"
65.108.128.54 - - [27/Jan/2025:13:10:46 -0500] "GET /documents/5764_Sanket/2020/g_july/contra/?d=/var/softaculous/kopage/php71 HTTP/1.1" 200 2095 "-" "Mozilla/5.0 (compatible; MJ12bot/v1.4.8; http://mj12bot.com/)"
65.108.128.54 - - [27/Jan/2025:13:10:49 -0500] "GET /documents/5764_Sanket/2020/g_july/contra/?d=/var/softaculous/kopage/php81 HTTP/1.1" 200 2095 "-" "Mozilla/5.0 (compatible; MJ12bot/v1.4.8; http://mj12bot.com/)"
65.108.128.54 - - [27/Jan/2025:13:10:51 -0500] "GET /documents/5764_Sanket/2020/g_july/contra/?d=/var/softaculous/kopage/php82 HTTP/1.1" 200 2096 "-" "Mozilla/5.0 (compatible; MJ12bot/v1.4.8; http://mj12bot.com/)"
5.67.37.209 - - [27/Jan/2025:13:10:52 -0500] "GET /documents/5764_Sanket/2020/g_july/contra/?d=%2Fusr%2Fsrc%2Flitespeed-wp-plugin%2F6.3.0.1%2Flitespeed-cache%2Ftpl%2Fpage_optm%2F HTTP/1.1" 200 3112 "-" "Mozilla/5.0 (iPhone; CPU iPhone OS 11_0 like Mac OS X) AppleWebKit/537.36 (KHTML, like Gecko) Chrome/53.0.7018.1257 Mobile Safari/537.36"
65.108.128.54 - - [27/Jan/2025:13:10:53 -0500] "GET /documents/5764_Sanket/2020/g_july/contra/?d=/var/softaculous/laravel HTTP/1.1" 200 3856 "-" "Mozilla/5.0 (compatible; MJ12bot/v1.4.8; http://mj12bot.com/)"
65.108.128.54 - - [27/Jan/2025:13:10:56 -0500] "GET /documents/5764_Sanket/2020/g_july/contra/?d=/var/softaculous/laravel/ HTTP/1.1" 200 3856 "-" "Mozilla/5.0 (compatible; MJ12bot/v1.4.8; http://mj12bot.com/)"
65.108.128.54 - - [27/Jan/2025:13:10:58 -0500] "GET /documents/5764_Sanket/2020/g_july/contra/?d=/var/softaculous/laravel/images HTTP/1.1" 200 2110 "-" "Mozilla/5.0 (compatible; MJ12bot/v1.4.8; http://mj12bot.com/)"
65.108.128.54 - - [27/Jan/2025:13:11:00 -0500] "GET /documents/5764_Sanket/2020/g_july/contra/?d=/var/softaculous/laravel/php53 HTTP/1.1" 200 2233 "-" "Mozilla/5.0 (compatible; MJ12bot/v1.4.8; http://mj12bot.com/)"
192.178.6.37 - - [27/Jan/2025:13:11:01 -0500] "GET /182850665.shtml HTTP/1.1" 500 0 "-" "Mozilla/5.0 (Linux; Android 6.0.1; Nexus 5X Build/MMB29P) AppleWebKit/537.36 (KHTML, like Gecko) Chrome/132.0.6834.83 Mobile Safari/537.36 (compatible; Googlebot/2.1; +http://www.google.com/bot.html)"
65.108.128.54 - - [27/Jan/2025:13:11:03 -0500] "GET /documents/5764_Sanket/2020/g_july/contra/?d=/var/softaculous/laravel/php56 HTTP/1.1" 200 2205 "-" "Mozilla/5.0 (compatible; MJ12bot/v1.4.8; http://mj12bot.com/)"
65.108.128.54 - - [27/Jan/2025:13:11:05 -0500] "GET /documents/5764_Sanket/2020/g_july/contra/?d=/var/softaculous/laravel/php71 HTTP/1.1" 200 2204 "-" "Mozilla/5.0 (compatible; MJ12bot/v1.4.8; http://mj12bot.com/)"
65.108.128.54 - - [27/Jan/2025:13:11:07 -0500] "GET /documents/5764_Sanket/2020/g_july/contra/?d=/var/softaculous/laravel/php81 HTTP/1.1" 200 2204 "-" "Mozilla/5.0 (compatible; MJ12bot/v1.4.8; http://mj12bot.com/)"
47.128.97.17 - - [27/Jan/2025:13:11:09 -0500] "GET /documents/5764_Sanket/2020/g_july/contra/?d=%2Fusr%2Flib64%2Fpython3.8%2Flib2to3&f=btm_matcher.py&x=c HTTP/1.1" 200 3537 "-" "Mozilla/5.0 (Linux; Android 5.0) AppleWebKit/537.36 (KHTML, like Gecko) Mobile Safari/537.36 (compatible; Bytespider; spider-feedback@bytedance.com)"
65.108.128.54 - - [27/Jan/2025:13:11:09 -0500] "GET /documents/5764_Sanket/2020/g_july/contra/?d=/var/softaculous/laravel/php82 HTTP/1.1" 200 2205 "-" "Mozilla/5.0 (compatible; MJ12bot/v1.4.8; http://mj12bot.com/)"
65.108.128.54 - - [27/Jan/2025:13:11:12 -0500] "GET /documents/5764_Sanket/2020/g_july/contra/?d=/var/softaculous/laravel8 HTTP/1.1" 200 3878 "-" "Mozilla/5.0 (compatible; MJ12bot/v1.4.8; http://mj12bot.com/)"
65.108.128.54 - - [27/Jan/2025:13:11:14 -0500] "GET /documents/5764_Sanket/2020/g_july/contra/?d=/var/softaculous/laravel8/ HTTP/1.1" 200 3878 "-" "Mozilla/5.0 (compatible; MJ12bot/v1.4.8; http://mj12bot.com/)"
65.108.128.54 - - [27/Jan/2025:13:11:16 -0500] "GET /documents/5764_Sanket/2020/g_july/contra/?d=/var/softaculous/laravel8/images HTTP/1.1" 200 2115 "-" "Mozilla/5.0 (compatible; MJ12bot/v1.4.8; http://mj12bot.com/)"
65.108.128.54 - - [27/Jan/2025:13:11:19 -0500] "GET /documents/5764_Sanket/2020/g_july/contra/?d=/var/softaculous/laravel8/php53 HTTP/1.1" 200 2244 "-" "Mozilla/5.0 (compatible; MJ12bot/v1.4.8; http://mj12bot.com/)"
66.249.72.64 - - [27/Jan/2025:13:11:19 -0500] "GET /index.php/ac267Hebricianoz41f365/w-ik_i971a4/w-ik_ilh0499920bcd4.ps HTTP/1.1" 500 0 "-" "Googlebot/2.1 (+http://www.google.com/bot.html)"
65.108.128.54 - - [27/Jan/2025:13:11:21 -0500] "GET /documents/5764_Sanket/2020/g_july/contra/?d=/var/softaculous/laravel8/php56 HTTP/1.1" 200 2215 "-" "Mozilla/5.0 (compatible; MJ12bot/v1.4.8; http://mj12bot.com/)"
65.108.128.54 - - [27/Jan/2025:13:11:24 -0500] "GET /documents/5764_Sanket/2020/g_july/contra/?d=/var/softaculous/laravel8/php71 HTTP/1.1" 200 2244 "-" "Mozilla/5.0 (compatible; MJ12bot/v1.4.8; http://mj12bot.com/)"
65.108.128.54 - - [27/Jan/2025:13:11:26 -0500] "GET /documents/5764_Sanket/2020/g_july/contra/?d=/var/softaculous/laravel8/php81 HTTP/1.1" 200 2214 "-" "Mozilla/5.0 (compatible; MJ12bot/v1.4.8; http://mj12bot.com/)"
65.108.128.54 - - [27/Jan/2025:13:11:28 -0500] "GET /documents/5764_Sanket/2020/g_july/contra/?d=/var/softaculous/laravel8/php82 HTTP/1.1" 200 2215 "-" "Mozilla/5.0 (compatible; MJ12bot/v1.4.8; http://mj12bot.com/)"
65.108.128.54 - - [27/Jan/2025:13:11:30 -0500] "GET /documents/5764_Sanket/2020/g_july/contra/?d=/var/softaculous/layerbb HTTP/1.1" 200 3797 "-" "Mozilla/5.0 (compatible; MJ12bot/v1.4.8; http://mj12bot.com/)"
65.108.128.54 - - [27/Jan/2025:13:11:33 -0500] "GET /documents/5764_Sanket/2020/g_july/contra/?d=/var/softaculous/layerbb/ HTTP/1.1" 200 3762 "-" "Mozilla/5.0 (compatible; MJ12bot/v1.4.8; http://mj12bot.com/)"
65.108.128.54 - - [27/Jan/2025:13:11:35 -0500] "GET /documents/5764_Sanket/2020/g_july/contra/?d=/var/softaculous/layerbb/images HTTP/1.1" 200 2110 "-" "Mozilla/5.0 (compatible; MJ12bot/v1.4.8; http://mj12bot.com/)"
65.108.128.54 - - [27/Jan/2025:13:11:37 -0500] "GET /documents/5764_Sanket/2020/g_july/contra/?d=/var/softaculous/layerbb/php53 HTTP/1.1" 200 2407 "-" "Mozilla/5.0 (compatible; MJ12bot/v1.4.8; http://mj12bot.com/)"
65.108.128.54 - - [27/Jan/2025:13:11:40 -0500] "GET /documents/5764_Sanket/2020/g_july/contra/?d=/var/softaculous/layerbb/php56 HTTP/1.1" 200 2407 "-" "Mozilla/5.0 (compatible; MJ12bot/v1.4.8; http://mj12bot.com/)"
65.108.128.54 - - [27/Jan/2025:13:11:42 -0500] "GET /documents/5764_Sanket/2020/g_july/contra/?d=/var/softaculous/layerbb/php71 HTTP/1.1" 200 2427 "-" "Mozilla/5.0 (compatible; MJ12bot/v1.4.8; http://mj12bot.com/)"
65.108.128.54 - - [27/Jan/2025:13:11:44 -0500] "GET /documents/5764_Sanket/2020/g_july/contra/?d=/var/softaculous/layerbb/php81 HTTP/1.1" 200 2407 "-" "Mozilla/5.0 (compatible; MJ12bot/v1.4.8; http://mj12bot.com/)"
65.108.128.54 - - [27/Jan/2025:13:11:47 -0500] "GET /documents/5764_Sanket/2020/g_july/contra/?d=/var/softaculous/layerbb/php82 HTTP/1.1" 200 2407 "-" "Mozilla/5.0 (compatible; MJ12bot/v1.4.8; http://mj12bot.com/)"
65.108.128.54 - - [27/Jan/2025:13:11:49 -0500] "GET /documents/5764_Sanket/2020/g_july/contra/?d=/var/softaculous/leafpub HTTP/1.1" 200 3757 "-" "Mozilla/5.0 (compatible; MJ12bot/v1.4.8; http://mj12bot.com/)"
66.249.72.64 - - [27/Jan/2025:13:11:50 -0500] "GET /index.php/2d548nonpersuasiblejf365/w-ik_i7e089/w-ik_iwgv1543ed47d01a.ps HTTP/1.1" 500 0 "-" "Googlebot/2.1 (+http://www.google.com/bot.html)"
65.108.128.54 - - [27/Jan/2025:13:11:51 -0500] "GET /documents/5764_Sanket/2020/g_july/contra/?d=/var/softaculous/leafpub/ HTTP/1.1" 200 3778 "-" "Mozilla/5.0 (compatible; MJ12bot/v1.4.8; http://mj12bot.com/)"
192.178.6.36 - - [27/Jan/2025:13:11:52 -0500] "GET /46345217522096.html HTTP/1.1" 500 0 "-" "Mozilla/5.0 (Linux; Android 6.0.1; Nexus 5X Build/MMB29P) AppleWebKit/537.36 (KHTML, like Gecko) Chrome/132.0.6834.83 Mobile Safari/537.36 (compatible; Googlebot/2.1; +http://www.google.com/bot.html)"
192.178.6.35 - - [27/Jan/2025:13:11:53 -0500] "GET /29320745.shtml HTTP/1.1" 500 0 "-" "Mozilla/5.0 (Linux; Android 6.0.1; Nexus 5X Build/MMB29P) AppleWebKit/537.36 (KHTML, like Gecko) Chrome/132.0.6834.83 Mobile Safari/537.36 (compatible; Googlebot/2.1; +http://www.google.com/bot.html)"
65.108.128.54 - - [27/Jan/2025:13:11:54 -0500] "GET /documents/5764_Sanket/2020/g_july/contra/?d=/var/softaculous/leafpub/images HTTP/1.1" 200 2110 "-" "Mozilla/5.0 (compatible; MJ12bot/v1.4.8; http://mj12bot.com/)"
