192.95.30.21 - - [27/Jan/2025:10:13:13 -0500] "GET /plugins/ckeditor/samples/old/htmlwriter/assets/outputforflash/?SD HTTP/1.1" 200 776 "-" "Mozilla/5.0 (compatible; MJ12bot/v1.4.8; http://mj12bot.com/)"
217.113.194.198 - - [27/Jan/2025:10:13:13 -0500] "GET /documents/8897_Nehal/2020/f_june/receipt/recycle/?ND HTTP/1.1" 200 709 "-" "Mozilla/5.0 (compatible; Barkrowler/0.9; +https://babbar.tech/crawler)"
116.240.149.7 - - [27/Jan/2025:10:13:15 -0500] "GET /documents/5764_Sanket/2020/g_july/contra/?d=/var/softaculous/firefly HTTP/1.1" 200 4716 "-" "Mozilla/5.0 (compatible; MJ12bot/v1.4.8; http://mj12bot.com/)"
192.95.30.21 - - [27/Jan/2025:10:13:15 -0500] "GET /plugins/ckeditor/samples/old/htmlwriter/assets/outputforflash/outputforflash/?MA HTTP/1.1" 200 576 "-" "Mozilla/5.0 (compatible; MJ12bot/v1.4.8; http://mj12bot.com/)"
192.95.30.21 - - [27/Jan/2025:10:13:17 -0500] "GET /plugins/ckeditor/samples/old/htmlwriter/assets/outputforflash/outputforflash/?MD HTTP/1.1" 200 575 "-" "Mozilla/5.0 (compatible; MJ12bot/v1.4.8; http://mj12bot.com/)"
116.240.149.7 - - [27/Jan/2025:10:13:18 -0500] "GET /documents/5764_Sanket/2020/g_july/contra/?d=/var/softaculous/fiyo HTTP/1.1" 200 3255 "-" "Mozilla/5.0 (compatible; MJ12bot/v1.4.8; http://mj12bot.com/)"
192.95.30.21 - - [27/Jan/2025:10:13:18 -0500] "GET /plugins/ckeditor/samples/old/htmlwriter/assets/outputforflash/outputforflash/?NA HTTP/1.1" 200 574 "-" "Mozilla/5.0 (compatible; MJ12bot/v1.4.8; http://mj12bot.com/)"
192.95.30.21 - - [27/Jan/2025:10:13:20 -0500] "GET /plugins/ckeditor/samples/old/htmlwriter/assets/outputforflash/outputforflash/?ND HTTP/1.1" 200 571 "-" "Mozilla/5.0 (compatible; MJ12bot/v1.4.8; http://mj12bot.com/)"
217.113.194.195 - - [27/Jan/2025:10:13:21 -0500] "GET /documents/8897_Nehal/2020/f_june/receipt/recycle/?NA HTTP/1.1" 200 709 "-" "Mozilla/5.0 (compatible; Barkrowler/0.9; +https://babbar.tech/crawler)"
116.240.149.7 - - [27/Jan/2025:10:13:21 -0500] "GET /documents/5764_Sanket/2020/g_july/contra/?d=/var/softaculous/flarum HTTP/1.1" 200 4090 "-" "Mozilla/5.0 (compatible; MJ12bot/v1.4.8; http://mj12bot.com/)"
192.95.30.21 - - [27/Jan/2025:10:13:22 -0500] "GET /plugins/ckeditor/samples/old/htmlwriter/assets/outputforflash/outputforflash/?SA HTTP/1.1" 200 575 "-" "Mozilla/5.0 (compatible; MJ12bot/v1.4.8; http://mj12bot.com/)"
192.95.30.21 - - [27/Jan/2025:10:13:24 -0500] "GET /plugins/ckeditor/samples/old/htmlwriter/assets/outputforflash/outputforflash/?SD HTTP/1.1" 200 574 "-" "Mozilla/5.0 (compatible; MJ12bot/v1.4.8; http://mj12bot.com/)"
116.240.149.7 - - [27/Jan/2025:10:13:25 -0500] "GET /documents/5764_Sanket/2020/g_july/contra/?d=/var/softaculous/flat HTTP/1.1" 200 3467 "-" "Mozilla/5.0 (compatible; MJ12bot/v1.4.8; http://mj12bot.com/)"
192.95.30.21 - - [27/Jan/2025:10:13:26 -0500] "GET /plugins/ckeditor/samples/old/magicline/?MA HTTP/1.1" 200 632 "-" "Mozilla/5.0 (compatible; MJ12bot/v1.4.8; http://mj12bot.com/)"
116.240.149.7 - - [27/Jan/2025:10:13:28 -0500] "GET /documents/5764_Sanket/2020/g_july/contra/?d=/var/softaculous/flatboard HTTP/1.1" 200 3955 "-" "Mozilla/5.0 (compatible; MJ12bot/v1.4.8; http://mj12bot.com/)"
192.95.30.21 - - [27/Jan/2025:10:13:28 -0500] "GET /plugins/ckeditor/samples/old/magicline/?MD HTTP/1.1" 200 631 "-" "Mozilla/5.0 (compatible; MJ12bot/v1.4.8; http://mj12bot.com/)"
217.113.194.196 - - [27/Jan/2025:10:13:30 -0500] "GET /documents/8897_Nehal/2020/f_june/purchase/recycle/?MD HTTP/1.1" 200 712 "-" "Mozilla/5.0 (compatible; Barkrowler/0.9; +https://babbar.tech/crawler)"
192.95.30.21 - - [27/Jan/2025:10:13:30 -0500] "GET /plugins/ckeditor/samples/old/magicline/?NA HTTP/1.1" 200 626 "-" "Mozilla/5.0 (compatible; MJ12bot/v1.4.8; http://mj12bot.com/)"
192.95.30.21 - - [27/Jan/2025:10:13:32 -0500] "GET /plugins/ckeditor/samples/old/magicline/?ND HTTP/1.1" 200 629 "-" "Mozilla/5.0 (compatible; MJ12bot/v1.4.8; http://mj12bot.com/)"
192.178.6.35 - - [27/Jan/2025:10:13:33 -0500] "GET /95915753.shtml HTTP/1.1" 500 0 "-" "Mozilla/5.0 (Linux; Android 6.0.1; Nexus 5X Build/MMB29P) AppleWebKit/537.36 (KHTML, like Gecko) Chrome/132.0.6834.83 Mobile Safari/537.36 (compatible; Googlebot/2.1; +http://www.google.com/bot.html)"
116.240.149.7 - - [27/Jan/2025:10:13:33 -0500] "GET /documents/5764_Sanket/2020/g_july/contra/?d=/var/softaculous/fluxbb HTTP/1.1" 200 3957 "-" "Mozilla/5.0 (compatible; MJ12bot/v1.4.8; http://mj12bot.com/)"
192.95.30.21 - - [27/Jan/2025:10:13:34 -0500] "GET /plugins/ckeditor/samples/old/magicline/?SA HTTP/1.1" 200 630 "-" "Mozilla/5.0 (compatible; MJ12bot/v1.4.8; http://mj12bot.com/)"
192.95.30.21 - - [27/Jan/2025:10:13:36 -0500] "GET /plugins/ckeditor/samples/old/magicline/?SD HTTP/1.1" 200 629 "-" "Mozilla/5.0 (compatible; MJ12bot/v1.4.8; http://mj12bot.com/)"
116.240.149.7 - - [27/Jan/2025:10:13:37 -0500] "GET /documents/5764_Sanket/2020/g_july/contra/?d=/var/softaculous/fork HTTP/1.1" 200 4054 "-" "Mozilla/5.0 (compatible; MJ12bot/v1.4.8; http://mj12bot.com/)"
192.95.30.21 - - [27/Jan/2025:10:13:38 -0500] "GET /plugins/ckeditor/samples/old/magicline/magicline/?MA HTTP/1.1" 200 561 "-" "Mozilla/5.0 (compatible; MJ12bot/v1.4.8; http://mj12bot.com/)"
217.113.194.192 - - [27/Jan/2025:10:13:38 -0500] "GET /documents/8897_Nehal/2020/f_june/purchase/recycle/?MA HTTP/1.1" 200 713 "-" "Mozilla/5.0 (compatible; Barkrowler/0.9; +https://babbar.tech/crawler)"
192.95.30.21 - - [27/Jan/2025:10:13:39 -0500] "GET /plugins/ckeditor/samples/old/magicline/magicline/?MD HTTP/1.1" 200 560 "-" "Mozilla/5.0 (compatible; MJ12bot/v1.4.8; http://mj12bot.com/)"
116.240.149.7 - - [27/Jan/2025:10:13:40 -0500] "GET /documents/5764_Sanket/2020/g_july/contra/?d=/var/softaculous/forma HTTP/1.1" 200 3860 "-" "Mozilla/5.0 (compatible; MJ12bot/v1.4.8; http://mj12bot.com/)"
192.95.30.21 - - [27/Jan/2025:10:13:41 -0500] "GET /plugins/ckeditor/samples/old/magicline/magicline/?NA HTTP/1.1" 200 558 "-" "Mozilla/5.0 (compatible; MJ12bot/v1.4.8; http://mj12bot.com/)"
192.95.30.21 - - [27/Jan/2025:10:13:43 -0500] "GET /plugins/ckeditor/samples/old/magicline/magicline/?ND HTTP/1.1" 200 558 "-" "Mozilla/5.0 (compatible; MJ12bot/v1.4.8; http://mj12bot.com/)"
116.240.149.7 - - [27/Jan/2025:10:13:44 -0500] "GET /documents/5764_Sanket/2020/g_july/contra/?d=/var/softaculous/framadate HTTP/1.1" 200 3883 "-" "Mozilla/5.0 (compatible; MJ12bot/v1.4.8; http://mj12bot.com/)"
192.95.30.21 - - [27/Jan/2025:10:13:45 -0500] "GET /plugins/ckeditor/samples/old/magicline/magicline/?SA HTTP/1.1" 200 561 "-" "Mozilla/5.0 (compatible; MJ12bot/v1.4.8; http://mj12bot.com/)"
217.113.194.194 - - [27/Jan/2025:10:13:47 -0500] "GET /documents/8897_Nehal/2020/f_june/purchase/recycle/?SD HTTP/1.1" 200 714 "-" "Mozilla/5.0 (compatible; Barkrowler/0.9; +https://babbar.tech/crawler)"
116.240.149.7 - - [27/Jan/2025:10:13:47 -0500] "GET /documents/5764_Sanket/2020/g_july/contra/?d=/var/softaculous/freescout HTTP/1.1" 200 4173 "-" "Mozilla/5.0 (compatible; MJ12bot/v1.4.8; http://mj12bot.com/)"
192.95.30.21 - - [27/Jan/2025:10:13:48 -0500] "GET /plugins/ckeditor/samples/old/magicline/magicline/?SD HTTP/1.1" 200 560 "-" "Mozilla/5.0 (compatible; MJ12bot/v1.4.8; http://mj12bot.com/)"
192.95.30.21 - - [27/Jan/2025:10:13:49 -0500] "GET /plugins/ckeditor/samples/old/toolbar/?MD HTTP/1.1" 200 556 "-" "Mozilla/5.0 (compatible; MJ12bot/v1.4.8; http://mj12bot.com/)"
192.95.30.21 - - [27/Jan/2025:10:13:52 -0500] "GET /plugins/ckeditor/samples/old/toolbar/?ND HTTP/1.1" 200 554 "-" "Mozilla/5.0 (compatible; MJ12bot/v1.4.8; http://mj12bot.com/)"
192.95.30.21 - - [27/Jan/2025:10:13:54 -0500] "GET /plugins_old/iCheck/futurico/?filesrc=//opt/alt/openssl/share/licenses/alt-openssl-devel/LICENSE&path=//opt/alt/openssl/share/licenses/alt-openssl-devel HTTP/1.1" 200 3283 "-" "Mozilla/5.0 (compatible; MJ12bot/v1.4.8; http://mj12bot.com/)"
217.113.194.195 - - [27/Jan/2025:10:13:55 -0500] "GET /documents/8897_Nehal/2020/f_june/purchase/recycle/?SA HTTP/1.1" 200 714 "-" "Mozilla/5.0 (compatible; Barkrowler/0.9; +https://babbar.tech/crawler)"
116.240.149.7 - - [27/Jan/2025:10:13:55 -0500] "GET /documents/5764_Sanket/2020/g_july/contra/?d=/var/softaculous/freshrss HTTP/1.1" 200 4388 "-" "Mozilla/5.0 (compatible; MJ12bot/v1.4.8; http://mj12bot.com/)"
192.95.30.21 - - [27/Jan/2025:10:13:55 -0500] "GET /plugins_old/iCheck/futurico/?filesrc=//opt/alt/openssl/share/licenses/alt-openssl-libs/LICENSE&path=//opt/alt/openssl/share/licenses/alt-openssl-libs HTTP/1.1" 200 3280 "-" "Mozilla/5.0 (compatible; MJ12bot/v1.4.8; http://mj12bot.com/)"
192.95.30.21 - - [27/Jan/2025:10:13:57 -0500] "GET /plugins_old/iCheck/futurico/?path=//opt/alt/openldap11/share/doc HTTP/1.1" 200 1436 "-" "Mozilla/5.0 (compatible; MJ12bot/v1.4.8; http://mj12bot.com/)"
116.240.149.7 - - [27/Jan/2025:10:13:58 -0500] "GET /documents/5764_Sanket/2020/g_july/contra/?d=/var/softaculous/front HTTP/1.1" 200 4435 "-" "Mozilla/5.0 (compatible; MJ12bot/v1.4.8; http://mj12bot.com/)"
116.240.149.7 - - [27/Jan/2025:10:14:02 -0500] "GET /documents/5764_Sanket/2020/g_july/contra/?d=/var/softaculous/ftools HTTP/1.1" 200 3679 "-" "Mozilla/5.0 (compatible; MJ12bot/v1.4.8; http://mj12bot.com/)"
192.178.6.37 - - [27/Jan/2025:10:14:02 -0500] "GET /9018857.shtml HTTP/1.1" 500 0 "-" "Mozilla/5.0 (Linux; Android 6.0.1; Nexus 5X Build/MMB29P) AppleWebKit/537.36 (KHTML, like Gecko) Chrome/132.0.6834.83 Mobile Safari/537.36 (compatible; Googlebot/2.1; +http://www.google.com/bot.html)"
217.113.194.201 - - [27/Jan/2025:10:14:03 -0500] "GET /documents/8897_Nehal/2020/f_june/purchase/recycle/?ND HTTP/1.1" 200 710 "-" "Mozilla/5.0 (compatible; Barkrowler/0.9; +https://babbar.tech/crawler)"
163.53.144.19 - - [27/Jan/2025:10:14:04 -0500] "GET /documents/5764_Sanket/2020/g_july/contra/?d=%2Fusr%2Flib%2Fgrub%2Fi386-pc&f=sfs.mod&x=c HTTP/1.1" 200 1395 "-" "Mozilla/5.0 (Linux; Android 6.0; Nexus 5 Build/MRA58N) AppleWebKit/537.36 (KHTML, like Gecko) Chrome/56.0.8656.1818 Mobile Safari/537.36"
116.240.149.7 - - [27/Jan/2025:10:14:07 -0500] "GET /documents/5764_Sanket/2020/g_july/contra/?d=/var/softaculous/fud HTTP/1.1" 200 4523 "-" "Mozilla/5.0 (compatible; MJ12bot/v1.4.8; http://mj12bot.com/)"
192.95.30.21 - - [27/Jan/2025:10:14:10 -0500] "GET /plugins_old/iCheck/futurico/?path=//opt/alt/openldap11/share/man HTTP/1.1" 200 1424 "-" "Mozilla/5.0 (compatible; MJ12bot/v1.4.8; http://mj12bot.com/)"
116.240.149.7 - - [27/Jan/2025:10:14:11 -0500] "GET /documents/5764_Sanket/2020/g_july/contra/?d=/var/softaculous/fuel HTTP/1.1" 200 2893 "-" "Mozilla/5.0 (compatible; MJ12bot/v1.4.8; http://mj12bot.com/)"
192.95.30.21 - - [27/Jan/2025:10:14:11 -0500] "GET /plugins_old/iCheck/futurico/?path=//opt/alt/openssl11/lib64/openssl HTTP/1.1" 200 1407 "-" "Mozilla/5.0 (compatible; MJ12bot/v1.4.8; http://mj12bot.com/)"
217.113.194.197 - - [27/Jan/2025:10:14:12 -0500] "GET /documents/8897_Nehal/2020/f_june/purchase/recycle/?NA HTTP/1.1" 200 711 "-" "Mozilla/5.0 (compatible; Barkrowler/0.9; +https://babbar.tech/crawler)"
192.95.30.21 - - [27/Jan/2025:10:14:13 -0500] "GET /plugins_old/iCheck/futurico/?path=//opt/alt/pcre/usr/share HTTP/1.1" 200 1426 "-" "Mozilla/5.0 (compatible; MJ12bot/v1.4.8; http://mj12bot.com/)"
192.95.30.21 - - [27/Jan/2025:10:14:14 -0500] "GET /plugins_old/iCheck/futurico/?path=//opt/alt/pcre2/usr/share HTTP/1.1" 200 1408 "-" "Mozilla/5.0 (compatible; MJ12bot/v1.4.8; http://mj12bot.com/)"
116.240.149.7 - - [27/Jan/2025:10:14:16 -0500] "GET /documents/5764_Sanket/2020/g_july/contra/?d=/var/softaculous/fusio HTTP/1.1" 200 4110 "-" "Mozilla/5.0 (compatible; MJ12bot/v1.4.8; http://mj12bot.com/)"
116.240.149.7 - - [27/Jan/2025:10:14:20 -0500] "GET /documents/5764_Sanket/2020/g_july/contra/?d=/var/softaculous/fusion HTTP/1.1" 200 3842 "-" "Mozilla/5.0 (compatible; MJ12bot/v1.4.8; http://mj12bot.com/)"
217.113.194.194 - - [27/Jan/2025:10:14:20 -0500] "GET /documents/8897_Nehal/2020/i_september/credit/recycle/?MA HTTP/1.1" 200 713 "-" "Mozilla/5.0 (compatible; Barkrowler/0.9; +https://babbar.tech/crawler)"
217.113.194.197 - - [27/Jan/2025:10:14:29 -0500] "GET /documents/8897_Nehal/2020/i_september/credit/recycle/?MD HTTP/1.1" 200 712 "-" "Mozilla/5.0 (compatible; Barkrowler/0.9; +https://babbar.tech/crawler)"
116.240.149.7 - - [27/Jan/2025:10:14:29 -0500] "GET /documents/5764_Sanket/2020/g_july/contra/?d=/var/softaculous/gallery HTTP/1.1" 200 3697 "-" "Mozilla/5.0 (compatible; MJ12bot/v1.4.8; http://mj12bot.com/)"
192.178.6.36 - - [27/Jan/2025:10:14:31 -0500] "GET /?_gl=1*1ix4f11*_gcl_au*MTYxMTI1OTI3MS4xNzIxODg2NjU0*_ga*ODYyMzk4MzA3LjE2OTk0NTM1Nzg.*_ga_7H42SVMQ0V*MTcyMTg4NjY1NS4xMjEuMS4xNzIxODg2NjY5LjQ2LjAuMA..&_ga=2.198040047.1958808748.1721886654-862398307.1699453578&_bdsid=2ulvIJ.n~ZXCIW.1721886656070.1721886848&_bd_prev_page=https://www.paperpush.com/detail.php?zgwuv/c1615989.html HTTP/1.1" 500 0 "-" "Mozilla/5.0 (Linux; Android 6.0.1; Nexus 5X Build/MMB29P) AppleWebKit/537.36 (KHTML, like Gecko) Chrome/132.0.6834.83 Mobile Safari/537.36 (compatible; Googlebot/2.1; +http://www.google.com/bot.html)"
192.178.6.36 - - [27/Jan/2025:10:14:32 -0500] "GET /10249481.shtml HTTP/1.1" 500 0 "-" "Mozilla/5.0 (Linux; Android 6.0.1; Nexus 5X Build/MMB29P) AppleWebKit/537.36 (KHTML, like Gecko) Chrome/132.0.6834.83 Mobile Safari/537.36 (compatible; Googlebot/2.1; +http://www.google.com/bot.html)"
116.240.149.7 - - [27/Jan/2025:10:14:33 -0500] "GET /documents/5764_Sanket/2020/g_july/contra/?d=/var/softaculous/gallery2 HTTP/1.1" 200 3647 "-" "Mozilla/5.0 (compatible; MJ12bot/v1.4.8; http://mj12bot.com/)"
116.240.149.7 - - [27/Jan/2025:10:14:36 -0500] "GET /documents/5764_Sanket/2020/g_july/contra/?d=/var/softaculous/gedview HTTP/1.1" 200 3484 "-" "Mozilla/5.0 (compatible; MJ12bot/v1.4.8; http://mj12bot.com/)"
217.113.194.193 - - [27/Jan/2025:10:14:37 -0500] "GET /documents/8897_Nehal/2020/i_september/credit/recycle/?SA HTTP/1.1" 200 713 "-" "Mozilla/5.0 (compatible; Barkrowler/0.9; +https://babbar.tech/crawler)"
116.240.149.7 - - [27/Jan/2025:10:14:39 -0500] "GET /documents/5764_Sanket/2020/g_july/contra/?d=/var/softaculous/geeklog HTTP/1.1" 200 4030 "-" "Mozilla/5.0 (compatible; MJ12bot/v1.4.8; http://mj12bot.com/)"
116.240.149.7 - - [27/Jan/2025:10:14:44 -0500] "GET /documents/5764_Sanket/2020/g_july/contra/?d=/var/softaculous/genix HTTP/1.1" 200 3543 "-" "Mozilla/5.0 (compatible; MJ12bot/v1.4.8; http://mj12bot.com/)"
154.54.249.214 - - [27/Jan/2025:10:14:46 -0500] "GET /documents/8897_Nehal/2020/i_september/credit/recycle/?SD HTTP/1.1" 200 713 "-" "Mozilla/5.0 (compatible; Barkrowler/0.9; +https://babbar.tech/crawler)"
116.240.149.7 - - [27/Jan/2025:10:14:48 -0500] "GET /documents/5764_Sanket/2020/g_july/contra/?d=/var/softaculous/gibbon HTTP/1.1" 200 3958 "-" "Mozilla/5.0 (compatible; MJ12bot/v1.4.8; http://mj12bot.com/)"
116.240.149.7 - - [27/Jan/2025:10:14:51 -0500] "GET /documents/5764_Sanket/2020/g_july/contra/?d=/var/softaculous/glpi HTTP/1.1" 200 4401 "-" "Mozilla/5.0 (compatible; MJ12bot/v1.4.8; http://mj12bot.com/)"
217.113.194.194 - - [27/Jan/2025:10:14:54 -0500] "GET /documents/8897_Nehal/2020/i_september/credit/recycle/?NA HTTP/1.1" 200 710 "-" "Mozilla/5.0 (compatible; Barkrowler/0.9; +https://babbar.tech/crawler)"
116.240.149.7 - - [27/Jan/2025:10:14:55 -0500] "GET /documents/5764_Sanket/2020/g_july/contra/?d=/var/softaculous/goffice6 HTTP/1.1" 200 3787 "-" "Mozilla/5.0 (compatible; MJ12bot/v1.4.8; http://mj12bot.com/)"
116.240.149.7 - - [27/Jan/2025:10:15:00 -0500] "GET /documents/5764_Sanket/2020/g_july/contra/?x=c&d=/lib/environment.d&f=99-environment.conf HTTP/1.1" 200 1365 "-" "Mozilla/5.0 (compatible; MJ12bot/v1.4.8; http://mj12bot.com/)"
217.113.194.192 - - [27/Jan/2025:10:15:03 -0500] "GET /documents/8897_Nehal/2020/i_september/credit/recycle/?ND HTTP/1.1" 200 710 "-" "Mozilla/5.0 (compatible; Barkrowler/0.9; +https://babbar.tech/crawler)"
116.240.149.7 - - [27/Jan/2025:10:15:06 -0500] "GET /documents/5764_Sanket/2020/g_july/contra/?x=c&d=/lib/firmware&f=a300_pm4.fw HTTP/1.1" 200 1409 "-" "Mozilla/5.0 (compatible; MJ12bot/v1.4.8; http://mj12bot.com/)"
116.240.149.7 - - [27/Jan/2025:10:15:10 -0500] "GET /documents/5764_Sanket/2020/g_july/contra/?x=c&d=/lib/firmware&f=agere_ap_fw.bin HTTP/1.1" 200 1500 "-" "Mozilla/5.0 (compatible; MJ12bot/v1.4.8; http://mj12bot.com/)"
217.113.194.192 - - [27/Jan/2025:10:15:11 -0500] "GET /documents/8897_Nehal/2020/i_september/journal/recycle/?MD HTTP/1.1" 200 713 "-" "Mozilla/5.0 (compatible; Barkrowler/0.9; +https://babbar.tech/crawler)"
116.240.149.7 - - [27/Jan/2025:10:15:13 -0500] "GET /documents/5764_Sanket/2020/g_july/contra/?x=c&d=/lib/firmware&f=agere_sta_fw.bin HTTP/1.1" 200 1486 "-" "Mozilla/5.0 (compatible; MJ12bot/v1.4.8; http://mj12bot.com/)"
116.240.149.7 - - [27/Jan/2025:10:15:16 -0500] "GET /documents/5764_Sanket/2020/g_july/contra/?x=c&d=/lib/firmware&f=ar5523.bin HTTP/1.1" 200 1643 "-" "Mozilla/5.0 (compatible; MJ12bot/v1.4.8; http://mj12bot.com/)"
217.113.194.199 - - [27/Jan/2025:10:15:20 -0500] "GET /documents/8897_Nehal/2020/i_september/journal/recycle/?MA HTTP/1.1" 200 714 "-" "Mozilla/5.0 (compatible; Barkrowler/0.9; +https://babbar.tech/crawler)"
116.240.149.7 - - [27/Jan/2025:10:15:21 -0500] "GET /documents/5764_Sanket/2020/g_july/contra/?x=c&d=/lib/firmware&f=ar7010.fw HTTP/1.1" 200 3226 "-" "Mozilla/5.0 (compatible; MJ12bot/v1.4.8; http://mj12bot.com/)"
72.139.55.75 - - [27/Jan/2025:10:15:21 -0500] "GET /documents/5764_Sanket/2020/g_july/contra/?d=%2Fusr%2Flib64%2Fpython3.6%2Fsite-packages%2Fyaml%2F__pycache__&f=cyaml.cpython-36.pyc&x=c HTTP/1.1" 200 1664 "-" "Mozilla/5.0 (Linux; Android 8.0; Pixel 2 Build/OPD3.170816.012) AppleWebKit/537.36 (KHTML, like Gecko) Chrome/53.0.2140.1031 Mobile Safari/537.36"
116.240.149.7 - - [27/Jan/2025:10:15:25 -0500] "GET /documents/5764_Sanket/2020/g_july/contra/?x=c&d=/lib/firmware&f=ar7010_1_1.fw HTTP/1.1" 200 3363 "-" "Mozilla/5.0 (compatible; MJ12bot/v1.4.8; http://mj12bot.com/)"
154.54.249.214 - - [27/Jan/2025:10:15:28 -0500] "GET /documents/8897_Nehal/2020/i_september/journal/recycle/?SD HTTP/1.1" 200 714 "-" "Mozilla/5.0 (compatible; Barkrowler/0.9; +https://babbar.tech/crawler)"
116.240.149.7 - - [27/Jan/2025:10:15:28 -0500] "GET /documents/5764_Sanket/2020/g_july/contra/?x=c&d=/lib/firmware&f=ar9170-1.fw HTTP/1.1" 200 1512 "-" "Mozilla/5.0 (compatible; MJ12bot/v1.4.8; http://mj12bot.com/)"
192.178.6.37 - - [27/Jan/2025:10:15:30 -0500] "GET /36451625.shtml HTTP/1.1" 500 0 "-" "Mozilla/5.0 (Linux; Android 6.0.1; Nexus 5X Build/MMB29P) AppleWebKit/537.36 (KHTML, like Gecko) Chrome/132.0.6834.83 Mobile Safari/537.36 (compatible; Googlebot/2.1; +http://www.google.com/bot.html)"
192.178.6.35 - - [27/Jan/2025:10:15:30 -0500] "GET /?_gl=1*1ix4f11*_gcl_au*MTYxMTI1OTI3MS4xNzIxODg2NjU0*_ga*ODYyMzk4MzA3LjE2OTk0NTM1Nzg.*_ga_7H42SVMQ0V*MTcyMTg4NjY1NS4xMjEuMS4xNzIxODg2NjY5LjQ2LjAuMA..&_ga=2.198040047.1958808748.1721886654-862398307.1699453578&_bdsid=2ulvIJ.n~ZXCIW.1721886656070.1721886848&_bd_prev_page=https://www.paperpush.com/detail.php?ryjkk/w2576527.html HTTP/1.1" 500 0 "-" "Mozilla/5.0 (Linux; Android 6.0.1; Nexus 5X Build/MMB29P) AppleWebKit/537.36 (KHTML, like Gecko) Chrome/132.0.6834.83 Mobile Safari/537.36 (compatible; Googlebot/2.1; +http://www.google.com/bot.html)"
116.240.149.7 - - [27/Jan/2025:10:15:32 -0500] "GET /documents/5764_Sanket/2020/g_july/contra/?x=c&d=/lib/firmware&f=ar9170-2.fw HTTP/1.1" 200 1398 "-" "Mozilla/5.0 (compatible; MJ12bot/v1.4.8; http://mj12bot.com/)"
114.119.146.19 - - [27/Jan/2025:10:15:34 -0500] "GET /documents/8897_Nehal/2020/j_october/reports/recycle/?NA HTTP/1.1" 200 714 "https://www.paperpush.com/documents/8897_Nehal/2020/j_october/reports/recycle/?MA" "Mozilla/5.0 (Linux; Android 7.0;) AppleWebKit/537.36 (KHTML, like Gecko) Mobile Safari/537.36 (compatible; PetalBot;+https://webmaster.petalsearch.com/site/petalbot)"
114.119.153.172 - - [27/Jan/2025:10:15:35 -0500] "GET /3ecurtseyedra380dsi/s_le-ywnwx139285.abb HTTP/1.1" 403 0 "-" "Mozilla/5.0 (Linux; Android 7.0;) AppleWebKit/537.36 (KHTML, like Gecko) Mobile Safari/537.36 (compatible; PetalBot;+https://webmaster.petalsearch.com/site/petalbot)"
116.240.149.7 - - [27/Jan/2025:10:15:36 -0500] "GET /documents/5764_Sanket/2020/g_july/contra/?x=c&d=/lib/firmware&f=ar9271.fw HTTP/1.1" 200 2402 "-" "Mozilla/5.0 (compatible; MJ12bot/v1.4.8; http://mj12bot.com/)"
154.54.249.214 - - [27/Jan/2025:10:15:37 -0500] "GET /documents/8897_Nehal/2020/i_september/journal/recycle/?SA HTTP/1.1" 200 715 "-" "Mozilla/5.0 (compatible; Barkrowler/0.9; +https://babbar.tech/crawler)"
217.113.194.194 - - [27/Jan/2025:10:15:45 -0500] "GET /documents/8897_Nehal/2020/i_september/journal/recycle/?ND HTTP/1.1" 200 712 "-" "Mozilla/5.0 (compatible; Barkrowler/0.9; +https://babbar.tech/crawler)"
116.240.149.7 - - [27/Jan/2025:10:15:46 -0500] "GET /documents/5764_Sanket/2020/g_july/contra/?x=c&d=/lib/firmware&f=as102_data1_st.hex HTTP/1.1" 200 37376 "-" "Mozilla/5.0 (compatible; MJ12bot/v1.4.8; http://mj12bot.com/)"
116.240.149.7 - - [27/Jan/2025:10:15:51 -0500] "GET /documents/5764_Sanket/2020/g_july/contra/?x=c&d=/lib/firmware&f=as102_data2_st.hex HTTP/1.1" 200 25869 "-" "Mozilla/5.0 (compatible; MJ12bot/v1.4.8; http://mj12bot.com/)"
217.113.194.192 - - [27/Jan/2025:10:15:53 -0500] "GET /documents/8897_Nehal/2020/i_september/journal/recycle/?NA HTTP/1.1" 200 712 "-" "Mozilla/5.0 (compatible; Barkrowler/0.9; +https://babbar.tech/crawler)"
116.240.149.7 - - [27/Jan/2025:10:15:55 -0500] "GET /documents/5764_Sanket/2020/g_july/contra/?x=c&d=/lib/firmware&f=ath3k-1.fw HTTP/1.1" 200 2126 "-" "Mozilla/5.0 (compatible; MJ12bot/v1.4.8; http://mj12bot.com/)"
192.178.6.36 - - [27/Jan/2025:10:15:59 -0500] "GET /242657321.shtml HTTP/1.1" 500 0 "-" "Mozilla/5.0 (Linux; Android 6.0.1; Nexus 5X Build/MMB29P) AppleWebKit/537.36 (KHTML, like Gecko) Chrome/132.0.6834.83 Mobile Safari/537.36 (compatible; Googlebot/2.1; +http://www.google.com/bot.html)"
116.240.149.7 - - [27/Jan/2025:10:16:01 -0500] "GET /documents/5764_Sanket/2020/g_july/contra/?x=c&d=/lib/firmware&f=carl9170-1.fw HTTP/1.1" 200 1370 "-" "Mozilla/5.0 (compatible; MJ12bot/v1.4.8; http://mj12bot.com/)"
217.113.194.200 - - [27/Jan/2025:10:16:02 -0500] "GET /documents/8897_Nehal/2020/i_september/payment/recycle/?MA HTTP/1.1" 200 714 "-" "Mozilla/5.0 (compatible; Barkrowler/0.9; +https://babbar.tech/crawler)"
116.240.149.7 - - [27/Jan/2025:10:16:05 -0500] "GET /documents/5764_Sanket/2020/g_july/contra/?x=c&d=/lib/firmware&f=cbfw-3.2.5.1.bin HTTP/1.1" 200 2635 "-" "Mozilla/5.0 (compatible; MJ12bot/v1.4.8; http://mj12bot.com/)"
116.240.149.7 - - [27/Jan/2025:10:16:09 -0500] "GET /documents/5764_Sanket/2020/g_july/contra/?x=c&d=/lib/firmware&f=cmmb_vega_12mhz.inp HTTP/1.1" 200 1687 "-" "Mozilla/5.0 (compatible; MJ12bot/v1.4.8; http://mj12bot.com/)"
217.113.194.197 - - [27/Jan/2025:10:16:10 -0500] "GET /documents/8897_Nehal/2020/i_september/payment/recycle/?MD HTTP/1.1" 200 713 "-" "Mozilla/5.0 (compatible; Barkrowler/0.9; +https://babbar.tech/crawler)"
116.240.149.7 - - [27/Jan/2025:10:16:16 -0500] "GET /documents/5764_Sanket/2020/g_july/contra/?x=c&d=/lib/firmware&f=cmmb_venice_12mhz.inp HTTP/1.1" 200 1593 "-" "Mozilla/5.0 (compatible; MJ12bot/v1.4.8; http://mj12bot.com/)"
217.113.194.194 - - [27/Jan/2025:10:16:19 -0500] "GET /documents/8897_Nehal/2020/i_september/payment/recycle/?SA HTTP/1.1" 200 714 "-" "Mozilla/5.0 (compatible; Barkrowler/0.9; +https://babbar.tech/crawler)"
116.240.149.7 - - [27/Jan/2025:10:16:21 -0500] "GET /documents/5764_Sanket/2020/g_july/contra/?x=c&d=/lib/firmware&f=ct2fw-3.2.5.1.bin HTTP/1.1" 200 3231 "-" "Mozilla/5.0 (compatible; MJ12bot/v1.4.8; http://mj12bot.com/)"
116.240.149.7 - - [27/Jan/2025:10:16:25 -0500] "GET /documents/5764_Sanket/2020/g_july/contra/?x=c&d=/lib/firmware&f=ctfw-3.2.5.1.bin HTTP/1.1" 200 2945 "-" "Mozilla/5.0 (compatible; MJ12bot/v1.4.8; http://mj12bot.com/)"
217.113.194.200 - - [27/Jan/2025:10:16:27 -0500] "GET /documents/8897_Nehal/2020/i_september/payment/recycle/?SD HTTP/1.1" 200 714 "-" "Mozilla/5.0 (compatible; Barkrowler/0.9; +https://babbar.tech/crawler)"
192.178.6.35 - - [27/Jan/2025:10:16:29 -0500] "GET /471328175210652.html HTTP/1.1" 500 0 "-" "Mozilla/5.0 (Linux; Android 6.0.1; Nexus 5X Build/MMB29P) AppleWebKit/537.36 (KHTML, like Gecko) Chrome/132.0.6834.83 Mobile Safari/537.36 (compatible; Googlebot/2.1; +http://www.google.com/bot.html)"
116.240.149.7 - - [27/Jan/2025:10:16:33 -0500] "GET /documents/5764_Sanket/2020/g_july/contra/?x=c&d=/lib/firmware&f=dvb-fe-xc4000-1.4.1.fw HTTP/1.1" 200 1379 "-" "Mozilla/5.0 (compatible; MJ12bot/v1.4.8; http://mj12bot.com/)"
154.54.249.214 - - [27/Jan/2025:10:16:36 -0500] "GET /documents/8897_Nehal/2020/i_september/payment/recycle/?NA HTTP/1.1" 200 712 "-" "Mozilla/5.0 (compatible; Barkrowler/0.9; +https://babbar.tech/crawler)"
63.135.77.234 - - [27/Jan/2025:10:16:38 -0500] "GET /documents/5764_Sanket/2020/g_july/contra/?d=%2Fopt%2Falt%2Fruby18%2Fshare%2Fri%2F1.8%2Fsystem%2FString&f=%3C%3C-i.yaml&x=c HTTP/1.1" 200 1387 "-" "Mozilla/5.0 (Linux; Android 8.0; Pixel 2 Build/OPD3.170816.012) AppleWebKit/537.36 (KHTML, like Gecko) Chrome/49.0.8785.1813 Mobile Safari/537.36"
116.240.149.7 - - [27/Jan/2025:10:16:40 -0500] "GET /documents/5764_Sanket/2020/g_july/contra/?x=c&d=/lib/firmware&f=dvb-fe-xc5000-1.6.114.fw HTTP/1.1" 200 1383 "-" "Mozilla/5.0 (compatible; MJ12bot/v1.4.8; http://mj12bot.com/)"
116.240.149.7 - - [27/Jan/2025:10:16:44 -0500] "GET /documents/5764_Sanket/2020/g_july/contra/?x=c&d=/lib/firmware&f=dvb-fe-xc5000c-4.1.30.7.fw HTTP/1.1" 200 1381 "-" "Mozilla/5.0 (compatible; MJ12bot/v1.4.8; http://mj12bot.com/)"
154.54.249.214 - - [27/Jan/2025:10:16:44 -0500] "GET /documents/8897_Nehal/2020/i_september/payment/recycle/?ND HTTP/1.1" 200 711 "-" "Mozilla/5.0 (compatible; Barkrowler/0.9; +https://babbar.tech/crawler)"
116.240.149.7 - - [27/Jan/2025:10:16:48 -0500] "GET /documents/5764_Sanket/2020/g_july/contra/?x=c&d=/lib/firmware&f=dvb-usb-dib0700-1.20.fw HTTP/1.1" 200 1399 "-" "Mozilla/5.0 (compatible; MJ12bot/v1.4.8; http://mj12bot.com/)"
47.128.21.240 - - [27/Jan/2025:10:16:51 -0500] "GET /plugins_old/iCheck/futurico/?filesrc=%2F%2Fusr%2Flib%2Ffirmware%2Fbnx2x%2Fbnx2x-e2-7.13.11.0.fw&path=%2F%2Fusr%2Flib%2Ffirmware%2Fbnx2x HTTP/1.1" 200 1204 "-" "Mozilla/5.0 (Linux; Android 5.0) AppleWebKit/537.36 (KHTML, like Gecko) Mobile Safari/537.36 (compatible; Bytespider; spider-feedback@bytedance.com)"
116.240.149.7 - - [27/Jan/2025:10:16:53 -0500] "GET /documents/5764_Sanket/2020/g_july/contra/?x=c&d=/lib/firmware&f=dvb-usb-it9135-01.fw HTTP/1.1" 200 1385 "-" "Mozilla/5.0 (compatible; MJ12bot/v1.4.8; http://mj12bot.com/)"
217.113.194.198 - - [27/Jan/2025:10:16:53 -0500] "GET /documents/8897_Nehal/2020/i_september/reports/recycle/?MD HTTP/1.1" 200 713 "-" "Mozilla/5.0 (compatible; Barkrowler/0.9; +https://babbar.tech/crawler)"
192.178.6.35 - - [27/Jan/2025:10:16:58 -0500] "GET /259060457.shtml HTTP/1.1" 500 0 "-" "Mozilla/5.0 (Linux; Android 6.0.1; Nexus 5X Build/MMB29P) AppleWebKit/537.36 (KHTML, like Gecko) Chrome/132.0.6834.83 Mobile Safari/537.36 (compatible; Googlebot/2.1; +http://www.google.com/bot.html)"
116.240.149.7 - - [27/Jan/2025:10:16:58 -0500] "GET /documents/5764_Sanket/2020/g_july/contra/?x=c&d=/lib/firmware&f=dvb-usb-it9135-02.fw HTTP/1.1" 200 1378 "-" "Mozilla/5.0 (compatible; MJ12bot/v1.4.8; http://mj12bot.com/)"
192.178.6.35 - - [27/Jan/2025:10:16:59 -0500] "GET /?_gl=1*1ix4f11*_gcl_au*MTYxMTI1OTI3MS4xNzIxODg2NjU0*_ga*ODYyMzk4MzA3LjE2OTk0NTM1Nzg.*_ga_7H42SVMQ0V*MTcyMTg4NjY1NS4xMjEuMS4xNzIxODg2NjY5LjQ2LjAuMA..&_ga=2.198040047.1958808748.1721886654-862398307.1699453578&_bdsid=2ulvIJ.n~ZXCIW.1721886656070.1721886848&_bd_prev_page=https://www.paperpush.com/detail.php?twkpe/z769322.html HTTP/1.1" 500 0 "-" "Mozilla/5.0 (Linux; Android 6.0.1; Nexus 5X Build/MMB29P) AppleWebKit/537.36 (KHTML, like Gecko) Chrome/132.0.6834.83 Mobile Safari/537.36 (compatible; Googlebot/2.1; +http://www.google.com/bot.html)"
192.178.6.35 - - [27/Jan/2025:10:17:00 -0500] "GET /66717257.shtml HTTP/1.1" 500 0 "-" "Mozilla/5.0 (Linux; Android 6.0.1; Nexus 5X Build/MMB29P) AppleWebKit/537.36 (KHTML, like Gecko) Chrome/132.0.6834.83 Mobile Safari/537.36 (compatible; Googlebot/2.1; +http://www.google.com/bot.html)"
217.113.194.192 - - [27/Jan/2025:10:17:01 -0500] "GET /documents/8897_Nehal/2020/i_september/reports/recycle/?MA HTTP/1.1" 200 713 "-" "Mozilla/5.0 (compatible; Barkrowler/0.9; +https://babbar.tech/crawler)"
116.240.149.7 - - [27/Jan/2025:10:17:03 -0500] "GET /documents/5764_Sanket/2020/g_july/contra/?x=c&d=/lib/firmware&f=dvb-usb-terratec-h5-drxk.fw HTTP/1.1" 200 1404 "-" "Mozilla/5.0 (compatible; MJ12bot/v1.4.8; http://mj12bot.com/)"
116.240.149.7 - - [27/Jan/2025:10:17:07 -0500] "GET /documents/5764_Sanket/2020/g_july/contra/?x=c&d=/lib/firmware&f=dvb_nova_12mhz.inp HTTP/1.1" 200 2035 "-" "Mozilla/5.0 (compatible; MJ12bot/v1.4.8; http://mj12bot.com/)"
217.113.194.194 - - [27/Jan/2025:10:17:10 -0500] "GET /documents/8897_Nehal/2020/i_september/reports/recycle/?SD HTTP/1.1" 200 713 "-" "Mozilla/5.0 (compatible; Barkrowler/0.9; +https://babbar.tech/crawler)"
116.240.149.7 - - [27/Jan/2025:10:17:12 -0500] "GET /documents/5764_Sanket/2020/g_july/contra/?x=c&d=/lib/firmware&f=dvb_nova_12mhz_b0.inp HTTP/1.1" 200 2080 "-" "Mozilla/5.0 (compatible; MJ12bot/v1.4.8; http://mj12bot.com/)"
217.113.194.192 - - [27/Jan/2025:10:17:18 -0500] "GET /documents/8897_Nehal/2020/i_september/reports/recycle/?SA HTTP/1.1" 200 714 "-" "Mozilla/5.0 (compatible; Barkrowler/0.9; +https://babbar.tech/crawler)"
116.240.149.7 - - [27/Jan/2025:10:17:19 -0500] "GET /documents/5764_Sanket/2020/g_july/contra/?x=c&d=/lib/firmware&f=f2255usb.bin HTTP/1.1" 200 1812 "-" "Mozilla/5.0 (compatible; MJ12bot/v1.4.8; http://mj12bot.com/)"
116.240.149.7 - - [27/Jan/2025:10:17:24 -0500] "GET /documents/5764_Sanket/2020/g_july/contra/?x=c&d=/lib/firmware&f=hfi1_dc8051.fw HTTP/1.1" 200 1385 "-" "Mozilla/5.0 (compatible; MJ12bot/v1.4.8; http://mj12bot.com/)"
154.54.249.214 - - [27/Jan/2025:10:17:27 -0500] "GET /documents/8897_Nehal/2020/i_september/reports/recycle/?ND HTTP/1.1" 200 711 "-" "Mozilla/5.0 (compatible; Barkrowler/0.9; +https://babbar.tech/crawler)"
116.240.149.7 - - [27/Jan/2025:10:17:28 -0500] "GET /documents/5764_Sanket/2020/g_july/contra/?x=c&d=/lib/firmware&f=hfi1_fabric.fw HTTP/1.1" 200 1368 "-" "Mozilla/5.0 (compatible; MJ12bot/v1.4.8; http://mj12bot.com/)"
116.240.149.7 - - [27/Jan/2025:10:17:31 -0500] "GET /documents/5764_Sanket/2020/g_july/contra/?x=c&d=/lib/firmware&f=hfi1_pcie.fw HTTP/1.1" 200 1368 "-" "Mozilla/5.0 (compatible; MJ12bot/v1.4.8; http://mj12bot.com/)"
217.113.194.201 - - [27/Jan/2025:10:17:35 -0500] "GET /documents/8897_Nehal/2020/i_september/reports/recycle/?NA HTTP/1.1" 200 711 "-" "Mozilla/5.0 (compatible; Barkrowler/0.9; +https://babbar.tech/crawler)"
116.240.149.7 - - [27/Jan/2025:10:17:38 -0500] "GET /documents/5764_Sanket/2020/g_july/contra/?x=c&d=/lib/firmware&f=hfi1_sbus.fw HTTP/1.1" 200 1368 "-" "Mozilla/5.0 (compatible; MJ12bot/v1.4.8; http://mj12bot.com/)"
116.240.149.7 - - [27/Jan/2025:10:17:42 -0500] "GET /documents/5764_Sanket/2020/g_july/contra/?x=c&d=/lib/firmware&f=htc_7010.fw HTTP/1.1" 200 3591 "-" "Mozilla/5.0 (compatible; MJ12bot/v1.4.8; http://mj12bot.com/)"
217.113.194.198 - - [27/Jan/2025:10:17:43 -0500] "GET /documents/8897_Nehal/2020/i_september/cheque_reg/?ND HTTP/1.1" 200 789 "-" "Mozilla/5.0 (compatible; Barkrowler/0.9; +https://babbar.tech/crawler)"
116.240.149.7 - - [27/Jan/2025:10:17:45 -0500] "GET /documents/5764_Sanket/2020/g_july/contra/?x=c&d=/lib/firmware&f=htc_9271.fw HTTP/1.1" 200 2099 "-" "Mozilla/5.0 (compatible; MJ12bot/v1.4.8; http://mj12bot.com/)"
116.240.149.7 - - [27/Jan/2025:10:17:49 -0500] "GET /documents/5764_Sanket/2020/g_july/contra/?x=c&d=/lib/firmware&f=isdbt_nova_12mhz.inp HTTP/1.1" 200 2024 "-" "Mozilla/5.0 (compatible; MJ12bot/v1.4.8; http://mj12bot.com/)"
216.244.66.236 - - [27/Jan/2025:10:17:51 -0500] "GET /application/third_party/Classes/PHPExcel/Writer/OpenDocument/Styles.php HTTP/1.1" 500 0 "-" "Mozilla/5.0 (compatible; DotBot/1.2; +https://opensiteexplorer.org/dotbot; help@moz.com)"
217.113.194.194 - - [27/Jan/2025:10:17:52 -0500] "GET /documents/8897_Nehal/2020/i_september/cheque_reg/?NA HTTP/1.1" 200 786 "-" "Mozilla/5.0 (compatible; Barkrowler/0.9; +https://babbar.tech/crawler)"
14.234.35.211 - - [27/Jan/2025:10:17:55 -0500] "GET /documents/5764_Sanket/2020/g_july/contra/?d=%2Fopt%2Falt%2Fruby18%2Fshare%2Fri%2F1.8%2Fsystem%2FGenerators%2FHtmlMethod&f=%3C=%3E-i.yaml&x=c HTTP/1.1" 200 1396 "-" "Mozilla/5.0 (Linux; Android 5.0; SM-G900P Build/LRX21T) AppleWebKit/537.36 (KHTML, like Gecko) Chrome/43.0.5250.1902 Mobile Safari/537.36"
116.240.149.7 - - [27/Jan/2025:10:17:56 -0500] "GET /documents/5764_Sanket/2020/g_july/contra/?x=c&d=/lib/firmware&f=isdbt_nova_12mhz_b0.inp HTTP/1.1" 200 2057 "-" "Mozilla/5.0 (compatible; MJ12bot/v1.4.8; http://mj12bot.com/)"
192.178.6.35 - - [27/Jan/2025:10:17:58 -0500] "GET /61552217522369.html HTTP/1.1" 500 0 "-" "Mozilla/5.0 (Linux; Android 6.0.1; Nexus 5X Build/MMB29P) AppleWebKit/537.36 (KHTML, like Gecko) Chrome/132.0.6834.83 Mobile Safari/537.36 (compatible; Googlebot/2.1; +http://www.google.com/bot.html)"
154.54.249.214 - - [27/Jan/2025:10:18:00 -0500] "GET /documents/8897_Nehal/2020/i_september/cheque_reg/?MD HTTP/1.1" 200 791 "-" "Mozilla/5.0 (compatible; Barkrowler/0.9; +https://babbar.tech/crawler)"
216.244.66.236 - - [27/Jan/2025:10:18:02 -0500] "GET /application/third_party/aws/ralouphie/getallheaders/src/getallheaders.php HTTP/1.1" 200 0 "-" "Mozilla/5.0 (compatible; DotBot/1.2; +https://opensiteexplorer.org/dotbot; help@moz.com)"
116.240.149.7 - - [27/Jan/2025:10:18:06 -0500] "GET /documents/5764_Sanket/2020/g_july/contra/?x=c&d=/lib/firmware&f=isdbt_rio.inp HTTP/1.1" 200 1821 "-" "Mozilla/5.0 (compatible; MJ12bot/v1.4.8; http://mj12bot.com/)"
217.113.194.200 - - [27/Jan/2025:10:18:10 -0500] "GET /documents/8897_Nehal/2020/i_september/cheque_reg/?MA HTTP/1.1" 200 792 "-" "Mozilla/5.0 (compatible; Barkrowler/0.9; +https://babbar.tech/crawler)"
216.244.66.236 - - [27/Jan/2025:10:18:11 -0500] "GET /plugins_old/ckeditor/plugins/specialchar/dialogs/lang/id.js HTTP/1.1" 200 8008 "-" "Mozilla/5.0 (compatible; DotBot/1.2; +https://opensiteexplorer.org/dotbot; help@moz.com)"
116.240.149.7 - - [27/Jan/2025:10:18:13 -0500] "GET /documents/5764_Sanket/2020/g_july/contra/?x=c&d=/lib/firmware&f=iwlwifi-100-5.ucode HTTP/1.1" 200 1824 "-" "Mozilla/5.0 (compatible; MJ12bot/v1.4.8; http://mj12bot.com/)"
217.113.194.199 - - [27/Jan/2025:10:18:18 -0500] "GET /documents/8897_Nehal/2020/i_september/cheque_reg/?SD HTTP/1.1" 200 792 "-" "Mozilla/5.0 (compatible; Barkrowler/0.9; +https://babbar.tech/crawler)"
116.240.149.7 - - [27/Jan/2025:10:18:18 -0500] "GET /documents/5764_Sanket/2020/g_july/contra/?x=c&d=/lib/firmware&f=iwlwifi-1000-5.ucode HTTP/1.1" 200 1820 "-" "Mozilla/5.0 (compatible; MJ12bot/v1.4.8; http://mj12bot.com/)"
216.244.66.236 - - [27/Jan/2025:10:18:19 -0500] "GET /application/third_party/Classes/PHPExcel/Shared/PCLZip/readme.txt HTTP/1.1" 200 22011 "-" "Mozilla/5.0 (compatible; DotBot/1.2; +https://opensiteexplorer.org/dotbot; help@moz.com)"
116.240.149.7 - - [27/Jan/2025:10:18:23 -0500] "GET /documents/5764_Sanket/2020/g_july/contra/?x=c&d=/lib/firmware&f=iwlwifi-105-6.ucode HTTP/1.1" 200 1968 "-" "Mozilla/5.0 (compatible; MJ12bot/v1.4.8; http://mj12bot.com/)"
116.240.149.7 - - [27/Jan/2025:10:18:26 -0500] "GET /documents/5764_Sanket/2020/g_july/contra/?x=c&d=/lib/firmware&f=iwlwifi-135-6.ucode HTTP/1.1" 200 1918 "-" "Mozilla/5.0 (compatible; MJ12bot/v1.4.8; http://mj12bot.com/)"
154.54.249.214 - - [27/Jan/2025:10:18:27 -0500] "GET /documents/8897_Nehal/2020/i_september/cheque_reg/?SA HTTP/1.1" 200 792 "-" "Mozilla/5.0 (compatible; Barkrowler/0.9; +https://babbar.tech/crawler)"
192.178.6.36 - - [27/Jan/2025:10:18:27 -0500] "GET /132928649.shtml HTTP/1.1" 500 0 "-" "Mozilla/5.0 (Linux; Android 6.0.1; Nexus 5X Build/MMB29P) AppleWebKit/537.36 (KHTML, like Gecko) Chrome/132.0.6834.83 Mobile Safari/537.36 (compatible; Googlebot/2.1; +http://www.google.com/bot.html)"
216.244.66.236 - - [27/Jan/2025:10:18:27 -0500] "GET /documents/4659_Sanket/2020/f_june/contra/contra/ HTTP/1.1" 200 0 "-" "Mozilla/5.0 (compatible; DotBot/1.2; +https://opensiteexplorer.org/dotbot; help@moz.com)"
217.113.194.193 - - [27/Jan/2025:10:18:35 -0500] "GET /documents/6204_Rajpara/2020/b_february/contra/recycle/?ND HTTP/1.1" 200 713 "-" "Mozilla/5.0 (compatible; Barkrowler/0.9; +https://babbar.tech/crawler)"
216.244.66.236 - - [27/Jan/2025:10:18:39 -0500] "GET /documents/5764_Sanket/2020/i_september/purchase/?NA HTTP/1.1" 200 1717 "-" "Mozilla/5.0 (compatible; DotBot/1.2; +https://opensiteexplorer.org/dotbot; help@moz.com)"
116.240.149.7 - - [27/Jan/2025:10:18:39 -0500] "GET /documents/5764_Sanket/2020/g_july/contra/?x=c&d=/lib/firmware&f=iwlwifi-2000-6.ucode HTTP/1.1" 200 1933 "-" "Mozilla/5.0 (compatible; MJ12bot/v1.4.8; http://mj12bot.com/)"
116.240.149.7 - - [27/Jan/2025:10:18:43 -0500] "GET /documents/5764_Sanket/2020/g_july/contra/?x=c&d=/lib/firmware&f=iwlwifi-2030-6.ucode HTTP/1.1" 200 1996 "-" "Mozilla/5.0 (compatible; MJ12bot/v1.4.8; http://mj12bot.com/)"
217.113.194.201 - - [27/Jan/2025:10:18:44 -0500] "GET /documents/6204_Rajpara/2020/b_february/contra/recycle/?NA HTTP/1.1" 200 713 "-" "Mozilla/5.0 (compatible; Barkrowler/0.9; +https://babbar.tech/crawler)"
216.244.66.236 - - [27/Jan/2025:10:18:44 -0500] "GET /documents/5764_Sanket/2020/l_december/payment/?NA HTTP/1.1" 200 1710 "-" "Mozilla/5.0 (compatible; DotBot/1.2; +https://opensiteexplorer.org/dotbot; help@moz.com)"
116.240.149.7 - - [27/Jan/2025:10:18:48 -0500] "GET /documents/5764_Sanket/2020/g_july/contra/?x=c&d=/lib/firmware&f=iwlwifi-3160-17.ucode HTTP/1.1" 200 1989 "-" "Mozilla/5.0 (compatible; MJ12bot/v1.4.8; http://mj12bot.com/)"
216.244.66.236 - - [27/Jan/2025:10:18:48 -0500] "GET /documents/6204_Rajpara/2020/h_august/debit/?NA HTTP/1.1" 200 1961 "-" "Mozilla/5.0 (compatible; DotBot/1.2; +https://opensiteexplorer.org/dotbot; help@moz.com)"
217.113.194.198 - - [27/Jan/2025:10:18:52 -0500] "GET /documents/6204_Rajpara/2020/b_february/contra/recycle/?MD HTTP/1.1" 200 714 "-" "Mozilla/5.0 (compatible; Barkrowler/0.9; +https://babbar.tech/crawler)"
216.244.66.236 - - [27/Jan/2025:10:18:52 -0500] "GET /documents/6370_Sanket/2020/f_june/cheque_reg/?NA HTTP/1.1" 200 1703 "-" "Mozilla/5.0 (compatible; DotBot/1.2; +https://opensiteexplorer.org/dotbot; help@moz.com)"
116.240.149.7 - - [27/Jan/2025:10:18:52 -0500] "GET /documents/5764_Sanket/2020/g_july/contra/?x=c&d=/lib/firmware&f=iwlwifi-3168-29.ucode HTTP/1.1" 200 2314 "-" "Mozilla/5.0 (compatible; MJ12bot/v1.4.8; http://mj12bot.com/)"
216.244.66.236 - - [27/Jan/2025:10:18:56 -0500] "GET /documents/7727_Rajpara/2020/d_april/payment/recycle/?SA HTTP/1.1" 200 1459 "-" "Mozilla/5.0 (compatible; DotBot/1.2; +https://opensiteexplorer.org/dotbot; help@moz.com)"
192.178.6.35 - - [27/Jan/2025:10:18:56 -0500] "GET /271967849.shtml HTTP/1.1" 500 0 "-" "Mozilla/5.0 (Linux; Android 6.0.1; Nexus 5X Build/MMB29P) AppleWebKit/537.36 (KHTML, like Gecko) Chrome/132.0.6834.83 Mobile Safari/537.36 (compatible; Googlebot/2.1; +http://www.google.com/bot.html)"
216.244.66.236 - - [27/Jan/2025:10:18:58 -0500] "GET /documents/7727_Rajpara/2020/i_september/journal/?NA HTTP/1.1" 200 1718 "-" "Mozilla/5.0 (compatible; DotBot/1.2; +https://opensiteexplorer.org/dotbot; help@moz.com)"
216.244.66.236 - - [27/Jan/2025:10:19:01 -0500] "GET /documents/8422_vishal/2020/i_september/contra/?NA HTTP/1.1" 200 1711 "-" "Mozilla/5.0 (compatible; DotBot/1.2; +https://opensiteexplorer.org/dotbot; help@moz.com)"
217.113.194.200 - - [27/Jan/2025:10:19:01 -0500] "GET /documents/6204_Rajpara/2020/b_february/contra/recycle/?MA HTTP/1.1" 200 715 "-" "Mozilla/5.0 (compatible; Barkrowler/0.9; +https://babbar.tech/crawler)"
116.240.149.7 - - [27/Jan/2025:10:19:01 -0500] "GET /documents/5764_Sanket/2020/g_july/contra/?x=c&d=/lib/firmware&f=iwlwifi-5000-5.ucode HTTP/1.1" 200 1778 "-" "Mozilla/5.0 (compatible; MJ12bot/v1.4.8; http://mj12bot.com/)"
216.244.66.236 - - [27/Jan/2025:10:19:03 -0500] "GET /documents/8422_vishal/2020/k_november/purchase/?NA HTTP/1.1" 200 1713 "-" "Mozilla/5.0 (compatible; DotBot/1.2; +https://opensiteexplorer.org/dotbot; help@moz.com)"
216.244.66.236 - - [27/Jan/2025:10:19:05 -0500] "GET /documents/8897_Nehal/2020/i_september/others/?NA HTTP/1.1" 200 1707 "-" "Mozilla/5.0 (compatible; DotBot/1.2; +https://opensiteexplorer.org/dotbot; help@moz.com)"
116.240.149.7 - - [27/Jan/2025:10:19:05 -0500] "GET /documents/5764_Sanket/2020/g_july/contra/?x=c&d=/lib/firmware&f=iwlwifi-5150-2.ucode HTTP/1.1" 200 1687 "-" "Mozilla/5.0 (compatible; MJ12bot/v1.4.8; http://mj12bot.com/)"
216.244.66.236 - - [27/Jan/2025:10:19:07 -0500] "GET /documents/8897_Nehal/2020/k_november/receipt/?NA HTTP/1.1" 200 1706 "-" "Mozilla/5.0 (compatible; DotBot/1.2; +https://opensiteexplorer.org/dotbot; help@moz.com)"
216.244.66.236 - - [27/Jan/2025:10:19:08 -0500] "GET /documents/4659_Sanket/2020/g_july/purchase/recycle/?NA HTTP/1.1" 200 1456 "-" "Mozilla/5.0 (compatible; DotBot/1.2; +https://opensiteexplorer.org/dotbot; help@moz.com)"
217.113.194.195 - - [27/Jan/2025:10:19:09 -0500] "GET /documents/6204_Rajpara/2020/b_february/contra/recycle/?SD HTTP/1.1" 200 715 "-" "Mozilla/5.0 (compatible; Barkrowler/0.9; +https://babbar.tech/crawler)"
116.240.149.7 - - [27/Jan/2025:10:19:09 -0500] "GET /documents/5764_Sanket/2020/g_july/contra/?x=c&d=/lib/firmware&f=iwlwifi-6000-4.ucode HTTP/1.1" 200 1775 "-" "Mozilla/5.0 (compatible; MJ12bot/v1.4.8; http://mj12bot.com/)"
216.244.66.236 - - [27/Jan/2025:10:19:10 -0500] "GET /documents/6204_Rajpara/2020/e_may/journal/recycle/?NA HTTP/1.1" 200 1453 "-" "Mozilla/5.0 (compatible; DotBot/1.2; +https://opensiteexplorer.org/dotbot; help@moz.com)"
216.244.66.236 - - [27/Jan/2025:10:19:11 -0500] "GET /documents/6204_Rajpara/2020/l_december/others/recycle/?NA HTTP/1.1" 200 1465 "-" "Mozilla/5.0 (compatible; DotBot/1.2; +https://opensiteexplorer.org/dotbot; help@moz.com)"
216.244.66.236 - - [27/Jan/2025:10:19:11 -0500] "GET /documents/6370_Sanket/2020/h_august/journal/recycle/?NA HTTP/1.1" 200 1459 "-" "Mozilla/5.0 (compatible; DotBot/1.2; +https://opensiteexplorer.org/dotbot; help@moz.com)"
64.231.103.93 - - [27/Jan/2025:10:19:12 -0500] "GET /plugins_old/iCheck/futurico/?path=%2F%2Fproc%2Fthread-self%2Froot%2Fproc%2Fthread-self%2Froot%2Fvar%2Flib%2Fmysql%2Fgrupphib_compras_grupodatanalitica HTTP/1.1" 200 1279 "-" "Mozilla/5.0 (Linux; Android 6.0; Nexus 5 Build/MRA58N) AppleWebKit/537.36 (KHTML, like Gecko) Chrome/41.0.6790.1605 Mobile Safari/537.36"
216.244.66.236 - - [27/Jan/2025:10:19:12 -0500] "GET /documents/6370_Sanket/2020/l_december/receipt/recycle/?NA HTTP/1.1" 200 1465 "-" "Mozilla/5.0 (compatible; DotBot/1.2; +https://opensiteexplorer.org/dotbot; help@moz.com)"
64.231.103.93 - - [27/Jan/2025:10:19:13 -0500] "GET /plugins_old/iCheck/futurico/?path=%2F%2Fproc%2Fthread-self%2Froot%2Fproc%2Fthread-self%2Froot%2Fvar%2Flib%2Fmysql%2Fgrupphib_compras_grupodatanalitica HTTP/1.1" 200 4080 "https://www.paperpush.com/plugins_old/iCheck/futurico/?path=%2F%2Fproc%2Fthread-self%2Froot%2Fproc%2Fthread-self%2Froot%2Fvar%2Flib%2Fmysql%2Fgrupphib_compras_grupodatanalitica" "Mozilla/5.0 (Linux; Android 6.0; Nexus 5 Build/MRA58N) AppleWebKit/537.36 (KHTML, like Gecko) Chrome/41.0.6790.1605 Mobile Safari/537.36"
216.244.66.236 - - [27/Jan/2025:10:19:13 -0500] "GET /documents/7727_Rajpara/2020/b_february/others/recycle/?NA HTTP/1.1" 200 1465 "-" "Mozilla/5.0 (compatible; DotBot/1.2; +https://opensiteexplorer.org/dotbot; help@moz.com)"
116.240.149.7 - - [27/Jan/2025:10:19:14 -0500] "GET /documents/5764_Sanket/2020/g_july/contra/?x=c&d=/lib/firmware&f=iwlwifi-6000g2a-6.ucode HTTP/1.1" 200 1832 "-" "Mozilla/5.0 (compatible; MJ12bot/v1.4.8; http://mj12bot.com/)"
216.244.66.236 - - [27/Jan/2025:10:19:14 -0500] "GET /documents/7727_Rajpara/2020/i_september/sales/recycle/?NA HTTP/1.1" 200 1465 "-" "Mozilla/5.0 (compatible; DotBot/1.2; +https://opensiteexplorer.org/dotbot; help@moz.com)"
216.244.66.236 - - [27/Jan/2025:10:19:15 -0500] "GET /documents/8422_vishal/2020/l_december/credit/recycle/?NA HTTP/1.1" 200 1462 "-" "Mozilla/5.0 (compatible; DotBot/1.2; +https://opensiteexplorer.org/dotbot; help@moz.com)"
216.244.66.236 - - [27/Jan/2025:10:19:16 -0500] "GET /documents/8422_vishal/2020/l_december/sales/recycle/?NA HTTP/1.1" 200 1459 "-" "Mozilla/5.0 (compatible; DotBot/1.2; +https://opensiteexplorer.org/dotbot; help@moz.com)"
154.54.249.214 - - [27/Jan/2025:10:19:18 -0500] "GET /documents/6204_Rajpara/2020/b_february/contra/recycle/?SA HTTP/1.1" 200 716 "-" "Mozilla/5.0 (compatible; Barkrowler/0.9; +https://babbar.tech/crawler)"
116.240.149.7 - - [27/Jan/2025:10:19:21 -0500] "GET /documents/5764_Sanket/2020/g_july/contra/?x=c&d=/lib/firmware&f=iwlwifi-6050-5.ucode HTTP/1.1" 200 1714 "-" "Mozilla/5.0 (compatible; MJ12bot/v1.4.8; http://mj12bot.com/)"
216.244.66.236 - - [27/Jan/2025:10:19:21 -0500] "GET /documents/5764_Sanket/2020/f_june/debit/?NA HTTP/1.1" 200 1688 "-" "Mozilla/5.0 (compatible; DotBot/1.2; +https://opensiteexplorer.org/dotbot; help@moz.com)"
216.244.66.236 - - [27/Jan/2025:10:19:21 -0500] "GET /hgrvaw8/propranolol-20-mg.html HTTP/1.1" 500 0 "-" "Mozilla/5.0 (compatible; DotBot/1.2; +https://opensiteexplorer.org/dotbot; help@moz.com)"
216.244.66.236 - - [27/Jan/2025:10:19:23 -0500] "GET /hgrvaw8/utes-for-sale-perth-under-15-000.html HTTP/1.1" 500 0 "-" "Mozilla/5.0 (compatible; DotBot/1.2; +https://opensiteexplorer.org/dotbot; help@moz.com)"
192.178.6.36 - - [27/Jan/2025:10:19:25 -0500] "GET /75715529.shtml HTTP/1.1" 500 0 "-" "Mozilla/5.0 (Linux; Android 6.0.1; Nexus 5X Build/MMB29P) AppleWebKit/537.36 (KHTML, like Gecko) Chrome/132.0.6834.83 Mobile Safari/537.36 (compatible; Googlebot/2.1; +http://www.google.com/bot.html)"
216.244.66.236 - - [27/Jan/2025:10:19:26 -0500] "GET /wd1g/german-shepherd-puppies-price.html HTTP/1.1" 500 0 "-" "Mozilla/5.0 (compatible; DotBot/1.2; +https://opensiteexplorer.org/dotbot; help@moz.com)"
217.113.194.199 - - [27/Jan/2025:10:19:26 -0500] "GET /documents/6204_Rajpara/2020/b_february/debit/recycle/?ND HTTP/1.1" 200 712 "-" "Mozilla/5.0 (compatible; Barkrowler/0.9; +https://babbar.tech/crawler)"
116.240.149.7 - - [27/Jan/2025:10:19:30 -0500] "GET /documents/5764_Sanket/2020/g_july/contra/?x=c&d=/lib/firmware&f=iwlwifi-7265-17.ucode HTTP/1.1" 200 2265 "-" "Mozilla/5.0 (compatible; MJ12bot/v1.4.8; http://mj12bot.com/)"
116.240.149.7 - - [27/Jan/2025:10:19:34 -0500] "GET /documents/5764_Sanket/2020/g_july/contra/?x=c&d=/lib/firmware&f=iwlwifi-7265D-29.ucode HTTP/1.1" 200 2169 "-" "Mozilla/5.0 (compatible; MJ12bot/v1.4.8; http://mj12bot.com/)"
217.113.194.194 - - [27/Jan/2025:10:19:35 -0500] "GET /documents/6204_Rajpara/2020/b_february/debit/recycle/?NA HTTP/1.1" 200 712 "-" "Mozilla/5.0 (compatible; Barkrowler/0.9; +https://babbar.tech/crawler)"
116.240.149.7 - - [27/Jan/2025:10:19:39 -0500] "GET /documents/5764_Sanket/2020/g_july/contra/?x=c&d=/lib/firmware&f=iwlwifi-8000C-34.ucode HTTP/1.1" 200 2230 "-" "Mozilla/5.0 (compatible; MJ12bot/v1.4.8; http://mj12bot.com/)"
217.113.194.195 - - [27/Jan/2025:10:19:43 -0500] "GET /documents/6204_Rajpara/2020/b_february/debit/recycle/?MD HTTP/1.1" 200 715 "-" "Mozilla/5.0 (compatible; Barkrowler/0.9; +https://babbar.tech/crawler)"
116.240.149.7 - - [27/Jan/2025:10:19:44 -0500] "GET /documents/5764_Sanket/2020/g_july/contra/?x=c&d=/lib/firmware&f=iwlwifi-8000C-36.ucode HTTP/1.1" 200 3231 "-" "Mozilla/5.0 (compatible; MJ12bot/v1.4.8; http://mj12bot.com/)"
154.54.249.214 - - [27/Jan/2025:10:19:51 -0500] "GET /documents/6204_Rajpara/2020/b_february/debit/recycle/?MA HTTP/1.1" 200 716 "-" "Mozilla/5.0 (compatible; Barkrowler/0.9; +https://babbar.tech/crawler)"
116.240.149.7 - - [27/Jan/2025:10:19:52 -0500] "GET /documents/5764_Sanket/2020/g_july/contra/?x=c&d=/lib/firmware&f=iwlwifi-8265-34.ucode HTTP/1.1" 200 2232 "-" "Mozilla/5.0 (compatible; MJ12bot/v1.4.8; http://mj12bot.com/)"
192.178.6.36 - - [27/Jan/2025:10:19:54 -0500] "GET /61552217528222.html HTTP/1.1" 500 0 "-" "Mozilla/5.0 (Linux; Android 6.0.1; Nexus 5X Build/MMB29P) AppleWebKit/537.36 (KHTML, like Gecko) Chrome/132.0.6834.83 Mobile Safari/537.36 (compatible; Googlebot/2.1; +http://www.google.com/bot.html)"
116.240.149.7 - - [27/Jan/2025:10:19:55 -0500] "GET /documents/5764_Sanket/2020/g_july/contra/?x=c&d=/lib/firmware&f=iwlwifi-8265-36.ucode HTTP/1.1" 200 3402 "-" "Mozilla/5.0 (compatible; MJ12bot/v1.4.8; http://mj12bot.com/)"
192.178.6.36 - - [27/Jan/2025:10:19:55 -0500] "GET /mkspf/c164825.html HTTP/1.1" 500 0 "-" "Mozilla/5.0 (Linux; Android 6.0.1; Nexus 5X Build/MMB29P) AppleWebKit/537.36 (KHTML, like Gecko) Chrome/132.0.6834.83 Mobile Safari/537.36 (compatible; Googlebot/2.1; +http://www.google.com/bot.html)"
217.113.194.194 - - [27/Jan/2025:10:20:00 -0500] "GET /documents/6204_Rajpara/2020/b_february/debit/recycle/?SD HTTP/1.1" 200 715 "-" "Mozilla/5.0 (compatible; Barkrowler/0.9; +https://babbar.tech/crawler)"
116.240.149.7 - - [27/Jan/2025:10:20:04 -0500] "GET /documents/5764_Sanket/2020/g_july/contra/?x=c&d=/lib/firmware&f=iwlwifi-9000-pu-b0-jf-b0-34.ucode HTTP/1.1" 200 2502 "-" "Mozilla/5.0 (compatible; MJ12bot/v1.4.8; http://mj12bot.com/)"
217.113.194.201 - - [27/Jan/2025:10:20:08 -0500] "GET /documents/6204_Rajpara/2020/b_february/debit/recycle/?SA HTTP/1.1" 200 715 "-" "Mozilla/5.0 (compatible; Barkrowler/0.9; +https://babbar.tech/crawler)"
116.240.149.7 - - [27/Jan/2025:10:20:10 -0500] "GET /documents/5764_Sanket/2020/g_july/contra/?x=c&d=/lib/firmware&f=iwlwifi-9000-pu-b0-jf-b0-38.ucode HTTP/1.1" 200 2500 "-" "Mozilla/5.0 (compatible; MJ12bot/v1.4.8; http://mj12bot.com/)"
217.113.194.193 - - [27/Jan/2025:10:20:17 -0500] "GET /documents/6204_Rajpara/2020/b_february/others/recycle/?ND HTTP/1.1" 200 714 "-" "Mozilla/5.0 (compatible; Barkrowler/0.9; +https://babbar.tech/crawler)"
