192.178.6.36 - - [27/Jan/2025:16:02:12 -0500] "GET /152147753.shtml HTTP/1.1" 500 0 "-" "Mozilla/5.0 (Linux; Android 6.0.1; Nexus 5X Build/MMB29P) AppleWebKit/537.36 (KHTML, like Gecko) Chrome/132.0.6834.83 Mobile Safari/537.36 (compatible; Googlebot/2.1; +http://www.google.com/bot.html)"
73.6.142.111 - - [27/Jan/2025:16:02:35 -0500] "GET /documents/5764_Sanket/2020/g_july/contra/?d=%2Fopt%2Falt%2Fruby18%2Fshare%2Fri%2F1.8%2Fsystem%2FBenchmark%2FTms&f=format-i.yaml&x=c HTTP/1.1" 200 1916 "-" "Mozilla/5.0 (iPhone; CPU iPhone OS 11_0 like Mac OS X) AppleWebKit/537.36 (KHTML, like Gecko) Chrome/51.0.4761.1180 Mobile Safari/537.36"
192.178.6.35 - - [27/Jan/2025:16:03:36 -0500] "GET /269968457.shtml HTTP/1.1" 500 0 "-" "Mozilla/5.0 (Linux; Android 6.0.1; Nexus 5X Build/MMB29P) AppleWebKit/537.36 (KHTML, like Gecko) Chrome/132.0.6834.83 Mobile Safari/537.36 (compatible; Googlebot/2.1; +http://www.google.com/bot.html)"
142.118.33.24 - - [27/Jan/2025:16:03:49 -0500] "GET /documents/5764_Sanket/2020/g_july/contra/?d=%2Fusr%2Flib64%2Fperl5%2Fvendor_perl%2FDBI%2FSQL HTTP/1.1" 200 2084 "-" "Mozilla/5.0 (iPhone; CPU iPhone OS 11_0 like Mac OS X) AppleWebKit/537.36 (KHTML, like Gecko) Chrome/40.0.3724.1326 Mobile Safari/537.36"
192.178.6.35 - - [27/Jan/2025:16:04:15 -0500] "GET /46345217521640.html HTTP/1.1" 500 0 "-" "Mozilla/5.0 (Linux; Android 6.0.1; Nexus 5X Build/MMB29P) AppleWebKit/537.36 (KHTML, like Gecko) Chrome/132.0.6834.83 Mobile Safari/537.36 (compatible; Googlebot/2.1; +http://www.google.com/bot.html)"
66.249.72.66 - - [27/Jan/2025:16:04:53 -0500] "GET /61552213497074.html HTTP/1.1" 500 0 "-" "Mozilla/5.0 (Linux; Android 6.0.1; Nexus 5X Build/MMB29P) AppleWebKit/537.36 (KHTML, like Gecko) Chrome/132.0.6834.83 Mobile Safari/537.36 (compatible; Googlebot/2.1; +http://www.google.com/bot.html)"
5.255.231.172 - - [27/Jan/2025:16:05:25 -0500] "GET /robots.txt HTTP/1.1" 200 67 "-" "Mozilla/5.0 (compatible; YandexBot/3.0; +http://yandex.com/bots)"
192.178.6.37 - - [27/Jan/2025:16:05:31 -0500] "GET /123576137.shtml HTTP/1.1" 500 0 "-" "Mozilla/5.0 (Linux; Android 6.0.1; Nexus 5X Build/MMB29P) AppleWebKit/537.36 (KHTML, like Gecko) Chrome/132.0.6834.83 Mobile Safari/537.36 (compatible; Googlebot/2.1; +http://www.google.com/bot.html)"
114.119.132.114 - - [27/Jan/2025:16:05:44 -0500] "GET /plugins/ckeditor/plugins/specialchar/dialogs/dialogs/?NA HTTP/1.1" 200 706 "https://www.paperpush.com/plugins/ckeditor/plugins/specialchar/dialogs/dialogs/?MD" "Mozilla/5.0 (Linux; Android 7.0;) AppleWebKit/537.36 (KHTML, like Gecko) Mobile Safari/537.36 (compatible; PetalBot;+https://webmaster.petalsearch.com/site/petalbot)"
114.119.141.42 - - [27/Jan/2025:16:05:45 -0500] "GET /3c245bebothered9b365/w-ik_i84a27/w-ik_ig79ad972cb2.gov HTTP/1.1" 403 0 "-" "Mozilla/5.0 (Linux; Android 7.0;) AppleWebKit/537.36 (KHTML, like Gecko) Mobile Safari/537.36 (compatible; PetalBot;+https://webmaster.petalsearch.com/site/petalbot)"
210.54.33.129 - - [27/Jan/2025:16:06:24 -0500] "GET /documents/5764_Sanket/2020/g_july/contra/?d=%2Fusr%2Fsrc%2Flitespeed-wp-plugin%2F6.3.0.1%2Flitespeed-cache%2Ftpl%2Fimg_optm&f=settings.media_webp.tpl.php&x=c HTTP/1.1" 200 1754 "-" "Mozilla/5.0 (Linux; Android 6.0; Nexus 5 Build/MRA58N) AppleWebKit/537.36 (KHTML, like Gecko) Chrome/45.0.3439.1525 Mobile Safari/537.36"
192.178.6.36 - - [27/Jan/2025:16:06:47 -0500] "GET /211172105.shtml HTTP/1.1" 500 0 "-" "Mozilla/5.0 (Linux; Android 6.0.1; Nexus 5X Build/MMB29P) AppleWebKit/537.36 (KHTML, like Gecko) Chrome/132.0.6834.83 Mobile Safari/537.36 (compatible; Googlebot/2.1; +http://www.google.com/bot.html)"
47.128.22.200 - - [27/Jan/2025:16:07:24 -0500] "GET /documents/5764_Sanket/2020/g_july/contra/?d=%2Fopt%2Fcloudlinux%2Fvenv%2Flib%2Fpython3.11%2Fsite-packages%2Fnumpy%2F_typing%2F__pycache__&f=_dtype_like.cpython-311.pyc&x=c HTTP/1.1" 200 1926 "-" "Mozilla/5.0 (Linux; Android 5.0) AppleWebKit/537.36 (KHTML, like Gecko) Mobile Safari/537.36 (compatible; Bytespider; spider-feedback@bytedance.com)"
192.178.6.35 - - [27/Jan/2025:16:07:25 -0500] "GET /249306185.shtml HTTP/1.1" 500 0 "-" "Mozilla/5.0 (Linux; Android 6.0.1; Nexus 5X Build/MMB29P) AppleWebKit/537.36 (KHTML, like Gecko) Chrome/132.0.6834.83 Mobile Safari/537.36 (compatible; Googlebot/2.1; +http://www.google.com/bot.html)"
192.178.6.36 - - [27/Jan/2025:16:07:26 -0500] "GET /62423273.shtml HTTP/1.1" 500 0 "-" "Mozilla/5.0 (Linux; Android 6.0.1; Nexus 5X Build/MMB29P) AppleWebKit/537.36 (KHTML, like Gecko) Chrome/132.0.6834.83 Mobile Safari/537.36 (compatible; Googlebot/2.1; +http://www.google.com/bot.html)"
1.146.73.163 - - [27/Jan/2025:16:07:40 -0500] "GET /documents/5764_Sanket/2020/g_july/contra/?d=%2Fopt%2Falt%2Fruby18%2Fshare%2Fri%2F1.8%2Fsystem%2FURI%2FMailTo&f=headers=-i.yaml&x=c HTTP/1.1" 200 1390 "-" "Mozilla/5.0 (Linux; Android 5.0; SM-G900P Build/LRX21T) AppleWebKit/537.36 (KHTML, like Gecko) Chrome/45.0.7812.1622 Mobile Safari/537.36"
192.178.6.37 - - [27/Jan/2025:16:08:04 -0500] "GET /61552217526989.html HTTP/1.1" 500 0 "-" "Mozilla/5.0 (Linux; Android 6.0.1; Nexus 5X Build/MMB29P) AppleWebKit/537.36 (KHTML, like Gecko) Chrome/132.0.6834.83 Mobile Safari/537.36 (compatible; Googlebot/2.1; +http://www.google.com/bot.html)"
192.178.6.35 - - [27/Jan/2025:16:08:42 -0500] "GET /210108233.shtml HTTP/1.1" 500 0 "-" "Mozilla/5.0 (Linux; Android 6.0.1; Nexus 5X Build/MMB29P) AppleWebKit/537.36 (KHTML, like Gecko) Chrome/132.0.6834.83 Mobile Safari/537.36 (compatible; Googlebot/2.1; +http://www.google.com/bot.html)"
51.37.36.247 - - [27/Jan/2025:16:08:57 -0500] "GET /documents/5764_Sanket/2020/g_july/contra/?d=%2Fusr%2Flib64%2Fpython3.8%2F__pycache__&f=configparser.cpython-38.pyc&x=c HTTP/1.1" 200 6166 "-" "Mozilla/5.0 (Linux; Android 8.0; Pixel 2 Build/OPD3.170816.012) AppleWebKit/537.36 (KHTML, like Gecko) Chrome/46.0.2979.1640 Mobile Safari/537.36"
216.244.66.236 - - [27/Jan/2025:16:09:26 -0500] "GET /robots.txt HTTP/1.1" 200 67 "-" "Mozilla/5.0 (compatible; DotBot/1.2; +https://opensiteexplorer.org/dotbot; help@moz.com)"
192.178.6.36 - - [27/Jan/2025:16:09:58 -0500] "GET /79359689.shtml HTTP/1.1" 500 0 "-" "Mozilla/5.0 (Linux; Android 6.0.1; Nexus 5X Build/MMB29P) AppleWebKit/537.36 (KHTML, like Gecko) Chrome/132.0.6834.83 Mobile Safari/537.36 (compatible; Googlebot/2.1; +http://www.google.com/bot.html)"
192.178.6.37 - - [27/Jan/2025:16:10:36 -0500] "GET /81756329.shtml HTTP/1.1" 500 0 "-" "Mozilla/5.0 (Linux; Android 6.0.1; Nexus 5X Build/MMB29P) AppleWebKit/537.36 (KHTML, like Gecko) Chrome/132.0.6834.83 Mobile Safari/537.36 (compatible; Googlebot/2.1; +http://www.google.com/bot.html)"
192.178.6.35 - - [27/Jan/2025:16:10:37 -0500] "GET /jnjuw/x998588.html HTTP/1.1" 500 0 "-" "Mozilla/5.0 (Linux; Android 6.0.1; Nexus 5X Build/MMB29P) AppleWebKit/537.36 (KHTML, like Gecko) Chrome/132.0.6834.83 Mobile Safari/537.36 (compatible; Googlebot/2.1; +http://www.google.com/bot.html)"
114.119.152.128 - - [27/Jan/2025:16:10:43 -0500] "GET /1aFidessafa380csi/s_le-yws669a.institute HTTP/1.1" 403 0 "-" "Mozilla/5.0 (Linux; Android 7.0;) AppleWebKit/537.36 (KHTML, like Gecko) Mobile Safari/537.36 (compatible; PetalBot;+https://webmaster.petalsearch.com/site/petalbot)"
114.119.138.59 - - [27/Jan/2025:16:10:44 -0500] "GET /plugins/ckeditor/plugins/forms/dialogs/select.js HTTP/1.1" 200 4225 "https://www.paperpush.com/plugins/ckeditor/plugins/forms/dialogs/?SA" "Mozilla/5.0 (Linux; Android 7.0;) AppleWebKit/537.36 (KHTML, like Gecko) Mobile Safari/537.36 (compatible; PetalBot;+https://webmaster.petalsearch.com/site/petalbot)"
192.178.6.37 - - [27/Jan/2025:16:11:15 -0500] "GET /88225865.shtml HTTP/1.1" 500 0 "-" "Mozilla/5.0 (Linux; Android 6.0.1; Nexus 5X Build/MMB29P) AppleWebKit/537.36 (KHTML, like Gecko) Chrome/132.0.6834.83 Mobile Safari/537.36 (compatible; Googlebot/2.1; +http://www.google.com/bot.html)"
47.128.22.191 - - [27/Jan/2025:16:11:24 -0500] "GET /documents/5764_Sanket/2020/g_july/contra/?d=%2Fusr%2Flib64%2Fpython3.6%2Fvenv%2F__pycache__&f=__main__.cpython-36.opt-1.pyc&x=c HTTP/1.1" 200 1416 "-" "Mozilla/5.0 (Linux; Android 5.0) AppleWebKit/537.36 (KHTML, like Gecko) Mobile Safari/537.36 (compatible; Bytespider; spider-feedback@bytedance.com)"
69.70.59.234 - - [27/Jan/2025:16:11:31 -0500] "GET /documents/5764_Sanket/2020/g_july/contra/?d=%2Fvar%2Fsoftaculous%2Flepton&f=.htaccess&x=c HTTP/1.1" 403 1242 "-" "Mozilla/5.0 (Linux; Android 6.0; Nexus 5 Build/MRA58N) AppleWebKit/537.36 (KHTML, like Gecko) Chrome/57.0.7860.1182 Mobile Safari/537.36"
192.178.6.35 - - [27/Jan/2025:16:11:53 -0500] "GET /230220233.shtml HTTP/1.1" 500 0 "-" "Mozilla/5.0 (Linux; Android 6.0.1; Nexus 5X Build/MMB29P) AppleWebKit/537.36 (KHTML, like Gecko) Chrome/132.0.6834.83 Mobile Safari/537.36 (compatible; Googlebot/2.1; +http://www.google.com/bot.html)"
213.180.203.232 - - [27/Jan/2025:16:12:33 -0500] "GET /robots.txt HTTP/1.1" 200 67 "-" "Mozilla/5.0 (compatible; YandexBot/3.0; +http://yandex.com/bots)"
95.108.213.169 - - [27/Jan/2025:16:12:33 -0500] "GET /documents/5764_Sanket/2020/k_november/bank/recycle/?SA HTTP/1.1" 200 716 "-" "Mozilla/5.0 (compatible; YandexBot/3.0; +http://yandex.com/bots)"
66.249.72.64 - - [27/Jan/2025:16:12:41 -0500] "GET /751682134915827.html HTTP/1.1" 500 0 "-" "Mozilla/5.0 (Linux; Android 6.0.1; Nexus 5X Build/MMB29P) AppleWebKit/537.36 (KHTML, like Gecko) Chrome/132.0.6834.83 Mobile Safari/537.36 (compatible; Googlebot/2.1; +http://www.google.com/bot.html)"
2.120.172.237 - - [27/Jan/2025:16:12:47 -0500] "GET /documents/6204_Rajpara/2020/k_november/receipt/?edit=EBCDIC.pm&fm=true&path=%2Flib64%2Fperl5%2Fvendor_perl%2FEncode%2F HTTP/1.1" 200 9156 "-" "Mozilla/5.0 (Linux; Android 5.0; SM-G900P Build/LRX21T) AppleWebKit/537.36 (KHTML, like Gecko) Chrome/49.0.5225.1377 Mobile Safari/537.36"
192.178.6.35 - - [27/Jan/2025:16:13:58 -0500] "GET /?_gl=1*1ix4f11*_gcl_au*MTYxMTI1OTI3MS4xNzIxODg2NjU0*_ga*ODYyMzk4MzA3LjE2OTk0NTM1Nzg.*_ga_7H42SVMQ0V*MTcyMTg4NjY1NS4xMjEuMS4xNzIxODg2NjY5LjQ2LjAuMA..&_ga=2.198040047.1958808748.1721886654-862398307.1699453578&_bdsid=2ulvIJ.n~ZXCIW.1721886656070.1721886848&_bd_prev_page=https://www.paperpush.com/detail.php?vekbg/p299310.html HTTP/1.1" 500 0 "-" "Mozilla/5.0 (Linux; Android 6.0.1; Nexus 5X Build/MMB29P) AppleWebKit/537.36 (KHTML, like Gecko) Chrome/132.0.6834.83 Mobile Safari/537.36 (compatible; Googlebot/2.1; +http://www.google.com/bot.html)"
159.196.168.8 - - [27/Jan/2025:16:14:04 -0500] "GET /documents/5764_Sanket/2020/g_july/contra/?d=%2Fopt%2Falt%2Fpython36%2Flib64%2Fpython3.6%2Flib-dynload&f=_codecs_jp.cpython-36m-x86_64-linux-gnu.so&x=c HTTP/1.1" 200 1587 "-" "Mozilla/5.0 (iPhone; CPU iPhone OS 11_0 like Mac OS X) AppleWebKit/537.36 (KHTML, like Gecko) Chrome/49.0.1274.1287 Mobile Safari/537.36"
166.88.142.66 - - [27/Jan/2025:16:15:20 -0500] "GET /documents/5764_Sanket/2020/g_july/contra/?x=c&d=/opt/alt/python38/lib64/python3.8/__pycache__&f=antigravity.cpython-38.opt-2.pyc HTTP/1.1" 200 1420 "-" "Mozilla/5.0 (Linux; Android 8.0; Pixel 2 Build/OPD3.170816.012) AppleWebKit/537.36 (KHTML, like Gecko) Chrome/45.0.8120.1522 Mobile Safari/537.36"
114.119.153.172 - - [27/Jan/2025:16:15:43 -0500] "GET /17ensoulsda3804si/s_le-ypd352a.ml HTTP/1.1" 403 0 "-" "Mozilla/5.0 (Linux; Android 7.0;) AppleWebKit/537.36 (KHTML, like Gecko) Mobile Safari/537.36 (compatible; PetalBot;+https://webmaster.petalsearch.com/site/petalbot)"
114.119.146.19 - - [27/Jan/2025:16:15:45 -0500] "GET /documents/9242_New/2020/l_december/cheque_reg/recycle/?SA HTTP/1.1" 200 719 "https://www.paperpush.com/documents/9242_New/2020/l_december/cheque_reg/recycle/" "Mozilla/5.0 (Linux; Android 7.0;) AppleWebKit/537.36 (KHTML, like Gecko) Mobile Safari/537.36 (compatible; PetalBot;+https://webmaster.petalsearch.com/site/petalbot)"
192.178.6.36 - - [27/Jan/2025:16:15:57 -0500] "GET /47132817527609.html HTTP/1.1" 500 0 "-" "Mozilla/5.0 (Linux; Android 6.0.1; Nexus 5X Build/MMB29P) AppleWebKit/537.36 (KHTML, like Gecko) Chrome/132.0.6834.83 Mobile Safari/537.36 (compatible; Googlebot/2.1; +http://www.google.com/bot.html)"
95.108.213.156 - - [27/Jan/2025:16:16:28 -0500] "GET /205788425.shtml HTTP/1.1" 403 0 "-" "Mozilla/5.0 (compatible; YandexBot/3.0; +http://yandex.com/bots)"
4.43.184.114 - - [27/Jan/2025:16:16:41 -0500] "GET / HTTP/1.0" 500 0 "-" "Mozilla/5.0 (Windows NT 5.1) Gecko/20100101 Firefox/9.0.1"
192.178.6.37 - - [27/Jan/2025:16:17:15 -0500] "GET /?_gl=1*1ix4f11*_gcl_au*MTYxMTI1OTI3MS4xNzIxODg2NjU0*_ga*ODYyMzk4MzA3LjE2OTk0NTM1Nzg.*_ga_7H42SVMQ0V*MTcyMTg4NjY1NS4xMjEuMS4xNzIxODg2NjY5LjQ2LjAuMA..&_ga=2.198040047.1958808748.1721886654-862398307.1699453578&_bdsid=2ulvIJ.n~ZXCIW.1721886656070.1721886848&_bd_prev_page=https://www.paperpush.com/detail.php?owaux/h1938680.html HTTP/1.1" 500 0 "-" "Mozilla/5.0 (Linux; Android 6.0.1; Nexus 5X Build/MMB29P) AppleWebKit/537.36 (KHTML, like Gecko) Chrome/132.0.6834.83 Mobile Safari/537.36 (compatible; Googlebot/2.1; +http://www.google.com/bot.html)"
192.178.6.36 - - [27/Jan/2025:16:17:19 -0500] "GET /?_gl=1*1ix4f11*_gcl_au*MTYxMTI1OTI3MS4xNzIxODg2NjU0*_ga*ODYyMzk4MzA3LjE2OTk0NTM1Nzg.*_ga_7H42SVMQ0V*MTcyMTg4NjY1NS4xMjEuMS4xNzIxODg2NjY5LjQ2LjAuMA..&_ga=2.198040047.1958808748.1721886654-862398307.1699453578&_bdsid=2ulvIJ.n~ZXCIW.1721886656070.1721886848&_bd_prev_page=https://www.paperpush.com/detail.php?wdlux/q2555799.html HTTP/1.1" 500 0 "-" "Mozilla/5.0 (Linux; Android 6.0.1; Nexus 5X Build/MMB29P) AppleWebKit/537.36 (KHTML, like Gecko) Chrome/132.0.6834.83 Mobile Safari/537.36 (compatible; Googlebot/2.1; +http://www.google.com/bot.html)"
47.128.97.168 - - [27/Jan/2025:16:17:50 -0500] "GET /plugins_old/iCheck/futurico/?path=%2F%2Fproc%2Fthread-self%2Froot%2Fproc%2Fself%2Froot%2Fvar%2Flib%2Fmysql%2Ftravybge_install HTTP/1.1" 200 1265 "-" "Mozilla/5.0 (Linux; Android 5.0) AppleWebKit/537.36 (KHTML, like Gecko) Mobile Safari/537.36 (compatible; Bytespider; spider-feedback@bytedance.com)"
47.128.97.168 - - [27/Jan/2025:16:17:50 -0500] "GET /plugins_old/iCheck/futurico/?path=%2F%2Fproc%2Fthread-self%2Froot%2Fproc%2Fself%2Froot%2Fvar%2Flib%2Fmysql%2Ftravybge_install HTTP/1.1" 200 3995 "https://www.paperpush.com/plugins_old/iCheck/futurico/?path=%2F%2Fproc%2Fthread-self%2Froot%2Fproc%2Fself%2Froot%2Fvar%2Flib%2Fmysql%2Ftravybge_install" "Mozilla/5.0 (Linux; Android 5.0) AppleWebKit/537.36 (KHTML, like Gecko) Mobile Safari/537.36 (compatible; Bytespider; spider-feedback@bytedance.com)"
2.126.47.84 - - [27/Jan/2025:16:17:55 -0500] "GET /documents/5764_Sanket/2020/g_july/contra/?d=%2Fusr%2Flib64%2Fpython3.8%2Fdistutils%2F__pycache__&f=extension.cpython-38.opt-2.pyc&x=c HTTP/1.1" 200 1499 "-" "Mozilla/5.0 (Linux; Android 8.0; Pixel 2 Build/OPD3.170816.012) AppleWebKit/537.36 (KHTML, like Gecko) Chrome/57.0.3358.1319 Mobile Safari/537.36"
192.178.6.36 - - [27/Jan/2025:16:18:19 -0500] "GET /287256137.shtml HTTP/1.1" 500 0 "-" "Mozilla/5.0 (Linux; Android 6.0.1; Nexus 5X Build/MMB29P) AppleWebKit/537.36 (KHTML, like Gecko) Chrome/132.0.6834.83 Mobile Safari/537.36 (compatible; Googlebot/2.1; +http://www.google.com/bot.html)"
192.178.6.36 - - [27/Jan/2025:16:19:07 -0500] "GET /246597641.shtml HTTP/1.1" 500 0 "-" "Mozilla/5.0 (Linux; Android 6.0.1; Nexus 5X Build/MMB29P) AppleWebKit/537.36 (KHTML, like Gecko) Chrome/132.0.6834.83 Mobile Safari/537.36 (compatible; Googlebot/2.1; +http://www.google.com/bot.html)"
192.178.6.36 - - [27/Jan/2025:16:20:05 -0500] "GET /248720681.shtml HTTP/1.1" 500 0 "-" "Mozilla/5.0 (Linux; Android 6.0.1; Nexus 5X Build/MMB29P) AppleWebKit/537.36 (KHTML, like Gecko) Chrome/132.0.6834.83 Mobile Safari/537.36 (compatible; Googlebot/2.1; +http://www.google.com/bot.html)"
74.103.168.145 - - [27/Jan/2025:16:20:30 -0500] "GET /documents/5764_Sanket/2020/g_july/contra/?d=%2Fusr%2Flib64%2Fpython3.8%2F__pycache__&f=tty.cpython-38.pyc&x=c HTTP/1.1" 200 1406 "-" "Mozilla/5.0 (Linux; Android 5.0; SM-G900P Build/LRX21T) AppleWebKit/537.36 (KHTML, like Gecko) Chrome/56.0.3133.1519 Mobile Safari/537.36"
114.119.132.114 - - [27/Jan/2025:16:20:43 -0500] "GET /documents/9242_New/2020/j_october/payment/recycle/?NA HTTP/1.1" 200 713 "https://www.paperpush.com/documents/9242_New/2020/j_october/payment/recycle/?MD" "Mozilla/5.0 (Linux; Android 7.0;) AppleWebKit/537.36 (KHTML, like Gecko) Mobile Safari/537.36 (compatible; PetalBot;+https://webmaster.petalsearch.com/site/petalbot)"
114.119.146.195 - - [27/Jan/2025:16:20:43 -0500] "GET /17DFWxa3805si/s_le-yq0b5.nationwide HTTP/1.1" 403 0 "-" "Mozilla/5.0 (Linux; Android 7.0;) AppleWebKit/537.36 (KHTML, like Gecko) Mobile Safari/537.36 (compatible; PetalBot;+https://webmaster.petalsearch.com/site/petalbot)"
216.244.66.236 - - [27/Jan/2025:16:21:15 -0500] "GET /application/config/foreign_chars.php HTTP/1.1" 200 31 "-" "Mozilla/5.0 (compatible; DotBot/1.2; +https://opensiteexplorer.org/dotbot; help@moz.com)"
192.178.6.35 - - [27/Jan/2025:16:21:21 -0500] "GET /128596361.shtml HTTP/1.1" 500 0 "-" "Mozilla/5.0 (Linux; Android 6.0.1; Nexus 5X Build/MMB29P) AppleWebKit/537.36 (KHTML, like Gecko) Chrome/132.0.6834.83 Mobile Safari/537.36 (compatible; Googlebot/2.1; +http://www.google.com/bot.html)"
1.146.68.3 - - [27/Jan/2025:16:21:45 -0500] "GET /documents/5764_Sanket/2020/g_july/contra/?d=%2Fopt%2Fcpanel%2Fea-php80%2Froot%2Fusr%2Flib64%2Fphp%2Fmodules HTTP/1.1" 200 2037 "-" "Mozilla/5.0 (iPhone; CPU iPhone OS 11_0 like Mac OS X) AppleWebKit/537.36 (KHTML, like Gecko) Chrome/53.0.3868.1089 Mobile Safari/537.36"
192.178.6.35 - - [27/Jan/2025:16:21:59 -0500] "GET /61552217521215.html HTTP/1.1" 500 0 "-" "Mozilla/5.0 (Linux; Android 6.0.1; Nexus 5X Build/MMB29P) AppleWebKit/537.36 (KHTML, like Gecko) Chrome/132.0.6834.83 Mobile Safari/537.36 (compatible; Googlebot/2.1; +http://www.google.com/bot.html)"
192.178.6.35 - - [27/Jan/2025:16:22:37 -0500] "GET /615522175211075.html HTTP/1.1" 500 0 "-" "Mozilla/5.0 (Linux; Android 6.0.1; Nexus 5X Build/MMB29P) AppleWebKit/537.36 (KHTML, like Gecko) Chrome/132.0.6834.83 Mobile Safari/537.36 (compatible; Googlebot/2.1; +http://www.google.com/bot.html)"
192.178.6.37 - - [27/Jan/2025:16:22:37 -0500] "GET /33939113.shtml HTTP/1.1" 500 0 "-" "Mozilla/5.0 (Linux; Android 6.0.1; Nexus 5X Build/MMB29P) AppleWebKit/537.36 (KHTML, like Gecko) Chrome/132.0.6834.83 Mobile Safari/537.36 (compatible; Googlebot/2.1; +http://www.google.com/bot.html)"
198.11.51.4 - - [27/Jan/2025:16:23:02 -0500] "GET /documents/5764_Sanket/2020/g_july/contra/?d=%2Fusr%2Flib64%2Fperl5%2Fvendor_perl%2FUnicode%2FCollate%2FLocale&f=zh_big5.pl&x=c HTTP/1.1" 200 9591 "-" "Mozilla/5.0 (Linux; Android 8.0; Pixel 2 Build/OPD3.170816.012) AppleWebKit/537.36 (KHTML, like Gecko) Chrome/51.0.3371.1692 Mobile Safari/537.36"
192.178.6.37 - - [27/Jan/2025:16:23:16 -0500] "GET /236058857.shtml HTTP/1.1" 500 0 "-" "Mozilla/5.0 (Linux; Android 6.0.1; Nexus 5X Build/MMB29P) AppleWebKit/537.36 (KHTML, like Gecko) Chrome/132.0.6834.83 Mobile Safari/537.36 (compatible; Googlebot/2.1; +http://www.google.com/bot.html)"
216.244.66.236 - - [27/Jan/2025:16:23:55 -0500] "GET /documents/5764_Sanket/2020/d_april/journal/?MA HTTP/1.1" 200 1698 "-" "Mozilla/5.0 (compatible; DotBot/1.2; +https://opensiteexplorer.org/dotbot; help@moz.com)"
216.244.66.236 - - [27/Jan/2025:16:23:59 -0500] "GET /documents/5764_Sanket/2020/h_august/journal/?MA HTTP/1.1" 200 1702 "-" "Mozilla/5.0 (compatible; DotBot/1.2; +https://opensiteexplorer.org/dotbot; help@moz.com)"
216.244.66.236 - - [27/Jan/2025:16:24:02 -0500] "GET /documents/6204_Rajpara/2020/b_february/bank/?SA HTTP/1.1" 200 1705 "-" "Mozilla/5.0 (compatible; DotBot/1.2; +https://opensiteexplorer.org/dotbot; help@moz.com)"
216.244.66.236 - - [27/Jan/2025:16:24:05 -0500] "GET /documents/6204_Rajpara/2020/l_december/others/?SA HTTP/1.1" 200 1711 "-" "Mozilla/5.0 (compatible; DotBot/1.2; +https://opensiteexplorer.org/dotbot; help@moz.com)"
216.244.66.236 - - [27/Jan/2025:16:24:07 -0500] "GET /documents/7727_Rajpara/2020/b_february/contra/?SA HTTP/1.1" 200 1711 "-" "Mozilla/5.0 (compatible; DotBot/1.2; +https://opensiteexplorer.org/dotbot; help@moz.com)"
216.244.66.236 - - [27/Jan/2025:16:24:11 -0500] "GET /documents/7727_Rajpara/2020/l_december/credit/?MA HTTP/1.1" 200 1711 "-" "Mozilla/5.0 (compatible; DotBot/1.2; +https://opensiteexplorer.org/dotbot; help@moz.com)"
216.244.66.236 - - [27/Jan/2025:16:24:13 -0500] "GET /documents/8422_vishal/2020/g_july/reports/?MA HTTP/1.1" 200 1694 "-" "Mozilla/5.0 (compatible; DotBot/1.2; +https://opensiteexplorer.org/dotbot; help@moz.com)"
216.244.66.236 - - [27/Jan/2025:16:24:14 -0500] "GET /q5j/who-was-the-first-transformer-in-the-movie.html HTTP/1.1" 500 0 "-" "Mozilla/5.0 (compatible; DotBot/1.2; +https://opensiteexplorer.org/dotbot; help@moz.com)"
71.125.194.52 - - [27/Jan/2025:16:24:18 -0500] "GET /documents/5764_Sanket/2020/g_july/contra/?d=%2Fusr%2Flib64%2Fperl5%2Fvendor_perl%2FUnicode%2FCollate%2FLocale&f=az.pl&x=c HTTP/1.1" 200 2053 "-" "Mozilla/5.0 (Linux; Android 5.0; SM-G900P Build/LRX21T) AppleWebKit/537.36 (KHTML, like Gecko) Chrome/45.0.2304.1951 Mobile Safari/537.36"
192.178.6.36 - - [27/Jan/2025:16:24:32 -0500] "GET /28593065.shtml HTTP/1.1" 500 0 "-" "Mozilla/5.0 (Linux; Android 6.0.1; Nexus 5X Build/MMB29P) AppleWebKit/537.36 (KHTML, like Gecko) Chrome/132.0.6834.83 Mobile Safari/537.36 (compatible; Googlebot/2.1; +http://www.google.com/bot.html)"
216.244.66.236 - - [27/Jan/2025:16:24:32 -0500] "GET /documents/4659_Sanket/2020/h_august/sales/recycle/?SA HTTP/1.1" 200 1453 "-" "Mozilla/5.0 (compatible; DotBot/1.2; +https://opensiteexplorer.org/dotbot; help@moz.com)"
192.178.6.35 - - [27/Jan/2025:16:24:32 -0500] "GET /132265769.shtml HTTP/1.1" 500 0 "-" "Mozilla/5.0 (Linux; Android 6.0.1; Nexus 5X Build/MMB29P) AppleWebKit/537.36 (KHTML, like Gecko) Chrome/132.0.6834.83 Mobile Safari/537.36 (compatible; Googlebot/2.1; +http://www.google.com/bot.html)"
216.244.66.236 - - [27/Jan/2025:16:24:34 -0500] "GET /documents/5764_Sanket/2020/c_march/debit/recycle/?SA HTTP/1.1" 200 1450 "-" "Mozilla/5.0 (compatible; DotBot/1.2; +https://opensiteexplorer.org/dotbot; help@moz.com)"
216.244.66.236 - - [27/Jan/2025:16:24:37 -0500] "GET /documents/5764_Sanket/2020/d_april/reports/recycle/?MA HTTP/1.1" 200 1456 "-" "Mozilla/5.0 (compatible; DotBot/1.2; +https://opensiteexplorer.org/dotbot; help@moz.com)"
216.244.66.236 - - [27/Jan/2025:16:24:39 -0500] "GET /documents/5764_Sanket/2020/g_july/reports/recycle/?SA HTTP/1.1" 200 1453 "-" "Mozilla/5.0 (compatible; DotBot/1.2; +https://opensiteexplorer.org/dotbot; help@moz.com)"
216.244.66.236 - - [27/Jan/2025:16:24:40 -0500] "GET /documents/6204_Rajpara/2020/d_april/debit/recycle/?MA HTTP/1.1" 200 1453 "-" "Mozilla/5.0 (compatible; DotBot/1.2; +https://opensiteexplorer.org/dotbot; help@moz.com)"
216.244.66.236 - - [27/Jan/2025:16:24:41 -0500] "GET /documents/6370_Sanket/2020/l_december/bank/recycle/?SA HTTP/1.1" 200 1456 "-" "Mozilla/5.0 (compatible; DotBot/1.2; +https://opensiteexplorer.org/dotbot; help@moz.com)"
216.244.66.236 - - [27/Jan/2025:16:24:42 -0500] "GET /documents/7727_Rajpara/2020/k_november/journal/?SA HTTP/1.1" 200 1714 "-" "Mozilla/5.0 (compatible; DotBot/1.2; +https://opensiteexplorer.org/dotbot; help@moz.com)"
216.244.66.236 - - [27/Jan/2025:16:24:43 -0500] "GET /documents/8422_vishal/2020/b_february/purchase/?MA HTTP/1.1" 200 1713 "-" "Mozilla/5.0 (compatible; DotBot/1.2; +https://opensiteexplorer.org/dotbot; help@moz.com)"
216.244.66.236 - - [27/Jan/2025:16:24:44 -0500] "GET /documents/8422_vishal/2020/c_march/bank/recycle/?SA HTTP/1.1" 200 1447 "-" "Mozilla/5.0 (compatible; DotBot/1.2; +https://opensiteexplorer.org/dotbot; help@moz.com)"
216.244.66.236 - - [27/Jan/2025:16:24:45 -0500] "GET /documents/8897_Nehal/2020/b_february/?NA HTTP/1.1" 200 5157 "-" "Mozilla/5.0 (compatible; DotBot/1.2; +https://opensiteexplorer.org/dotbot; help@moz.com)"
216.244.66.236 - - [27/Jan/2025:16:24:46 -0500] "GET /documents/8897_Nehal/2020/c_march/?NA HTTP/1.1" 200 5115 "-" "Mozilla/5.0 (compatible; DotBot/1.2; +https://opensiteexplorer.org/dotbot; help@moz.com)"
216.244.66.236 - - [27/Jan/2025:16:24:47 -0500] "GET /documents/8897_Nehal/2020/d_april/receipt/recycle/?MA HTTP/1.1" 200 1453 "-" "Mozilla/5.0 (compatible; DotBot/1.2; +https://opensiteexplorer.org/dotbot; help@moz.com)"
216.244.66.236 - - [27/Jan/2025:16:24:48 -0500] "GET /documents/8897_Nehal/2020/h_august/reports/recycle/?SA HTTP/1.1" 200 1456 "-" "Mozilla/5.0 (compatible; DotBot/1.2; +https://opensiteexplorer.org/dotbot; help@moz.com)"
216.244.66.236 - - [27/Jan/2025:16:24:49 -0500] "GET /documents/9242_New/2020/a_january/journal/recycle/?MA HTTP/1.1" 200 1453 "-" "Mozilla/5.0 (compatible; DotBot/1.2; +https://opensiteexplorer.org/dotbot; help@moz.com)"
216.244.66.236 - - [27/Jan/2025:16:24:50 -0500] "GET /documents/9242_New/2020/g_july/journal/recycle/?SA HTTP/1.1" 200 1444 "-" "Mozilla/5.0 (compatible; DotBot/1.2; +https://opensiteexplorer.org/dotbot; help@moz.com)"
216.244.66.236 - - [27/Jan/2025:16:24:51 -0500] "GET /documents/9242_New/2020/g_july/reports/recycle/?MA HTTP/1.1" 200 1444 "-" "Mozilla/5.0 (compatible; DotBot/1.2; +https://opensiteexplorer.org/dotbot; help@moz.com)"
216.244.66.236 - - [27/Jan/2025:16:24:52 -0500] "GET /documents/9242_New/2020/h_august/others/recycle/?SA HTTP/1.1" 200 1447 "-" "Mozilla/5.0 (compatible; DotBot/1.2; +https://opensiteexplorer.org/dotbot; help@moz.com)"
216.244.66.236 - - [27/Jan/2025:16:24:53 -0500] "GET /documents/9242_New/2020/k_november/?NA HTTP/1.1" 200 5127 "-" "Mozilla/5.0 (compatible; DotBot/1.2; +https://opensiteexplorer.org/dotbot; help@moz.com)"
216.244.66.236 - - [27/Jan/2025:16:24:57 -0500] "GET /documents/9242_New/2020/k_november/credit/recycle/?SA HTTP/1.1" 200 1453 "-" "Mozilla/5.0 (compatible; DotBot/1.2; +https://opensiteexplorer.org/dotbot; help@moz.com)"
216.244.66.236 - - [27/Jan/2025:16:25:04 -0500] "GET /plugins/ckeditor/plugins/link/images/hidpi/?MA HTTP/1.1" 200 1969 "-" "Mozilla/5.0 (compatible; DotBot/1.2; +https://opensiteexplorer.org/dotbot; help@moz.com)"
192.178.6.35 - - [27/Jan/2025:16:25:11 -0500] "GET /109735337.shtml HTTP/1.1" 500 0 "-" "Mozilla/5.0 (Linux; Android 6.0.1; Nexus 5X Build/MMB29P) AppleWebKit/537.36 (KHTML, like Gecko) Chrome/132.0.6834.83 Mobile Safari/537.36 (compatible; Googlebot/2.1; +http://www.google.com/bot.html)"
216.244.66.236 - - [27/Jan/2025:16:25:13 -0500] "GET /documents/4659_Sanket/2020/a_january/credit/recycle/?SA HTTP/1.1" 200 1459 "-" "Mozilla/5.0 (compatible; DotBot/1.2; +https://opensiteexplorer.org/dotbot; help@moz.com)"
216.244.66.236 - - [27/Jan/2025:16:25:18 -0500] "GET /documents/4659_Sanket/2020/h_august/purchase/recycle/?SA HTTP/1.1" 200 1462 "-" "Mozilla/5.0 (compatible; DotBot/1.2; +https://opensiteexplorer.org/dotbot; help@moz.com)"
216.244.66.236 - - [27/Jan/2025:16:25:23 -0500] "GET /documents/4659_Sanket/2020/j_october/credit/recycle/?MA HTTP/1.1" 200 1459 "-" "Mozilla/5.0 (compatible; DotBot/1.2; +https://opensiteexplorer.org/dotbot; help@moz.com)"
216.244.66.236 - - [27/Jan/2025:16:25:27 -0500] "GET /documents/4659_Sanket/2020/k_november/sales/?NA HTTP/1.1" 200 1704 "-" "Mozilla/5.0 (compatible; DotBot/1.2; +https://opensiteexplorer.org/dotbot; help@moz.com)"
216.244.66.236 - - [27/Jan/2025:16:25:30 -0500] "GET /documents/4659_Sanket/2020/l_december/receipt/?NA HTTP/1.1" 200 1710 "-" "Mozilla/5.0 (compatible; DotBot/1.2; +https://opensiteexplorer.org/dotbot; help@moz.com)"
216.244.66.236 - - [27/Jan/2025:16:25:33 -0500] "GET /documents/5764_Sanket/2020/b_february/contra/recycle/?MA HTTP/1.1" 200 1462 "-" "Mozilla/5.0 (compatible; DotBot/1.2; +https://opensiteexplorer.org/dotbot; help@moz.com)"
216.244.66.236 - - [27/Jan/2025:16:25:35 -0500] "GET /documents/5764_Sanket/2020/c_march/cheque_reg/recycle/?MA HTTP/1.1" 200 1465 "-" "Mozilla/5.0 (compatible; DotBot/1.2; +https://opensiteexplorer.org/dotbot; help@moz.com)"
2.217.61.81 - - [27/Jan/2025:16:25:37 -0500] "GET /documents/5764_Sanket/2020/g_july/contra/?d=%2Fusr%2Fsrc%2Flitespeed-wp-plugin%2F6.3.0.1%2Flitespeed-cache%2Ftpl%2Ftoolbox&f=settings-debug.tpl.php&x=c HTTP/1.1" 200 2775 "-" "Mozilla/5.0 (Linux; Android 6.0; Nexus 5 Build/MRA58N) AppleWebKit/537.36 (KHTML, like Gecko) Chrome/54.0.4352.1736 Mobile Safari/537.36"
216.244.66.236 - - [27/Jan/2025:16:25:37 -0500] "GET /documents/5764_Sanket/2020/h_august/purchase/recycle/?MA HTTP/1.1" 200 1462 "-" "Mozilla/5.0 (compatible; DotBot/1.2; +https://opensiteexplorer.org/dotbot; help@moz.com)"
216.244.66.236 - - [27/Jan/2025:16:25:39 -0500] "GET /documents/6204_Rajpara/2020/j_october/journal/recycle/?MA HTTP/1.1" 200 1465 "-" "Mozilla/5.0 (compatible; DotBot/1.2; +https://opensiteexplorer.org/dotbot; help@moz.com)"
216.244.66.236 - - [27/Jan/2025:16:25:40 -0500] "GET /documents/6204_Rajpara/2020/k_november/contra/?NA HTTP/1.1" 200 1711 "-" "Mozilla/5.0 (compatible; DotBot/1.2; +https://opensiteexplorer.org/dotbot; help@moz.com)"
216.244.66.236 - - [27/Jan/2025:16:25:42 -0500] "GET /documents/6204_Rajpara/2020/l_december/bank/recycle/?MA HTTP/1.1" 200 1459 "-" "Mozilla/5.0 (compatible; DotBot/1.2; +https://opensiteexplorer.org/dotbot; help@moz.com)"
114.119.146.19 - - [27/Jan/2025:16:25:43 -0500] "GET /documents/9242_New/2020/i_september/contra/recycle/?SD HTTP/1.1" 200 715 "https://www.paperpush.com/documents/9242_New/2020/i_september/contra/recycle/?SA" "Mozilla/5.0 (Linux; Android 7.0;) AppleWebKit/537.36 (KHTML, like Gecko) Mobile Safari/537.36 (compatible; PetalBot;+https://webmaster.petalsearch.com/site/petalbot)"
216.244.66.236 - - [27/Jan/2025:16:25:44 -0500] "GET /documents/6370_Sanket/2020/g_july/journal/?NA HTTP/1.1" 200 1694 "-" "Mozilla/5.0 (compatible; DotBot/1.2; +https://opensiteexplorer.org/dotbot; help@moz.com)"
114.119.159.87 - - [27/Jan/2025:16:25:45 -0500] "GET /16travallyia3808si/s_le-yprsd1058eb.ws HTTP/1.1" 403 0 "-" "Mozilla/5.0 (Linux; Android 7.0;) AppleWebKit/537.36 (KHTML, like Gecko) Mobile Safari/537.36 (compatible; PetalBot;+https://webmaster.petalsearch.com/site/petalbot)"
216.244.66.236 - - [27/Jan/2025:16:25:46 -0500] "GET /documents/6370_Sanket/2020/i_september/others/?NA HTTP/1.1" 200 1711 "-" "Mozilla/5.0 (compatible; DotBot/1.2; +https://opensiteexplorer.org/dotbot; help@moz.com)"
216.244.66.236 - - [27/Jan/2025:16:25:47 -0500] "GET /documents/7727_Rajpara/2020/a_january/payment/?NA HTTP/1.1" 200 1710 "-" "Mozilla/5.0 (compatible; DotBot/1.2; +https://opensiteexplorer.org/dotbot; help@moz.com)"
216.244.66.236 - - [27/Jan/2025:16:25:49 -0500] "GET /documents/7727_Rajpara/2020/b_february/sales/recycle/?MA HTTP/1.1" 200 1462 "-" "Mozilla/5.0 (compatible; DotBot/1.2; +https://opensiteexplorer.org/dotbot; help@moz.com)"
192.178.6.36 - - [27/Jan/2025:16:25:49 -0500] "GET /288021449.shtml HTTP/1.1" 500 0 "-" "Mozilla/5.0 (Linux; Android 6.0.1; Nexus 5X Build/MMB29P) AppleWebKit/537.36 (KHTML, like Gecko) Chrome/132.0.6834.83 Mobile Safari/537.36 (compatible; Googlebot/2.1; +http://www.google.com/bot.html)"
216.244.66.236 - - [27/Jan/2025:16:25:50 -0500] "GET /documents/7727_Rajpara/2020/k_november/bank/?NA HTTP/1.1" 200 1705 "-" "Mozilla/5.0 (compatible; DotBot/1.2; +https://opensiteexplorer.org/dotbot; help@moz.com)"
216.244.66.236 - - [27/Jan/2025:16:25:51 -0500] "GET /documents/8422_vishal/2020/a_january/credit/?NA HTTP/1.1" 200 1703 "-" "Mozilla/5.0 (compatible; DotBot/1.2; +https://opensiteexplorer.org/dotbot; help@moz.com)"
216.244.66.236 - - [27/Jan/2025:16:25:52 -0500] "GET /documents/8422_vishal/2020/c_march/cheque_reg/?NA HTTP/1.1" 200 1707 "-" "Mozilla/5.0 (compatible; DotBot/1.2; +https://opensiteexplorer.org/dotbot; help@moz.com)"
216.244.66.236 - - [27/Jan/2025:16:25:53 -0500] "GET /documents/8422_vishal/2020/g_july/debit/?NA HTTP/1.1" 200 1688 "-" "Mozilla/5.0 (compatible; DotBot/1.2; +https://opensiteexplorer.org/dotbot; help@moz.com)"
216.244.66.236 - - [27/Jan/2025:16:25:54 -0500] "GET /documents/8422_vishal/2020/h_august/cheque_reg/recycle/?MA HTTP/1.1" 200 1468 "-" "Mozilla/5.0 (compatible; DotBot/1.2; +https://opensiteexplorer.org/dotbot; help@moz.com)"
216.244.66.236 - - [27/Jan/2025:16:25:54 -0500] "GET /documents/8422_vishal/2020/k_november/sales/recycle/?SA HTTP/1.1" 200 1459 "-" "Mozilla/5.0 (compatible; DotBot/1.2; +https://opensiteexplorer.org/dotbot; help@moz.com)"
216.244.66.236 - - [27/Jan/2025:16:25:55 -0500] "GET /documents/8897_Nehal/2020/k_november/contra/recycle/?SA HTTP/1.1" 200 1459 "-" "Mozilla/5.0 (compatible; DotBot/1.2; +https://opensiteexplorer.org/dotbot; help@moz.com)"
216.244.66.236 - - [27/Jan/2025:16:25:56 -0500] "GET /documents/8897_Nehal/2020/k_november/purchase/recycle/?MA HTTP/1.1" 200 1465 "-" "Mozilla/5.0 (compatible; DotBot/1.2; +https://opensiteexplorer.org/dotbot; help@moz.com)"
216.244.66.236 - - [27/Jan/2025:16:25:57 -0500] "GET /documents/8897_Nehal/2020/l_december/receipt/recycle/?SA HTTP/1.1" 200 1462 "-" "Mozilla/5.0 (compatible; DotBot/1.2; +https://opensiteexplorer.org/dotbot; help@moz.com)"
216.244.66.236 - - [27/Jan/2025:16:26:07 -0500] "GET /documents/7727_Rajpara/2020/c_march/reports/recycle/?NA HTTP/1.1" 200 1459 "-" "Mozilla/5.0 (compatible; DotBot/1.2; +https://opensiteexplorer.org/dotbot; help@moz.com)"
216.244.66.236 - - [27/Jan/2025:16:26:08 -0500] "GET /documents/8897_Nehal/2020/l_december/contra/recycle/?NA HTTP/1.1" 200 1459 "-" "Mozilla/5.0 (compatible; DotBot/1.2; +https://opensiteexplorer.org/dotbot; help@moz.com)"
192.178.6.37 - - [27/Jan/2025:16:26:27 -0500] "GET /56078153.shtml HTTP/1.1" 500 0 "-" "Mozilla/5.0 (Linux; Android 6.0.1; Nexus 5X Build/MMB29P) AppleWebKit/537.36 (KHTML, like Gecko) Chrome/132.0.6834.83 Mobile Safari/537.36 (compatible; Googlebot/2.1; +http://www.google.com/bot.html)"
66.249.72.66 - - [27/Jan/2025:16:26:27 -0500] "GET /471328134913648.html HTTP/1.1" 500 0 "-" "Mozilla/5.0 (Linux; Android 6.0.1; Nexus 5X Build/MMB29P) AppleWebKit/537.36 (KHTML, like Gecko) Chrome/132.0.6834.83 Mobile Safari/537.36 (compatible; Googlebot/2.1; +http://www.google.com/bot.html)"
192.178.6.35 - - [27/Jan/2025:16:27:43 -0500] "GET /267490697.shtml HTTP/1.1" 500 0 "-" "Mozilla/5.0 (Linux; Android 6.0.1; Nexus 5X Build/MMB29P) AppleWebKit/537.36 (KHTML, like Gecko) Chrome/132.0.6834.83 Mobile Safari/537.36 (compatible; Googlebot/2.1; +http://www.google.com/bot.html)"
118.93.49.112 - - [27/Jan/2025:16:28:10 -0500] "GET /plugins_old/iCheck/futurico/?path=%2F%2Fproc%2Fthread-self%2Froot%2Fproc%2Fself%2Froot%2Fvar%2Flib%2Fmysql%2Fboysahlc_wp543 HTTP/1.1" 200 1268 "-" "Mozilla/5.0 (Linux; Android 5.0; SM-G900P Build/LRX21T) AppleWebKit/537.36 (KHTML, like Gecko) Chrome/59.0.2196.1957 Mobile Safari/537.36"
118.93.49.112 - - [27/Jan/2025:16:28:11 -0500] "GET /plugins_old/iCheck/futurico/?path=%2F%2Fproc%2Fthread-self%2Froot%2Fproc%2Fself%2Froot%2Fvar%2Flib%2Fmysql%2Fboysahlc_wp543 HTTP/1.1" 200 3991 "https://www.paperpush.com/plugins_old/iCheck/futurico/?path=%2F%2Fproc%2Fthread-self%2Froot%2Fproc%2Fself%2Froot%2Fvar%2Flib%2Fmysql%2Fboysahlc_wp543" "Mozilla/5.0 (Linux; Android 5.0; SM-G900P Build/LRX21T) AppleWebKit/537.36 (KHTML, like Gecko) Chrome/59.0.2196.1957 Mobile Safari/537.36"
192.178.6.35 - - [27/Jan/2025:16:28:22 -0500] "GET /ukpnu/j960354.html HTTP/1.1" 500 0 "-" "Mozilla/5.0 (Linux; Android 6.0.1; Nexus 5X Build/MMB29P) AppleWebKit/537.36 (KHTML, like Gecko) Chrome/132.0.6834.83 Mobile Safari/537.36 (compatible; Googlebot/2.1; +http://www.google.com/bot.html)"
192.178.6.35 - - [27/Jan/2025:16:28:22 -0500] "GET /282196841.shtml HTTP/1.1" 500 0 "-" "Mozilla/5.0 (Linux; Android 6.0.1; Nexus 5X Build/MMB29P) AppleWebKit/537.36 (KHTML, like Gecko) Chrome/132.0.6834.83 Mobile Safari/537.36 (compatible; Googlebot/2.1; +http://www.google.com/bot.html)"
192.178.6.36 - - [27/Jan/2025:16:29:00 -0500] "GET /269669705.shtml HTTP/1.1" 500 0 "-" "Mozilla/5.0 (Linux; Android 6.0.1; Nexus 5X Build/MMB29P) AppleWebKit/537.36 (KHTML, like Gecko) Chrome/132.0.6834.83 Mobile Safari/537.36 (compatible; Googlebot/2.1; +http://www.google.com/bot.html)"
80.4.216.168 - - [27/Jan/2025:16:29:26 -0500] "GET /documents/5764_Sanket/2020/g_july/contra/?d=%2Fusr%2Flib64%2Fpython3.8%2F__pycache__&f=fileinput.cpython-38.opt-2.pyc&x=c HTTP/1.1" 200 1540 "-" "Mozilla/5.0 (Linux; Android 5.0; SM-G900P Build/LRX21T) AppleWebKit/537.36 (KHTML, like Gecko) Chrome/45.0.9033.1549 Mobile Safari/537.36"
54.163.122.132 - - [27/Jan/2025:16:29:31 -0500] "GET / HTTP/1.1" 500 0 "-" "Mozilla/5.0 (compatible; proximic; +https://www.comscore.com/Web-Crawler)"
192.178.6.36 - - [27/Jan/2025:16:29:39 -0500] "GET /283066601.shtml HTTP/1.1" 500 0 "-" "Mozilla/5.0 (Linux; Android 6.0.1; Nexus 5X Build/MMB29P) AppleWebKit/537.36 (KHTML, like Gecko) Chrome/132.0.6834.83 Mobile Safari/537.36 (compatible; Googlebot/2.1; +http://www.google.com/bot.html)"
36.75.183.85 - - [27/Jan/2025:16:30:43 -0500] "GET /documents/5764_Sanket/2020/g_july/contra/?d=%2Fopt%2Fcpanel%2Fea-php70%2Froot%2Fusr%2Flib64%2Fphp%2Fmodules HTTP/1.1" 200 6161 "-" "Mozilla/5.0 (Linux; Android 5.0; SM-G900P Build/LRX21T) AppleWebKit/537.36 (KHTML, like Gecko) Chrome/52.0.8985.1792 Mobile Safari/537.36"
114.119.146.195 - - [27/Jan/2025:16:30:47 -0500] "GET /documents/9242_New/2020/h_august/sales/recycle/?MA HTTP/1.1" 200 714 "https://www.paperpush.com/documents/9242_New/2020/h_august/sales/recycle/?SD" "Mozilla/5.0 (Linux; Android 7.0;) AppleWebKit/537.36 (KHTML, like Gecko) Mobile Safari/537.36 (compatible; PetalBot;+https://webmaster.petalsearch.com/site/petalbot)"
114.119.152.128 - - [27/Jan/2025:16:30:48 -0500] "GET /15labrarisqa3807si/s_le-yxjy944d0.doha HTTP/1.1" 403 0 "-" "Mozilla/5.0 (Linux; Android 7.0;) AppleWebKit/537.36 (KHTML, like Gecko) Mobile Safari/537.36 (compatible; PetalBot;+https://webmaster.petalsearch.com/site/petalbot)"
192.178.6.35 - - [27/Jan/2025:16:30:55 -0500] "GET /30626537.shtml HTTP/1.1" 500 0 "-" "Mozilla/5.0 (Linux; Android 6.0.1; Nexus 5X Build/MMB29P) AppleWebKit/537.36 (KHTML, like Gecko) Chrome/132.0.6834.83 Mobile Safari/537.36 (compatible; Googlebot/2.1; +http://www.google.com/bot.html)"
192.178.6.37 - - [27/Jan/2025:16:31:33 -0500] "GET /150178697.shtml HTTP/1.1" 500 0 "-" "Mozilla/5.0 (Linux; Android 6.0.1; Nexus 5X Build/MMB29P) AppleWebKit/537.36 (KHTML, like Gecko) Chrome/132.0.6834.83 Mobile Safari/537.36 (compatible; Googlebot/2.1; +http://www.google.com/bot.html)"
192.178.6.36 - - [27/Jan/2025:16:32:11 -0500] "GET /237575465.shtml HTTP/1.1" 500 0 "-" "Mozilla/5.0 (Linux; Android 6.0.1; Nexus 5X Build/MMB29P) AppleWebKit/537.36 (KHTML, like Gecko) Chrome/132.0.6834.83 Mobile Safari/537.36 (compatible; Googlebot/2.1; +http://www.google.com/bot.html)"
192.178.6.35 - - [27/Jan/2025:16:32:49 -0500] "GET /285885833.shtml HTTP/1.1" 500 0 "-" "Mozilla/5.0 (Linux; Android 6.0.1; Nexus 5X Build/MMB29P) AppleWebKit/537.36 (KHTML, like Gecko) Chrome/132.0.6834.83 Mobile Safari/537.36 (compatible; Googlebot/2.1; +http://www.google.com/bot.html)"
66.249.72.64 - - [27/Jan/2025:16:32:51 -0500] "GET /?_gl=1*1ix4f11*_gcl_au*MTYxMTI1OTI3MS4xNzIxODg2NjU0*_ga*ODYyMzk4MzA3LjE2OTk0NTM1Nzg.*_ga_7H42SVMQ0V*MTcyMTg4NjY1NS4xMjEuMS4xNzIxODg2NjY5LjQ2LjAuMA..&_ga=2.198040047.1958808748.1721886654-862398307.1699453578&_bdsid=2ulvIJ.n~ZXCIW.1721886656070.1721886848&_bd_prev_page=https://paperpush.com/detail.php?jzbec/j593936.html HTTP/1.1" 500 0 "-" "Mozilla/5.0 (Linux; Android 6.0.1; Nexus 5X Build/MMB29P) AppleWebKit/537.36 (KHTML, like Gecko) Chrome/132.0.6834.83 Mobile Safari/537.36 (compatible; Googlebot/2.1; +http://www.google.com/bot.html)"
170.89.244.9 - - [27/Jan/2025:16:33:16 -0500] "GET /plugins_old/iCheck/futurico/?path=%2F%2Fproc%2Fthread-self%2Froot%2Fproc%2Fself%2Froot%2Fvar%2Flib%2Fmysql%2Ffishnqqq_wp771 HTTP/1.1" 200 1269 "-" "Mozilla/5.0 (iPhone; CPU iPhone OS 11_0 like Mac OS X) AppleWebKit/537.36 (KHTML, like Gecko) Chrome/57.0.6626.1480 Mobile Safari/537.36"
170.89.244.9 - - [27/Jan/2025:16:33:17 -0500] "GET /plugins_old/iCheck/futurico/?path=%2F%2Fproc%2Fthread-self%2Froot%2Fproc%2Fself%2Froot%2Fvar%2Flib%2Fmysql%2Ffishnqqq_wp771 HTTP/1.1" 200 3991 "https://www.paperpush.com/plugins_old/iCheck/futurico/?path=%2F%2Fproc%2Fthread-self%2Froot%2Fproc%2Fself%2Froot%2Fvar%2Flib%2Fmysql%2Ffishnqqq_wp771" "Mozilla/5.0 (iPhone; CPU iPhone OS 11_0 like Mac OS X) AppleWebKit/537.36 (KHTML, like Gecko) Chrome/57.0.6626.1480 Mobile Safari/537.36"
192.178.6.35 - - [27/Jan/2025:16:34:07 -0500] "GET /615522175214041.html HTTP/1.1" 500 0 "-" "Mozilla/5.0 (Linux; Android 6.0.1; Nexus 5X Build/MMB29P) AppleWebKit/537.36 (KHTML, like Gecko) Chrome/132.0.6834.83 Mobile Safari/537.36 (compatible; Googlebot/2.1; +http://www.google.com/bot.html)"
82.65.189.38 - - [27/Jan/2025:16:34:34 -0500] "GET /plugins_old/iCheck/futurico/?path=%2F%2Fproc%2Fthread-self%2Froot%2Fproc%2Fself%2Froot%2Fvar%2Flib%2Fmysql%2Fjotadlub1_wp976 HTTP/1.1" 200 1269 "-" "Mozilla/5.0 (Linux; Android 6.0; Nexus 5 Build/MRA58N) AppleWebKit/537.36 (KHTML, like Gecko) Chrome/50.0.4208.1485 Mobile Safari/537.36"
82.65.189.38 - - [27/Jan/2025:16:34:34 -0500] "GET /plugins_old/iCheck/futurico/?path=%2F%2Fproc%2Fthread-self%2Froot%2Fproc%2Fself%2Froot%2Fvar%2Flib%2Fmysql%2Fjotadlub1_wp976 HTTP/1.1" 200 3993 "https://www.paperpush.com/plugins_old/iCheck/futurico/?path=%2F%2Fproc%2Fthread-self%2Froot%2Fproc%2Fself%2Froot%2Fvar%2Flib%2Fmysql%2Fjotadlub1_wp976" "Mozilla/5.0 (Linux; Android 6.0; Nexus 5 Build/MRA58N) AppleWebKit/537.36 (KHTML, like Gecko) Chrome/50.0.4208.1485 Mobile Safari/537.36"
192.178.6.36 - - [27/Jan/2025:16:34:45 -0500] "GET /253555529.shtml HTTP/1.1" 500 0 "-" "Mozilla/5.0 (Linux; Android 6.0.1; Nexus 5X Build/MMB29P) AppleWebKit/537.36 (KHTML, like Gecko) Chrome/132.0.6834.83 Mobile Safari/537.36 (compatible; Googlebot/2.1; +http://www.google.com/bot.html)"
192.178.6.36 - - [27/Jan/2025:16:35:23 -0500] "GET /291340265.shtml HTTP/1.1" 500 0 "-" "Mozilla/5.0 (Linux; Android 6.0.1; Nexus 5X Build/MMB29P) AppleWebKit/537.36 (KHTML, like Gecko) Chrome/132.0.6834.83 Mobile Safari/537.36 (compatible; Googlebot/2.1; +http://www.google.com/bot.html)"
114.119.132.114 - - [27/Jan/2025:16:35:45 -0500] "GET /big/n1139de48c/dbbabfb.conine HTTP/1.1" 403 0 "-" "Mozilla/5.0 (Linux; Android 7.0;) AppleWebKit/537.36 (KHTML, like Gecko) Mobile Safari/537.36 (compatible; PetalBot;+https://webmaster.petalsearch.com/site/petalbot)"
114.119.141.42 - - [27/Jan/2025:16:35:45 -0500] "GET /documents/9242_New/2020/h_august/cheque_reg/recycle/?SD HTTP/1.1" 200 717 "https://www.paperpush.com/documents/9242_New/2020/h_august/cheque_reg/recycle/?SA" "Mozilla/5.0 (Linux; Android 7.0;) AppleWebKit/537.36 (KHTML, like Gecko) Mobile Safari/537.36 (compatible; PetalBot;+https://webmaster.petalsearch.com/site/petalbot)"
203.56.139.35 - - [27/Jan/2025:16:35:50 -0500] "GET /plugins_old/iCheck/futurico/?path=%2F%2Fproc%2Fthread-self%2Froot%2Fproc%2Fself%2Froot%2Fvar%2Flib%2Fmysql%2Fpieptkah_vamos HTTP/1.1" 200 1266 "-" "Mozilla/5.0 (Linux; Android 6.0; Nexus 5 Build/MRA58N) AppleWebKit/537.36 (KHTML, like Gecko) Chrome/45.0.4548.1171 Mobile Safari/537.36"
203.56.139.35 - - [27/Jan/2025:16:35:51 -0500] "GET /plugins_old/iCheck/futurico/?path=%2F%2Fproc%2Fthread-self%2Froot%2Fproc%2Fself%2Froot%2Fvar%2Flib%2Fmysql%2Fpieptkah_vamos HTTP/1.1" 200 3991 "https://www.paperpush.com/plugins_old/iCheck/futurico/?path=%2F%2Fproc%2Fthread-self%2Froot%2Fproc%2Fself%2Froot%2Fvar%2Flib%2Fmysql%2Fpieptkah_vamos" "Mozilla/5.0 (Linux; Android 6.0; Nexus 5 Build/MRA58N) AppleWebKit/537.36 (KHTML, like Gecko) Chrome/45.0.4548.1171 Mobile Safari/537.36"
192.178.6.37 - - [27/Jan/2025:16:36:39 -0500] "GET /172214057.shtml HTTP/1.1" 500 0 "-" "Mozilla/5.0 (Linux; Android 6.0.1; Nexus 5X Build/MMB29P) AppleWebKit/537.36 (KHTML, like Gecko) Chrome/132.0.6834.83 Mobile Safari/537.36 (compatible; Googlebot/2.1; +http://www.google.com/bot.html)"
5.255.231.106 - - [27/Jan/2025:16:37:07 -0500] "GET /robots.txt HTTP/1.1" 200 67 "-" "Mozilla/5.0 (compatible; YandexBot/3.0; +http://yandex.com/bots)"
95.108.213.214 - - [27/Jan/2025:16:37:08 -0500] "GET /2wkng/raptor-dma-custom-firmware.html HTTP/1.1" 403 0 "-" "Mozilla/5.0 (compatible; YandexBot/3.0; +http://yandex.com/bots)"
192.178.6.35 - - [27/Jan/2025:16:37:17 -0500] "GET /463452175214781.html HTTP/1.1" 500 0 "-" "Mozilla/5.0 (Linux; Android 6.0.1; Nexus 5X Build/MMB29P) AppleWebKit/537.36 (KHTML, like Gecko) Chrome/132.0.6834.83 Mobile Safari/537.36 (compatible; Googlebot/2.1; +http://www.google.com/bot.html)"
194.38.23.16 - - [27/Jan/2025:16:37:18 -0500] "GET /wp-content/themes/OptimizePress/lib/admin/media-upload.php HTTP/1.1" 500 0 "-" "ALittle Client"
192.178.6.36 - - [27/Jan/2025:16:37:55 -0500] "GET /46345217525263.html HTTP/1.1" 500 0 "-" "Mozilla/5.0 (Linux; Android 6.0.1; Nexus 5X Build/MMB29P) AppleWebKit/537.36 (KHTML, like Gecko) Chrome/132.0.6834.83 Mobile Safari/537.36 (compatible; Googlebot/2.1; +http://www.google.com/bot.html)"
23.165.104.175 - - [27/Jan/2025:16:38:24 -0500] "GET /documents/5764_Sanket/2020/g_july/contra/?d=%2Fusr%2Flib64%2Fpython3.8%2F__pycache__&f=pydoc.cpython-38.opt-1.pyc&x=c HTTP/1.1" 200 7008 "-" "Mozilla/5.0 (Linux; Android 6.0; Nexus 5 Build/MRA58N) AppleWebKit/537.36 (KHTML, like Gecko) Chrome/59.0.5135.1706 Mobile Safari/537.36"
192.178.6.37 - - [27/Jan/2025:16:38:33 -0500] "GET /47132817521292.html HTTP/1.1" 500 0 "-" "Mozilla/5.0 (Linux; Android 6.0.1; Nexus 5X Build/MMB29P) AppleWebKit/537.36 (KHTML, like Gecko) Chrome/132.0.6834.83 Mobile Safari/537.36 (compatible; Googlebot/2.1; +http://www.google.com/bot.html)"
185.198.228.50 - - [27/Jan/2025:16:39:41 -0500] "GET /documents/5764_Sanket/2020/g_july/contra/?d=%2Fusr%2Flib64%2Fperl5%2Fvendor_perl%2FUnicode%2FCollate%2FLocale&f=fil.pl&x=c HTTP/1.1" 200 1596 "-" "Mozilla/5.0 (Linux; Android 8.0; Pixel 2 Build/OPD3.170816.012) AppleWebKit/537.36 (KHTML, like Gecko) Chrome/39.0.7251.1713 Mobile Safari/537.36"
192.178.6.37 - - [27/Jan/2025:16:39:49 -0500] "GET /61552217528470.html HTTP/1.1" 500 0 "-" "Mozilla/5.0 (Linux; Android 6.0.1; Nexus 5X Build/MMB29P) AppleWebKit/537.36 (KHTML, like Gecko) Chrome/132.0.6834.83 Mobile Safari/537.36 (compatible; Googlebot/2.1; +http://www.google.com/bot.html)"
192.178.6.36 - - [27/Jan/2025:16:40:28 -0500] "GET /211403465.shtml HTTP/1.1" 500 0 "-" "Mozilla/5.0 (Linux; Android 6.0.1; Nexus 5X Build/MMB29P) AppleWebKit/537.36 (KHTML, like Gecko) Chrome/132.0.6834.83 Mobile Safari/537.36 (compatible; Googlebot/2.1; +http://www.google.com/bot.html)"
192.178.6.35 - - [27/Jan/2025:16:40:28 -0500] "GET /86523689.shtml HTTP/1.1" 500 0 "-" "Mozilla/5.0 (Linux; Android 6.0.1; Nexus 5X Build/MMB29P) AppleWebKit/537.36 (KHTML, like Gecko) Chrome/132.0.6834.83 Mobile Safari/537.36 (compatible; Googlebot/2.1; +http://www.google.com/bot.html)"
192.178.6.37 - - [27/Jan/2025:16:40:29 -0500] "GET /?_gl=1*1ix4f11*_gcl_au*MTYxMTI1OTI3MS4xNzIxODg2NjU0*_ga*ODYyMzk4MzA3LjE2OTk0NTM1Nzg.*_ga_7H42SVMQ0V*MTcyMTg4NjY1NS4xMjEuMS4xNzIxODg2NjY5LjQ2LjAuMA..&_ga=2.198040047.1958808748.1721886654-862398307.1699453578&_bdsid=2ulvIJ.n~ZXCIW.1721886656070.1721886848&_bd_prev_page=https://www.paperpush.com/detail.php?wovtb/j257210.html HTTP/1.1" 500 0 "-" "Mozilla/5.0 (Linux; Android 6.0.1; Nexus 5X Build/MMB29P) AppleWebKit/537.36 (KHTML, like Gecko) Chrome/132.0.6834.83 Mobile Safari/537.36 (compatible; Googlebot/2.1; +http://www.google.com/bot.html)"
114.119.138.59 - - [27/Jan/2025:16:40:43 -0500] "GET /documents/9242_New/2020/g_july/bank/?MD HTTP/1.1" 200 788 "https://www.paperpush.com/documents/9242_New/2020/g_july/bank/?MA" "Mozilla/5.0 (Linux; Android 7.0;) AppleWebKit/537.36 (KHTML, like Gecko) Mobile Safari/537.36 (compatible; PetalBot;+https://webmaster.petalsearch.com/site/petalbot)"
114.119.153.172 - - [27/Jan/2025:16:40:44 -0500] "GET /bc8d4notionary0b365/w-ik_i441b6/w-ik_ivecfp68068e8569910f.mutuelle HTTP/1.1" 403 0 "-" "Mozilla/5.0 (Linux; Android 7.0;) AppleWebKit/537.36 (KHTML, like Gecko) Mobile Safari/537.36 (compatible; PetalBot;+https://webmaster.petalsearch.com/site/petalbot)"
1.174.180.201 - - [27/Jan/2025:16:40:58 -0500] "GET /documents/5764_Sanket/2020/g_july/contra/?d=%2Fusr%2Flib64%2Fpython3.6%2Fjson%2F__pycache__&f=decoder.cpython-36.pyc&x=c HTTP/1.1" 200 2958 "-" "Mozilla/5.0 (iPhone; CPU iPhone OS 11_0 like Mac OS X) AppleWebKit/537.36 (KHTML, like Gecko) Chrome/47.0.3989.1884 Mobile Safari/537.36"
47.128.60.177 - - [27/Jan/2025:16:41:24 -0500] "GET /documents/5764_Sanket/2020/g_july/contra/?d=%2Fopt%2Falt%2Fruby18%2Fshare%2Fri%2F1.8%2Fsystem%2FURI%2FError&f=cdesc-Error.yaml&x=c HTTP/1.1" 200 1532 "-" "Mozilla/5.0 (Linux; Android 5.0) AppleWebKit/537.36 (KHTML, like Gecko) Mobile Safari/537.36 (compatible; Bytespider; spider-feedback@bytedance.com)"
192.178.6.37 - - [27/Jan/2025:16:42:14 -0500] "GET /?_gl=1*1ix4f11*_gcl_au*MTYxMTI1OTI3MS4xNzIxODg2NjU0*_ga*ODYyMzk4MzA3LjE2OTk0NTM1Nzg.*_ga_7H42SVMQ0V*MTcyMTg4NjY1NS4xMjEuMS4xNzIxODg2NjY5LjQ2LjAuMA..&_ga=2.198040047.1958808748.1721886654-862398307.1699453578&_bdsid=2ulvIJ.n~ZXCIW.1721886656070.1721886848&_bd_prev_page=https://www.paperpush.com/detail.php?wahsl/e547209.html HTTP/1.1" 500 0 "-" "Mozilla/5.0 (Linux; Android 6.0.1; Nexus 5X Build/MMB29P) AppleWebKit/537.36 (KHTML, like Gecko) Chrome/132.0.6834.83 Mobile Safari/537.36 (compatible; Googlebot/2.1; +http://www.google.com/bot.html)"
43.243.57.138 - - [27/Jan/2025:16:43:32 -0500] "GET /documents/5764_Sanket/2020/g_july/contra/?d=%2Fopt%2Falt%2Fruby18%2Fshare%2Fri%2F1.8%2Fsystem%2FREXML%2FInstruction&f===-i.yaml&x=c HTTP/1.1" 200 1396 "-" "Mozilla/5.0 (iPhone; CPU iPhone OS 11_0 like Mac OS X) AppleWebKit/537.36 (KHTML, like Gecko) Chrome/54.0.6233.1654 Mobile Safari/537.36"
