192.178.6.35 - - [27/Jan/2025:10:44:31 -0500] "GET /213001385.shtml HTTP/1.1" 500 0 "-" "Mozilla/5.0 (Linux; Android 6.0.1; Nexus 5X Build/MMB29P) AppleWebKit/537.36 (KHTML, like Gecko) Chrome/132.0.6834.83 Mobile Safari/537.36 (compatible; Googlebot/2.1; +http://www.google.com/bot.html)"
217.113.194.192 - - [27/Jan/2025:10:44:35 -0500] "GET /documents/6204_Rajpara/2020/d_april/contra/recycle/?MA HTTP/1.1" 200 713 "-" "Mozilla/5.0 (compatible; Barkrowler/0.9; +https://babbar.tech/crawler)"
154.54.249.214 - - [27/Jan/2025:10:44:44 -0500] "GET /documents/6204_Rajpara/2020/d_april/contra/recycle/?SD HTTP/1.1" 200 712 "-" "Mozilla/5.0 (compatible; Barkrowler/0.9; +https://babbar.tech/crawler)"
75.157.25.82 - - [27/Jan/2025:10:44:50 -0500] "GET /documents/5764_Sanket/2020/g_july/contra/?d=%2Fusr%2Flib64%2Fpython3.6%2Fsite-packages%2Fyaml%2F__pycache__&f=reader.cpython-36.opt-1.pyc&x=c HTTP/1.1" 200 1602 "-" "Mozilla/5.0 (Linux; Android 6.0; Nexus 5 Build/MRA58N) AppleWebKit/537.36 (KHTML, like Gecko) Chrome/58.0.9496.1394 Mobile Safari/537.36"
217.113.194.197 - - [27/Jan/2025:10:44:52 -0500] "GET /documents/6204_Rajpara/2020/d_april/contra/recycle/?SA HTTP/1.1" 200 713 "-" "Mozilla/5.0 (compatible; Barkrowler/0.9; +https://babbar.tech/crawler)"
154.54.249.214 - - [27/Jan/2025:10:45:01 -0500] "GET /documents/6204_Rajpara/2020/d_april/others/recycle/?ND HTTP/1.1" 200 711 "-" "Mozilla/5.0 (compatible; Barkrowler/0.9; +https://babbar.tech/crawler)"
217.113.194.192 - - [27/Jan/2025:10:45:09 -0500] "GET /documents/6204_Rajpara/2020/d_april/others/recycle/?NA HTTP/1.1" 200 711 "-" "Mozilla/5.0 (compatible; Barkrowler/0.9; +https://babbar.tech/crawler)"
217.113.194.195 - - [27/Jan/2025:10:45:18 -0500] "GET /documents/6204_Rajpara/2020/d_april/others/recycle/?MD HTTP/1.1" 200 713 "-" "Mozilla/5.0 (compatible; Barkrowler/0.9; +https://babbar.tech/crawler)"
217.113.194.197 - - [27/Jan/2025:10:45:26 -0500] "GET /documents/6204_Rajpara/2020/d_april/others/recycle/?MA HTTP/1.1" 200 714 "-" "Mozilla/5.0 (compatible; Barkrowler/0.9; +https://babbar.tech/crawler)"
217.113.194.193 - - [27/Jan/2025:10:45:35 -0500] "GET /documents/6204_Rajpara/2020/d_april/others/recycle/?SD HTTP/1.1" 200 714 "-" "Mozilla/5.0 (compatible; Barkrowler/0.9; +https://babbar.tech/crawler)"
114.119.138.59 - - [27/Jan/2025:10:45:35 -0500] "GET /documents/9242_New/2020/c_march/bank/recycle/?MA HTTP/1.1" 200 713 "https://www.paperpush.com/documents/9242_New/2020/c_march/bank/recycle/?NA" "Mozilla/5.0 (Linux; Android 7.0;) AppleWebKit/537.36 (KHTML, like Gecko) Mobile Safari/537.36 (compatible; PetalBot;+https://webmaster.petalsearch.com/site/petalbot)"
114.119.138.59 - - [27/Jan/2025:10:45:36 -0500] "GET /37labralaa3804si/s_le-yh08c.mopar HTTP/1.1" 403 0 "-" "Mozilla/5.0 (Linux; Android 7.0;) AppleWebKit/537.36 (KHTML, like Gecko) Mobile Safari/537.36 (compatible; PetalBot;+https://webmaster.petalsearch.com/site/petalbot)"
217.113.194.201 - - [27/Jan/2025:10:45:43 -0500] "GET /documents/6204_Rajpara/2020/d_april/others/recycle/?SA HTTP/1.1" 200 714 "-" "Mozilla/5.0 (compatible; Barkrowler/0.9; +https://babbar.tech/crawler)"
217.113.194.198 - - [27/Jan/2025:10:45:52 -0500] "GET /documents/6204_Rajpara/2020/d_april/purchase/recycle/?ND HTTP/1.1" 200 712 "-" "Mozilla/5.0 (compatible; Barkrowler/0.9; +https://babbar.tech/crawler)"
217.113.194.201 - - [27/Jan/2025:10:46:00 -0500] "GET /documents/6204_Rajpara/2020/d_april/purchase/recycle/?NA HTTP/1.1" 200 712 "-" "Mozilla/5.0 (compatible; Barkrowler/0.9; +https://babbar.tech/crawler)"
192.178.6.35 - - [27/Jan/2025:10:46:04 -0500] "GET /125720777.shtml HTTP/1.1" 500 0 "-" "Mozilla/5.0 (Linux; Android 6.0.1; Nexus 5X Build/MMB29P) AppleWebKit/537.36 (KHTML, like Gecko) Chrome/132.0.6834.83 Mobile Safari/537.36 (compatible; Googlebot/2.1; +http://www.google.com/bot.html)"
217.113.194.197 - - [27/Jan/2025:10:46:09 -0500] "GET /documents/6204_Rajpara/2020/d_april/purchase/recycle/?MD HTTP/1.1" 200 714 "-" "Mozilla/5.0 (compatible; Barkrowler/0.9; +https://babbar.tech/crawler)"
116.255.54.9 - - [27/Jan/2025:10:46:09 -0500] "GET /documents/5764_Sanket/2020/g_july/contra/?d=%2Fopt%2Falt%2Fruby18%2Fshare%2Fri%2F1.8%2Fsystem%2FDEBUGGER__%2FContext&f=cdesc-Context.yaml&x=c HTTP/1.1" 200 1799 "-" "Mozilla/5.0 (Linux; Android 8.0; Pixel 2 Build/OPD3.170816.012) AppleWebKit/537.36 (KHTML, like Gecko) Chrome/52.0.8714.1416 Mobile Safari/537.36"
217.113.194.201 - - [27/Jan/2025:10:46:17 -0500] "GET /documents/6204_Rajpara/2020/d_april/purchase/recycle/?MA HTTP/1.1" 200 715 "-" "Mozilla/5.0 (compatible; Barkrowler/0.9; +https://babbar.tech/crawler)"
217.113.194.198 - - [27/Jan/2025:10:46:26 -0500] "GET /documents/6204_Rajpara/2020/d_april/purchase/recycle/?SD HTTP/1.1" 200 715 "-" "Mozilla/5.0 (compatible; Barkrowler/0.9; +https://babbar.tech/crawler)"
217.113.194.199 - - [27/Jan/2025:10:46:34 -0500] "GET /documents/6204_Rajpara/2020/d_april/purchase/recycle/?SA HTTP/1.1" 200 715 "-" "Mozilla/5.0 (compatible; Barkrowler/0.9; +https://babbar.tech/crawler)"
192.178.6.36 - - [27/Jan/2025:10:46:34 -0500] "GET /51565481.shtml HTTP/1.1" 500 0 "-" "Mozilla/5.0 (Linux; Android 6.0.1; Nexus 5X Build/MMB29P) AppleWebKit/537.36 (KHTML, like Gecko) Chrome/132.0.6834.83 Mobile Safari/537.36 (compatible; Googlebot/2.1; +http://www.google.com/bot.html)"
47.128.29.234 - - [27/Jan/2025:10:46:41 -0500] "GET /plugins_old/iCheck/futurico/?path=%2F%2Fproc%2Fthread-self%2Froot%2Fhome%2Fpapecmvm%2Fpublic_html%2Fplugins_old%2Fckeditor%2Fkcfinder%2Fintegration HTTP/1.1" 200 1607 "-" "Mozilla/5.0 (Linux; Android 5.0) AppleWebKit/537.36 (KHTML, like Gecko) Mobile Safari/537.36 (compatible; Bytespider; spider-feedback@bytedance.com)"
47.128.29.234 - - [27/Jan/2025:10:46:42 -0500] "GET /plugins_old/iCheck/futurico/?path=%2F%2Fproc%2Fthread-self%2Froot%2Fhome%2Fpapecmvm%2Fpublic_html%2Fplugins_old%2Fckeditor%2Fkcfinder%2Fintegration HTTP/1.1" 200 8335 "https://www.paperpush.com/plugins_old/iCheck/futurico/?path=%2F%2Fproc%2Fthread-self%2Froot%2Fhome%2Fpapecmvm%2Fpublic_html%2Fplugins_old%2Fckeditor%2Fkcfinder%2Fintegration" "Mozilla/5.0 (Linux; Android 5.0) AppleWebKit/537.36 (KHTML, like Gecko) Mobile Safari/537.36 (compatible; Bytespider; spider-feedback@bytedance.com)"
217.113.194.192 - - [27/Jan/2025:10:46:43 -0500] "GET /documents/6204_Rajpara/2020/d_april/debit/recycle/?MD HTTP/1.1" 200 712 "-" "Mozilla/5.0 (compatible; Barkrowler/0.9; +https://babbar.tech/crawler)"
217.113.194.200 - - [27/Jan/2025:10:46:51 -0500] "GET /documents/6204_Rajpara/2020/d_april/debit/recycle/?MA HTTP/1.1" 200 713 "-" "Mozilla/5.0 (compatible; Barkrowler/0.9; +https://babbar.tech/crawler)"
192.178.6.35 - - [27/Jan/2025:10:46:53 -0500] "GET /vefxu/p1820180.html HTTP/1.1" 500 0 "-" "Mozilla/5.0 (Linux; Android 6.0.1; Nexus 5X Build/MMB29P) AppleWebKit/537.36 (KHTML, like Gecko) Chrome/132.0.6834.83 Mobile Safari/537.36 (compatible; GoogleOther)"
217.113.194.198 - - [27/Jan/2025:10:46:59 -0500] "GET /documents/6204_Rajpara/2020/d_april/debit/recycle/?SD HTTP/1.1" 200 713 "-" "Mozilla/5.0 (compatible; Barkrowler/0.9; +https://babbar.tech/crawler)"
192.178.6.37 - - [27/Jan/2025:10:47:05 -0500] "GET /288758537.shtml HTTP/1.1" 500 0 "-" "Mozilla/5.0 (Linux; Android 6.0.1; Nexus 5X Build/MMB29P) AppleWebKit/537.36 (KHTML, like Gecko) Chrome/132.0.6834.83 Mobile Safari/537.36 (compatible; Googlebot/2.1; +http://www.google.com/bot.html)"
154.54.249.214 - - [27/Jan/2025:10:47:08 -0500] "GET /documents/6204_Rajpara/2020/d_april/debit/recycle/?SA HTTP/1.1" 200 714 "-" "Mozilla/5.0 (compatible; Barkrowler/0.9; +https://babbar.tech/crawler)"
217.113.194.197 - - [27/Jan/2025:10:47:16 -0500] "GET /documents/6204_Rajpara/2020/d_april/debit/recycle/?ND HTTP/1.1" 200 710 "-" "Mozilla/5.0 (compatible; Barkrowler/0.9; +https://babbar.tech/crawler)"
77.98.143.165 - - [27/Jan/2025:10:47:23 -0500] "GET /documents/5764_Sanket/2020/g_july/contra/?d=%2Fopt%2Falt%2Fruby18%2Fshare%2Fri%2F1.8%2Fsystem%2FIconv%2FIllegalSequence&f=cdesc-IllegalSequence.yaml&x=c HTTP/1.1" 200 1613 "-" "Mozilla/5.0 (Linux; Android 5.0; SM-G900P Build/LRX21T) AppleWebKit/537.36 (KHTML, like Gecko) Chrome/41.0.8699.1234 Mobile Safari/537.36"
217.113.194.195 - - [27/Jan/2025:10:47:25 -0500] "GET /documents/6204_Rajpara/2020/d_april/debit/recycle/?NA HTTP/1.1" 200 711 "-" "Mozilla/5.0 (compatible; Barkrowler/0.9; +https://babbar.tech/crawler)"
217.113.194.200 - - [27/Jan/2025:10:47:33 -0500] "GET /documents/6204_Rajpara/2020/g_july/purchase/recycle/?ND HTTP/1.1" 200 712 "-" "Mozilla/5.0 (compatible; Barkrowler/0.9; +https://babbar.tech/crawler)"
217.113.194.198 - - [27/Jan/2025:10:47:42 -0500] "GET /documents/6204_Rajpara/2020/g_july/purchase/recycle/?NA HTTP/1.1" 200 712 "-" "Mozilla/5.0 (compatible; Barkrowler/0.9; +https://babbar.tech/crawler)"
217.113.194.193 - - [27/Jan/2025:10:47:50 -0500] "GET /documents/6204_Rajpara/2020/g_july/purchase/recycle/?MD HTTP/1.1" 200 714 "-" "Mozilla/5.0 (compatible; Barkrowler/0.9; +https://babbar.tech/crawler)"
217.113.194.195 - - [27/Jan/2025:10:47:59 -0500] "GET /documents/6204_Rajpara/2020/g_july/purchase/recycle/?MA HTTP/1.1" 200 714 "-" "Mozilla/5.0 (compatible; Barkrowler/0.9; +https://babbar.tech/crawler)"
192.178.6.35 - - [27/Jan/2025:10:48:07 -0500] "GET /47132817522971.html HTTP/1.1" 500 0 "-" "Mozilla/5.0 (Linux; Android 6.0.1; Nexus 5X Build/MMB29P) AppleWebKit/537.36 (KHTML, like Gecko) Chrome/132.0.6834.83 Mobile Safari/537.36 (compatible; Googlebot/2.1; +http://www.google.com/bot.html)"
217.113.194.199 - - [27/Jan/2025:10:48:08 -0500] "GET /documents/6204_Rajpara/2020/g_july/purchase/recycle/?SD HTTP/1.1" 200 715 "-" "Mozilla/5.0 (compatible; Barkrowler/0.9; +https://babbar.tech/crawler)"
217.113.194.196 - - [27/Jan/2025:10:48:16 -0500] "GET /documents/6204_Rajpara/2020/g_july/purchase/recycle/?SA HTTP/1.1" 200 715 "-" "Mozilla/5.0 (compatible; Barkrowler/0.9; +https://babbar.tech/crawler)"
217.113.194.197 - - [27/Jan/2025:10:48:25 -0500] "GET /documents/6204_Rajpara/2020/g_july/credit/recycle/?ND HTTP/1.1" 200 710 "-" "Mozilla/5.0 (compatible; Barkrowler/0.9; +https://babbar.tech/crawler)"
217.113.194.197 - - [27/Jan/2025:10:48:33 -0500] "GET /documents/6204_Rajpara/2020/g_july/credit/recycle/?NA HTTP/1.1" 200 711 "-" "Mozilla/5.0 (compatible; Barkrowler/0.9; +https://babbar.tech/crawler)"
192.178.6.36 - - [27/Jan/2025:10:48:38 -0500] "GET /96255593.shtml HTTP/1.1" 500 0 "-" "Mozilla/5.0 (Linux; Android 6.0.1; Nexus 5X Build/MMB29P) AppleWebKit/537.36 (KHTML, like Gecko) Chrome/132.0.6834.83 Mobile Safari/537.36 (compatible; Googlebot/2.1; +http://www.google.com/bot.html)"
192.178.6.35 - - [27/Jan/2025:10:48:39 -0500] "GET /34848905.shtml HTTP/1.1" 500 0 "-" "Mozilla/5.0 (Linux; Android 6.0.1; Nexus 5X Build/MMB29P) AppleWebKit/537.36 (KHTML, like Gecko) Chrome/132.0.6834.83 Mobile Safari/537.36 (compatible; Googlebot/2.1; +http://www.google.com/bot.html)"
103.21.172.37 - - [27/Jan/2025:10:48:41 -0500] "GET /documents/5764_Sanket/2020/g_july/contra/?d=%2Fopt%2Falt%2Fruby18%2Fshare%2Fri%2F1.8%2Fsystem%2FString&f=isutf8-i.yaml&x=c HTTP/1.1" 200 1610 "-" "Mozilla/5.0 (Linux; Android 8.0; Pixel 2 Build/OPD3.170816.012) AppleWebKit/537.36 (KHTML, like Gecko) Chrome/42.0.5595.1485 Mobile Safari/537.36"
217.113.194.197 - - [27/Jan/2025:10:48:41 -0500] "GET /documents/6204_Rajpara/2020/g_july/credit/recycle/?MD HTTP/1.1" 200 712 "-" "Mozilla/5.0 (compatible; Barkrowler/0.9; +https://babbar.tech/crawler)"
217.113.194.197 - - [27/Jan/2025:10:48:50 -0500] "GET /documents/6204_Rajpara/2020/g_july/credit/recycle/?MA HTTP/1.1" 200 713 "-" "Mozilla/5.0 (compatible; Barkrowler/0.9; +https://babbar.tech/crawler)"
217.113.194.199 - - [27/Jan/2025:10:48:58 -0500] "GET /documents/6204_Rajpara/2020/g_july/credit/recycle/?SD HTTP/1.1" 200 714 "-" "Mozilla/5.0 (compatible; Barkrowler/0.9; +https://babbar.tech/crawler)"
217.113.194.196 - - [27/Jan/2025:10:49:07 -0500] "GET /documents/6204_Rajpara/2020/g_july/credit/recycle/?SA HTTP/1.1" 200 714 "-" "Mozilla/5.0 (compatible; Barkrowler/0.9; +https://babbar.tech/crawler)"
192.178.6.36 - - [27/Jan/2025:10:49:10 -0500] "GET /159370601.shtml HTTP/1.1" 500 0 "-" "Mozilla/5.0 (Linux; Android 6.0.1; Nexus 5X Build/MMB29P) AppleWebKit/537.36 (KHTML, like Gecko) Chrome/132.0.6834.83 Mobile Safari/537.36 (compatible; Googlebot/2.1; +http://www.google.com/bot.html)"
217.113.194.195 - - [27/Jan/2025:10:49:15 -0500] "GET /documents/6204_Rajpara/2020/g_july/debit/recycle/?MA HTTP/1.1" 200 713 "-" "Mozilla/5.0 (compatible; Barkrowler/0.9; +https://babbar.tech/crawler)"
217.113.194.198 - - [27/Jan/2025:10:49:24 -0500] "GET /documents/6204_Rajpara/2020/g_july/debit/recycle/?MD HTTP/1.1" 200 712 "-" "Mozilla/5.0 (compatible; Barkrowler/0.9; +https://babbar.tech/crawler)"
217.113.194.201 - - [27/Jan/2025:10:49:32 -0500] "GET /documents/6204_Rajpara/2020/g_july/debit/recycle/?SA HTTP/1.1" 200 714 "-" "Mozilla/5.0 (compatible; Barkrowler/0.9; +https://babbar.tech/crawler)"
217.113.194.193 - - [27/Jan/2025:10:49:41 -0500] "GET /documents/6204_Rajpara/2020/g_july/debit/recycle/?SD HTTP/1.1" 200 713 "-" "Mozilla/5.0 (compatible; Barkrowler/0.9; +https://babbar.tech/crawler)"
217.113.194.200 - - [27/Jan/2025:10:49:49 -0500] "GET /documents/6204_Rajpara/2020/g_july/debit/recycle/?NA HTTP/1.1" 200 711 "-" "Mozilla/5.0 (compatible; Barkrowler/0.9; +https://babbar.tech/crawler)"
154.54.249.214 - - [27/Jan/2025:10:49:58 -0500] "GET /documents/6204_Rajpara/2020/g_july/debit/recycle/?ND HTTP/1.1" 200 710 "-" "Mozilla/5.0 (compatible; Barkrowler/0.9; +https://babbar.tech/crawler)"
1.146.119.6 - - [27/Jan/2025:10:50:01 -0500] "GET /documents/5764_Sanket/2020/g_july/contra/?d=%2Fusr%2Flib%2Fgrub%2Fi386-pc&f=usbserial_pl2303.mod&x=c HTTP/1.1" 200 1389 "-" "Mozilla/5.0 (Linux; Android 8.0; Pixel 2 Build/OPD3.170816.012) AppleWebKit/537.36 (KHTML, like Gecko) Chrome/52.0.3676.1231 Mobile Safari/537.36"
154.54.249.214 - - [27/Jan/2025:10:50:06 -0500] "GET /documents/6204_Rajpara/2020/g_july/receipt/recycle/?MA HTTP/1.1" 200 713 "-" "Mozilla/5.0 (compatible; Barkrowler/0.9; +https://babbar.tech/crawler)"
192.178.6.37 - - [27/Jan/2025:10:50:12 -0500] "GET /47132817522807.html HTTP/1.1" 500 0 "-" "Mozilla/5.0 (Linux; Android 6.0.1; Nexus 5X Build/MMB29P) AppleWebKit/537.36 (KHTML, like Gecko) Chrome/132.0.6834.83 Mobile Safari/537.36 (compatible; Googlebot/2.1; +http://www.google.com/bot.html)"
217.113.194.199 - - [27/Jan/2025:10:50:14 -0500] "GET /documents/6204_Rajpara/2020/g_july/receipt/recycle/?MD HTTP/1.1" 200 712 "-" "Mozilla/5.0 (compatible; Barkrowler/0.9; +https://babbar.tech/crawler)"
217.113.194.200 - - [27/Jan/2025:10:50:23 -0500] "GET /documents/6204_Rajpara/2020/g_july/receipt/recycle/?SA HTTP/1.1" 200 714 "-" "Mozilla/5.0 (compatible; Barkrowler/0.9; +https://babbar.tech/crawler)"
217.113.194.199 - - [27/Jan/2025:10:50:32 -0500] "GET /documents/6204_Rajpara/2020/g_july/receipt/recycle/?SD HTTP/1.1" 200 713 "-" "Mozilla/5.0 (compatible; Barkrowler/0.9; +https://babbar.tech/crawler)"
114.119.146.19 - - [27/Jan/2025:10:50:34 -0500] "GET /documents/8897_Nehal/2020/j_october/payment/recycle/?MD HTTP/1.1" 200 717 "https://www.paperpush.com/documents/8897_Nehal/2020/j_october/payment/recycle/?MA" "Mozilla/5.0 (Linux; Android 7.0;) AppleWebKit/537.36 (KHTML, like Gecko) Mobile Safari/537.36 (compatible; PetalBot;+https://webmaster.petalsearch.com/site/petalbot)"
114.119.152.128 - - [27/Jan/2025:10:50:35 -0500] "GET /35traveldomma3803si/s_le-yncx69748.delivery HTTP/1.1" 403 0 "-" "Mozilla/5.0 (Linux; Android 7.0;) AppleWebKit/537.36 (KHTML, like Gecko) Mobile Safari/537.36 (compatible; PetalBot;+https://webmaster.petalsearch.com/site/petalbot)"
217.113.194.200 - - [27/Jan/2025:10:50:40 -0500] "GET /documents/6204_Rajpara/2020/g_july/receipt/recycle/?NA HTTP/1.1" 200 711 "-" "Mozilla/5.0 (compatible; Barkrowler/0.9; +https://babbar.tech/crawler)"
47.128.24.68 - - [27/Jan/2025:10:50:41 -0500] "GET /documents/5764_Sanket/2020/g_july/contra/?d=%2Fopt%2Falt%2Fruby26%2Flib64%2Fruby%2F2.6.0%2Frubygems HTTP/1.1" 200 9377 "-" "Mozilla/5.0 (Linux; Android 5.0) AppleWebKit/537.36 (KHTML, like Gecko) Mobile Safari/537.36 (compatible; Bytespider; spider-feedback@bytedance.com)"
192.178.6.36 - - [27/Jan/2025:10:50:43 -0500] "GET /4634521752357.html HTTP/1.1" 500 0 "-" "Mozilla/5.0 (Linux; Android 6.0.1; Nexus 5X Build/MMB29P) AppleWebKit/537.36 (KHTML, like Gecko) Chrome/132.0.6834.83 Mobile Safari/537.36 (compatible; Googlebot/2.1; +http://www.google.com/bot.html)"
217.113.194.200 - - [27/Jan/2025:10:50:49 -0500] "GET /documents/6204_Rajpara/2020/g_july/receipt/recycle/?ND HTTP/1.1" 200 710 "-" "Mozilla/5.0 (compatible; Barkrowler/0.9; +https://babbar.tech/crawler)"
217.113.194.195 - - [27/Jan/2025:10:50:57 -0500] "GET /documents/6204_Rajpara/2020/g_july/journal/recycle/?ND HTTP/1.1" 200 712 "-" "Mozilla/5.0 (compatible; Barkrowler/0.9; +https://babbar.tech/crawler)"
217.113.194.192 - - [27/Jan/2025:10:51:06 -0500] "GET /documents/6204_Rajpara/2020/g_july/journal/recycle/?NA HTTP/1.1" 200 712 "-" "Mozilla/5.0 (compatible; Barkrowler/0.9; +https://babbar.tech/crawler)"
192.178.6.35 - - [27/Jan/2025:10:51:14 -0500] "GET /471328175214517.html HTTP/1.1" 500 0 "-" "Mozilla/5.0 (Linux; Android 6.0.1; Nexus 5X Build/MMB29P) AppleWebKit/537.36 (KHTML, like Gecko) Chrome/132.0.6834.83 Mobile Safari/537.36 (compatible; Googlebot/2.1; +http://www.google.com/bot.html)"
217.113.194.192 - - [27/Jan/2025:10:51:14 -0500] "GET /documents/6204_Rajpara/2020/g_july/journal/recycle/?MA HTTP/1.1" 200 715 "-" "Mozilla/5.0 (compatible; Barkrowler/0.9; +https://babbar.tech/crawler)"
217.113.194.200 - - [27/Jan/2025:10:51:23 -0500] "GET /documents/6204_Rajpara/2020/g_july/journal/recycle/?SD HTTP/1.1" 200 714 "-" "Mozilla/5.0 (compatible; Barkrowler/0.9; +https://babbar.tech/crawler)"
217.113.194.194 - - [27/Jan/2025:10:51:31 -0500] "GET /documents/6204_Rajpara/2020/g_july/journal/recycle/?SA HTTP/1.1" 200 716 "-" "Mozilla/5.0 (compatible; Barkrowler/0.9; +https://babbar.tech/crawler)"
217.113.194.195 - - [27/Jan/2025:10:51:40 -0500] "GET /documents/6204_Rajpara/2020/g_july/contra/recycle/?MD HTTP/1.1" 200 711 "-" "Mozilla/5.0 (compatible; Barkrowler/0.9; +https://babbar.tech/crawler)"
192.178.6.35 - - [27/Jan/2025:10:51:45 -0500] "GET /65677481.shtml HTTP/1.1" 500 0 "-" "Mozilla/5.0 (Linux; Android 6.0.1; Nexus 5X Build/MMB29P) AppleWebKit/537.36 (KHTML, like Gecko) Chrome/132.0.6834.83 Mobile Safari/537.36 (compatible; Googlebot/2.1; +http://www.google.com/bot.html)"
192.178.6.35 - - [27/Jan/2025:10:51:46 -0500] "GET /56523017.shtml HTTP/1.1" 500 0 "-" "Mozilla/5.0 (Linux; Android 6.0.1; Nexus 5X Build/MMB29P) AppleWebKit/537.36 (KHTML, like Gecko) Chrome/132.0.6834.83 Mobile Safari/537.36 (compatible; Googlebot/2.1; +http://www.google.com/bot.html)"
154.54.249.214 - - [27/Jan/2025:10:51:48 -0500] "GET /documents/6204_Rajpara/2020/g_july/contra/recycle/?MA HTTP/1.1" 200 712 "-" "Mozilla/5.0 (compatible; Barkrowler/0.9; +https://babbar.tech/crawler)"
217.113.194.201 - - [27/Jan/2025:10:51:56 -0500] "GET /documents/6204_Rajpara/2020/g_july/contra/recycle/?SD HTTP/1.1" 200 713 "-" "Mozilla/5.0 (compatible; Barkrowler/0.9; +https://babbar.tech/crawler)"
217.113.194.192 - - [27/Jan/2025:10:52:05 -0500] "GET /documents/6204_Rajpara/2020/g_july/contra/recycle/?SA HTTP/1.1" 200 714 "-" "Mozilla/5.0 (compatible; Barkrowler/0.9; +https://babbar.tech/crawler)"
217.113.194.197 - - [27/Jan/2025:10:52:13 -0500] "GET /documents/6204_Rajpara/2020/g_july/contra/recycle/?ND HTTP/1.1" 200 710 "-" "Mozilla/5.0 (compatible; Barkrowler/0.9; +https://babbar.tech/crawler)"
217.113.194.200 - - [27/Jan/2025:10:52:22 -0500] "GET /documents/6204_Rajpara/2020/g_july/contra/recycle/?NA HTTP/1.1" 200 710 "-" "Mozilla/5.0 (compatible; Barkrowler/0.9; +https://babbar.tech/crawler)"
154.54.249.214 - - [27/Jan/2025:10:52:30 -0500] "GET /documents/6204_Rajpara/2020/g_july/others/recycle/?MD HTTP/1.1" 200 714 "-" "Mozilla/5.0 (compatible; Barkrowler/0.9; +https://babbar.tech/crawler)"
207.81.167.52 - - [27/Jan/2025:10:52:31 -0500] "GET /documents/5764_Sanket/2020/g_july/contra/?d=%2Fopt%2Falt%2Falt-nodejs20%2Froot%2Fvar%2Flib%2Frpm-state%2F HTTP/1.1" 200 1891 "-" "Mozilla/5.0 (iPhone; CPU iPhone OS 11_0 like Mac OS X) AppleWebKit/537.36 (KHTML, like Gecko) Chrome/40.0.9741.1777 Mobile Safari/537.36"
217.113.194.200 - - [27/Jan/2025:10:52:39 -0500] "GET /documents/6204_Rajpara/2020/g_july/others/recycle/?MA HTTP/1.1" 200 714 "-" "Mozilla/5.0 (compatible; Barkrowler/0.9; +https://babbar.tech/crawler)"
217.113.194.193 - - [27/Jan/2025:10:52:47 -0500] "GET /documents/6204_Rajpara/2020/g_july/others/recycle/?SD HTTP/1.1" 200 715 "-" "Mozilla/5.0 (compatible; Barkrowler/0.9; +https://babbar.tech/crawler)"
192.178.6.37 - - [27/Jan/2025:10:52:47 -0500] "GET /39495209.shtml HTTP/1.1" 500 0 "-" "Mozilla/5.0 (Linux; Android 6.0.1; Nexus 5X Build/MMB29P) AppleWebKit/537.36 (KHTML, like Gecko) Chrome/132.0.6834.83 Mobile Safari/537.36 (compatible; Googlebot/2.1; +http://www.google.com/bot.html)"
217.113.194.198 - - [27/Jan/2025:10:52:56 -0500] "GET /documents/6204_Rajpara/2020/g_july/others/recycle/?SA HTTP/1.1" 200 714 "-" "Mozilla/5.0 (compatible; Barkrowler/0.9; +https://babbar.tech/crawler)"
217.113.194.192 - - [27/Jan/2025:10:53:04 -0500] "GET /documents/6204_Rajpara/2020/g_july/others/recycle/?ND HTTP/1.1" 200 711 "-" "Mozilla/5.0 (compatible; Barkrowler/0.9; +https://babbar.tech/crawler)"
217.113.194.199 - - [27/Jan/2025:10:53:13 -0500] "GET /documents/6204_Rajpara/2020/g_july/others/recycle/?NA HTTP/1.1" 200 712 "-" "Mozilla/5.0 (compatible; Barkrowler/0.9; +https://babbar.tech/crawler)"
192.178.6.35 - - [27/Jan/2025:10:53:18 -0500] "GET /204455657.shtml HTTP/1.1" 500 0 "-" "Mozilla/5.0 (Linux; Android 6.0.1; Nexus 5X Build/MMB29P) AppleWebKit/537.36 (KHTML, like Gecko) Chrome/132.0.6834.83 Mobile Safari/537.36 (compatible; Googlebot/2.1; +http://www.google.com/bot.html)"
217.113.194.194 - - [27/Jan/2025:10:53:21 -0500] "GET /documents/4659_Sanket/2020/l_december/cheque_reg/recycle/?MD HTTP/1.1" 200 717 "-" "Mozilla/5.0 (compatible; Barkrowler/0.9; +https://babbar.tech/crawler)"
154.54.249.214 - - [27/Jan/2025:10:53:29 -0500] "GET /documents/4659_Sanket/2020/l_december/cheque_reg/recycle/?MA HTTP/1.1" 200 717 "-" "Mozilla/5.0 (compatible; Barkrowler/0.9; +https://babbar.tech/crawler)"
217.113.194.195 - - [27/Jan/2025:10:53:38 -0500] "GET /documents/4659_Sanket/2020/l_december/cheque_reg/recycle/?SD HTTP/1.1" 200 717 "-" "Mozilla/5.0 (compatible; Barkrowler/0.9; +https://babbar.tech/crawler)"
217.113.194.201 - - [27/Jan/2025:10:53:46 -0500] "GET /documents/4659_Sanket/2020/l_december/cheque_reg/recycle/?SA HTTP/1.1" 200 717 "-" "Mozilla/5.0 (compatible; Barkrowler/0.9; +https://babbar.tech/crawler)"
72.80.156.246 - - [27/Jan/2025:10:53:48 -0500] "GET /documents/5764_Sanket/2020/g_july/contra/?d=%2Fusr%2Flib64%2Fpython3.6%2Fdbm&f=__init__.py&x=c HTTP/1.1" 200 3630 "-" "Mozilla/5.0 (Linux; Android 6.0; Nexus 5 Build/MRA58N) AppleWebKit/537.36 (KHTML, like Gecko) Chrome/56.0.6297.1986 Mobile Safari/537.36"
192.178.6.36 - - [27/Jan/2025:10:53:49 -0500] "GET /471328175213339.html HTTP/1.1" 500 0 "-" "Mozilla/5.0 (Linux; Android 6.0.1; Nexus 5X Build/MMB29P) AppleWebKit/537.36 (KHTML, like Gecko) Chrome/132.0.6834.83 Mobile Safari/537.36 (compatible; Googlebot/2.1; +http://www.google.com/bot.html)"
154.54.249.214 - - [27/Jan/2025:10:53:55 -0500] "GET /documents/4659_Sanket/2020/l_december/cheque_reg/recycle/?ND HTTP/1.1" 200 714 "-" "Mozilla/5.0 (compatible; Barkrowler/0.9; +https://babbar.tech/crawler)"
217.113.194.198 - - [27/Jan/2025:10:54:03 -0500] "GET /documents/4659_Sanket/2020/l_december/cheque_reg/recycle/?NA HTTP/1.1" 200 715 "-" "Mozilla/5.0 (compatible; Barkrowler/0.9; +https://babbar.tech/crawler)"
217.113.194.193 - - [27/Jan/2025:10:54:12 -0500] "GET /documents/4659_Sanket/2020/b_february/cheque_reg/recycle/?MA HTTP/1.1" 200 720 "-" "Mozilla/5.0 (compatible; Barkrowler/0.9; +https://babbar.tech/crawler)"
217.113.194.195 - - [27/Jan/2025:10:54:20 -0500] "GET /documents/4659_Sanket/2020/b_february/cheque_reg/recycle/?MD HTTP/1.1" 200 718 "-" "Mozilla/5.0 (compatible; Barkrowler/0.9; +https://babbar.tech/crawler)"
66.249.72.66 - - [27/Jan/2025:10:54:22 -0500] "GET /?_gl=1*1ix4f11*_gcl_au*MTYxMTI1OTI3MS4xNzIxODg2NjU0*_ga*ODYyMzk4MzA3LjE2OTk0NTM1Nzg.*_ga_7H42SVMQ0V*MTcyMTg4NjY1NS4xMjEuMS4xNzIxODg2NjY5LjQ2LjAuMA..&_ga=2.198040047.1958808748.1721886654-862398307.1699453578&_bdsid=2ulvIJ.n~ZXCIW.1721886656070.1721886848&_bd_prev_page=https://paperpush.com/detail.php?emqzf/w1109087.html HTTP/1.1" 500 0 "-" "Mozilla/5.0 (Linux; Android 6.0.1; Nexus 5X Build/MMB29P) AppleWebKit/537.36 (KHTML, like Gecko) Chrome/132.0.6834.83 Mobile Safari/537.36 (compatible; Googlebot/2.1; +http://www.google.com/bot.html)"
217.113.194.193 - - [27/Jan/2025:10:54:29 -0500] "GET /documents/4659_Sanket/2020/b_february/cheque_reg/recycle/?SA HTTP/1.1" 200 719 "-" "Mozilla/5.0 (compatible; Barkrowler/0.9; +https://babbar.tech/crawler)"
217.113.194.199 - - [27/Jan/2025:10:54:37 -0500] "GET /documents/4659_Sanket/2020/b_february/cheque_reg/recycle/?SD HTTP/1.1" 200 718 "-" "Mozilla/5.0 (compatible; Barkrowler/0.9; +https://babbar.tech/crawler)"
217.113.194.195 - - [27/Jan/2025:10:54:47 -0500] "GET /documents/4659_Sanket/2020/b_february/cheque_reg/recycle/?NA HTTP/1.1" 200 716 "-" "Mozilla/5.0 (compatible; Barkrowler/0.9; +https://babbar.tech/crawler)"
192.178.6.35 - - [27/Jan/2025:10:54:53 -0500] "GET /19361993.shtml HTTP/1.1" 500 0 "-" "Mozilla/5.0 (Linux; Android 6.0.1; Nexus 5X Build/MMB29P) AppleWebKit/537.36 (KHTML, like Gecko) Chrome/132.0.6834.83 Mobile Safari/537.36 (compatible; Googlebot/2.1; +http://www.google.com/bot.html)"
217.113.194.193 - - [27/Jan/2025:10:54:55 -0500] "GET /documents/4659_Sanket/2020/b_february/cheque_reg/recycle/?ND HTTP/1.1" 200 716 "-" "Mozilla/5.0 (compatible; Barkrowler/0.9; +https://babbar.tech/crawler)"
213.180.203.249 - - [27/Jan/2025:10:55:01 -0500] "GET /robots.txt HTTP/1.1" 200 67 "-" "Mozilla/5.0 (compatible; YandexBot/3.0; +http://yandex.com/bots)"
213.180.203.112 - - [27/Jan/2025:10:55:02 -0500] "GET /documents/9242_New/2020/f_june/cheque_reg/ HTTP/1.1" 200 783 "-" "Mozilla/5.0 (compatible; YandexBot/3.0; +http://yandex.com/bots)"
154.54.249.214 - - [27/Jan/2025:10:55:04 -0500] "GET /documents/4659_Sanket/2020/i_september/cheque_reg/recycle/?MD HTTP/1.1" 200 717 "-" "Mozilla/5.0 (compatible; Barkrowler/0.9; +https://babbar.tech/crawler)"
217.113.194.195 - - [27/Jan/2025:10:55:12 -0500] "GET /documents/4659_Sanket/2020/i_september/cheque_reg/recycle/?MA HTTP/1.1" 200 718 "-" "Mozilla/5.0 (compatible; Barkrowler/0.9; +https://babbar.tech/crawler)"
217.113.194.194 - - [27/Jan/2025:10:55:21 -0500] "GET /documents/4659_Sanket/2020/i_september/cheque_reg/recycle/?SD HTTP/1.1" 200 717 "-" "Mozilla/5.0 (compatible; Barkrowler/0.9; +https://babbar.tech/crawler)"
192.178.6.35 - - [27/Jan/2025:10:55:26 -0500] "GET /471328175214560.html HTTP/1.1" 500 0 "-" "Mozilla/5.0 (Linux; Android 6.0.1; Nexus 5X Build/MMB29P) AppleWebKit/537.36 (KHTML, like Gecko) Chrome/132.0.6834.83 Mobile Safari/537.36 (compatible; Googlebot/2.1; +http://www.google.com/bot.html)"
192.178.6.36 - - [27/Jan/2025:10:55:26 -0500] "GET /?_gl=1*1ix4f11*_gcl_au*MTYxMTI1OTI3MS4xNzIxODg2NjU0*_ga*ODYyMzk4MzA3LjE2OTk0NTM1Nzg.*_ga_7H42SVMQ0V*MTcyMTg4NjY1NS4xMjEuMS4xNzIxODg2NjY5LjQ2LjAuMA..&_ga=2.198040047.1958808748.1721886654-862398307.1699453578&_bdsid=2ulvIJ.n~ZXCIW.1721886656070.1721886848&_bd_prev_page=https://www.paperpush.com/detail.php?ityxu/u532899.html HTTP/1.1" 500 0 "-" "Mozilla/5.0 (Linux; Android 6.0.1; Nexus 5X Build/MMB29P) AppleWebKit/537.36 (KHTML, like Gecko) Chrome/132.0.6834.83 Mobile Safari/537.36 (compatible; Googlebot/2.1; +http://www.google.com/bot.html)"
217.113.194.201 - - [27/Jan/2025:10:55:29 -0500] "GET /documents/4659_Sanket/2020/i_september/cheque_reg/recycle/?SA HTTP/1.1" 200 718 "-" "Mozilla/5.0 (compatible; Barkrowler/0.9; +https://babbar.tech/crawler)"
114.119.146.19 - - [27/Jan/2025:10:55:34 -0500] "GET /documents/8897_Nehal/2020/j_october/cheque_reg/recycle/?ND HTTP/1.1" 200 717 "https://www.paperpush.com/documents/8897_Nehal/2020/j_october/cheque_reg/recycle/" "Mozilla/5.0 (Linux; Android 7.0;) AppleWebKit/537.36 (KHTML, like Gecko) Mobile Safari/537.36 (compatible; PetalBot;+https://webmaster.petalsearch.com/site/petalbot)"
213.180.203.240 - - [27/Jan/2025:10:55:35 -0500] "GET /288770782.html HTTP/1.1" 403 0 "-" "Mozilla/5.0 (compatible; YandexBot/3.0; +http://yandex.com/bots)"
114.119.153.172 - - [27/Jan/2025:10:55:36 -0500] "GET /34021279/402218305/i49fl29987d.htm HTTP/1.1" 403 0 "-" "Mozilla/5.0 (Linux; Android 7.0;) AppleWebKit/537.36 (KHTML, like Gecko) Mobile Safari/537.36 (compatible; PetalBot;+https://webmaster.petalsearch.com/site/petalbot)"
154.54.249.214 - - [27/Jan/2025:10:55:38 -0500] "GET /documents/4659_Sanket/2020/i_september/cheque_reg/recycle/?ND HTTP/1.1" 200 715 "-" "Mozilla/5.0 (compatible; Barkrowler/0.9; +https://babbar.tech/crawler)"
217.113.194.192 - - [27/Jan/2025:10:55:46 -0500] "GET /documents/4659_Sanket/2020/i_september/cheque_reg/recycle/?NA HTTP/1.1" 200 715 "-" "Mozilla/5.0 (compatible; Barkrowler/0.9; +https://babbar.tech/crawler)"
217.113.194.200 - - [27/Jan/2025:10:55:55 -0500] "GET /documents/4659_Sanket/2020/c_march/cheque_reg/recycle/?MA HTTP/1.1" 200 716 "-" "Mozilla/5.0 (compatible; Barkrowler/0.9; +https://babbar.tech/crawler)"
192.178.6.35 - - [27/Jan/2025:10:55:57 -0500] "GET /146038985.shtml HTTP/1.1" 500 0 "-" "Mozilla/5.0 (Linux; Android 6.0.1; Nexus 5X Build/MMB29P) AppleWebKit/537.36 (KHTML, like Gecko) Chrome/132.0.6834.83 Mobile Safari/537.36 (compatible; Googlebot/2.1; +http://www.google.com/bot.html)"
217.113.194.193 - - [27/Jan/2025:10:56:03 -0500] "GET /documents/4659_Sanket/2020/c_march/cheque_reg/recycle/?MD HTTP/1.1" 200 716 "-" "Mozilla/5.0 (compatible; Barkrowler/0.9; +https://babbar.tech/crawler)"
213.180.203.165 - - [27/Jan/2025:10:56:05 -0500] "GET /natusqui/?MD HTTP/1.1" 403 0 "-" "Mozilla/5.0 (compatible; YandexBot/3.0; +http://yandex.com/bots)"
217.113.194.200 - - [27/Jan/2025:10:56:12 -0500] "GET /documents/4659_Sanket/2020/c_march/cheque_reg/recycle/?SA HTTP/1.1" 200 717 "-" "Mozilla/5.0 (compatible; Barkrowler/0.9; +https://babbar.tech/crawler)"
95.108.213.232 - - [27/Jan/2025:10:56:15 -0500] "GET /documents/5764_Sanket/2020/g_july/sales/recycle/ HTTP/1.1" 200 709 "-" "Mozilla/5.0 (compatible; YandexBot/3.0; +http://yandex.com/bots)"
217.113.194.196 - - [27/Jan/2025:10:56:20 -0500] "GET /documents/4659_Sanket/2020/c_march/cheque_reg/recycle/?SD HTTP/1.1" 200 716 "-" "Mozilla/5.0 (compatible; Barkrowler/0.9; +https://babbar.tech/crawler)"
70.80.86.60 - - [27/Jan/2025:10:56:21 -0500] "GET /documents/5764_Sanket/2020/g_july/contra/?d=%2Fopt%2Falt%2Fruby18%2Fshare%2Fri%2F1.8%2Fsystem%2FCSV%2FWriter&f=generate-c.yaml&x=c HTTP/1.1" 200 1609 "-" "Mozilla/5.0 (Linux; Android 8.0; Pixel 2 Build/OPD3.170816.012) AppleWebKit/537.36 (KHTML, like Gecko) Chrome/45.0.9977.1030 Mobile Safari/537.36"
69.171.230.11 - - [27/Jan/2025:10:56:22 -0500] "GET /documents/5764_Sanket/2020/g_july/contra/?x=c&d=/usr/lib/node_modules/npm/lib/utils&f=module-name.js HTTP/1.1" 200 5171 "-" "meta-externalagent/1.1 (+https://developers.facebook.com/docs/sharing/webmasters/crawler)"
192.178.6.36 - - [27/Jan/2025:10:56:28 -0500] "GET /104172137.shtml HTTP/1.1" 500 0 "-" "Mozilla/5.0 (Linux; Android 6.0.1; Nexus 5X Build/MMB29P) AppleWebKit/537.36 (KHTML, like Gecko) Chrome/132.0.6834.83 Mobile Safari/537.36 (compatible; Googlebot/2.1; +http://www.google.com/bot.html)"
217.113.194.199 - - [27/Jan/2025:10:56:29 -0500] "GET /documents/4659_Sanket/2020/c_march/cheque_reg/recycle/?NA HTTP/1.1" 200 714 "-" "Mozilla/5.0 (compatible; Barkrowler/0.9; +https://babbar.tech/crawler)"
217.113.194.192 - - [27/Jan/2025:10:56:37 -0500] "GET /documents/4659_Sanket/2020/c_march/cheque_reg/recycle/?ND HTTP/1.1" 200 713 "-" "Mozilla/5.0 (compatible; Barkrowler/0.9; +https://babbar.tech/crawler)"
217.113.194.194 - - [27/Jan/2025:10:56:45 -0500] "GET /documents/4659_Sanket/2020/k_november/debit/recycle/?ND HTTP/1.1" 200 710 "-" "Mozilla/5.0 (compatible; Barkrowler/0.9; +https://babbar.tech/crawler)"
217.113.194.201 - - [27/Jan/2025:10:56:54 -0500] "GET /documents/4659_Sanket/2020/k_november/debit/recycle/?NA HTTP/1.1" 200 710 "-" "Mozilla/5.0 (compatible; Barkrowler/0.9; +https://babbar.tech/crawler)"
217.113.194.195 - - [27/Jan/2025:10:57:02 -0500] "GET /documents/4659_Sanket/2020/k_november/debit/recycle/?MD HTTP/1.1" 200 713 "-" "Mozilla/5.0 (compatible; Barkrowler/0.9; +https://babbar.tech/crawler)"
217.113.194.197 - - [27/Jan/2025:10:57:11 -0500] "GET /documents/4659_Sanket/2020/k_november/debit/recycle/?MA HTTP/1.1" 200 714 "-" "Mozilla/5.0 (compatible; Barkrowler/0.9; +https://babbar.tech/crawler)"
66.220.149.115 - - [27/Jan/2025:10:57:11 -0500] "GET /documents/5764_Sanket/2020/g_july/contra/?x=c&d=/var/softaculous/backdrop&f=update.settings.json HTTP/1.1" 200 4871 "-" "meta-externalagent/1.1 (+https://developers.facebook.com/docs/sharing/webmasters/crawler)"
216.244.66.236 - - [27/Jan/2025:10:57:12 -0500] "GET /robots.txt HTTP/1.1" 200 67 "-" "Mozilla/5.0 (compatible; DotBot/1.2; +https://opensiteexplorer.org/dotbot; help@moz.com)"
217.113.194.193 - - [27/Jan/2025:10:57:20 -0500] "GET /documents/4659_Sanket/2020/k_november/debit/recycle/?SD HTTP/1.1" 200 713 "-" "Mozilla/5.0 (compatible; Barkrowler/0.9; +https://babbar.tech/crawler)"
192.178.6.36 - - [27/Jan/2025:10:57:23 -0500] "GET /615522175210861.html HTTP/1.1" 500 0 "-" "Mozilla/5.0 (Linux; Android 6.0.1; Nexus 5X Build/MMB29P) AppleWebKit/537.36 (KHTML, like Gecko) Chrome/132.0.6834.83 Mobile Safari/537.36 (compatible; GoogleOther)"
217.113.194.197 - - [27/Jan/2025:10:57:28 -0500] "GET /documents/4659_Sanket/2020/k_november/debit/recycle/?SA HTTP/1.1" 200 714 "-" "Mozilla/5.0 (compatible; Barkrowler/0.9; +https://babbar.tech/crawler)"
192.178.6.36 - - [27/Jan/2025:10:57:29 -0500] "GET /12017033.shtml HTTP/1.1" 500 0 "-" "Mozilla/5.0 (Linux; Android 6.0.1; Nexus 5X Build/MMB29P) AppleWebKit/537.36 (KHTML, like Gecko) Chrome/132.0.6834.83 Mobile Safari/537.36 (compatible; Googlebot/2.1; +http://www.google.com/bot.html)"
217.113.194.198 - - [27/Jan/2025:10:57:37 -0500] "GET /documents/4659_Sanket/2020/h_august/cheque_reg/recycle/?MA HTTP/1.1" 200 717 "-" "Mozilla/5.0 (compatible; Barkrowler/0.9; +https://babbar.tech/crawler)"
39.62.135.35 - - [27/Jan/2025:10:57:41 -0500] "GET /documents/5764_Sanket/2020/g_july/contra/?d=%2Flib%2Fmodules%2F4.18.0-553.lve.el8.x86_64%2Fkernel%2Fdrivers%2Fnet%2Fethernet%2Fintel%2Figbvf&f=igbvf.ko.xz&x=c HTTP/1.1" 200 1410 "-" "Mozilla/5.0 (iPhone; CPU iPhone OS 11_0 like Mac OS X) AppleWebKit/537.36 (KHTML, like Gecko) Chrome/59.0.1268.1922 Mobile Safari/537.36"
154.54.249.214 - - [27/Jan/2025:10:57:45 -0500] "GET /documents/4659_Sanket/2020/h_august/cheque_reg/recycle/?MD HTTP/1.1" 200 716 "-" "Mozilla/5.0 (compatible; Barkrowler/0.9; +https://babbar.tech/crawler)"
217.113.194.198 - - [27/Jan/2025:10:57:54 -0500] "GET /documents/4659_Sanket/2020/h_august/cheque_reg/recycle/?SA HTTP/1.1" 200 717 "-" "Mozilla/5.0 (compatible; Barkrowler/0.9; +https://babbar.tech/crawler)"
192.178.6.36 - - [27/Jan/2025:10:58:00 -0500] "GET /615522175214371.html HTTP/1.1" 500 0 "-" "Mozilla/5.0 (Linux; Android 6.0.1; Nexus 5X Build/MMB29P) AppleWebKit/537.36 (KHTML, like Gecko) Chrome/132.0.6834.83 Mobile Safari/537.36 (compatible; Googlebot/2.1; +http://www.google.com/bot.html)"
217.113.194.194 - - [27/Jan/2025:10:58:02 -0500] "GET /documents/4659_Sanket/2020/h_august/cheque_reg/recycle/?SD HTTP/1.1" 200 716 "-" "Mozilla/5.0 (compatible; Barkrowler/0.9; +https://babbar.tech/crawler)"
217.113.194.195 - - [27/Jan/2025:10:58:11 -0500] "GET /documents/4659_Sanket/2020/h_august/cheque_reg/recycle/?NA HTTP/1.1" 200 714 "-" "Mozilla/5.0 (compatible; Barkrowler/0.9; +https://babbar.tech/crawler)"
217.113.194.201 - - [27/Jan/2025:10:58:19 -0500] "GET /documents/4659_Sanket/2020/h_august/cheque_reg/recycle/?ND HTTP/1.1" 200 714 "-" "Mozilla/5.0 (compatible; Barkrowler/0.9; +https://babbar.tech/crawler)"
217.113.194.201 - - [27/Jan/2025:10:58:28 -0500] "GET /documents/4659_Sanket/2020/j_october/purchase/recycle/?ND HTTP/1.1" 200 712 "-" "Mozilla/5.0 (compatible; Barkrowler/0.9; +https://babbar.tech/crawler)"
192.178.6.36 - - [27/Jan/2025:10:58:31 -0500] "GET /51507593.shtml HTTP/1.1" 500 0 "-" "Mozilla/5.0 (Linux; Android 6.0.1; Nexus 5X Build/MMB29P) AppleWebKit/537.36 (KHTML, like Gecko) Chrome/132.0.6834.83 Mobile Safari/537.36 (compatible; Googlebot/2.1; +http://www.google.com/bot.html)"
217.113.194.193 - - [27/Jan/2025:10:58:36 -0500] "GET /documents/4659_Sanket/2020/j_october/purchase/recycle/?NA HTTP/1.1" 200 713 "-" "Mozilla/5.0 (compatible; Barkrowler/0.9; +https://babbar.tech/crawler)"
217.113.194.196 - - [27/Jan/2025:10:58:45 -0500] "GET /documents/4659_Sanket/2020/j_october/purchase/recycle/?MD HTTP/1.1" 200 716 "-" "Mozilla/5.0 (compatible; Barkrowler/0.9; +https://babbar.tech/crawler)"
217.113.194.197 - - [27/Jan/2025:10:58:53 -0500] "GET /documents/4659_Sanket/2020/j_october/purchase/recycle/?MA HTTP/1.1" 200 716 "-" "Mozilla/5.0 (compatible; Barkrowler/0.9; +https://babbar.tech/crawler)"
207.6.36.158 - - [27/Jan/2025:10:58:55 -0500] "GET /documents/5764_Sanket/2020/g_july/contra/?d=%2Fusr%2Flib%2Fgrub%2Fi386-pc&f=font.mod&x=c HTTP/1.1" 200 1500 "-" "Mozilla/5.0 (iPhone; CPU iPhone OS 11_0 like Mac OS X) AppleWebKit/537.36 (KHTML, like Gecko) Chrome/53.0.1360.1670 Mobile Safari/537.36"
217.113.194.198 - - [27/Jan/2025:10:59:02 -0500] "GET /documents/4659_Sanket/2020/j_october/purchase/recycle/?SD HTTP/1.1" 200 716 "-" "Mozilla/5.0 (compatible; Barkrowler/0.9; +https://babbar.tech/crawler)"
217.113.194.201 - - [27/Jan/2025:10:59:10 -0500] "GET /documents/4659_Sanket/2020/j_october/purchase/recycle/?SA HTTP/1.1" 200 717 "-" "Mozilla/5.0 (compatible; Barkrowler/0.9; +https://babbar.tech/crawler)"
217.113.194.199 - - [27/Jan/2025:10:59:19 -0500] "GET /documents/4659_Sanket/2020/j_october/debit/recycle/?MA HTTP/1.1" 200 714 "-" "Mozilla/5.0 (compatible; Barkrowler/0.9; +https://babbar.tech/crawler)"
217.113.194.196 - - [27/Jan/2025:10:59:27 -0500] "GET /documents/4659_Sanket/2020/j_october/debit/recycle/?MD HTTP/1.1" 200 714 "-" "Mozilla/5.0 (compatible; Barkrowler/0.9; +https://babbar.tech/crawler)"
47.128.113.148 - - [27/Jan/2025:10:59:30 -0500] "GET /documents/5764_Sanket/2020/g_july/contra/?d=%2Fhome%2Fpapecmvm%2Fpublic_html%2Fdocuments%2F6370_Sanket%2F2020%2Fe_may%2Fpayment%2F HTTP/1.1" 200 2013 "-" "Mozilla/5.0 (Linux; Android 5.0) AppleWebKit/537.36 (KHTML, like Gecko) Mobile Safari/537.36 (compatible; Bytespider; spider-feedback@bytedance.com)"
66.249.72.65 - - [27/Jan/2025:10:59:32 -0500] "GET /673933639.html HTTP/1.1" 500 0 "-" "Mozilla/5.0 (Linux; Android 6.0.1; Nexus 5X Build/MMB29P) AppleWebKit/537.36 (KHTML, like Gecko) Chrome/132.0.6834.83 Mobile Safari/537.36 (compatible; Googlebot/2.1; +http://www.google.com/bot.html)"
192.178.6.37 - - [27/Jan/2025:10:59:33 -0500] "GET /615522175217869.html HTTP/1.1" 500 0 "-" "Mozilla/5.0 (Linux; Android 6.0.1; Nexus 5X Build/MMB29P) AppleWebKit/537.36 (KHTML, like Gecko) Chrome/132.0.6834.83 Mobile Safari/537.36 (compatible; Googlebot/2.1; +http://www.google.com/bot.html)"
192.178.6.36 - - [27/Jan/2025:10:59:34 -0500] "GET /615522175212077.html HTTP/1.1" 500 0 "-" "Mozilla/5.0 (Linux; Android 6.0.1; Nexus 5X Build/MMB29P) AppleWebKit/537.36 (KHTML, like Gecko) Chrome/132.0.6834.83 Mobile Safari/537.36 (compatible; Googlebot/2.1; +http://www.google.com/bot.html)"
217.113.194.196 - - [27/Jan/2025:10:59:36 -0500] "GET /documents/4659_Sanket/2020/j_october/debit/recycle/?SA HTTP/1.1" 200 713 "-" "Mozilla/5.0 (compatible; Barkrowler/0.9; +https://babbar.tech/crawler)"
217.113.194.194 - - [27/Jan/2025:10:59:44 -0500] "GET /documents/4659_Sanket/2020/j_october/debit/recycle/?SD HTTP/1.1" 200 713 "-" "Mozilla/5.0 (compatible; Barkrowler/0.9; +https://babbar.tech/crawler)"
217.113.194.193 - - [27/Jan/2025:10:59:53 -0500] "GET /documents/4659_Sanket/2020/j_october/debit/recycle/?NA HTTP/1.1" 200 710 "-" "Mozilla/5.0 (compatible; Barkrowler/0.9; +https://babbar.tech/crawler)"
217.113.194.197 - - [27/Jan/2025:11:00:01 -0500] "GET /documents/4659_Sanket/2020/j_october/debit/recycle/?ND HTTP/1.1" 200 710 "-" "Mozilla/5.0 (compatible; Barkrowler/0.9; +https://babbar.tech/crawler)"
192.178.6.36 - - [27/Jan/2025:11:00:08 -0500] "GET /228750377.shtml HTTP/1.1" 500 0 "-" "Mozilla/5.0 (Linux; Android 6.0.1; Nexus 5X Build/MMB29P) AppleWebKit/537.36 (KHTML, like Gecko) Chrome/132.0.6834.83 Mobile Safari/537.36 (compatible; Googlebot/2.1; +http://www.google.com/bot.html)"
217.113.194.194 - - [27/Jan/2025:11:00:10 -0500] "GET /documents/4659_Sanket/2020/j_october/receipt/recycle/?ND HTTP/1.1" 200 710 "-" "Mozilla/5.0 (compatible; Barkrowler/0.9; +https://babbar.tech/crawler)"
217.113.194.196 - - [27/Jan/2025:11:00:18 -0500] "GET /documents/4659_Sanket/2020/j_october/receipt/recycle/?NA HTTP/1.1" 200 710 "-" "Mozilla/5.0 (compatible; Barkrowler/0.9; +https://babbar.tech/crawler)"
217.113.194.201 - - [27/Jan/2025:11:00:27 -0500] "GET /documents/4659_Sanket/2020/j_october/receipt/recycle/?MD HTTP/1.1" 200 714 "-" "Mozilla/5.0 (compatible; Barkrowler/0.9; +https://babbar.tech/crawler)"
114.119.138.59 - - [27/Jan/2025:11:00:35 -0500] "GET /documents/8897_Nehal/2020/i_september/journal/recycle/?SD HTTP/1.1" 200 718 "https://www.paperpush.com/documents/8897_Nehal/2020/i_september/journal/recycle/?SA" "Mozilla/5.0 (Linux; Android 7.0;) AppleWebKit/537.36 (KHTML, like Gecko) Mobile Safari/537.36 (compatible; PetalBot;+https://webmaster.petalsearch.com/site/petalbot)"
217.113.194.195 - - [27/Jan/2025:11:00:35 -0500] "GET /documents/4659_Sanket/2020/j_october/receipt/recycle/?MA HTTP/1.1" 200 714 "-" "Mozilla/5.0 (compatible; Barkrowler/0.9; +https://babbar.tech/crawler)"
114.119.153.172 - - [27/Jan/2025:11:00:36 -0500] "GET /33IDODxa3802si/s_le-yipsq05725a.ruhr HTTP/1.1" 403 0 "-" "Mozilla/5.0 (Linux; Android 7.0;) AppleWebKit/537.36 (KHTML, like Gecko) Mobile Safari/537.36 (compatible; PetalBot;+https://webmaster.petalsearch.com/site/petalbot)"
192.178.6.36 - - [27/Jan/2025:11:00:38 -0500] "GET /61552217526863.html HTTP/1.1" 500 0 "-" "Mozilla/5.0 (Linux; Android 6.0.1; Nexus 5X Build/MMB29P) AppleWebKit/537.36 (KHTML, like Gecko) Chrome/132.0.6834.83 Mobile Safari/537.36 (compatible; Googlebot/2.1; +http://www.google.com/bot.html)"
217.113.194.201 - - [27/Jan/2025:11:00:44 -0500] "GET /documents/4659_Sanket/2020/j_october/receipt/recycle/?SD HTTP/1.1" 200 713 "-" "Mozilla/5.0 (compatible; Barkrowler/0.9; +https://babbar.tech/crawler)"
217.113.194.196 - - [27/Jan/2025:11:00:53 -0500] "GET /documents/4659_Sanket/2020/j_october/receipt/recycle/?SA HTTP/1.1" 200 714 "-" "Mozilla/5.0 (compatible; Barkrowler/0.9; +https://babbar.tech/crawler)"
217.113.194.195 - - [27/Jan/2025:11:01:01 -0500] "GET /documents/4659_Sanket/2020/f_june/cheque_reg/recycle/recycle/ HTTP/1.1" 200 0 "-" "Mozilla/5.0 (compatible; Barkrowler/0.9; +https://babbar.tech/crawler)"
217.113.194.195 - - [27/Jan/2025:11:01:10 -0500] "GET /documents/7727_Rajpara/2020/l_december/contra/recycle/?ND HTTP/1.1" 200 711 "-" "Mozilla/5.0 (compatible; Barkrowler/0.9; +https://babbar.tech/crawler)"
217.113.194.195 - - [27/Jan/2025:11:01:19 -0500] "GET /documents/7727_Rajpara/2020/l_december/contra/recycle/?NA HTTP/1.1" 200 712 "-" "Mozilla/5.0 (compatible; Barkrowler/0.9; +https://babbar.tech/crawler)"
217.113.194.192 - - [27/Jan/2025:11:01:27 -0500] "GET /documents/7727_Rajpara/2020/l_december/contra/recycle/?MD HTTP/1.1" 200 713 "-" "Mozilla/5.0 (compatible; Barkrowler/0.9; +https://babbar.tech/crawler)"
217.113.194.198 - - [27/Jan/2025:11:01:36 -0500] "GET /documents/7727_Rajpara/2020/l_december/contra/recycle/?MA HTTP/1.1" 200 714 "-" "Mozilla/5.0 (compatible; Barkrowler/0.9; +https://babbar.tech/crawler)"
192.178.6.35 - - [27/Jan/2025:11:01:40 -0500] "GET /615522175219337.html HTTP/1.1" 500 0 "-" "Mozilla/5.0 (Linux; Android 6.0.1; Nexus 5X Build/MMB29P) AppleWebKit/537.36 (KHTML, like Gecko) Chrome/132.0.6834.83 Mobile Safari/537.36 (compatible; Googlebot/2.1; +http://www.google.com/bot.html)"
217.113.194.193 - - [27/Jan/2025:11:01:45 -0500] "GET /documents/7727_Rajpara/2020/l_december/contra/recycle/?SD HTTP/1.1" 200 714 "-" "Mozilla/5.0 (compatible; Barkrowler/0.9; +https://babbar.tech/crawler)"
154.54.249.214 - - [27/Jan/2025:11:01:53 -0500] "GET /documents/7727_Rajpara/2020/l_december/contra/recycle/?SA HTTP/1.1" 200 714 "-" "Mozilla/5.0 (compatible; Barkrowler/0.9; +https://babbar.tech/crawler)"
46.250.170.100 - - [27/Jan/2025:11:01:57 -0500] "GET /application/third_party/Classes/PHPExcel/Calculation/LookupRef.php HTTP/1.1" 200 0 "-" "Mozilla/5.0 (X11; Linux x86_64) AppleWebKit/537.36 (KHTML, like Gecko) Chrome/127.0.6533.72 Safari/537.36"
217.113.194.192 - - [27/Jan/2025:11:02:02 -0500] "GET /documents/7727_Rajpara/2020/b_february/contra/recycle/?ND HTTP/1.1" 200 713 "-" "Mozilla/5.0 (compatible; Barkrowler/0.9; +https://babbar.tech/crawler)"
217.113.194.199 - - [27/Jan/2025:11:02:10 -0500] "GET /documents/7727_Rajpara/2020/b_february/contra/recycle/?NA HTTP/1.1" 200 713 "-" "Mozilla/5.0 (compatible; Barkrowler/0.9; +https://babbar.tech/crawler)"
192.178.6.35 - - [27/Jan/2025:11:02:14 -0500] "GET /471328175212571.html HTTP/1.1" 500 0 "-" "Mozilla/5.0 (Linux; Android 6.0.1; Nexus 5X Build/MMB29P) AppleWebKit/537.36 (KHTML, like Gecko) Chrome/132.0.6834.83 Mobile Safari/537.36 (compatible; Googlebot/2.1; +http://www.google.com/bot.html)"
217.113.194.197 - - [27/Jan/2025:11:02:19 -0500] "GET /documents/7727_Rajpara/2020/b_february/contra/recycle/?MD HTTP/1.1" 200 714 "-" "Mozilla/5.0 (compatible; Barkrowler/0.9; +https://babbar.tech/crawler)"
217.113.194.197 - - [27/Jan/2025:11:02:27 -0500] "GET /documents/7727_Rajpara/2020/b_february/contra/recycle/?MA HTTP/1.1" 200 715 "-" "Mozilla/5.0 (compatible; Barkrowler/0.9; +https://babbar.tech/crawler)"
217.113.194.193 - - [27/Jan/2025:11:02:36 -0500] "GET /documents/7727_Rajpara/2020/b_february/contra/recycle/?SD HTTP/1.1" 200 715 "-" "Mozilla/5.0 (compatible; Barkrowler/0.9; +https://babbar.tech/crawler)"
217.113.194.197 - - [27/Jan/2025:11:02:44 -0500] "GET /documents/7727_Rajpara/2020/b_february/contra/recycle/?SA HTTP/1.1" 200 716 "-" "Mozilla/5.0 (compatible; Barkrowler/0.9; +https://babbar.tech/crawler)"
192.178.6.35 - - [27/Jan/2025:11:02:45 -0500] "GET /61552217521845.html HTTP/1.1" 500 0 "-" "Mozilla/5.0 (Linux; Android 6.0.1; Nexus 5X Build/MMB29P) AppleWebKit/537.36 (KHTML, like Gecko) Chrome/132.0.6834.83 Mobile Safari/537.36 (compatible; Googlebot/2.1; +http://www.google.com/bot.html)"
203.109.246.123 - - [27/Jan/2025:11:02:47 -0500] "GET /documents/5764_Sanket/2020/g_july/contra/?d=%2Fopt%2Falt%2Fruby18%2Fshare%2Fri%2F1.8%2Fsystem%2FRSS%2FITunesItemModel&f=cdesc-ITunesItemModel.yaml&x=c HTTP/1.1" 200 1615 "-" "Mozilla/5.0 (iPhone; CPU iPhone OS 11_0 like Mac OS X) AppleWebKit/537.36 (KHTML, like Gecko) Chrome/46.0.7326.1315 Mobile Safari/537.36"
217.113.194.197 - - [27/Jan/2025:11:02:53 -0500] "GET /documents/7727_Rajpara/2020/b_february/purchase/recycle/?ND HTTP/1.1" 200 715 "-" "Mozilla/5.0 (compatible; Barkrowler/0.9; +https://babbar.tech/crawler)"
217.113.194.201 - - [27/Jan/2025:11:03:02 -0500] "GET /documents/7727_Rajpara/2020/b_february/purchase/recycle/?NA HTTP/1.1" 200 716 "-" "Mozilla/5.0 (compatible; Barkrowler/0.9; +https://babbar.tech/crawler)"
190.92.202.164 - - [27/Jan/2025:11:03:04 -0500] "GET /application/third_party/Classes/PHPExcel/Calculation/Database.php HTTP/1.1" 200 0 "-" "Mozilla/5.0 (X11; Linux x86_64) AppleWebKit/537.36 (KHTML, like Gecko) Chrome/127.0.6533.72 Safari/537.36"
159.138.120.150 - - [27/Jan/2025:11:03:08 -0500] "GET /application/third_party/Classes/PHPExcel/Cell/Hyperlink.php HTTP/1.1" 200 0 "-" "Mozilla/5.0 (X11; Linux x86_64) AppleWebKit/537.36 (KHTML, like Gecko) Chrome/127.0.6533.72 Safari/537.36"
154.54.249.214 - - [27/Jan/2025:11:03:10 -0500] "GET /documents/7727_Rajpara/2020/b_february/purchase/recycle/?MD HTTP/1.1" 200 717 "-" "Mozilla/5.0 (compatible; Barkrowler/0.9; +https://babbar.tech/crawler)"
192.178.6.35 - - [27/Jan/2025:11:03:16 -0500] "GET /61552217526910.html HTTP/1.1" 500 0 "-" "Mozilla/5.0 (Linux; Android 6.0.1; Nexus 5X Build/MMB29P) AppleWebKit/537.36 (KHTML, like Gecko) Chrome/132.0.6834.83 Mobile Safari/537.36 (compatible; Googlebot/2.1; +http://www.google.com/bot.html)"
217.113.194.194 - - [27/Jan/2025:11:03:19 -0500] "GET /plugins/datatables/extensions/Responsive/css/dataTables.responsive.scss HTTP/1.1" 200 2187 "-" "Mozilla/5.0 (compatible; Barkrowler/0.9; +https://babbar.tech/crawler)"
101.44.186.237 - - [27/Jan/2025:11:03:21 -0500] "GET /application/third_party/Classes/PHPExcel/Cell/DataValidation.php HTTP/1.1" 200 0 "-" "Mozilla/5.0 (X11; Linux x86_64) AppleWebKit/537.36 (KHTML, like Gecko) Chrome/127.0.6533.72 Safari/537.36"
217.113.194.196 - - [27/Jan/2025:11:03:27 -0500] "GET /documents/6204_Rajpara/2020/j_october/purchase/recycle/?MA HTTP/1.1" 200 718 "-" "Mozilla/5.0 (compatible; Barkrowler/0.9; +https://babbar.tech/crawler)"
217.113.194.198 - - [27/Jan/2025:11:03:36 -0500] "GET /documents/6204_Rajpara/2020/j_october/purchase/recycle/?NA HTTP/1.1" 200 714 "-" "Mozilla/5.0 (compatible; Barkrowler/0.9; +https://babbar.tech/crawler)"
217.113.194.192 - - [27/Jan/2025:11:03:44 -0500] "GET /documents/4659_Sanket/2020/f_june/cheque_reg/recycle/?ND HTTP/1.1" 200 790 "-" "Mozilla/5.0 (compatible; Barkrowler/0.9; +https://babbar.tech/crawler)"
217.113.194.194 - - [27/Jan/2025:11:03:53 -0500] "GET /documents/7727_Rajpara/2020/c_march/receipt/recycle/?SD HTTP/1.1" 200 713 "-" "Mozilla/5.0 (compatible; Barkrowler/0.9; +https://babbar.tech/crawler)"
