192.95.30.12 - - [27/Jan/2025:18:11:27 -0500] "GET /documents/9242_New/2020/e_may/journal/recycle/?ND HTTP/1.1" 200 635 "-" "Mozilla/5.0 (compatible; MJ12bot/v1.4.8; http://mj12bot.com/)"
192.95.30.12 - - [27/Jan/2025:18:11:29 -0500] "GET /documents/9242_New/2020/e_may/journal/recycle/?SA HTTP/1.1" 200 641 "-" "Mozilla/5.0 (compatible; MJ12bot/v1.4.8; http://mj12bot.com/)"
192.95.30.12 - - [27/Jan/2025:18:11:31 -0500] "GET /documents/9242_New/2020/e_may/journal/recycle/?SD HTTP/1.1" 200 640 "-" "Mozilla/5.0 (compatible; MJ12bot/v1.4.8; http://mj12bot.com/)"
192.95.30.12 - - [27/Jan/2025:18:11:34 -0500] "GET /documents/9242_New/2020/f_june/purchase/recycle/?MA HTTP/1.1" 200 575 "-" "Mozilla/5.0 (compatible; MJ12bot/v1.4.8; http://mj12bot.com/)"
192.95.30.12 - - [27/Jan/2025:18:11:36 -0500] "GET /documents/9242_New/2020/f_june/purchase/recycle/?NA HTTP/1.1" 200 571 "-" "Mozilla/5.0 (compatible; MJ12bot/v1.4.8; http://mj12bot.com/)"
192.95.30.12 - - [27/Jan/2025:18:11:38 -0500] "GET /documents/9242_New/2020/h_august/contra/?MA HTTP/1.1" 200 640 "-" "Mozilla/5.0 (compatible; MJ12bot/v1.4.8; http://mj12bot.com/)"
192.95.30.12 - - [27/Jan/2025:18:11:40 -0500] "GET /documents/9242_New/2020/h_august/payment/?ND HTTP/1.1" 200 635 "-" "Mozilla/5.0 (compatible; MJ12bot/v1.4.8; http://mj12bot.com/)"
192.95.30.12 - - [27/Jan/2025:18:11:42 -0500] "GET /documents/9242_New/2020/h_august/payment/recycle/?MA HTTP/1.1" 200 575 "-" "Mozilla/5.0 (compatible; MJ12bot/v1.4.8; http://mj12bot.com/)"
192.95.30.12 - - [27/Jan/2025:18:11:43 -0500] "GET /documents/9242_New/2020/h_august/payment/recycle/?SA HTTP/1.1" 200 575 "-" "Mozilla/5.0 (compatible; MJ12bot/v1.4.8; http://mj12bot.com/)"
192.95.30.12 - - [27/Jan/2025:18:11:46 -0500] "GET /documents/9242_New/2020/h_august/sales/?SD HTTP/1.1" 200 641 "-" "Mozilla/5.0 (compatible; MJ12bot/v1.4.8; http://mj12bot.com/)"
192.95.30.12 - - [27/Jan/2025:18:11:49 -0500] "GET /documents/9242_New/2020/i_september/payment/recycle/?MA HTTP/1.1" 200 577 "-" "Mozilla/5.0 (compatible; MJ12bot/v1.4.8; http://mj12bot.com/)"
192.95.30.12 - - [27/Jan/2025:18:11:51 -0500] "GET /documents/9242_New/2020/i_september/payment/recycle/?ND HTTP/1.1" 200 572 "-" "Mozilla/5.0 (compatible; MJ12bot/v1.4.8; http://mj12bot.com/)"
192.95.30.12 - - [27/Jan/2025:18:11:52 -0500] "GET /documents/9242_New/2020/i_september/payment/recycle/?SA HTTP/1.1" 200 577 "-" "Mozilla/5.0 (compatible; MJ12bot/v1.4.8; http://mj12bot.com/)"
24.86.141.200 - - [27/Jan/2025:18:11:55 -0500] "GET /plugins_old/iCheck/futurico/?path=%2F%2Fproc%2Fthread-self%2Froot%2Fproc%2Fself%2Froot%2Fvar%2Flib%2Fmysql%2Fshemwmfx_wp45 HTTP/1.1" 200 1266 "-" "Mozilla/5.0 (Linux; Android 6.0; Nexus 5 Build/MRA58N) AppleWebKit/537.36 (KHTML, like Gecko) Chrome/47.0.6411.1865 Mobile Safari/537.36"
192.95.30.12 - - [27/Jan/2025:18:11:55 -0500] "GET /documents/9242_New/2020/i_september/purchase/recycle/?MA HTTP/1.1" 200 576 "-" "Mozilla/5.0 (compatible; MJ12bot/v1.4.8; http://mj12bot.com/)"
24.86.141.200 - - [27/Jan/2025:18:11:55 -0500] "GET /plugins_old/iCheck/futurico/?path=%2F%2Fproc%2Fthread-self%2Froot%2Fproc%2Fself%2Froot%2Fvar%2Flib%2Fmysql%2Fshemwmfx_wp45 HTTP/1.1" 200 3989 "https://www.paperpush.com/plugins_old/iCheck/futurico/?path=%2F%2Fproc%2Fthread-self%2Froot%2Fproc%2Fself%2Froot%2Fvar%2Flib%2Fmysql%2Fshemwmfx_wp45" "Mozilla/5.0 (Linux; Android 6.0; Nexus 5 Build/MRA58N) AppleWebKit/537.36 (KHTML, like Gecko) Chrome/47.0.6411.1865 Mobile Safari/537.36"
192.95.30.12 - - [27/Jan/2025:18:11:56 -0500] "GET /documents/9242_New/2020/i_september/purchase/recycle/?ND HTTP/1.1" 200 572 "-" "Mozilla/5.0 (compatible; MJ12bot/v1.4.8; http://mj12bot.com/)"
192.95.30.12 - - [27/Jan/2025:18:11:58 -0500] "GET /documents/9242_New/2020/i_september/purchase/recycle/?SA HTTP/1.1" 200 577 "-" "Mozilla/5.0 (compatible; MJ12bot/v1.4.8; http://mj12bot.com/)"
192.95.30.12 - - [27/Jan/2025:18:12:00 -0500] "GET /documents/9242_New/2020/i_september/receipt/recycle/?MD HTTP/1.1" 200 578 "-" "Mozilla/5.0 (compatible; MJ12bot/v1.4.8; http://mj12bot.com/)"
192.95.30.12 - - [27/Jan/2025:18:12:03 -0500] "GET /documents/9242_New/2020/i_september/reports/recycle/?MD HTTP/1.1" 200 577 "-" "Mozilla/5.0 (compatible; MJ12bot/v1.4.8; http://mj12bot.com/)"
192.95.30.12 - - [27/Jan/2025:18:12:05 -0500] "GET /documents/9242_New/2020/j_october/others/recycle/?MD HTTP/1.1" 200 577 "-" "Mozilla/5.0 (compatible; MJ12bot/v1.4.8; http://mj12bot.com/)"
192.95.30.12 - - [27/Jan/2025:18:12:06 -0500] "GET /documents/9242_New/2020/j_october/receipt/recycle/?MA HTTP/1.1" 200 577 "-" "Mozilla/5.0 (compatible; MJ12bot/v1.4.8; http://mj12bot.com/)"
192.95.30.12 - - [27/Jan/2025:18:12:09 -0500] "GET /documents/9242_New/2020/j_october/sales/recycle/?MD HTTP/1.1" 200 577 "-" "Mozilla/5.0 (compatible; MJ12bot/v1.4.8; http://mj12bot.com/)"
192.95.30.12 - - [27/Jan/2025:18:12:13 -0500] "GET /documents/9242_New/2020/k_november/?SD HTTP/1.1" 200 1126 "-" "Mozilla/5.0 (compatible; MJ12bot/v1.4.8; http://mj12bot.com/)"
192.95.30.12 - - [27/Jan/2025:18:12:15 -0500] "GET /documents/9242_New/2020/l_december/bank/recycle/?MA HTTP/1.1" 200 576 "-" "Mozilla/5.0 (compatible; MJ12bot/v1.4.8; http://mj12bot.com/)"
192.95.30.12 - - [27/Jan/2025:18:12:17 -0500] "GET /documents/9242_New/2020/l_december/bank/recycle/?ND HTTP/1.1" 200 572 "-" "Mozilla/5.0 (compatible; MJ12bot/v1.4.8; http://mj12bot.com/)"
192.95.30.12 - - [27/Jan/2025:18:12:20 -0500] "GET /documents/9242_New/2020/l_december/bank/recycle/?SA HTTP/1.1" 200 575 "-" "Mozilla/5.0 (compatible; MJ12bot/v1.4.8; http://mj12bot.com/)"
192.95.30.12 - - [27/Jan/2025:18:12:23 -0500] "GET /documents/9242_New/2020/l_december/cheque_reg/recycle/?MA HTTP/1.1" 200 580 "-" "Mozilla/5.0 (compatible; MJ12bot/v1.4.8; http://mj12bot.com/)"
192.95.30.12 - - [27/Jan/2025:18:12:25 -0500] "GET /documents/9242_New/2020/l_december/cheque_reg/recycle/?SA HTTP/1.1" 200 582 "-" "Mozilla/5.0 (compatible; MJ12bot/v1.4.8; http://mj12bot.com/)"
192.95.30.12 - - [27/Jan/2025:18:12:28 -0500] "GET /documents/9242_New/2020/l_december/reports/recycle/?NA HTTP/1.1" 200 572 "-" "Mozilla/5.0 (compatible; MJ12bot/v1.4.8; http://mj12bot.com/)"
192.95.30.12 - - [27/Jan/2025:18:12:31 -0500] "GET /plugins/ckeditor/lang/?MD HTTP/1.1" 200 2076 "-" "Mozilla/5.0 (compatible; MJ12bot/v1.4.8; http://mj12bot.com/)"
192.95.30.12 - - [27/Jan/2025:18:12:33 -0500] "GET /plugins/ckeditor/lang/?ND HTTP/1.1" 200 2087 "-" "Mozilla/5.0 (compatible; MJ12bot/v1.4.8; http://mj12bot.com/)"
192.95.30.12 - - [27/Jan/2025:18:12:36 -0500] "GET /plugins/ckeditor/lang/?SA HTTP/1.1" 200 2105 "-" "Mozilla/5.0 (compatible; MJ12bot/v1.4.8; http://mj12bot.com/)"
192.95.30.12 - - [27/Jan/2025:18:12:37 -0500] "GET /plugins/ckeditor/lang/?SD HTTP/1.1" 200 2106 "-" "Mozilla/5.0 (compatible; MJ12bot/v1.4.8; http://mj12bot.com/)"
192.95.30.12 - - [27/Jan/2025:18:12:40 -0500] "GET /plugins/ckeditor/plugins/about/about/?MD HTTP/1.1" 200 551 "-" "Mozilla/5.0 (compatible; MJ12bot/v1.4.8; http://mj12bot.com/)"
192.95.30.12 - - [27/Jan/2025:18:12:43 -0500] "GET /plugins/ckeditor/plugins/about/about/?ND HTTP/1.1" 200 549 "-" "Mozilla/5.0 (compatible; MJ12bot/v1.4.8; http://mj12bot.com/)"
192.95.30.12 - - [27/Jan/2025:18:12:45 -0500] "GET /plugins/ckeditor/plugins/image/lang/?SD HTTP/1.1" 200 1937 "-" "Mozilla/5.0 (compatible; MJ12bot/v1.4.8; http://mj12bot.com/)"
192.95.30.12 - - [27/Jan/2025:18:12:47 -0500] "GET /plugins/ckeditor/plugins/imgupload_2.1/?MD HTTP/1.1" 200 662 "-" "Mozilla/5.0 (compatible; MJ12bot/v1.4.8; http://mj12bot.com/)"
192.95.30.12 - - [27/Jan/2025:18:12:49 -0500] "GET /plugins/ckeditor/plugins/imgupload_2.1/?ND HTTP/1.1" 200 660 "-" "Mozilla/5.0 (compatible; MJ12bot/v1.4.8; http://mj12bot.com/)"
192.95.30.12 - - [27/Jan/2025:18:12:50 -0500] "GET /plugins/ckeditor/plugins/imgupload_2.1/?SA HTTP/1.1" 200 669 "-" "Mozilla/5.0 (compatible; MJ12bot/v1.4.8; http://mj12bot.com/)"
192.95.30.12 - - [27/Jan/2025:18:12:53 -0500] "GET /plugins/ckeditor/plugins/link/?MA HTTP/1.1" 200 639 "-" "Mozilla/5.0 (compatible; MJ12bot/v1.4.8; http://mj12bot.com/)"
192.95.30.12 - - [27/Jan/2025:18:12:56 -0500] "GET /plugins/ckeditor/plugins/link/?MD HTTP/1.1" 200 639 "-" "Mozilla/5.0 (compatible; MJ12bot/v1.4.8; http://mj12bot.com/)"
192.95.30.12 - - [27/Jan/2025:18:12:59 -0500] "GET /plugins/ckeditor/plugins/link/?NA HTTP/1.1" 200 633 "-" "Mozilla/5.0 (compatible; MJ12bot/v1.4.8; http://mj12bot.com/)"
192.95.30.12 - - [27/Jan/2025:18:13:01 -0500] "GET /plugins/ckeditor/plugins/link/?ND HTTP/1.1" 200 634 "-" "Mozilla/5.0 (compatible; MJ12bot/v1.4.8; http://mj12bot.com/)"
192.178.6.37 - - [27/Jan/2025:18:13:03 -0500] "GET /153438665.shtml HTTP/1.1" 500 0 "-" "Mozilla/5.0 (Linux; Android 6.0.1; Nexus 5X Build/MMB29P) AppleWebKit/537.36 (KHTML, like Gecko) Chrome/132.0.6834.83 Mobile Safari/537.36 (compatible; Googlebot/2.1; +http://www.google.com/bot.html)"
192.95.30.12 - - [27/Jan/2025:18:13:04 -0500] "GET /plugins/ckeditor/plugins/link/?SA HTTP/1.1" 200 640 "-" "Mozilla/5.0 (compatible; MJ12bot/v1.4.8; http://mj12bot.com/)"
192.178.6.36 - - [27/Jan/2025:18:13:04 -0500] "GET /?_gl=1*1ix4f11*_gcl_au*MTYxMTI1OTI3MS4xNzIxODg2NjU0*_ga*ODYyMzk4MzA3LjE2OTk0NTM1Nzg.*_ga_7H42SVMQ0V*MTcyMTg4NjY1NS4xMjEuMS4xNzIxODg2NjY5LjQ2LjAuMA..&_ga=2.198040047.1958808748.1721886654-862398307.1699453578&_bdsid=2ulvIJ.n~ZXCIW.1721886656070.1721886848&_bd_prev_page=https://www.paperpush.com/detail.php?qxjuu/j1475544.html HTTP/1.1" 500 0 "-" "Mozilla/5.0 (Linux; Android 6.0.1; Nexus 5X Build/MMB29P) AppleWebKit/537.36 (KHTML, like Gecko) Chrome/132.0.6834.83 Mobile Safari/537.36 (compatible; Googlebot/2.1; +http://www.google.com/bot.html)"
192.95.30.12 - - [27/Jan/2025:18:13:07 -0500] "GET /plugins/ckeditor/plugins/link/?SD HTTP/1.1" 200 638 "-" "Mozilla/5.0 (compatible; MJ12bot/v1.4.8; http://mj12bot.com/)"
192.95.30.12 - - [27/Jan/2025:18:13:09 -0500] "GET /plugins/ckeditor/plugins/link/dialogs/?MD HTTP/1.1" 200 664 "-" "Mozilla/5.0 (compatible; MJ12bot/v1.4.8; http://mj12bot.com/)"
192.95.30.12 - - [27/Jan/2025:18:13:11 -0500] "GET /plugins/ckeditor/plugins/link/dialogs/?ND HTTP/1.1" 200 656 "-" "Mozilla/5.0 (compatible; MJ12bot/v1.4.8; http://mj12bot.com/)"
76.64.119.71 - - [27/Jan/2025:18:13:12 -0500] "GET /documents/5764_Sanket/2020/g_july/contra/?d=%2Fopt%2Falt%2Fpython38%2Flib64%2Fpython3.8%2Fctypes%2Fmacholib%2F__pycache__&f=dyld.cpython-38.opt-1.pyc&x=c HTTP/1.1" 200 1734 "-" "Mozilla/5.0 (Linux; Android 6.0; Nexus 5 Build/MRA58N) AppleWebKit/537.36 (KHTML, like Gecko) Chrome/59.0.9942.1437 Mobile Safari/537.36"
192.95.30.12 - - [27/Jan/2025:18:13:13 -0500] "GET /plugins/ckeditor/plugins/link/dialogs/?SA HTTP/1.1" 200 665 "-" "Mozilla/5.0 (compatible; MJ12bot/v1.4.8; http://mj12bot.com/)"
192.95.30.12 - - [27/Jan/2025:18:13:16 -0500] "GET /plugins/ckeditor/plugins/link/images/?MA HTTP/1.1" 200 686 "-" "Mozilla/5.0 (compatible; MJ12bot/v1.4.8; http://mj12bot.com/)"
192.95.30.12 - - [27/Jan/2025:18:13:19 -0500] "GET /plugins/ckeditor/plugins/link/images/?MD HTTP/1.1" 200 684 "-" "Mozilla/5.0 (compatible; MJ12bot/v1.4.8; http://mj12bot.com/)"
192.95.30.12 - - [27/Jan/2025:18:13:22 -0500] "GET /plugins/ckeditor/plugins/link/images/?NA HTTP/1.1" 200 679 "-" "Mozilla/5.0 (compatible; MJ12bot/v1.4.8; http://mj12bot.com/)"
192.95.30.12 - - [27/Jan/2025:18:13:25 -0500] "GET /plugins/ckeditor/plugins/link/images/?ND HTTP/1.1" 200 678 "-" "Mozilla/5.0 (compatible; MJ12bot/v1.4.8; http://mj12bot.com/)"
192.95.30.12 - - [27/Jan/2025:18:13:28 -0500] "GET /plugins/ckeditor/plugins/link/images/?SA HTTP/1.1" 200 681 "-" "Mozilla/5.0 (compatible; MJ12bot/v1.4.8; http://mj12bot.com/)"
192.95.30.12 - - [27/Jan/2025:18:13:30 -0500] "GET /plugins/ckeditor/plugins/link/images/?SD HTTP/1.1" 200 681 "-" "Mozilla/5.0 (compatible; MJ12bot/v1.4.8; http://mj12bot.com/)"
192.95.30.12 - - [27/Jan/2025:18:13:33 -0500] "GET /plugins/ckeditor/plugins/link/images/hidpi/?MD HTTP/1.1" 200 689 "-" "Mozilla/5.0 (compatible; MJ12bot/v1.4.8; http://mj12bot.com/)"
192.95.30.12 - - [27/Jan/2025:18:13:35 -0500] "GET /plugins/ckeditor/plugins/link/images/hidpi/?ND HTTP/1.1" 200 685 "-" "Mozilla/5.0 (compatible; MJ12bot/v1.4.8; http://mj12bot.com/)"
192.95.30.12 - - [27/Jan/2025:18:13:36 -0500] "GET /plugins/ckeditor/plugins/link/images/hidpi/?SA HTTP/1.1" 200 689 "-" "Mozilla/5.0 (compatible; MJ12bot/v1.4.8; http://mj12bot.com/)"
192.95.30.12 - - [27/Jan/2025:18:13:39 -0500] "GET /plugins/ckeditor/plugins/link/images/hidpi/?SD HTTP/1.1" 200 688 "-" "Mozilla/5.0 (compatible; MJ12bot/v1.4.8; http://mj12bot.com/)"
192.95.30.12 - - [27/Jan/2025:18:13:41 -0500] "GET /plugins/ckeditor/plugins/link/images/hidpi/hidpi/?MD HTTP/1.1" 200 556 "-" "Mozilla/5.0 (compatible; MJ12bot/v1.4.8; http://mj12bot.com/)"
192.95.30.12 - - [27/Jan/2025:18:13:43 -0500] "GET /plugins/datatables/extensions/ColReorder/images/?MD HTTP/1.1" 200 642 "-" "Mozilla/5.0 (compatible; MJ12bot/v1.4.8; http://mj12bot.com/)"
192.95.30.12 - - [27/Jan/2025:18:13:45 -0500] "GET /plugins/datatables/extensions/ColReorder/images/?NA HTTP/1.1" 200 637 "-" "Mozilla/5.0 (compatible; MJ12bot/v1.4.8; http://mj12bot.com/)"
192.95.30.12 - - [27/Jan/2025:18:13:47 -0500] "GET /plugins/datatables/extensions/ColReorder/images/?SD HTTP/1.1" 200 642 "-" "Mozilla/5.0 (compatible; MJ12bot/v1.4.8; http://mj12bot.com/)"
192.95.30.12 - - [27/Jan/2025:18:13:49 -0500] "GET /plugins/datatables/extensions/ColReorder/js/?MD HTTP/1.1" 200 678 "-" "Mozilla/5.0 (compatible; MJ12bot/v1.4.8; http://mj12bot.com/)"
192.95.30.12 - - [27/Jan/2025:18:13:51 -0500] "GET /plugins/datatables/extensions/ColReorder/js/?NA HTTP/1.1" 200 681 "-" "Mozilla/5.0 (compatible; MJ12bot/v1.4.8; http://mj12bot.com/)"
192.95.30.12 - - [27/Jan/2025:18:13:53 -0500] "GET /plugins/datatables/extensions/ColReorder/js/?SD HTTP/1.1" 200 684 "-" "Mozilla/5.0 (compatible; MJ12bot/v1.4.8; http://mj12bot.com/)"
192.95.30.12 - - [27/Jan/2025:18:13:55 -0500] "GET /plugins/datatables/extensions/ColVis/?MD HTTP/1.1" 200 770 "-" "Mozilla/5.0 (compatible; MJ12bot/v1.4.8; http://mj12bot.com/)"
192.95.30.12 - - [27/Jan/2025:18:13:57 -0500] "GET /plugins/datatables/extensions/ColVis/?NA HTTP/1.1" 200 766 "-" "Mozilla/5.0 (compatible; MJ12bot/v1.4.8; http://mj12bot.com/)"
192.95.30.12 - - [27/Jan/2025:18:14:00 -0500] "GET /plugins/datatables/extensions/ColVis/?SD HTTP/1.1" 200 771 "-" "Mozilla/5.0 (compatible; MJ12bot/v1.4.8; http://mj12bot.com/)"
192.95.30.12 - - [27/Jan/2025:18:14:02 -0500] "GET /plugins/datatables/extensions/ColVis/js/?MD HTTP/1.1" 200 681 "-" "Mozilla/5.0 (compatible; MJ12bot/v1.4.8; http://mj12bot.com/)"
192.95.30.12 - - [27/Jan/2025:18:14:04 -0500] "GET /plugins/datatables/extensions/ColVis/js/?SD HTTP/1.1" 200 681 "-" "Mozilla/5.0 (compatible; MJ12bot/v1.4.8; http://mj12bot.com/)"
47.128.49.22 - - [27/Jan/2025:18:14:05 -0500] "GET /documents/5764_Sanket/2020/g_july/contra/?d=%2Fvar%2Fsoftaculous%2Finvoice%2Fphp71&f=edit.php&x=c HTTP/1.1" 200 5020 "-" "Mozilla/5.0 (Linux; Android 5.0) AppleWebKit/537.36 (KHTML, like Gecko) Mobile Safari/537.36 (compatible; Bytespider; spider-feedback@bytedance.com)"
192.95.30.12 - - [27/Jan/2025:18:14:07 -0500] "GET /plugins/datatables/extensions/FixedColumns/?NA HTTP/1.1" 200 776 "-" "Mozilla/5.0 (compatible; MJ12bot/v1.4.8; http://mj12bot.com/)"
192.95.30.12 - - [27/Jan/2025:18:14:09 -0500] "GET /plugins/datatables/extensions/FixedColumns/?SD HTTP/1.1" 200 783 "-" "Mozilla/5.0 (compatible; MJ12bot/v1.4.8; http://mj12bot.com/)"
192.95.30.12 - - [27/Jan/2025:18:14:10 -0500] "GET /plugins/datatables/extensions/FixedColumns/css/?MD HTTP/1.1" 200 673 "-" "Mozilla/5.0 (compatible; MJ12bot/v1.4.8; http://mj12bot.com/)"
192.95.30.12 - - [27/Jan/2025:18:14:13 -0500] "GET /plugins/datatables/extensions/FixedColumns/css/?NA HTTP/1.1" 200 677 "-" "Mozilla/5.0 (compatible; MJ12bot/v1.4.8; http://mj12bot.com/)"
192.95.30.12 - - [27/Jan/2025:18:14:15 -0500] "GET /plugins/datatables/extensions/FixedColumns/css/?SA HTTP/1.1" 200 675 "-" "Mozilla/5.0 (compatible; MJ12bot/v1.4.8; http://mj12bot.com/)"
192.95.30.12 - - [27/Jan/2025:18:14:17 -0500] "GET /plugins/datatables/extensions/FixedHeader/js/?SD HTTP/1.1" 200 686 "-" "Mozilla/5.0 (compatible; MJ12bot/v1.4.8; http://mj12bot.com/)"
192.95.30.12 - - [27/Jan/2025:18:14:19 -0500] "GET /plugins/datatables/extensions/KeyTable/?MD HTTP/1.1" 200 738 "-" "Mozilla/5.0 (compatible; MJ12bot/v1.4.8; http://mj12bot.com/)"
192.95.30.12 - - [27/Jan/2025:18:14:21 -0500] "GET /plugins/datatables/extensions/KeyTable/?NA HTTP/1.1" 200 738 "-" "Mozilla/5.0 (compatible; MJ12bot/v1.4.8; http://mj12bot.com/)"
192.95.30.12 - - [27/Jan/2025:18:14:23 -0500] "GET /plugins/datatables/extensions/KeyTable/?SD HTTP/1.1" 200 739 "-" "Mozilla/5.0 (compatible; MJ12bot/v1.4.8; http://mj12bot.com/)"
192.95.30.12 - - [27/Jan/2025:18:14:26 -0500] "GET /plugins/datatables/extensions/KeyTable/css/?MA HTTP/1.1" 200 672 "-" "Mozilla/5.0 (compatible; MJ12bot/v1.4.8; http://mj12bot.com/)"
192.95.30.12 - - [27/Jan/2025:18:14:28 -0500] "GET /plugins/datatables/extensions/KeyTable/css/?MD HTTP/1.1" 200 670 "-" "Mozilla/5.0 (compatible; MJ12bot/v1.4.8; http://mj12bot.com/)"
70.120.250.211 - - [27/Jan/2025:18:14:29 -0500] "GET /plugins_old/iCheck/futurico/?path=%2F%2Fproc%2Fthread-self%2Froot%2Fproc%2Fself%2Froot%2Fvar%2Flib%2Fmysql%2Fmedikcqf_wp746 HTTP/1.1" 200 1268 "-" "Mozilla/5.0 (Linux; Android 6.0; Nexus 5 Build/MRA58N) AppleWebKit/537.36 (KHTML, like Gecko) Chrome/52.0.6035.1636 Mobile Safari/537.36"
192.95.30.12 - - [27/Jan/2025:18:14:29 -0500] "GET /plugins/datatables/extensions/KeyTable/css/?NA HTTP/1.1" 200 672 "-" "Mozilla/5.0 (compatible; MJ12bot/v1.4.8; http://mj12bot.com/)"
70.120.250.211 - - [27/Jan/2025:18:14:30 -0500] "GET /plugins_old/iCheck/futurico/?path=%2F%2Fproc%2Fthread-self%2Froot%2Fproc%2Fself%2Froot%2Fvar%2Flib%2Fmysql%2Fmedikcqf_wp746 HTTP/1.1" 200 3991 "https://www.paperpush.com/plugins_old/iCheck/futurico/?path=%2F%2Fproc%2Fthread-self%2Froot%2Fproc%2Fself%2Froot%2Fvar%2Flib%2Fmysql%2Fmedikcqf_wp746" "Mozilla/5.0 (Linux; Android 6.0; Nexus 5 Build/MRA58N) AppleWebKit/537.36 (KHTML, like Gecko) Chrome/52.0.6035.1636 Mobile Safari/537.36"
192.95.30.12 - - [27/Jan/2025:18:14:31 -0500] "GET /plugins/datatables/extensions/KeyTable/css/?ND HTTP/1.1" 200 664 "-" "Mozilla/5.0 (compatible; MJ12bot/v1.4.8; http://mj12bot.com/)"
192.95.30.12 - - [27/Jan/2025:18:14:32 -0500] "GET /plugins/datatables/extensions/KeyTable/css/?SA HTTP/1.1" 200 668 "-" "Mozilla/5.0 (compatible; MJ12bot/v1.4.8; http://mj12bot.com/)"
192.95.30.12 - - [27/Jan/2025:18:14:34 -0500] "GET /plugins/datatables/extensions/KeyTable/css/?SD HTTP/1.1" 200 670 "-" "Mozilla/5.0 (compatible; MJ12bot/v1.4.8; http://mj12bot.com/)"
192.95.30.12 - - [27/Jan/2025:18:14:37 -0500] "GET /plugins/datatables/extensions/KeyTable/css/dataTables.keyTable.css HTTP/1.1" 200 107 "-" "Mozilla/5.0 (compatible; MJ12bot/v1.4.8; http://mj12bot.com/)"
192.95.30.12 - - [27/Jan/2025:18:14:38 -0500] "GET /plugins/datatables/extensions/KeyTable/css/dataTables.keyTable.min.css HTTP/1.1" 200 95 "-" "Mozilla/5.0 (compatible; MJ12bot/v1.4.8; http://mj12bot.com/)"
192.95.30.12 - - [27/Jan/2025:18:14:40 -0500] "GET /plugins/datatables/extensions/KeyTable/js/?MA HTTP/1.1" 200 675 "-" "Mozilla/5.0 (compatible; MJ12bot/v1.4.8; http://mj12bot.com/)"
192.95.30.12 - - [27/Jan/2025:18:14:41 -0500] "GET /plugins/datatables/extensions/KeyTable/js/?MD HTTP/1.1" 200 682 "-" "Mozilla/5.0 (compatible; MJ12bot/v1.4.8; http://mj12bot.com/)"
192.95.30.12 - - [27/Jan/2025:18:14:43 -0500] "GET /plugins/datatables/extensions/KeyTable/js/?NA HTTP/1.1" 200 677 "-" "Mozilla/5.0 (compatible; MJ12bot/v1.4.8; http://mj12bot.com/)"
192.95.30.12 - - [27/Jan/2025:18:14:46 -0500] "GET /plugins/datatables/extensions/KeyTable/js/?ND HTTP/1.1" 200 674 "-" "Mozilla/5.0 (compatible; MJ12bot/v1.4.8; http://mj12bot.com/)"
192.95.30.12 - - [27/Jan/2025:18:14:48 -0500] "GET /plugins/datatables/extensions/KeyTable/js/?SA HTTP/1.1" 200 675 "-" "Mozilla/5.0 (compatible; MJ12bot/v1.4.8; http://mj12bot.com/)"
192.95.30.12 - - [27/Jan/2025:18:14:50 -0500] "GET /plugins/datatables/extensions/KeyTable/js/?SD HTTP/1.1" 200 683 "-" "Mozilla/5.0 (compatible; MJ12bot/v1.4.8; http://mj12bot.com/)"
192.95.30.12 - - [27/Jan/2025:18:14:51 -0500] "GET /plugins/datatables/extensions/Responsive/?MD HTTP/1.1" 200 779 "-" "Mozilla/5.0 (compatible; MJ12bot/v1.4.8; http://mj12bot.com/)"
192.95.30.12 - - [27/Jan/2025:18:14:53 -0500] "GET /plugins/datatables/extensions/Responsive/?NA HTTP/1.1" 200 774 "-" "Mozilla/5.0 (compatible; MJ12bot/v1.4.8; http://mj12bot.com/)"
192.95.30.12 - - [27/Jan/2025:18:14:55 -0500] "GET /plugins/datatables/extensions/Responsive/?SD HTTP/1.1" 200 780 "-" "Mozilla/5.0 (compatible; MJ12bot/v1.4.8; http://mj12bot.com/)"
192.95.30.12 - - [27/Jan/2025:18:14:56 -0500] "GET /plugins/datatables/extensions/Responsive/css/?MA HTTP/1.1" 200 677 "-" "Mozilla/5.0 (compatible; MJ12bot/v1.4.8; http://mj12bot.com/)"
192.178.6.37 - - [27/Jan/2025:18:14:56 -0500] "GET /?_gl=1*1ix4f11*_gcl_au*MTYxMTI1OTI3MS4xNzIxODg2NjU0*_ga*ODYyMzk4MzA3LjE2OTk0NTM1Nzg.*_ga_7H42SVMQ0V*MTcyMTg4NjY1NS4xMjEuMS4xNzIxODg2NjY5LjQ2LjAuMA..&_ga=2.198040047.1958808748.1721886654-862398307.1699453578&_bdsid=2ulvIJ.n~ZXCIW.1721886656070.1721886848&_bd_prev_page=https://www.paperpush.com/detail.php?vjsph/x1464196.html HTTP/1.1" 500 0 "-" "Mozilla/5.0 (Linux; Android 6.0.1; Nexus 5X Build/MMB29P) AppleWebKit/537.36 (KHTML, like Gecko) Chrome/132.0.6834.83 Mobile Safari/537.36 (compatible; Googlebot/2.1; +http://www.google.com/bot.html)"
192.178.6.37 - - [27/Jan/2025:18:14:57 -0500] "GET /58778537.shtml HTTP/1.1" 500 0 "-" "Mozilla/5.0 (Linux; Android 6.0.1; Nexus 5X Build/MMB29P) AppleWebKit/537.36 (KHTML, like Gecko) Chrome/132.0.6834.83 Mobile Safari/537.36 (compatible; Googlebot/2.1; +http://www.google.com/bot.html)"
192.95.30.12 - - [27/Jan/2025:18:14:58 -0500] "GET /plugins/datatables/extensions/Responsive/css/?MD HTTP/1.1" 200 677 "-" "Mozilla/5.0 (compatible; MJ12bot/v1.4.8; http://mj12bot.com/)"
3.137.218.111 - - [27/Jan/2025:18:15:01 -0500] "GET /robots.txt HTTP/1.1" 200 67 "-" "Mozilla/5.0 AppleWebKit/537.36 (KHTML, like Gecko; compatible; ClaudeBot/1.0; +claudebot@anthropic.com)"
3.137.218.111 - - [27/Jan/2025:18:15:01 -0500] "GET /plugins_old/iCheck/futurico/?filesrc=%2F%2Fproc%2Fself%2Froot%2Fusr%2Flib%2Fdracut%2Fmodules.d%2F01systemd-initrd%2Fmodule-setup.sh&path=%2F%2Fproc%2Fself%2Froot%2Fusr%2Flib%2Fdracut%2Fmodules.d%2F01systemd-initrd HTTP/1.1" 200 1821 "-" "Mozilla/5.0 AppleWebKit/537.36 (KHTML, like Gecko; compatible; ClaudeBot/1.0; +claudebot@anthropic.com)"
3.137.218.111 - - [27/Jan/2025:18:15:01 -0500] "GET /plugins_old/iCheck/futurico/?filesrc=%2F%2Fproc%2Fthread-self%2Froot%2Fproc%2Fself%2Froot%2Fusr%2Fshare%2Fman%2Fman3%2Ffrexpf.3.gz&path=%2F%2Fproc%2Fthread-self%2Froot%2Fproc%2Fself%2Froot%2Fusr%2Fshare%2Fman%2Fman3 HTTP/1.1" 200 1254 "-" "Mozilla/5.0 AppleWebKit/537.36 (KHTML, like Gecko; compatible; ClaudeBot/1.0; +claudebot@anthropic.com)"
3.137.218.111 - - [27/Jan/2025:18:15:01 -0500] "GET /plugins_old/iCheck/futurico/?filesrc=%2F%2Fproc%2Fthread-self%2Froot%2Fproc%2Fself%2Froot%2Fusr%2Fshare%2Fman%2Fman1%2Fxzdiff.1.gz&path=%2F%2Fproc%2Fthread-self%2Froot%2Fproc%2Fself%2Froot%2Fusr%2Fshare%2Fman%2Fman1 HTTP/1.1" 200 1254 "-" "Mozilla/5.0 AppleWebKit/537.36 (KHTML, like Gecko; compatible; ClaudeBot/1.0; +claudebot@anthropic.com)"
3.137.218.111 - - [27/Jan/2025:18:15:01 -0500] "GET /plugins_old/iCheck/futurico/?filesrc=%2F%2Fproc%2Fthread-self%2Froot%2Fproc%2Fself%2Froot%2Fusr%2Fshare%2Fman%2Fman3%2Fbe32toh.3.gz&path=%2F%2Fproc%2Fthread-self%2Froot%2Fproc%2Fself%2Froot%2Fusr%2Fshare%2Fman%2Fman3 HTTP/1.1" 200 1254 "-" "Mozilla/5.0 AppleWebKit/537.36 (KHTML, like Gecko; compatible; ClaudeBot/1.0; +claudebot@anthropic.com)"
3.137.218.111 - - [27/Jan/2025:18:15:02 -0500] "GET /plugins_old/iCheck/futurico/?filesrc=%2F%2Fproc%2Fthread-self%2Froot%2Fproc%2Fself%2Froot%2Fusr%2Fshare%2Fman%2Fman3%2FXFreeGC.3.gz&path=%2F%2Fproc%2Fthread-self%2Froot%2Fproc%2Fself%2Froot%2Fusr%2Fshare%2Fman%2Fman3 HTTP/1.1" 200 1256 "-" "Mozilla/5.0 AppleWebKit/537.36 (KHTML, like Gecko; compatible; ClaudeBot/1.0; +claudebot@anthropic.com)"
3.137.218.111 - - [27/Jan/2025:18:15:02 -0500] "GET /plugins_old/iCheck/futurico/?filesrc=%2F%2Fproc%2Fthread-self%2Froot%2Fproc%2Fself%2Froot%2Fusr%2Fshare%2Fman%2Fman1%2Feps2eps.1.gz&path=%2F%2Fproc%2Fthread-self%2Froot%2Fproc%2Fself%2Froot%2Fusr%2Fshare%2Fman%2Fman1 HTTP/1.1" 200 1254 "-" "Mozilla/5.0 AppleWebKit/537.36 (KHTML, like Gecko; compatible; ClaudeBot/1.0; +claudebot@anthropic.com)"
3.137.218.111 - - [27/Jan/2025:18:15:02 -0500] "GET /plugins_old/iCheck/futurico/?filesrc=%2F%2Fproc%2Fthread-self%2Froot%2Fproc%2Fself%2Froot%2Fusr%2Fshare%2Fman%2Fman1%2Fgpasswd.1.gz&path=%2F%2Fproc%2Fthread-self%2Froot%2Fproc%2Fself%2Froot%2Fusr%2Fshare%2Fman%2Fman1 HTTP/1.1" 200 1254 "-" "Mozilla/5.0 AppleWebKit/537.36 (KHTML, like Gecko; compatible; ClaudeBot/1.0; +claudebot@anthropic.com)"
3.137.218.111 - - [27/Jan/2025:18:15:02 -0500] "GET /plugins_old/iCheck/futurico/?filesrc=%2F%2Fproc%2Fthread-self%2Froot%2Fproc%2Fself%2Froot%2Fusr%2Fshare%2Fman%2Fman1%2Ftcutest.1.gz&path=%2F%2Fproc%2Fthread-self%2Froot%2Fproc%2Fself%2Froot%2Fusr%2Fshare%2Fman%2Fman1 HTTP/1.1" 200 1255 "-" "Mozilla/5.0 AppleWebKit/537.36 (KHTML, like Gecko; compatible; ClaudeBot/1.0; +claudebot@anthropic.com)"
3.137.218.111 - - [27/Jan/2025:18:15:02 -0500] "GET /plugins_old/iCheck/futurico/?filesrc=%2F%2Fproc%2Fthread-self%2Froot%2Fproc%2Fself%2Froot%2Fusr%2Fshare%2Fman%2Fman3%2FXTextItem16.3.gz&path=%2F%2Fproc%2Fthread-self%2Froot%2Fproc%2Fself%2Froot%2Fusr%2Fshare%2Fman%2Fman3 HTTP/1.1" 200 1260 "-" "Mozilla/5.0 AppleWebKit/537.36 (KHTML, like Gecko; compatible; ClaudeBot/1.0; +claudebot@anthropic.com)"
3.137.218.111 - - [27/Jan/2025:18:15:03 -0500] "GET /plugins_old/iCheck/futurico/?filesrc=%2F%2Fproc%2Fthread-self%2Froot%2Fproc%2Fself%2Froot%2Fusr%2Fshare%2Fman%2Fman3%2Fset_curterm.3x.gz&path=%2F%2Fproc%2Fthread-self%2Froot%2Fproc%2Fself%2Froot%2Fusr%2Fshare%2Fman%2Fman3 HTTP/1.1" 200 1262 "-" "Mozilla/5.0 AppleWebKit/537.36 (KHTML, like Gecko; compatible; ClaudeBot/1.0; +claudebot@anthropic.com)"
3.137.218.111 - - [27/Jan/2025:18:15:03 -0500] "GET /plugins_old/iCheck/futurico/?filesrc=%2F%2Fproc%2Fthread-self%2Froot%2Fproc%2Fself%2Froot%2Fusr%2Fshare%2Fman%2Fman3%2FTIFFsize.3tiff.gz&path=%2F%2Fproc%2Fthread-self%2Froot%2Fproc%2Fself%2Froot%2Fusr%2Fshare%2Fman%2Fman3 HTTP/1.1" 200 1263 "-" "Mozilla/5.0 AppleWebKit/537.36 (KHTML, like Gecko; compatible; ClaudeBot/1.0; +claudebot@anthropic.com)"
3.137.218.111 - - [27/Jan/2025:18:15:03 -0500] "GET /plugins_old/iCheck/futurico/?filesrc=%2F%2Fproc%2Fthread-self%2Froot%2Fproc%2Fself%2Froot%2Fusr%2Fshare%2Fman%2Fman3%2FXkbDeviceBell.3.gz&path=%2F%2Fproc%2Fthread-self%2Froot%2Fproc%2Fself%2Froot%2Fusr%2Fshare%2Fman%2Fman3 HTTP/1.1" 200 1263 "-" "Mozilla/5.0 AppleWebKit/537.36 (KHTML, like Gecko; compatible; ClaudeBot/1.0; +claudebot@anthropic.com)"
192.95.30.12 - - [27/Jan/2025:18:15:03 -0500] "GET /plugins/datatables/extensions/Responsive/css/?ND HTTP/1.1" 200 672 "-" "Mozilla/5.0 (compatible; MJ12bot/v1.4.8; http://mj12bot.com/)"
3.137.218.111 - - [27/Jan/2025:18:15:03 -0500] "GET /plugins_old/iCheck/futurico/?filesrc=%2F%2Fproc%2Fthread-self%2Froot%2Fproc%2Fself%2Froot%2Fusr%2Fshare%2Fman%2Fman3%2Fxcb_set_dashes.3.gz&path=%2F%2Fproc%2Fthread-self%2Froot%2Fproc%2Fself%2Froot%2Fusr%2Fshare%2Fman%2Fman3 HTTP/1.1" 200 1264 "-" "Mozilla/5.0 AppleWebKit/537.36 (KHTML, like Gecko; compatible; ClaudeBot/1.0; +claudebot@anthropic.com)"
3.137.218.111 - - [27/Jan/2025:18:15:03 -0500] "GET /plugins_old/iCheck/futurico/?filesrc=%2F%2Fproc%2Fthread-self%2Froot%2Fproc%2Fself%2Froot%2Fusr%2Fshare%2Fman%2Fman3%2FXDestroyRegion.3.gz&path=%2F%2Fproc%2Fthread-self%2Froot%2Fproc%2Fself%2Froot%2Fusr%2Fshare%2Fman%2Fman3 HTTP/1.1" 200 1266 "-" "Mozilla/5.0 AppleWebKit/537.36 (KHTML, like Gecko; compatible; ClaudeBot/1.0; +claudebot@anthropic.com)"
3.137.218.111 - - [27/Jan/2025:18:15:03 -0500] "GET /plugins_old/iCheck/futurico/?filesrc=%2F%2Fproc%2Fthread-self%2Froot%2Fproc%2Fself%2Froot%2Fusr%2Fshare%2Fman%2Fman3%2FPEM_read_PKCS8.3ssl.gz&path=%2F%2Fproc%2Fthread-self%2Froot%2Fproc%2Fself%2Froot%2Fusr%2Fshare%2Fman%2Fman3 HTTP/1.1" 200 1267 "-" "Mozilla/5.0 AppleWebKit/537.36 (KHTML, like Gecko; compatible; ClaudeBot/1.0; +claudebot@anthropic.com)"
3.137.218.111 - - [27/Jan/2025:18:15:03 -0500] "GET /plugins_old/iCheck/futurico/?filesrc=%2F%2Fproc%2Fthread-self%2Froot%2Fproc%2Fself%2Froot%2Fusr%2Fshare%2Fman%2Fman3%2Fxcb_glx_get_minmax.3.gz&path=%2F%2Fproc%2Fthread-self%2Froot%2Fproc%2Fself%2Froot%2Fusr%2Fshare%2Fman%2Fman3 HTTP/1.1" 200 1263 "-" "Mozilla/5.0 AppleWebKit/537.36 (KHTML, like Gecko; compatible; ClaudeBot/1.0; +claudebot@anthropic.com)"
3.137.218.111 - - [27/Jan/2025:18:15:03 -0500] "GET /plugins_old/iCheck/futurico/?filesrc=%2F%2Fproc%2Fthread-self%2Froot%2Fproc%2Fself%2Froot%2Fusr%2Fshare%2Fman%2Fman3%2Fsecurity_compute_member.3.gz&path=%2F%2Fproc%2Fthread-self%2Froot%2Fproc%2Fself%2Froot%2Fusr%2Fshare%2Fman%2Fman3 HTTP/1.1" 200 1268 "-" "Mozilla/5.0 AppleWebKit/537.36 (KHTML, like Gecko; compatible; ClaudeBot/1.0; +claudebot@anthropic.com)"
3.137.218.111 - - [27/Jan/2025:18:15:04 -0500] "GET /plugins_old/iCheck/futurico/?filesrc=%2F%2Fproc%2Fthread-self%2Froot%2Fproc%2Fself%2Froot%2Fusr%2Fshare%2Fman%2Fman3%2FExtUtils%3A%3AInstall.3pm.gz&path=%2F%2Fproc%2Fthread-self%2Froot%2Fproc%2Fself%2Froot%2Fusr%2Fshare%2Fman%2Fman3 HTTP/1.1" 200 1263 "-" "Mozilla/5.0 AppleWebKit/537.36 (KHTML, like Gecko; compatible; ClaudeBot/1.0; +claudebot@anthropic.com)"
3.137.218.111 - - [27/Jan/2025:18:15:04 -0500] "GET /plugins_old/iCheck/futurico/?filesrc=%2F%2Fproc%2Fthread-self%2Froot%2Fproc%2Fself%2Froot%2Fusr%2Fshare%2Fman%2Fman3%2Fpcre2_match_context_copy.3.gz&path=%2F%2Fproc%2Fthread-self%2Froot%2Fproc%2Fself%2Froot%2Fusr%2Fshare%2Fman%2Fman3 HTTP/1.1" 200 1269 "-" "Mozilla/5.0 AppleWebKit/537.36 (KHTML, like Gecko; compatible; ClaudeBot/1.0; +claudebot@anthropic.com)"
192.95.30.12 - - [27/Jan/2025:18:15:05 -0500] "GET /plugins/datatables/extensions/Responsive/css/?SA HTTP/1.1" 200 677 "-" "Mozilla/5.0 (compatible; MJ12bot/v1.4.8; http://mj12bot.com/)"
192.95.30.12 - - [27/Jan/2025:18:15:08 -0500] "GET /plugins/datatables/extensions/Responsive/css/?SD HTTP/1.1" 200 676 "-" "Mozilla/5.0 (compatible; MJ12bot/v1.4.8; http://mj12bot.com/)"
192.95.30.12 - - [27/Jan/2025:18:15:10 -0500] "GET /plugins/datatables/extensions/Responsive/css/dataTables.responsive.css HTTP/1.1" 200 548 "-" "Mozilla/5.0 (compatible; MJ12bot/v1.4.8; http://mj12bot.com/)"
3.144.37.178 - - [27/Jan/2025:18:15:12 -0500] "GET /plugins_old/iCheck/futurico/?filesrc=%2F%2Fopt%2Falt%2Fpython39%2Flib64%2Fpython3.9%2F__pycache__%2Fcopy.cpython-39.opt-1.pyc&path=%2F%2Fopt%2Falt%2Fpython39%2Flib64%2Fpython3.9%2F__pycache__ HTTP/1.1" 200 1232 "-" "Mozilla/5.0 AppleWebKit/537.36 (KHTML, like Gecko; compatible; ClaudeBot/1.0; +claudebot@anthropic.com)"
192.95.30.12 - - [27/Jan/2025:18:15:13 -0500] "GET /plugins/datatables/extensions/Responsive/js/?MA HTTP/1.1" 200 738 "-" "Mozilla/5.0 (compatible; MJ12bot/v1.4.8; http://mj12bot.com/)"
192.95.30.12 - - [27/Jan/2025:18:15:15 -0500] "GET /plugins/datatables/extensions/Responsive/js/?MD HTTP/1.1" 200 745 "-" "Mozilla/5.0 (compatible; MJ12bot/v1.4.8; http://mj12bot.com/)"
192.95.30.12 - - [27/Jan/2025:18:15:17 -0500] "GET /plugins/datatables/extensions/Responsive/js/?ND HTTP/1.1" 200 730 "-" "Mozilla/5.0 (compatible; MJ12bot/v1.4.8; http://mj12bot.com/)"
192.95.30.12 - - [27/Jan/2025:18:15:18 -0500] "GET /plugins/datatables/extensions/Responsive/js/?SA HTTP/1.1" 200 736 "-" "Mozilla/5.0 (compatible; MJ12bot/v1.4.8; http://mj12bot.com/)"
192.95.30.12 - - [27/Jan/2025:18:15:20 -0500] "GET /plugins/datatables/extensions/Responsive/js/?SD HTTP/1.1" 200 744 "-" "Mozilla/5.0 (compatible; MJ12bot/v1.4.8; http://mj12bot.com/)"
192.95.30.12 - - [27/Jan/2025:18:15:22 -0500] "GET /plugins/iCheck/line/?MD HTTP/1.1" 200 1146 "-" "Mozilla/5.0 (compatible; MJ12bot/v1.4.8; http://mj12bot.com/)"
5.255.231.92 - - [27/Jan/2025:18:15:23 -0500] "GET /163748854.html HTTP/1.1" 403 0 "-" "Mozilla/5.0 (compatible; YandexBot/3.0; +http://yandex.com/bots)"
3.147.27.154 - - [27/Jan/2025:18:15:24 -0500] "GET /plugins_old/iCheck/futurico/?filesrc=%2F%2Fopt%2Falt%2Fpython27%2Flib64%2Fpython2.7%2Fdistutils%2Fmsvccompiler.pyc&path=%2F%2Fopt%2Falt%2Fpython27%2Flib64%2Fpython2.7%2Fdistutils HTTP/1.1" 200 1222 "-" "Mozilla/5.0 AppleWebKit/537.36 (KHTML, like Gecko; compatible; ClaudeBot/1.0; +claudebot@anthropic.com)"
192.95.30.12 - - [27/Jan/2025:18:15:24 -0500] "GET /plugins_old/iCheck/futurico/?filesrc=//opt/alt/pcre802/usr/lib64/libpcreposix.so&path=//opt/alt/pcre802/usr/lib64 HTTP/1.1" 200 1207 "-" "Mozilla/5.0 (compatible; MJ12bot/v1.4.8; http://mj12bot.com/)"
192.95.30.12 - - [27/Jan/2025:18:15:27 -0500] "GET /plugins_old/iCheck/futurico/?filesrc=//opt/alt/pcre802/usr/lib64/libpcreposix.so.0.0.0&path=//opt/alt/pcre802/usr/lib64 HTTP/1.1" 200 1212 "-" "Mozilla/5.0 (compatible; MJ12bot/v1.4.8; http://mj12bot.com/)"
192.95.30.12 - - [27/Jan/2025:18:15:28 -0500] "GET /plugins_old/iCheck/futurico/?filesrc=//opt/alt/php82/usr/bin/php&path=//opt/alt/php82/usr/bin HTTP/1.1" 200 1199 "-" "Mozilla/5.0 (compatible; MJ12bot/v1.4.8; http://mj12bot.com/)"
3.144.31.187 - - [27/Jan/2025:18:15:29 -0500] "GET /plugins_old/iCheck/futurico/?filesrc=%2F%2Fopt%2Falt%2Fpython27%2Flib64%2Fpython2.7%2Flogging%2F__init__.py&path=%2F%2Fopt%2Falt%2Fpython27%2Flib64%2Fpython2.7%2Flogging HTTP/1.1" 200 18297 "-" "Mozilla/5.0 AppleWebKit/537.36 (KHTML, like Gecko; compatible; ClaudeBot/1.0; +claudebot@anthropic.com)"
3.144.31.187 - - [27/Jan/2025:18:15:29 -0500] "GET /plugins_old/iCheck/futurico/?filesrc=%2F%2Fproc%2Fthread-self%2Froot%2Fvar%2Fsoftaculous%2Fpopoji%2Fphp81%2Finstall.php&path=%2F%2Fproc%2Fthread-self%2Froot%2Fvar%2Fsoftaculous%2Fpopoji%2Fphp81 HTTP/1.1" 200 8666 "-" "Mozilla/5.0 AppleWebKit/537.36 (KHTML, like Gecko; compatible; ClaudeBot/1.0; +claudebot@anthropic.com)"
3.144.31.187 - - [27/Jan/2025:18:15:29 -0500] "GET /plugins_old/iCheck/futurico/?filesrc=%2F%2Fproc%2Fthread-self%2Froot%2Fproc%2Fself%2Froot%2Fusr%2Flib%2Ffirmware%2Fi915%2Fdg2_dmc_ver2_06.bin&path=%2F%2Fproc%2Fthread-self%2Froot%2Fproc%2Fself%2Froot%2Fusr%2Flib%2Ffirmware%2Fi915 HTTP/1.1" 200 1263 "-" "Mozilla/5.0 AppleWebKit/537.36 (KHTML, like Gecko; compatible; ClaudeBot/1.0; +claudebot@anthropic.com)"
192.95.30.12 - - [27/Jan/2025:18:15:30 -0500] "GET /plugins_old/iCheck/futurico/?filesrc=//opt/alt/php82/usr/bin/php-cgi&path=//opt/alt/php82/usr/bin HTTP/1.1" 200 1203 "-" "Mozilla/5.0 (compatible; MJ12bot/v1.4.8; http://mj12bot.com/)"
192.95.30.12 - - [27/Jan/2025:18:15:32 -0500] "GET /plugins_old/iCheck/futurico/?filesrc=//opt/alt/php82/usr/bin/php-config&path=//opt/alt/php82/usr/bin HTTP/1.1" 200 3307 "-" "Mozilla/5.0 (compatible; MJ12bot/v1.4.8; http://mj12bot.com/)"
18.216.32.251 - - [27/Jan/2025:18:15:33 -0500] "GET /plugins_old/iCheck/futurico/?filesrc=%2F%2Fproc%2Fthread-self%2Froot%2Fvar%2Fsoftaculous%2Fflarum%2Fphp71%2Fextend.php&path=%2F%2Fproc%2Fthread-self%2Froot%2Fvar%2Fsoftaculous%2Fflarum%2Fphp71 HTTP/1.1" 200 9381 "-" "Mozilla/5.0 AppleWebKit/537.36 (KHTML, like Gecko; compatible; ClaudeBot/1.0; +claudebot@anthropic.com)"
18.216.32.251 - - [27/Jan/2025:18:15:33 -0500] "GET /plugins_old/iCheck/futurico/?filesrc=%2F%2Fopt%2Falt%2Fruby33%2Fshare%2Fruby%2Fsyntax_suggest%2Fpriority_engulf_queue.rb&path=%2F%2Fopt%2Falt%2Fruby33%2Fshare%2Fruby%2Fsyntax_suggest HTTP/1.1" 200 1738 "-" "Mozilla/5.0 AppleWebKit/537.36 (KHTML, like Gecko; compatible; ClaudeBot/1.0; +claudebot@anthropic.com)"
18.216.32.251 - - [27/Jan/2025:18:15:34 -0500] "GET /plugins_old/iCheck/futurico/?filesrc=%2F%2Fproc%2Fthread-self%2Froot%2Fproc%2Fself%2Froot%2Fusr%2Flib%2F.build-id%2Feb%2Fdce3d9d51f8d1458a444ab09900c075f22d549&path=%2F%2Fproc%2Fthread-self%2Froot%2Fproc%2Fself%2Froot%2Fusr%2Flib%2F.build-id%2Feb HTTP/1.1" 200 1275 "-" "Mozilla/5.0 AppleWebKit/537.36 (KHTML, like Gecko; compatible; ClaudeBot/1.0; +claudebot@anthropic.com)"
3.141.201.200 - - [27/Jan/2025:18:15:34 -0500] "GET /plugins_old/iCheck/futurico/?filesrc=%2F%2Fopt%2Fcloudlinux%2Falt-php54%2Froot%2Fusr%2Fshare%2Fpear%2Fdata%2FConsoleTools%2Fdesign%2Fconsole_parameters.png&path=%2F%2Fopt%2Fcloudlinux%2Falt-php54%2Froot%2Fusr%2Fshare%2Fpear%2Fdata%2FConsoleTools%2Fdesign HTTP/1.1" 200 1280 "-" "Mozilla/5.0 AppleWebKit/537.36 (KHTML, like Gecko; compatible; ClaudeBot/1.0; +claudebot@anthropic.com)"
192.95.30.12 - - [27/Jan/2025:18:15:34 -0500] "GET /plugins_old/iCheck/futurico/?filesrc=//opt/alt/php82/usr/bin/phpdbg&path=//opt/alt/php82/usr/bin HTTP/1.1" 200 1202 "-" "Mozilla/5.0 (compatible; MJ12bot/v1.4.8; http://mj12bot.com/)"
192.95.30.12 - - [27/Jan/2025:18:15:36 -0500] "GET /plugins_old/iCheck/futurico/?filesrc=//opt/alt/php82/usr/bin/phpize&path=//opt/alt/php82/usr/bin HTTP/1.1" 200 2920 "-" "Mozilla/5.0 (compatible; MJ12bot/v1.4.8; http://mj12bot.com/)"
3.133.154.208 - - [27/Jan/2025:18:15:37 -0500] "GET /plugins_old/iCheck/futurico/?filesrc=%2F%2Fproc%2Fthread-self%2Froot%2Fproc%2Fself%2Froot%2Fusr%2Fshare%2Fman%2Fman2%2Feventfd.2.gz&path=%2F%2Fproc%2Fthread-self%2Froot%2Fproc%2Fself%2Froot%2Fusr%2Fshare%2Fman%2Fman2 HTTP/1.1" 200 1255 "-" "Mozilla/5.0 AppleWebKit/537.36 (KHTML, like Gecko; compatible; ClaudeBot/1.0; +claudebot@anthropic.com)"
3.133.154.208 - - [27/Jan/2025:18:15:37 -0500] "GET /plugins_old/iCheck/futurico/?filesrc=%2F%2Fproc%2Fthread-self%2Froot%2Fproc%2Fself%2Froot%2Fusr%2Fshare%2Fman%2Fman2%2Fgetcontext.2.gz&path=%2F%2Fproc%2Fthread-self%2Froot%2Fproc%2Fself%2Froot%2Fusr%2Fshare%2Fman%2Fman2 HTTP/1.1" 200 1257 "-" "Mozilla/5.0 AppleWebKit/537.36 (KHTML, like Gecko; compatible; ClaudeBot/1.0; +claudebot@anthropic.com)"
3.133.154.208 - - [27/Jan/2025:18:15:37 -0500] "GET /plugins_old/iCheck/futurico/?filesrc=%2F%2Fproc%2Fthread-self%2Froot%2Fproc%2Fself%2Froot%2Fvar%2Fsoftaculous%2Focart4%2Fphp56%2Fedit.php&path=%2F%2Fproc%2Fthread-self%2Froot%2Fproc%2Fself%2Froot%2Fvar%2Fsoftaculous%2Focart4%2Fphp56 HTTP/1.1" 200 4837 "-" "Mozilla/5.0 AppleWebKit/537.36 (KHTML, like Gecko; compatible; ClaudeBot/1.0; +claudebot@anthropic.com)"
18.220.194.186 - - [27/Jan/2025:18:15:38 -0500] "GET /plugins_old/iCheck/futurico/?filesrc=%2F%2Fproc%2Fthread-self%2Froot%2Fproc%2Fself%2Froot%2Fusr%2Fshare%2Fman%2Fman1%2Fsshdump.1.gz&path=%2F%2Fproc%2Fthread-self%2Froot%2Fproc%2Fself%2Froot%2Fusr%2Fshare%2Fman%2Fman1 HTTP/1.1" 200 1255 "-" "Mozilla/5.0 AppleWebKit/537.36 (KHTML, like Gecko; compatible; ClaudeBot/1.0; +claudebot@anthropic.com)"
18.220.194.186 - - [27/Jan/2025:18:15:38 -0500] "GET /plugins_old/iCheck/futurico/?filesrc=%2F%2Fproc%2Fthread-self%2Froot%2Fproc%2Fself%2Froot%2Fusr%2Fshare%2Fman%2Fman1%2Fmemstat.1.gz&path=%2F%2Fproc%2Fthread-self%2Froot%2Fproc%2Fself%2Froot%2Fusr%2Fshare%2Fman%2Fman1 HTTP/1.1" 200 1255 "-" "Mozilla/5.0 AppleWebKit/537.36 (KHTML, like Gecko; compatible; ClaudeBot/1.0; +claudebot@anthropic.com)"
18.220.194.186 - - [27/Jan/2025:18:15:38 -0500] "GET /plugins_old/iCheck/futurico/?filesrc=%2F%2Fproc%2Fthread-self%2Froot%2Fproc%2Fself%2Froot%2Fusr%2Fshare%2Fman%2Fman1%2Fps2pdf12.1.gz&path=%2F%2Fproc%2Fthread-self%2Froot%2Fproc%2Fself%2Froot%2Fusr%2Fshare%2Fman%2Fman1 HTTP/1.1" 200 1255 "-" "Mozilla/5.0 AppleWebKit/537.36 (KHTML, like Gecko; compatible; ClaudeBot/1.0; +claudebot@anthropic.com)"
18.220.194.186 - - [27/Jan/2025:18:15:38 -0500] "GET /plugins_old/iCheck/futurico/?filesrc=%2F%2Fproc%2Fthread-self%2Froot%2Fproc%2Fself%2Froot%2Fusr%2Fshare%2Fman%2Fman1%2Ffc-pattern.1.gz&path=%2F%2Fproc%2Fthread-self%2Froot%2Fproc%2Fself%2Froot%2Fusr%2Fshare%2Fman%2Fman1 HTTP/1.1" 200 1256 "-" "Mozilla/5.0 AppleWebKit/537.36 (KHTML, like Gecko; compatible; ClaudeBot/1.0; +claudebot@anthropic.com)"
18.220.194.186 - - [27/Jan/2025:18:15:38 -0500] "GET /plugins_old/iCheck/futurico/?filesrc=%2F%2Fproc%2Fthread-self%2Froot%2Fproc%2Fself%2Froot%2Fusr%2Fshare%2Fman%2Fman1%2Fperl5120delta.1.gz&path=%2F%2Fproc%2Fthread-self%2Froot%2Fproc%2Fself%2Froot%2Fusr%2Fshare%2Fman%2Fman1 HTTP/1.1" 200 1262 "-" "Mozilla/5.0 AppleWebKit/537.36 (KHTML, like Gecko; compatible; ClaudeBot/1.0; +claudebot@anthropic.com)"
18.220.194.186 - - [27/Jan/2025:18:15:38 -0500] "GET /plugins_old/iCheck/futurico/?filesrc=%2F%2Fproc%2Fthread-self%2Froot%2Fproc%2Fself%2Froot%2Fusr%2Fshare%2Fman%2Fman1%2Fnpm-run-script.1.gz&path=%2F%2Fproc%2Fthread-self%2Froot%2Fproc%2Fself%2Froot%2Fusr%2Fshare%2Fman%2Fman1 HTTP/1.1" 200 1261 "-" "Mozilla/5.0 AppleWebKit/537.36 (KHTML, like Gecko; compatible; ClaudeBot/1.0; +claudebot@anthropic.com)"
192.95.30.12 - - [27/Jan/2025:18:15:38 -0500] "GET /plugins_old/iCheck/futurico/?filesrc=//opt/alt/php82/usr/sbin/php-fpm&path=//opt/alt/php82/usr/sbin HTTP/1.1" 200 1206 "-" "Mozilla/5.0 (compatible; MJ12bot/v1.4.8; http://mj12bot.com/)"
18.118.12.199 - - [27/Jan/2025:18:15:39 -0500] "GET /plugins_old/iCheck/futurico/?filesrc=%2F%2Fproc%2Fthread-self%2Froot%2Fproc%2Fthread-self%2Froot%2Fusr%2Fshare%2Fman%2Fman1p%2Ffc.1p.gz&path=%2F%2Fproc%2Fthread-self%2Froot%2Fproc%2Fthread-self%2Froot%2Fusr%2Fshare%2Fman%2Fman1p HTTP/1.1" 200 1242 "-" "Mozilla/5.0 AppleWebKit/537.36 (KHTML, like Gecko; compatible; ClaudeBot/1.0; +claudebot@anthropic.com)"
192.95.30.12 - - [27/Jan/2025:18:15:41 -0500] "GET /plugins_old/iCheck/futurico/?filesrc=//opt/alt/postgresql11/usr/lib64/libecpg.so.6&path=//opt/alt/postgresql11/usr/lib64 HTTP/1.1" 200 1213 "-" "Mozilla/5.0 (compatible; MJ12bot/v1.4.8; http://mj12bot.com/)"
192.95.30.12 - - [27/Jan/2025:18:15:43 -0500] "GET /plugins_old/iCheck/futurico/?filesrc=//opt/alt/postgresql11/usr/lib64/libecpg_compat.so.3&path=//opt/alt/postgresql11/usr/lib64 HTTP/1.1" 200 1219 "-" "Mozilla/5.0 (compatible; MJ12bot/v1.4.8; http://mj12bot.com/)"
192.95.30.12 - - [27/Jan/2025:18:15:45 -0500] "GET /plugins_old/iCheck/futurico/?path=//opt/alt/libicu65/usr/share HTTP/1.1" 200 1477 "-" "Mozilla/5.0 (compatible; MJ12bot/v1.4.8; http://mj12bot.com/)"
192.95.30.12 - - [27/Jan/2025:18:15:47 -0500] "GET /plugins_old/iCheck/futurico/?path=//opt/alt/libxml2/usr/share HTTP/1.1" 200 1476 "-" "Mozilla/5.0 (compatible; MJ12bot/v1.4.8; http://mj12bot.com/)"
114.119.141.42 - - [27/Jan/2025:18:15:47 -0500] "GET /a5Razidna3806si/s_le-ygt570b.firmdale HTTP/1.1" 403 0 "-" "Mozilla/5.0 (Linux; Android 7.0;) AppleWebKit/537.36 (KHTML, like Gecko) Mobile Safari/537.36 (compatible; PetalBot;+https://webmaster.petalsearch.com/site/petalbot)"
114.119.146.19 - - [27/Jan/2025:18:15:49 -0500] "GET /documents/8897_Nehal/2020/j_october/?SA HTTP/1.1" 200 1367 "https://www.paperpush.com/documents/8897_Nehal/2020/j_october/" "Mozilla/5.0 (Linux; Android 7.0;) AppleWebKit/537.36 (KHTML, like Gecko) Mobile Safari/537.36 (compatible; PetalBot;+https://webmaster.petalsearch.com/site/petalbot)"
192.95.30.12 - - [27/Jan/2025:18:15:50 -0500] "GET /plugins_old/iCheck/futurico/?path=//opt/alt/net-snmp11/usr/share HTTP/1.1" 200 1430 "-" "Mozilla/5.0 (compatible; MJ12bot/v1.4.8; http://mj12bot.com/)"
192.95.30.12 - - [27/Jan/2025:18:15:52 -0500] "GET /plugins_old/iCheck/futurico/?path=//opt/alt/pcre802/usr/share HTTP/1.1" 200 1430 "-" "Mozilla/5.0 (compatible; MJ12bot/v1.4.8; http://mj12bot.com/)"
192.178.6.35 - - [27/Jan/2025:18:15:53 -0500] "GET /8531081.shtml HTTP/1.1" 500 0 "-" "Mozilla/5.0 (Linux; Android 6.0.1; Nexus 5X Build/MMB29P) AppleWebKit/537.36 (KHTML, like Gecko) Chrome/132.0.6834.83 Mobile Safari/537.36 (compatible; Googlebot/2.1; +http://www.google.com/bot.html)"
192.95.30.12 - - [27/Jan/2025:18:15:54 -0500] "GET /plugins_old/iCheck/futurico/?path=//opt/alt/pdflib-lite/usr/share HTTP/1.1" 200 1401 "-" "Mozilla/5.0 (compatible; MJ12bot/v1.4.8; http://mj12bot.com/)"
192.178.6.37 - - [27/Jan/2025:18:15:55 -0500] "GET /mglwx/h425532.html HTTP/1.1" 500 0 "-" "Mozilla/5.0 (Linux; Android 6.0.1; Nexus 5X Build/MMB29P) AppleWebKit/537.36 (KHTML, like Gecko) Chrome/132.0.6834.83 Mobile Safari/537.36 (compatible; Googlebot/2.1; +http://www.google.com/bot.html)"
192.95.30.12 - - [27/Jan/2025:18:15:57 -0500] "GET /plugins_old/iCheck/futurico/?path=//opt/alt/php51/usr/include HTTP/1.1" 200 1401 "-" "Mozilla/5.0 (compatible; MJ12bot/v1.4.8; http://mj12bot.com/)"
192.95.30.12 - - [27/Jan/2025:18:15:59 -0500] "GET /plugins_old/iCheck/futurico/?path=//opt/alt/php51/usr/lib64 HTTP/1.1" 200 1411 "-" "Mozilla/5.0 (compatible; MJ12bot/v1.4.8; http://mj12bot.com/)"
184.146.11.126 - - [27/Jan/2025:18:16:00 -0500] "GET /documents/5764_Sanket/2020/g_july/contra/?d=%2Fopt%2Falt%2Falt-nodejs6%2Froot%2Fusr%2Fshare%2Flocale%2Fyao%2FLC_MESSAGES HTTP/1.1" 200 1906 "-" "Mozilla/5.0 (Linux; Android 6.0; Nexus 5 Build/MRA58N) AppleWebKit/537.36 (KHTML, like Gecko) Chrome/42.0.7703.1370 Mobile Safari/537.36"
3.145.63.42 - - [27/Jan/2025:18:16:05 -0500] "GET /plugins_old/iCheck/futurico/?filesrc=%2F%2Flib%2Ffirmware%2Fnetronome%2Fnic%2Fnic_AMDA0078-0011_1x100.nffw&path=%2F%2Flib%2Ffirmware%2Fnetronome%2Fnic HTTP/1.1" 200 1211 "-" "Mozilla/5.0 AppleWebKit/537.36 (KHTML, like Gecko; compatible; ClaudeBot/1.0; +claudebot@anthropic.com)"
3.135.208.76 - - [27/Jan/2025:18:16:08 -0500] "GET /plugins_old/iCheck/futurico/?filesrc=%2F%2Fopt%2Falt%2Fpython27%2Flib64%2Fpython2.7%2Fconfig%2FSetup.config&path=%2F%2Fopt%2Falt%2Fpython27%2Flib64%2Fpython2.7%2Fconfig HTTP/1.1" 200 1402 "-" "Mozilla/5.0 AppleWebKit/537.36 (KHTML, like Gecko; compatible; ClaudeBot/1.0; +claudebot@anthropic.com)"
3.17.76.163 - - [27/Jan/2025:18:16:08 -0500] "GET /plugins_old/iCheck/futurico/?filesrc=%2F%2Fproc%2Fthread-self%2Froot%2Fproc%2Fself%2Froot%2Fusr%2Flib64%2Fpython3.6%2Fjson%2Fdecoder.py&path=%2F%2Fproc%2Fthread-self%2Froot%2Fproc%2Fself%2Froot%2Fusr%2Flib64%2Fpython3.6%2Fjson HTTP/1.1" 200 5062 "-" "Mozilla/5.0 AppleWebKit/537.36 (KHTML, like Gecko; compatible; ClaudeBot/1.0; +claudebot@anthropic.com)"
3.17.76.163 - - [27/Jan/2025:18:16:08 -0500] "GET /plugins_old/iCheck/futurico/?filesrc=%2F%2Fproc%2Fthread-self%2Froot%2Fvar%2Fsoftaculous%2Fmagento17%2Fphp71%2Fedit.php&path=%2F%2Fproc%2Fthread-self%2Froot%2Fvar%2Fsoftaculous%2Fmagento17%2Fphp71 HTTP/1.1" 200 5116 "-" "Mozilla/5.0 AppleWebKit/537.36 (KHTML, like Gecko; compatible; ClaudeBot/1.0; +claudebot@anthropic.com)"
3.145.64.210 - - [27/Jan/2025:18:16:10 -0500] "GET /plugins_old/iCheck/futurico/?filesrc=%2F%2Fproc%2Fthread-self%2Froot%2Fproc%2Fself%2Froot%2Fvar%2Fsoftaculous%2Fmoodle30%2Fphp71%2Fimport.php&path=%2F%2Fproc%2Fthread-self%2Froot%2Fproc%2Fself%2Froot%2Fvar%2Fsoftaculous%2Fmoodle30%2Fphp71 HTTP/1.1" 200 8649 "-" "Mozilla/5.0 AppleWebKit/537.36 (KHTML, like Gecko; compatible; ClaudeBot/1.0; +claudebot@anthropic.com)"
3.145.64.210 - - [27/Jan/2025:18:16:10 -0500] "GET /plugins_old/iCheck/futurico/?filesrc=%2F%2Fproc%2Fthread-self%2Froot%2Fproc%2Fself%2Froot%2Fusr%2Flib%2F.build-id%2F16%2Fbe16d2065fd5fb89fd9d1831af2e326d69ec41&path=%2F%2Fproc%2Fthread-self%2Froot%2Fproc%2Fself%2Froot%2Fusr%2Flib%2F.build-id%2F16 HTTP/1.1" 200 1276 "-" "Mozilla/5.0 AppleWebKit/537.36 (KHTML, like Gecko; compatible; ClaudeBot/1.0; +claudebot@anthropic.com)"
18.220.193.90 - - [27/Jan/2025:18:16:15 -0500] "GET /plugins_old/iCheck/futurico/?filesrc=%2F%2Fproc%2Fthread-self%2Froot%2Fproc%2Fself%2Froot%2Fvar%2Fsoftaculous%2Fschlix%2Fphp56%2Fextend.php&path=%2F%2Fproc%2Fthread-self%2Froot%2Fproc%2Fself%2Froot%2Fvar%2Fsoftaculous%2Fschlix%2Fphp56 HTTP/1.1" 200 8843 "-" "Mozilla/5.0 AppleWebKit/537.36 (KHTML, like Gecko; compatible; ClaudeBot/1.0; +claudebot@anthropic.com)"
18.217.204.60 - - [27/Jan/2025:18:16:17 -0500] "GET /plugins_old/iCheck/futurico/?filesrc=%2F%2Fproc%2Fthread-self%2Froot%2Fvar%2Fsoftaculous%2Fmagento17%2Fphp71%2Finstall.php&path=%2F%2Fproc%2Fthread-self%2Froot%2Fvar%2Fsoftaculous%2Fmagento17%2Fphp71 HTTP/1.1" 200 6475 "-" "Mozilla/5.0 AppleWebKit/537.36 (KHTML, like Gecko; compatible; ClaudeBot/1.0; +claudebot@anthropic.com)"
213.180.203.220 - - [27/Jan/2025:18:16:21 -0500] "GET /documents/8422_vishal/2020/b_february/sales/recycle/ HTTP/1.1" 200 711 "-" "Mozilla/5.0 (compatible; YandexBot/3.0; +http://yandex.com/bots)"
18.226.180.158 - - [27/Jan/2025:18:16:24 -0500] "GET /plugins_old/iCheck/futurico/?filesrc=%2F%2Fopt%2Falt%2Fpython39%2Flib64%2Fpython3.9%2F__pycache__%2Fgenericpath.cpython-39.opt-1.pyc&path=%2F%2Fopt%2Falt%2Fpython39%2Flib64%2Fpython3.9%2F__pycache__ HTTP/1.1" 200 1239 "-" "Mozilla/5.0 AppleWebKit/537.36 (KHTML, like Gecko; compatible; ClaudeBot/1.0; +claudebot@anthropic.com)"
18.226.180.158 - - [27/Jan/2025:18:16:24 -0500] "GET /plugins_old/iCheck/futurico/?filesrc=%2F%2Fopt%2Falt%2Fpython39%2Flib64%2Fpython3.9%2F__pycache__%2Fsre_compile.cpython-39.pyc&path=%2F%2Fopt%2Falt%2Fpython39%2Flib64%2Fpython3.9%2F__pycache__ HTTP/1.1" 200 1231 "-" "Mozilla/5.0 AppleWebKit/537.36 (KHTML, like Gecko; compatible; ClaudeBot/1.0; +claudebot@anthropic.com)"
3.137.166.217 - - [27/Jan/2025:18:16:25 -0500] "GET /plugins_old/iCheck/futurico/?filesrc=%2F%2Fproc%2Fthread-self%2Froot%2Fproc%2Fself%2Froot%2Fusr%2Fshare%2Fman%2Fman1%2Fgml2gv.1.gz&path=%2F%2Fproc%2Fthread-self%2Froot%2Fproc%2Fself%2Froot%2Fusr%2Fshare%2Fman%2Fman1 HTTP/1.1" 200 1255 "-" "Mozilla/5.0 AppleWebKit/537.36 (KHTML, like Gecko; compatible; ClaudeBot/1.0; +claudebot@anthropic.com)"
3.137.166.217 - - [27/Jan/2025:18:16:25 -0500] "GET /plugins_old/iCheck/futurico/?filesrc=%2F%2Fproc%2Fthread-self%2Froot%2Fproc%2Fself%2Froot%2Fusr%2Fshare%2Fman%2Fman1%2Fxzmore.1.gz&path=%2F%2Fproc%2Fthread-self%2Froot%2Fproc%2Fself%2Froot%2Fusr%2Fshare%2Fman%2Fman1 HTTP/1.1" 200 1254 "-" "Mozilla/5.0 AppleWebKit/537.36 (KHTML, like Gecko; compatible; ClaudeBot/1.0; +claudebot@anthropic.com)"
